{"version":"1.0","provider_name":"Commune de Modave","provider_url":"https:\/\/www.modave.be","author_name":"Fran\u00e7ois Dombret","author_url":"https:\/\/www.modave.be\/index.php\/author\/fdo\/","title":"J'ose la marche active - Commune de Modave","type":"rich","width":600,"height":338,"html":"<blockquote class=\"wp-embedded-content\" data-secret=\"Rdxtg3mOhb\"><a href=\"https:\/\/www.modave.be\/index.php\/events\/jose-la-marche-active\/\">J&rsquo;ose la marche active<\/a><\/blockquote><iframe sandbox=\"allow-scripts\" security=\"restricted\" src=\"https:\/\/www.modave.be\/index.php\/events\/jose-la-marche-active\/embed\/#?secret=Rdxtg3mOhb\" width=\"600\" height=\"338\" title=\"\u00ab\u00a0J&rsquo;ose la marche active\u00a0\u00bb &#8212; Commune de Modave\" data-secret=\"Rdxtg3mOhb\" frameborder=\"0\" marginwidth=\"0\" marginheight=\"0\" scrolling=\"no\" class=\"wp-embedded-content\"><\/iframe><script>\n\/*! This file is auto-generated *\/\n!function(d,l){\"use strict\";l.querySelector&&d.addEventListener&&\"undefined\"!=typeof URL&&(d.wp=d.wp||{},d.wp.receiveEmbedMessage||(d.wp.receiveEmbedMessage=function(e){var t=e.data;if((t||t.secret||t.message||t.value)&&!\/[^a-zA-Z0-9]\/.test(t.secret)){for(var s,r,n,a=l.querySelectorAll('iframe[data-secret=\"'+t.secret+'\"]'),o=l.querySelectorAll('blockquote[data-secret=\"'+t.secret+'\"]'),c=new RegExp(\"^https?:$\",\"i\"),i=0;i<o.length;i++)o[i].style.display=\"none\";for(i=0;i<a.length;i++)s=a[i],e.source===s.contentWindow&&(s.removeAttribute(\"style\"),\"height\"===t.message?(1e3<(r=parseInt(t.value,10))?r=1e3:~~r<200&&(r=200),s.height=r):\"link\"===t.message&&(r=new URL(s.getAttribute(\"src\")),n=new URL(t.value),c.test(n.protocol))&&n.host===r.host&&l.activeElement===s&&(d.top.location.href=t.value))}},d.addEventListener(\"message\",d.wp.receiveEmbedMessage,!1),l.addEventListener(\"DOMContentLoaded\",function(){for(var e,t,s=l.querySelectorAll(\"iframe.wp-embedded-content\"),r=0;r<s.length;r++)(t=(e=s[r]).getAttribute(\"data-secret\"))||(t=Math.random().toString(36).substring(2,12),e.src+=\"#?secret=\"+t,e.setAttribute(\"data-secret\",t)),e.contentWindow.postMessage({message:\"ready\",secret:t},\"*\")},!1)))}(window,document);\n\/\/# sourceURL=https:\/\/www.modave.be\/wp-includes\/js\/wp-embed.min.js\n<\/script>\n","thumbnail_url":"https:\/\/www.modave.be\/wp-content\/uploads\/2025\/02\/Marche-active.jpg","thumbnail_width":509,"thumbnail_height":720,"description":"Il suffit parfois d\u2019un premier pas pour retrouver pour se sentir mieux et se remettre en mouvement. \ud835\uddd4\u0300 \ud835\uddfd\ud835\uddee\ud835\uddff\ud835\ude01\ud835\uddf6\ud835\uddff \ud835\uddf1\ud835\ude02 \ud835\udfed\ud835\udff4 \ud835\uddfa\ud835\uddee\ud835\uddff\ud835\ude00 \ud835\uddee\u0300 \ud835\udfed\ud835\udff4\ud835\uddf5\ud835\udfef\ud835\udfec, rejoignez-nous tous les mardis au Complexe sportif de Vierset pour des s\u00e9ances de marche active adapt\u00e9es \u00e0 tous ! \ud83d\udccc \ud835\udddc\ud835\uddfb\ud835\uddf3\ud835\uddfc\ud835\ude00 &amp; \ud835\uddff\ud835\uddf2\u0301\ud835\ude00\ud835\uddf2\ud835\uddff\ud835\ude03\ud835\uddee\ud835\ude01\ud835\uddf6\ud835\uddfc\ud835\uddfb\ud835\ude00 :\ud83d\udc49 https:\/\/www.mc.be\/fr\/services-projets\/inscription-marche-active\ud83d\udcde 081 23 72 17 \ud835\udde7\ud835\uddee\ud835\uddff\ud835\uddf6\ud835\uddf3 :20&hellip;"}

François Dombret

Il suffit parfois d’un premier pas pour retrouver pour se sentir mieux et se remettre en mouvement. 𝗔̀ 𝗽𝗮𝗿𝘁𝗶𝗿 𝗱𝘂 𝟭𝟴 𝗺𝗮𝗿𝘀 𝗮̀ 𝟭𝟴𝗵𝟯𝟬, rejoignez-nous tous les mardis au Complexe sportif de Vierset pour des séances de marche active adaptées à tous ! 📌 𝗜𝗻𝗳𝗼𝘀 &amp; 𝗿𝗲́𝘀𝗲𝗿𝘃𝗮𝘁𝗶𝗼𝗻𝘀 :👉 https://www.mc.be/fr/services-projets/inscription-marche-active📞 081 23 72 17 𝗧𝗮𝗿𝗶𝗳 :20&hellip;
