{"version":"1.0","provider_name":"Commune de Modave","provider_url":"https:\/\/www.modave.be","author_name":"Fran\u00e7ois Dombret","author_url":"https:\/\/www.modave.be\/index.php\/author\/fdo\/","title":"Biodiversit\u00e9 | Cr\u00e9ation d'une mare - Commune de Modave","type":"rich","width":600,"height":338,"html":"<blockquote class=\"wp-embedded-content\" data-secret=\"PGlqoZohZF\"><a href=\"https:\/\/www.modave.be\/index.php\/services_communaux\/biodiversite\/\">Biodiversit\u00e9 | Cr\u00e9ation d&rsquo;une mare<\/a><\/blockquote><iframe sandbox=\"allow-scripts\" security=\"restricted\" src=\"https:\/\/www.modave.be\/index.php\/services_communaux\/biodiversite\/embed\/#?secret=PGlqoZohZF\" width=\"600\" height=\"338\" title=\"\u00ab\u00a0Biodiversit\u00e9 | Cr\u00e9ation d&rsquo;une mare\u00a0\u00bb &#8212; Commune de Modave\" data-secret=\"PGlqoZohZF\" frameborder=\"0\" marginwidth=\"0\" marginheight=\"0\" scrolling=\"no\" class=\"wp-embedded-content\"><\/iframe><script>\n\/*! This file is auto-generated *\/\n!function(d,l){\"use strict\";l.querySelector&&d.addEventListener&&\"undefined\"!=typeof URL&&(d.wp=d.wp||{},d.wp.receiveEmbedMessage||(d.wp.receiveEmbedMessage=function(e){var t=e.data;if((t||t.secret||t.message||t.value)&&!\/[^a-zA-Z0-9]\/.test(t.secret)){for(var s,r,n,a=l.querySelectorAll('iframe[data-secret=\"'+t.secret+'\"]'),o=l.querySelectorAll('blockquote[data-secret=\"'+t.secret+'\"]'),c=new RegExp(\"^https?:$\",\"i\"),i=0;i<o.length;i++)o[i].style.display=\"none\";for(i=0;i<a.length;i++)s=a[i],e.source===s.contentWindow&&(s.removeAttribute(\"style\"),\"height\"===t.message?(1e3<(r=parseInt(t.value,10))?r=1e3:~~r<200&&(r=200),s.height=r):\"link\"===t.message&&(r=new URL(s.getAttribute(\"src\")),n=new URL(t.value),c.test(n.protocol))&&n.host===r.host&&l.activeElement===s&&(d.top.location.href=t.value))}},d.addEventListener(\"message\",d.wp.receiveEmbedMessage,!1),l.addEventListener(\"DOMContentLoaded\",function(){for(var e,t,s=l.querySelectorAll(\"iframe.wp-embedded-content\"),r=0;r<s.length;r++)(t=(e=s[r]).getAttribute(\"data-secret\"))||(t=Math.random().toString(36).substring(2,12),e.src+=\"#?secret=\"+t,e.setAttribute(\"data-secret\",t)),e.contentWindow.postMessage({message:\"ready\",secret:t},\"*\")},!1)))}(window,document);\n\/\/# sourceURL=https:\/\/www.modave.be\/wp-includes\/js\/wp-embed.min.js\n<\/script>\n","thumbnail_url":"https:\/\/www.modave.be\/wp-content\/uploads\/2024\/10\/9-1-e1728035173647-1024x512.jpg","thumbnail_width":1024,"thumbnail_height":512,"description":"La commune a cr\u00e9\u00e9 une mare pour favoriser la biodiversit\u00e9 sur son espace de convivialit\u00e9&nbsp;! Une mare vient d\u2019\u00eatre cr\u00e9\u00e9e \u00e0 l\u2019entr\u00e9e du village de Modave, Route de Modave, \u00e0 proximit\u00e9 du Ravel et du Ch\u00e2teau de Modave, dans le but de sensibiliser les citoyens \u00e0 la biodiversit\u00e9 et au maillage \u00e9cologique. Celle-ci est \u00e0&hellip;"}

François Dombret

Biodiversité | Création d'une mare - Commune de Modave

<blockquote class="wp-embedded-content" data-secret="PGlqoZohZF"><a href="https://www.modave.be/index.php/services_communaux/biodiversite/">Biodiversité | Création d&rsquo;une mare</a></blockquote><iframe sandbox="allow-scripts" security="restricted" src="https://www.modave.be/index.php/services_communaux/biodiversite/embed/#?secret=PGlqoZohZF" width="600" height="338" title="« Biodiversité | Création d&rsquo;une mare » &#8212; Commune de Modave" data-secret="PGlqoZohZF" frameborder="0" marginwidth="0" marginheight="0" scrolling="no" class="wp-embedded-content"></iframe><script>
/*! This file is auto-generated */
!function(d,l){"use strict";l.querySelector&&d.addEventListener&&"undefined"!=typeof URL&&(d.wp=d.wp||{},d.wp.receiveEmbedMessage||(d.wp.receiveEmbedMessage=function(e){var t=e.data;if((t||t.secret||t.message||t.value)&&!/[^a-zA-Z0-9]/.test(t.secret)){for(var s,r,n,a=l.querySelectorAll('iframe[data-secret="'+t.secret+'"]'),o=l.querySelectorAll('blockquote[data-secret="'+t.secret+'"]'),c=new RegExp("^https?:$","i"),i=0;i<o.length;i++)o[i].style.display="none";for(i=0;i<a.length;i++)s=a[i],e.source===s.contentWindow&&(s.removeAttribute("style"),"height"===t.message?(1e3<(r=parseInt(t.value,10))?r=1e3:~~r<200&&(r=200),s.height=r):"link"===t.message&&(r=new URL(s.getAttribute("src")),n=new URL(t.value),c.test(n.protocol))&&n.host===r.host&&l.activeElement===s&&(d.top.location.href=t.value))}},d.addEventListener("message",d.wp.receiveEmbedMessage,!1),l.addEventListener("DOMContentLoaded",function(){for(var e,t,s=l.querySelectorAll("iframe.wp-embedded-content"),r=0;r<s.length;r++)(t=(e=s[r]).getAttribute("data-secret"))||(t=Math.random().toString(36).substring(2,12),e.src+="#?secret="+t,e.setAttribute("data-secret",t)),e.contentWindow.postMessage({message:"ready",secret:t},"*")},!1)))}(window,document);
//# sourceURL=https://www.modave.be/wp-includes/js/wp-embed.min.js
</script>

La commune a créé une mare pour favoriser la biodiversité sur son espace de convivialité&nbsp;! Une mare vient d’être créée à l’entrée du village de Modave, Route de Modave, à proximité du Ravel et du Château de Modave, dans le but de sensibiliser les citoyens à la biodiversité et au maillage écologique. Celle-ci est à&hellip;
