{"version":"1.0","provider_name":"Commune de Modave","provider_url":"https:\/\/www.modave.be","author_name":"Fran\u00e7ois Dombret","author_url":"https:\/\/www.modave.be\/index.php\/author\/fdo\/","title":"Calendrier Intradel 2026 | Nouvelle distribution - Commune de Modave","type":"rich","width":600,"height":338,"html":"<blockquote class=\"wp-embedded-content\" data-secret=\"PW1RS9xTks\"><a href=\"https:\/\/www.modave.be\/index.php\/services_communaux\/calendrier-intradel-2026-nouvelle-distribution\/\">Calendrier Intradel 2026 | Nouvelle distribution<\/a><\/blockquote><iframe sandbox=\"allow-scripts\" security=\"restricted\" src=\"https:\/\/www.modave.be\/index.php\/services_communaux\/calendrier-intradel-2026-nouvelle-distribution\/embed\/#?secret=PW1RS9xTks\" width=\"600\" height=\"338\" title=\"\u00ab\u00a0Calendrier Intradel 2026 | Nouvelle distribution\u00a0\u00bb &#8212; Commune de Modave\" data-secret=\"PW1RS9xTks\" frameborder=\"0\" marginwidth=\"0\" marginheight=\"0\" scrolling=\"no\" class=\"wp-embedded-content\"><\/iframe><script>\n\/*! This file is auto-generated *\/\n!function(d,l){\"use strict\";l.querySelector&&d.addEventListener&&\"undefined\"!=typeof URL&&(d.wp=d.wp||{},d.wp.receiveEmbedMessage||(d.wp.receiveEmbedMessage=function(e){var t=e.data;if((t||t.secret||t.message||t.value)&&!\/[^a-zA-Z0-9]\/.test(t.secret)){for(var s,r,n,a=l.querySelectorAll('iframe[data-secret=\"'+t.secret+'\"]'),o=l.querySelectorAll('blockquote[data-secret=\"'+t.secret+'\"]'),c=new RegExp(\"^https?:$\",\"i\"),i=0;i<o.length;i++)o[i].style.display=\"none\";for(i=0;i<a.length;i++)s=a[i],e.source===s.contentWindow&&(s.removeAttribute(\"style\"),\"height\"===t.message?(1e3<(r=parseInt(t.value,10))?r=1e3:~~r<200&&(r=200),s.height=r):\"link\"===t.message&&(r=new URL(s.getAttribute(\"src\")),n=new URL(t.value),c.test(n.protocol))&&n.host===r.host&&l.activeElement===s&&(d.top.location.href=t.value))}},d.addEventListener(\"message\",d.wp.receiveEmbedMessage,!1),l.addEventListener(\"DOMContentLoaded\",function(){for(var e,t,s=l.querySelectorAll(\"iframe.wp-embedded-content\"),r=0;r<s.length;r++)(t=(e=s[r]).getAttribute(\"data-secret\"))||(t=Math.random().toString(36).substring(2,12),e.src+=\"#?secret=\"+t,e.setAttribute(\"data-secret\",t)),e.contentWindow.postMessage({message:\"ready\",secret:t},\"*\")},!1)))}(window,document);\n\/\/# sourceURL=https:\/\/www.modave.be\/wp-includes\/js\/wp-embed.min.js\n<\/script>\n","thumbnail_url":"https:\/\/www.modave.be\/wp-content\/uploads\/2026\/01\/20260106_114654-scaled-e1767703308203.jpg","thumbnail_width":2560,"thumbnail_height":1280,"description":"Calendrier Intradel 2026 | Nouvelle distribution Suite \u00e0 vos signalements, nous avons interpell\u00e9 Intradel pour une nouvelle tourn\u00e9e de distribution. Aujourd\u2019hui, la poste repasse pour livrer les calendriers aupr\u00e8s des habitations qui avaient re\u00e7u par erreur le calendrier de Marchin, dans les secteurs suivants : Demain, une distribution compl\u00e9mentaire est \u00e9galement pr\u00e9vue : Pour rappel,&hellip;"}

François Dombret

Calendrier Intradel 2026 | Nouvelle distribution Suite à vos signalements, nous avons interpellé Intradel pour une nouvelle tournée de distribution. Aujourd’hui, la poste repasse pour livrer les calendriers auprès des habitations qui avaient reçu par erreur le calendrier de Marchin, dans les secteurs suivants : Demain, une distribution complémentaire est également prévue : Pour rappel,&hellip;
