{"version":"1.0","provider_name":"Commune de Modave","provider_url":"https:\/\/www.modave.be","author_name":"_FSadm_","author_url":"https:\/\/www.modave.be\/index.php\/author\/_fsadm_\/","title":"Dans la presse - Commune de Modave","type":"rich","width":600,"height":338,"html":"<blockquote class=\"wp-embedded-content\" data-secret=\"DBU9s81Ce1\"><a href=\"https:\/\/www.modave.be\/index.php\/services_communaux\/dans-la-presse\/\">Dans la presse<\/a><\/blockquote><iframe sandbox=\"allow-scripts\" security=\"restricted\" src=\"https:\/\/www.modave.be\/index.php\/services_communaux\/dans-la-presse\/embed\/#?secret=DBU9s81Ce1\" width=\"600\" height=\"338\" title=\"\u00ab\u00a0Dans la presse\u00a0\u00bb &#8212; Commune de Modave\" data-secret=\"DBU9s81Ce1\" frameborder=\"0\" marginwidth=\"0\" marginheight=\"0\" scrolling=\"no\" class=\"wp-embedded-content\"><\/iframe><script>\n\/*! This file is auto-generated *\/\n!function(d,l){\"use strict\";l.querySelector&&d.addEventListener&&\"undefined\"!=typeof URL&&(d.wp=d.wp||{},d.wp.receiveEmbedMessage||(d.wp.receiveEmbedMessage=function(e){var t=e.data;if((t||t.secret||t.message||t.value)&&!\/[^a-zA-Z0-9]\/.test(t.secret)){for(var s,r,n,a=l.querySelectorAll('iframe[data-secret=\"'+t.secret+'\"]'),o=l.querySelectorAll('blockquote[data-secret=\"'+t.secret+'\"]'),c=new RegExp(\"^https?:$\",\"i\"),i=0;i<o.length;i++)o[i].style.display=\"none\";for(i=0;i<a.length;i++)s=a[i],e.source===s.contentWindow&&(s.removeAttribute(\"style\"),\"height\"===t.message?(1e3<(r=parseInt(t.value,10))?r=1e3:~~r<200&&(r=200),s.height=r):\"link\"===t.message&&(r=new URL(s.getAttribute(\"src\")),n=new URL(t.value),c.test(n.protocol))&&n.host===r.host&&l.activeElement===s&&(d.top.location.href=t.value))}},d.addEventListener(\"message\",d.wp.receiveEmbedMessage,!1),l.addEventListener(\"DOMContentLoaded\",function(){for(var e,t,s=l.querySelectorAll(\"iframe.wp-embedded-content\"),r=0;r<s.length;r++)(t=(e=s[r]).getAttribute(\"data-secret\"))||(t=Math.random().toString(36).substring(2,12),e.src+=\"#?secret=\"+t,e.setAttribute(\"data-secret\",t)),e.contentWindow.postMessage({message:\"ready\",secret:t},\"*\")},!1)))}(window,document);\n\/\/# sourceURL=https:\/\/www.modave.be\/wp-includes\/js\/wp-embed.min.js\n<\/script>\n","thumbnail_url":"https:\/\/www.modave.be\/wp-content\/uploads\/2023\/01\/Energie-scaled-e1735637759532.jpg","thumbnail_width":2560,"thumbnail_height":1280,"description":"RTBF INFO :&nbsp;juin 2018, inauguration du parc \u00e9olien :&nbsp;https:\/\/www.rtbf.be\/info\/regions\/liege\/detail_modave-inauguration-d-un-parc-eolien-public-et-citoyen?id=9953170 RTC LIEGE&nbsp;:&nbsp;mars 2018,&nbsp;reportage sur le montage de la WT1 du parc&nbsp;:&nbsp;https:\/\/www.rtc.be\/video\/info\/environnement\/modave-les-caprices-d-eole_1497944_325.html Nous vous informons que la soci\u00e9t\u00e9, en charge de la construction des 5 \u00e9oliennes, a d\u00e9but\u00e9 le chantier mi-ao\u00fbt 2017 .RTC LIEGE :&nbsp;mi-septembre 2017, visite du chantier :&nbsp;vid\u00e9o RTC RTC LIEGE&nbsp;:&nbsp;novembre 2016,&nbsp;http:\/\/www.rtc.be\/video\/info\/economie\/une-eolienne-communale-et-citoyenne-a-modave_1493123_325.html Presse en ligne&nbsp;:&hellip;"}

RTBF INFO :&nbsp;juin 2018, inauguration du parc éolien :&nbsp;https://www.rtbf.be/info/regions/liege/detail_modave-inauguration-d-un-parc-eolien-public-et-citoyen?id=9953170 RTC LIEGE&nbsp;:&nbsp;mars 2018,&nbsp;reportage sur le montage de la WT1 du parc&nbsp;:&nbsp;https://www.rtc.be/video/info/environnement/modave-les-caprices-d-eole_1497944_325.html Nous vous informons que la société, en charge de la construction des 5 éoliennes, a débuté le chantier mi-août 2017 .RTC LIEGE :&nbsp;mi-septembre 2017, visite du chantier :&nbsp;vidéo RTC RTC LIEGE&nbsp;:&nbsp;novembre 2016,&nbsp;http://www.rtc.be/video/info/economie/une-eolienne-communale-et-citoyenne-a-modave_1493123_325.html Presse en ligne&nbsp;:&hellip;
