{"version":"1.0","provider_name":"Commune de Modave","provider_url":"https:\/\/www.modave.be","author_name":"Fran\u00e7ois Dombret","author_url":"https:\/\/www.modave.be\/index.php\/author\/fdo\/","title":"Fl\u00e8che Wallonne | 23 avril 2025 - Commune de Modave","type":"rich","width":600,"height":338,"html":"<blockquote class=\"wp-embedded-content\" data-secret=\"10K9ERiRav\"><a href=\"https:\/\/www.modave.be\/index.php\/services_communaux\/fleche-wallonne-23-avril-2025\/\">Fl\u00e8che Wallonne | 23 avril 2025<\/a><\/blockquote><iframe sandbox=\"allow-scripts\" security=\"restricted\" src=\"https:\/\/www.modave.be\/index.php\/services_communaux\/fleche-wallonne-23-avril-2025\/embed\/#?secret=10K9ERiRav\" width=\"600\" height=\"338\" title=\"\u00ab\u00a0Fl\u00e8che Wallonne | 23 avril 2025\u00a0\u00bb &#8212; Commune de Modave\" data-secret=\"10K9ERiRav\" frameborder=\"0\" marginwidth=\"0\" marginheight=\"0\" scrolling=\"no\" class=\"wp-embedded-content\"><\/iframe><script>\n\/*! This file is auto-generated *\/\n!function(d,l){\"use strict\";l.querySelector&&d.addEventListener&&\"undefined\"!=typeof URL&&(d.wp=d.wp||{},d.wp.receiveEmbedMessage||(d.wp.receiveEmbedMessage=function(e){var t=e.data;if((t||t.secret||t.message||t.value)&&!\/[^a-zA-Z0-9]\/.test(t.secret)){for(var s,r,n,a=l.querySelectorAll('iframe[data-secret=\"'+t.secret+'\"]'),o=l.querySelectorAll('blockquote[data-secret=\"'+t.secret+'\"]'),c=new RegExp(\"^https?:$\",\"i\"),i=0;i<o.length;i++)o[i].style.display=\"none\";for(i=0;i<a.length;i++)s=a[i],e.source===s.contentWindow&&(s.removeAttribute(\"style\"),\"height\"===t.message?(1e3<(r=parseInt(t.value,10))?r=1e3:~~r<200&&(r=200),s.height=r):\"link\"===t.message&&(r=new URL(s.getAttribute(\"src\")),n=new URL(t.value),c.test(n.protocol))&&n.host===r.host&&l.activeElement===s&&(d.top.location.href=t.value))}},d.addEventListener(\"message\",d.wp.receiveEmbedMessage,!1),l.addEventListener(\"DOMContentLoaded\",function(){for(var e,t,s=l.querySelectorAll(\"iframe.wp-embedded-content\"),r=0;r<s.length;r++)(t=(e=s[r]).getAttribute(\"data-secret\"))||(t=Math.random().toString(36).substring(2,12),e.src+=\"#?secret=\"+t,e.setAttribute(\"data-secret\",t)),e.contentWindow.postMessage({message:\"ready\",secret:t},\"*\")},!1)))}(window,document);\n\/\/# sourceURL=https:\/\/www.modave.be\/wp-includes\/js\/wp-embed.min.js\n<\/script>\n","thumbnail_url":"https:\/\/www.modave.be\/wp-content\/uploads\/2025\/04\/Fleche-wallonne-e1744818205479.png","thumbnail_width":1080,"thumbnail_height":540,"description":"La Fl\u00e8che Wallonne passe par Modave Ce mercredi 23 avril 2025, notre belle commune aura l\u2019honneur d\u2019accueillir la Fl\u00e8che Wallonne.Des coureuses et coureurs parmi les meilleurs du monde traverseront nos routes, offrant \u00e0 chacune et chacun l\u2019occasion de vivre un moment unique. Horaires de passage :Fl\u00e8che Wallonne f\u00e9minine Fl\u00e8che Wallonne masculine Des perturbations temporaires de&hellip;"}

François Dombret

Flèche Wallonne | 23 avril 2025 - Commune de Modave

<blockquote class="wp-embedded-content" data-secret="10K9ERiRav"><a href="https://www.modave.be/index.php/services_communaux/fleche-wallonne-23-avril-2025/">Flèche Wallonne | 23 avril 2025</a></blockquote><iframe sandbox="allow-scripts" security="restricted" src="https://www.modave.be/index.php/services_communaux/fleche-wallonne-23-avril-2025/embed/#?secret=10K9ERiRav" width="600" height="338" title="« Flèche Wallonne | 23 avril 2025 » &#8212; Commune de Modave" data-secret="10K9ERiRav" frameborder="0" marginwidth="0" marginheight="0" scrolling="no" class="wp-embedded-content"></iframe><script>
/*! This file is auto-generated */
!function(d,l){"use strict";l.querySelector&&d.addEventListener&&"undefined"!=typeof URL&&(d.wp=d.wp||{},d.wp.receiveEmbedMessage||(d.wp.receiveEmbedMessage=function(e){var t=e.data;if((t||t.secret||t.message||t.value)&&!/[^a-zA-Z0-9]/.test(t.secret)){for(var s,r,n,a=l.querySelectorAll('iframe[data-secret="'+t.secret+'"]'),o=l.querySelectorAll('blockquote[data-secret="'+t.secret+'"]'),c=new RegExp("^https?:$","i"),i=0;i<o.length;i++)o[i].style.display="none";for(i=0;i<a.length;i++)s=a[i],e.source===s.contentWindow&&(s.removeAttribute("style"),"height"===t.message?(1e3<(r=parseInt(t.value,10))?r=1e3:~~r<200&&(r=200),s.height=r):"link"===t.message&&(r=new URL(s.getAttribute("src")),n=new URL(t.value),c.test(n.protocol))&&n.host===r.host&&l.activeElement===s&&(d.top.location.href=t.value))}},d.addEventListener("message",d.wp.receiveEmbedMessage,!1),l.addEventListener("DOMContentLoaded",function(){for(var e,t,s=l.querySelectorAll("iframe.wp-embedded-content"),r=0;r<s.length;r++)(t=(e=s[r]).getAttribute("data-secret"))||(t=Math.random().toString(36).substring(2,12),e.src+="#?secret="+t,e.setAttribute("data-secret",t)),e.contentWindow.postMessage({message:"ready",secret:t},"*")},!1)))}(window,document);
//# sourceURL=https://www.modave.be/wp-includes/js/wp-embed.min.js
</script>

La Flèche Wallonne passe par Modave Ce mercredi 23 avril 2025, notre belle commune aura l’honneur d’accueillir la Flèche Wallonne.Des coureuses et coureurs parmi les meilleurs du monde traverseront nos routes, offrant à chacune et chacun l’occasion de vivre un moment unique. Horaires de passage :Flèche Wallonne féminine Flèche Wallonne masculine Des perturbations temporaires de&hellip;
