{"version":"1.0","provider_name":"Commune de Modave","provider_url":"https:\/\/www.modave.be","author_name":"Fran\u00e7ois Dombret","author_url":"https:\/\/www.modave.be\/index.php\/author\/fdo\/","title":"Le GAL Pays des Condruses recrute ! - Commune de Modave","type":"rich","width":600,"height":338,"html":"<blockquote class=\"wp-embedded-content\" data-secret=\"6xza3E5wZU\"><a href=\"https:\/\/www.modave.be\/index.php\/services_communaux\/le-gal-pays-des-condruses-recrute\/\">Le GAL Pays des Condruses recrute !<\/a><\/blockquote><iframe sandbox=\"allow-scripts\" security=\"restricted\" src=\"https:\/\/www.modave.be\/index.php\/services_communaux\/le-gal-pays-des-condruses-recrute\/embed\/#?secret=6xza3E5wZU\" width=\"600\" height=\"338\" title=\"\u00ab\u00a0Le GAL Pays des Condruses recrute !\u00a0\u00bb &#8212; Commune de Modave\" data-secret=\"6xza3E5wZU\" frameborder=\"0\" marginwidth=\"0\" marginheight=\"0\" scrolling=\"no\" class=\"wp-embedded-content\"><\/iframe><script>\n\/*! This file is auto-generated *\/\n!function(d,l){\"use strict\";l.querySelector&&d.addEventListener&&\"undefined\"!=typeof URL&&(d.wp=d.wp||{},d.wp.receiveEmbedMessage||(d.wp.receiveEmbedMessage=function(e){var t=e.data;if((t||t.secret||t.message||t.value)&&!\/[^a-zA-Z0-9]\/.test(t.secret)){for(var s,r,n,a=l.querySelectorAll('iframe[data-secret=\"'+t.secret+'\"]'),o=l.querySelectorAll('blockquote[data-secret=\"'+t.secret+'\"]'),c=new RegExp(\"^https?:$\",\"i\"),i=0;i<o.length;i++)o[i].style.display=\"none\";for(i=0;i<a.length;i++)s=a[i],e.source===s.contentWindow&&(s.removeAttribute(\"style\"),\"height\"===t.message?(1e3<(r=parseInt(t.value,10))?r=1e3:~~r<200&&(r=200),s.height=r):\"link\"===t.message&&(r=new URL(s.getAttribute(\"src\")),n=new URL(t.value),c.test(n.protocol))&&n.host===r.host&&l.activeElement===s&&(d.top.location.href=t.value))}},d.addEventListener(\"message\",d.wp.receiveEmbedMessage,!1),l.addEventListener(\"DOMContentLoaded\",function(){for(var e,t,s=l.querySelectorAll(\"iframe.wp-embedded-content\"),r=0;r<s.length;r++)(t=(e=s[r]).getAttribute(\"data-secret\"))||(t=Math.random().toString(36).substring(2,12),e.src+=\"#?secret=\"+t,e.setAttribute(\"data-secret\",t)),e.contentWindow.postMessage({message:\"ready\",secret:t},\"*\")},!1)))}(window,document);\n\/\/# sourceURL=https:\/\/www.modave.be\/wp-includes\/js\/wp-embed.min.js\n<\/script>\n","thumbnail_url":"https:\/\/www.modave.be\/wp-content\/uploads\/2025\/07\/GAL-e1751541142849.png","thumbnail_width":1080,"thumbnail_height":540,"description":"OFFRE D\u2019EMPLOI | Contrat de remplacement Vous \u00eates passionn\u00e9(e) par la r\u00e9novation \u00e9nerg\u00e9tique et souhaitez mettre vos comp\u00e9tences au service de projets concrets et porteurs de sens ?Le GAL recherche deux charg\u00e9(e)s de projet en r\u00e9novation \u00e9nerg\u00e9tique pour accompagner les habitants dans l\u2019am\u00e9lioration de leur logement. Postes bas\u00e9s \u00e0 Str\u00e9e (Modave) avec d\u00e9placements r\u00e9guliers dans&hellip;"}

François Dombret

OFFRE D’EMPLOI | Contrat de remplacement Vous êtes passionné(e) par la rénovation énergétique et souhaitez mettre vos compétences au service de projets concrets et porteurs de sens ?Le GAL recherche deux chargé(e)s de projet en rénovation énergétique pour accompagner les habitants dans l’amélioration de leur logement. Postes basés à Strée (Modave) avec déplacements réguliers dans&hellip;
