{"version":"1.0","provider_name":"Commune de Modave","provider_url":"https:\/\/www.modave.be","author_name":"Fran\u00e7ois Dombret","author_url":"https:\/\/www.modave.be\/index.php\/author\/fdo\/","title":"RAVeL | Ligne 126 | D\u00e9but des travaux - Commune de Modave","type":"rich","width":600,"height":338,"html":"<blockquote class=\"wp-embedded-content\" data-secret=\"594aX6Fs9E\"><a href=\"https:\/\/www.modave.be\/index.php\/services_communaux\/ravel-ligne-126-debut-des-travaux\/\">RAVeL | Ligne 126 | D\u00e9but des travaux<\/a><\/blockquote><iframe sandbox=\"allow-scripts\" security=\"restricted\" src=\"https:\/\/www.modave.be\/index.php\/services_communaux\/ravel-ligne-126-debut-des-travaux\/embed\/#?secret=594aX6Fs9E\" width=\"600\" height=\"338\" title=\"\u00ab\u00a0RAVeL | Ligne 126 | D\u00e9but des travaux\u00a0\u00bb &#8212; Commune de Modave\" data-secret=\"594aX6Fs9E\" frameborder=\"0\" marginwidth=\"0\" marginheight=\"0\" scrolling=\"no\" class=\"wp-embedded-content\"><\/iframe><script>\n\/*! This file is auto-generated *\/\n!function(d,l){\"use strict\";l.querySelector&&d.addEventListener&&\"undefined\"!=typeof URL&&(d.wp=d.wp||{},d.wp.receiveEmbedMessage||(d.wp.receiveEmbedMessage=function(e){var t=e.data;if((t||t.secret||t.message||t.value)&&!\/[^a-zA-Z0-9]\/.test(t.secret)){for(var s,r,n,a=l.querySelectorAll('iframe[data-secret=\"'+t.secret+'\"]'),o=l.querySelectorAll('blockquote[data-secret=\"'+t.secret+'\"]'),c=new RegExp(\"^https?:$\",\"i\"),i=0;i<o.length;i++)o[i].style.display=\"none\";for(i=0;i<a.length;i++)s=a[i],e.source===s.contentWindow&&(s.removeAttribute(\"style\"),\"height\"===t.message?(1e3<(r=parseInt(t.value,10))?r=1e3:~~r<200&&(r=200),s.height=r):\"link\"===t.message&&(r=new URL(s.getAttribute(\"src\")),n=new URL(t.value),c.test(n.protocol))&&n.host===r.host&&l.activeElement===s&&(d.top.location.href=t.value))}},d.addEventListener(\"message\",d.wp.receiveEmbedMessage,!1),l.addEventListener(\"DOMContentLoaded\",function(){for(var e,t,s=l.querySelectorAll(\"iframe.wp-embedded-content\"),r=0;r<s.length;r++)(t=(e=s[r]).getAttribute(\"data-secret\"))||(t=Math.random().toString(36).substring(2,12),e.src+=\"#?secret=\"+t,e.setAttribute(\"data-secret\",t)),e.contentWindow.postMessage({message:\"ready\",secret:t},\"*\")},!1)))}(window,document);\n\/\/# sourceURL=https:\/\/www.modave.be\/wp-includes\/js\/wp-embed.min.js\n<\/script>\n","thumbnail_url":"https:\/\/www.modave.be\/wp-content\/uploads\/2025\/04\/IMG_1469-Avec-accentuation-Bruit-scaled-e1745492810144.jpg","thumbnail_width":2560,"thumbnail_height":1280,"description":"Rappel | Les travaux du RAVeL commencent aujourd&rsquo;hui ! Comme annonc\u00e9, les travaux de r\u00e9novation du RAVeL \u2013 ligne 126 \u2013 d\u00e9marrent aujourd\u2019hui. Bien que le chantier soit pilot\u00e9 par le Service public de Wallonie, nous vous relaierons toutes les informations utiles au fil de son avancement. Certains tron\u00e7ons seront bient\u00f4t ferm\u00e9s \u00e0 la circulation,&hellip;"}

François Dombret

RAVeL | Ligne 126 | Début des travaux - Commune de Modave

<blockquote class="wp-embedded-content" data-secret="594aX6Fs9E"><a href="https://www.modave.be/index.php/services_communaux/ravel-ligne-126-debut-des-travaux/">RAVeL | Ligne 126 | Début des travaux</a></blockquote><iframe sandbox="allow-scripts" security="restricted" src="https://www.modave.be/index.php/services_communaux/ravel-ligne-126-debut-des-travaux/embed/#?secret=594aX6Fs9E" width="600" height="338" title="« RAVeL | Ligne 126 | Début des travaux » &#8212; Commune de Modave" data-secret="594aX6Fs9E" frameborder="0" marginwidth="0" marginheight="0" scrolling="no" class="wp-embedded-content"></iframe><script>
/*! This file is auto-generated */
!function(d,l){"use strict";l.querySelector&&d.addEventListener&&"undefined"!=typeof URL&&(d.wp=d.wp||{},d.wp.receiveEmbedMessage||(d.wp.receiveEmbedMessage=function(e){var t=e.data;if((t||t.secret||t.message||t.value)&&!/[^a-zA-Z0-9]/.test(t.secret)){for(var s,r,n,a=l.querySelectorAll('iframe[data-secret="'+t.secret+'"]'),o=l.querySelectorAll('blockquote[data-secret="'+t.secret+'"]'),c=new RegExp("^https?:$","i"),i=0;i<o.length;i++)o[i].style.display="none";for(i=0;i<a.length;i++)s=a[i],e.source===s.contentWindow&&(s.removeAttribute("style"),"height"===t.message?(1e3<(r=parseInt(t.value,10))?r=1e3:~~r<200&&(r=200),s.height=r):"link"===t.message&&(r=new URL(s.getAttribute("src")),n=new URL(t.value),c.test(n.protocol))&&n.host===r.host&&l.activeElement===s&&(d.top.location.href=t.value))}},d.addEventListener("message",d.wp.receiveEmbedMessage,!1),l.addEventListener("DOMContentLoaded",function(){for(var e,t,s=l.querySelectorAll("iframe.wp-embedded-content"),r=0;r<s.length;r++)(t=(e=s[r]).getAttribute("data-secret"))||(t=Math.random().toString(36).substring(2,12),e.src+="#?secret="+t,e.setAttribute("data-secret",t)),e.contentWindow.postMessage({message:"ready",secret:t},"*")},!1)))}(window,document);
//# sourceURL=https://www.modave.be/wp-includes/js/wp-embed.min.js
</script>

Rappel | Les travaux du RAVeL commencent aujourd&rsquo;hui ! Comme annoncé, les travaux de rénovation du RAVeL – ligne 126 – démarrent aujourd’hui. Bien que le chantier soit piloté par le Service public de Wallonie, nous vous relaierons toutes les informations utiles au fil de son avancement. Certains tronçons seront bientôt fermés à la circulation,&hellip;
