{"version":"1.0","provider_name":"Commune de Modave","provider_url":"https:\/\/www.modave.be","author_name":"Fran\u00e7ois Dombret","author_url":"https:\/\/www.modave.be\/index.php\/author\/fdo\/","title":"Retour sur la Journ\u00e9e de l\u2019Arbre ! - Commune de Modave","type":"rich","width":600,"height":338,"html":"<blockquote class=\"wp-embedded-content\" data-secret=\"s39HflC5Uc\"><a href=\"https:\/\/www.modave.be\/index.php\/services_communaux\/retour-sur-la-journee-de-larbre\/\">Retour sur la Journ\u00e9e de l\u2019Arbre !<\/a><\/blockquote><iframe sandbox=\"allow-scripts\" security=\"restricted\" src=\"https:\/\/www.modave.be\/index.php\/services_communaux\/retour-sur-la-journee-de-larbre\/embed\/#?secret=s39HflC5Uc\" width=\"600\" height=\"338\" title=\"\u00ab\u00a0Retour sur la Journ\u00e9e de l\u2019Arbre !\u00a0\u00bb &#8212; Commune de Modave\" data-secret=\"s39HflC5Uc\" frameborder=\"0\" marginwidth=\"0\" marginheight=\"0\" scrolling=\"no\" class=\"wp-embedded-content\"><\/iframe><script>\n\/*! This file is auto-generated *\/\n!function(d,l){\"use strict\";l.querySelector&&d.addEventListener&&\"undefined\"!=typeof URL&&(d.wp=d.wp||{},d.wp.receiveEmbedMessage||(d.wp.receiveEmbedMessage=function(e){var t=e.data;if((t||t.secret||t.message||t.value)&&!\/[^a-zA-Z0-9]\/.test(t.secret)){for(var s,r,n,a=l.querySelectorAll('iframe[data-secret=\"'+t.secret+'\"]'),o=l.querySelectorAll('blockquote[data-secret=\"'+t.secret+'\"]'),c=new RegExp(\"^https?:$\",\"i\"),i=0;i<o.length;i++)o[i].style.display=\"none\";for(i=0;i<a.length;i++)s=a[i],e.source===s.contentWindow&&(s.removeAttribute(\"style\"),\"height\"===t.message?(1e3<(r=parseInt(t.value,10))?r=1e3:~~r<200&&(r=200),s.height=r):\"link\"===t.message&&(r=new URL(s.getAttribute(\"src\")),n=new URL(t.value),c.test(n.protocol))&&n.host===r.host&&l.activeElement===s&&(d.top.location.href=t.value))}},d.addEventListener(\"message\",d.wp.receiveEmbedMessage,!1),l.addEventListener(\"DOMContentLoaded\",function(){for(var e,t,s=l.querySelectorAll(\"iframe.wp-embedded-content\"),r=0;r<s.length;r++)(t=(e=s[r]).getAttribute(\"data-secret\"))||(t=Math.random().toString(36).substring(2,12),e.src+=\"#?secret=\"+t,e.setAttribute(\"data-secret\",t)),e.contentWindow.postMessage({message:\"ready\",secret:t},\"*\")},!1)))}(window,document);\n\/\/# sourceURL=https:\/\/www.modave.be\/wp-includes\/js\/wp-embed.min.js\n<\/script>\n","thumbnail_url":"https:\/\/www.modave.be\/wp-content\/uploads\/2025\/12\/IMG_7094-1-scaled-e1764685766615.jpg","thumbnail_width":2560,"thumbnail_height":1280,"description":"Retour sur la Journ\u00e9e de l\u2019Arbre ! Ce samedi 29 novembre, vous avez \u00e9t\u00e9 nombreux \u00e0 venir pour la grande distribution gratuite d\u2019arbustes et de petits fruitiers. Sorbiers, sureaux, pommiers sauvages, noisetiers, \u00e9glantiers, tro\u00e8nes, bourdaines, viornes, groseilliers, framboisiers\u2026 ils ont tous trouv\u00e9 preneur en quelques heures \u00e0 peine. Merci aux partenaires pr\u00e9sents pour leurs conseils&hellip;"}

François Dombret

Retour sur la Journée de l’Arbre ! - Commune de Modave

<blockquote class="wp-embedded-content" data-secret="s39HflC5Uc"><a href="https://www.modave.be/index.php/services_communaux/retour-sur-la-journee-de-larbre/">Retour sur la Journée de l’Arbre !</a></blockquote><iframe sandbox="allow-scripts" security="restricted" src="https://www.modave.be/index.php/services_communaux/retour-sur-la-journee-de-larbre/embed/#?secret=s39HflC5Uc" width="600" height="338" title="« Retour sur la Journée de l’Arbre ! » &#8212; Commune de Modave" data-secret="s39HflC5Uc" frameborder="0" marginwidth="0" marginheight="0" scrolling="no" class="wp-embedded-content"></iframe><script>
/*! This file is auto-generated */
!function(d,l){"use strict";l.querySelector&&d.addEventListener&&"undefined"!=typeof URL&&(d.wp=d.wp||{},d.wp.receiveEmbedMessage||(d.wp.receiveEmbedMessage=function(e){var t=e.data;if((t||t.secret||t.message||t.value)&&!/[^a-zA-Z0-9]/.test(t.secret)){for(var s,r,n,a=l.querySelectorAll('iframe[data-secret="'+t.secret+'"]'),o=l.querySelectorAll('blockquote[data-secret="'+t.secret+'"]'),c=new RegExp("^https?:$","i"),i=0;i<o.length;i++)o[i].style.display="none";for(i=0;i<a.length;i++)s=a[i],e.source===s.contentWindow&&(s.removeAttribute("style"),"height"===t.message?(1e3<(r=parseInt(t.value,10))?r=1e3:~~r<200&&(r=200),s.height=r):"link"===t.message&&(r=new URL(s.getAttribute("src")),n=new URL(t.value),c.test(n.protocol))&&n.host===r.host&&l.activeElement===s&&(d.top.location.href=t.value))}},d.addEventListener("message",d.wp.receiveEmbedMessage,!1),l.addEventListener("DOMContentLoaded",function(){for(var e,t,s=l.querySelectorAll("iframe.wp-embedded-content"),r=0;r<s.length;r++)(t=(e=s[r]).getAttribute("data-secret"))||(t=Math.random().toString(36).substring(2,12),e.src+="#?secret="+t,e.setAttribute("data-secret",t)),e.contentWindow.postMessage({message:"ready",secret:t},"*")},!1)))}(window,document);
//# sourceURL=https://www.modave.be/wp-includes/js/wp-embed.min.js
</script>

Retour sur la Journée de l’Arbre ! Ce samedi 29 novembre, vous avez été nombreux à venir pour la grande distribution gratuite d’arbustes et de petits fruitiers. Sorbiers, sureaux, pommiers sauvages, noisetiers, églantiers, troènes, bourdaines, viornes, groseilliers, framboisiers… ils ont tous trouvé preneur en quelques heures à peine. Merci aux partenaires présents pour leurs conseils&hellip;
