{"version":"1.0","provider_name":"Commune de Modave","provider_url":"https:\/\/www.modave.be","author_name":"Fran\u00e7ois Dombret","author_url":"https:\/\/www.modave.be\/index.php\/author\/fdo\/","title":"Sapins de No\u00ebl | Collecte 2026 - Commune de Modave","type":"rich","width":600,"height":338,"html":"<blockquote class=\"wp-embedded-content\" data-secret=\"wkLkzwxCli\"><a href=\"https:\/\/www.modave.be\/index.php\/services_communaux\/sapins-de-noel-collecte-2026\/\">Sapins de No\u00ebl | Collecte 2026<\/a><\/blockquote><iframe sandbox=\"allow-scripts\" security=\"restricted\" src=\"https:\/\/www.modave.be\/index.php\/services_communaux\/sapins-de-noel-collecte-2026\/embed\/#?secret=wkLkzwxCli\" width=\"600\" height=\"338\" title=\"\u00ab\u00a0Sapins de No\u00ebl | Collecte 2026\u00a0\u00bb &#8212; Commune de Modave\" data-secret=\"wkLkzwxCli\" frameborder=\"0\" marginwidth=\"0\" marginheight=\"0\" scrolling=\"no\" class=\"wp-embedded-content\"><\/iframe><script>\n\/*! This file is auto-generated *\/\n!function(d,l){\"use strict\";l.querySelector&&d.addEventListener&&\"undefined\"!=typeof URL&&(d.wp=d.wp||{},d.wp.receiveEmbedMessage||(d.wp.receiveEmbedMessage=function(e){var t=e.data;if((t||t.secret||t.message||t.value)&&!\/[^a-zA-Z0-9]\/.test(t.secret)){for(var s,r,n,a=l.querySelectorAll('iframe[data-secret=\"'+t.secret+'\"]'),o=l.querySelectorAll('blockquote[data-secret=\"'+t.secret+'\"]'),c=new RegExp(\"^https?:$\",\"i\"),i=0;i<o.length;i++)o[i].style.display=\"none\";for(i=0;i<a.length;i++)s=a[i],e.source===s.contentWindow&&(s.removeAttribute(\"style\"),\"height\"===t.message?(1e3<(r=parseInt(t.value,10))?r=1e3:~~r<200&&(r=200),s.height=r):\"link\"===t.message&&(r=new URL(s.getAttribute(\"src\")),n=new URL(t.value),c.test(n.protocol))&&n.host===r.host&&l.activeElement===s&&(d.top.location.href=t.value))}},d.addEventListener(\"message\",d.wp.receiveEmbedMessage,!1),l.addEventListener(\"DOMContentLoaded\",function(){for(var e,t,s=l.querySelectorAll(\"iframe.wp-embedded-content\"),r=0;r<s.length;r++)(t=(e=s[r]).getAttribute(\"data-secret\"))||(t=Math.random().toString(36).substring(2,12),e.src+=\"#?secret=\"+t,e.setAttribute(\"data-secret\",t)),e.contentWindow.postMessage({message:\"ready\",secret:t},\"*\")},!1)))}(window,document);\n\/\/# sourceURL=https:\/\/www.modave.be\/wp-includes\/js\/wp-embed.min.js\n<\/script>\n","thumbnail_url":"https:\/\/www.modave.be\/wp-content\/uploads\/2026\/01\/Sapins-e1767626548436.jpg","thumbnail_width":1080,"thumbnail_height":540,"description":"Sapins de No\u00ebl | Collecte 2026 La tourn\u00e9e de collecte des sapins est d\u00e9sormais termin\u00e9e. Malgr\u00e9 les conditions m\u00e9t\u00e9orologiques difficiles, les \u00e9quipes ont fait le maximum pour assurer le ramassage sur l\u2019ensemble du territoire communal. Si vous constatez un oubli, nous vous invitons \u00e0 vous signaler aupr\u00e8s du service Travaux au 085\/51.30.35, afin que la&hellip;"}

François Dombret

Sapins de Noël | Collecte 2026 - Commune de Modave

<blockquote class="wp-embedded-content" data-secret="wkLkzwxCli"><a href="https://www.modave.be/index.php/services_communaux/sapins-de-noel-collecte-2026/">Sapins de Noël | Collecte 2026</a></blockquote><iframe sandbox="allow-scripts" security="restricted" src="https://www.modave.be/index.php/services_communaux/sapins-de-noel-collecte-2026/embed/#?secret=wkLkzwxCli" width="600" height="338" title="« Sapins de Noël | Collecte 2026 » &#8212; Commune de Modave" data-secret="wkLkzwxCli" frameborder="0" marginwidth="0" marginheight="0" scrolling="no" class="wp-embedded-content"></iframe><script>
/*! This file is auto-generated */
!function(d,l){"use strict";l.querySelector&&d.addEventListener&&"undefined"!=typeof URL&&(d.wp=d.wp||{},d.wp.receiveEmbedMessage||(d.wp.receiveEmbedMessage=function(e){var t=e.data;if((t||t.secret||t.message||t.value)&&!/[^a-zA-Z0-9]/.test(t.secret)){for(var s,r,n,a=l.querySelectorAll('iframe[data-secret="'+t.secret+'"]'),o=l.querySelectorAll('blockquote[data-secret="'+t.secret+'"]'),c=new RegExp("^https?:$","i"),i=0;i<o.length;i++)o[i].style.display="none";for(i=0;i<a.length;i++)s=a[i],e.source===s.contentWindow&&(s.removeAttribute("style"),"height"===t.message?(1e3<(r=parseInt(t.value,10))?r=1e3:~~r<200&&(r=200),s.height=r):"link"===t.message&&(r=new URL(s.getAttribute("src")),n=new URL(t.value),c.test(n.protocol))&&n.host===r.host&&l.activeElement===s&&(d.top.location.href=t.value))}},d.addEventListener("message",d.wp.receiveEmbedMessage,!1),l.addEventListener("DOMContentLoaded",function(){for(var e,t,s=l.querySelectorAll("iframe.wp-embedded-content"),r=0;r<s.length;r++)(t=(e=s[r]).getAttribute("data-secret"))||(t=Math.random().toString(36).substring(2,12),e.src+="#?secret="+t,e.setAttribute("data-secret",t)),e.contentWindow.postMessage({message:"ready",secret:t},"*")},!1)))}(window,document);
//# sourceURL=https://www.modave.be/wp-includes/js/wp-embed.min.js
</script>

Sapins de Noël | Collecte 2026 La tournée de collecte des sapins est désormais terminée. Malgré les conditions météorologiques difficiles, les équipes ont fait le maximum pour assurer le ramassage sur l’ensemble du territoire communal. Si vous constatez un oubli, nous vous invitons à vous signaler auprès du service Travaux au 085/51.30.35, afin que la&hellip;
