{"version":"1.0","provider_name":"Commune de Modave","provider_url":"https:\/\/www.modave.be","author_name":"Fran\u00e7ois Dombret","author_url":"https:\/\/www.modave.be\/index.php\/author\/fdo\/","title":"Tir de mine | 28 nov. 2025 - Commune de Modave","type":"rich","width":600,"height":338,"html":"<blockquote class=\"wp-embedded-content\" data-secret=\"xX9IVKr0sg\"><a href=\"https:\/\/www.modave.be\/index.php\/services_communaux\/tir-de-mine-28-nov-2025\/\">Tir de mine | 28 nov. 2025<\/a><\/blockquote><iframe sandbox=\"allow-scripts\" security=\"restricted\" src=\"https:\/\/www.modave.be\/index.php\/services_communaux\/tir-de-mine-28-nov-2025\/embed\/#?secret=xX9IVKr0sg\" width=\"600\" height=\"338\" title=\"\u00ab\u00a0Tir de mine | 28 nov. 2025\u00a0\u00bb &#8212; Commune de Modave\" data-secret=\"xX9IVKr0sg\" frameborder=\"0\" marginwidth=\"0\" marginheight=\"0\" scrolling=\"no\" class=\"wp-embedded-content\"><\/iframe><script>\n\/*! This file is auto-generated *\/\n!function(d,l){\"use strict\";l.querySelector&&d.addEventListener&&\"undefined\"!=typeof URL&&(d.wp=d.wp||{},d.wp.receiveEmbedMessage||(d.wp.receiveEmbedMessage=function(e){var t=e.data;if((t||t.secret||t.message||t.value)&&!\/[^a-zA-Z0-9]\/.test(t.secret)){for(var s,r,n,a=l.querySelectorAll('iframe[data-secret=\"'+t.secret+'\"]'),o=l.querySelectorAll('blockquote[data-secret=\"'+t.secret+'\"]'),c=new RegExp(\"^https?:$\",\"i\"),i=0;i<o.length;i++)o[i].style.display=\"none\";for(i=0;i<a.length;i++)s=a[i],e.source===s.contentWindow&&(s.removeAttribute(\"style\"),\"height\"===t.message?(1e3<(r=parseInt(t.value,10))?r=1e3:~~r<200&&(r=200),s.height=r):\"link\"===t.message&&(r=new URL(s.getAttribute(\"src\")),n=new URL(t.value),c.test(n.protocol))&&n.host===r.host&&l.activeElement===s&&(d.top.location.href=t.value))}},d.addEventListener(\"message\",d.wp.receiveEmbedMessage,!1),l.addEventListener(\"DOMContentLoaded\",function(){for(var e,t,s=l.querySelectorAll(\"iframe.wp-embedded-content\"),r=0;r<s.length;r++)(t=(e=s[r]).getAttribute(\"data-secret\"))||(t=Math.random().toString(36).substring(2,12),e.src+=\"#?secret=\"+t,e.setAttribute(\"data-secret\",t)),e.contentWindow.postMessage({message:\"ready\",secret:t},\"*\")},!1)))}(window,document);\n\/\/# sourceURL=https:\/\/www.modave.be\/wp-includes\/js\/wp-embed.min.js\n<\/script>\n","thumbnail_url":"https:\/\/www.modave.be\/wp-content\/uploads\/2023\/04\/chantier-v2-e1727685320454.jpg","thumbnail_width":1280,"thumbnail_height":640,"description":"Tir de mine | 28 nov. 2025 Nous vous informons qu\u2019un tir sera r\u00e9alis\u00e9 \u00e0 la carri\u00e8re Les Bi\u00e9leux \u00e0 Modave le 28 novembre entre 12h et 14h. Il s\u2019agit d\u2019une op\u00e9ration contr\u00f4l\u00e9e et encadr\u00e9e par des professionnels.Des d\u00e9tonations pourraient \u00eatre entendues aux alentours. N\u2019h\u00e9sitez pas \u00e0 en informer votre entourage, et merci pour votre&hellip;"}

François Dombret

Tir de mine | 28 nov. 2025 Nous vous informons qu’un tir sera réalisé à la carrière Les Biéleux à Modave le 28 novembre entre 12h et 14h. Il s’agit d’une opération contrôlée et encadrée par des professionnels.Des détonations pourraient être entendues aux alentours. N’hésitez pas à en informer votre entourage, et merci pour votre&hellip;
