{"version":"1.0","provider_name":"Commune de Modave","provider_url":"https:\/\/www.modave.be","author_name":"Fran\u00e7ois Dombret","author_url":"https:\/\/www.modave.be\/index.php\/author\/fdo\/","title":"Travaux | \u00c9t\u00e9 | R\u00e9cap. - Commune de Modave","type":"rich","width":600,"height":338,"html":"<blockquote class=\"wp-embedded-content\" data-secret=\"gI96s5ltcP\"><a href=\"https:\/\/www.modave.be\/index.php\/services_communaux\/travaux-ete-recap\/\">Travaux | \u00c9t\u00e9 | R\u00e9cap.<\/a><\/blockquote><iframe sandbox=\"allow-scripts\" security=\"restricted\" src=\"https:\/\/www.modave.be\/index.php\/services_communaux\/travaux-ete-recap\/embed\/#?secret=gI96s5ltcP\" width=\"600\" height=\"338\" title=\"\u00ab\u00a0Travaux | \u00c9t\u00e9 | R\u00e9cap.\u00a0\u00bb &#8212; Commune de Modave\" data-secret=\"gI96s5ltcP\" frameborder=\"0\" marginwidth=\"0\" marginheight=\"0\" scrolling=\"no\" class=\"wp-embedded-content\"><\/iframe><script>\n\/*! This file is auto-generated *\/\n!function(d,l){\"use strict\";l.querySelector&&d.addEventListener&&\"undefined\"!=typeof URL&&(d.wp=d.wp||{},d.wp.receiveEmbedMessage||(d.wp.receiveEmbedMessage=function(e){var t=e.data;if((t||t.secret||t.message||t.value)&&!\/[^a-zA-Z0-9]\/.test(t.secret)){for(var s,r,n,a=l.querySelectorAll('iframe[data-secret=\"'+t.secret+'\"]'),o=l.querySelectorAll('blockquote[data-secret=\"'+t.secret+'\"]'),c=new RegExp(\"^https?:$\",\"i\"),i=0;i<o.length;i++)o[i].style.display=\"none\";for(i=0;i<a.length;i++)s=a[i],e.source===s.contentWindow&&(s.removeAttribute(\"style\"),\"height\"===t.message?(1e3<(r=parseInt(t.value,10))?r=1e3:~~r<200&&(r=200),s.height=r):\"link\"===t.message&&(r=new URL(s.getAttribute(\"src\")),n=new URL(t.value),c.test(n.protocol))&&n.host===r.host&&l.activeElement===s&&(d.top.location.href=t.value))}},d.addEventListener(\"message\",d.wp.receiveEmbedMessage,!1),l.addEventListener(\"DOMContentLoaded\",function(){for(var e,t,s=l.querySelectorAll(\"iframe.wp-embedded-content\"),r=0;r<s.length;r++)(t=(e=s[r]).getAttribute(\"data-secret\"))||(t=Math.random().toString(36).substring(2,12),e.src+=\"#?secret=\"+t,e.setAttribute(\"data-secret\",t)),e.contentWindow.postMessage({message:\"ready\",secret:t},\"*\")},!1)))}(window,document);\n\/\/# sourceURL=https:\/\/www.modave.be\/wp-includes\/js\/wp-embed.min.js\n<\/script>\n","thumbnail_url":"https:\/\/www.modave.be\/wp-content\/uploads\/2025\/06\/illustration-e1750059304122.png","thumbnail_width":1080,"thumbnail_height":540,"description":"Attention, les travaux ci-dessous initialement pr\u00e9vus \u00e0 partir du 16 juin sont finalement d\u00e9cal\u00e9s de quelques jours. Le chantier devrait d\u00e9buter autour du 18 ou 19 juin, en fonction des conditions sur le terrain. Merci pour votre compr\u00e9hension ! \u00c9t\u00e9 2025 | Modave se transforme ! | \u00c9tapes #1 Des travaux de r\u00e9novation des voiries&hellip;"}

François Dombret

Travaux | Été | Récap. - Commune de Modave

<blockquote class="wp-embedded-content" data-secret="gI96s5ltcP"><a href="https://www.modave.be/index.php/services_communaux/travaux-ete-recap/">Travaux | Été | Récap.</a></blockquote><iframe sandbox="allow-scripts" security="restricted" src="https://www.modave.be/index.php/services_communaux/travaux-ete-recap/embed/#?secret=gI96s5ltcP" width="600" height="338" title="« Travaux | Été | Récap. » &#8212; Commune de Modave" data-secret="gI96s5ltcP" frameborder="0" marginwidth="0" marginheight="0" scrolling="no" class="wp-embedded-content"></iframe><script>
/*! This file is auto-generated */
!function(d,l){"use strict";l.querySelector&&d.addEventListener&&"undefined"!=typeof URL&&(d.wp=d.wp||{},d.wp.receiveEmbedMessage||(d.wp.receiveEmbedMessage=function(e){var t=e.data;if((t||t.secret||t.message||t.value)&&!/[^a-zA-Z0-9]/.test(t.secret)){for(var s,r,n,a=l.querySelectorAll('iframe[data-secret="'+t.secret+'"]'),o=l.querySelectorAll('blockquote[data-secret="'+t.secret+'"]'),c=new RegExp("^https?:$","i"),i=0;i<o.length;i++)o[i].style.display="none";for(i=0;i<a.length;i++)s=a[i],e.source===s.contentWindow&&(s.removeAttribute("style"),"height"===t.message?(1e3<(r=parseInt(t.value,10))?r=1e3:~~r<200&&(r=200),s.height=r):"link"===t.message&&(r=new URL(s.getAttribute("src")),n=new URL(t.value),c.test(n.protocol))&&n.host===r.host&&l.activeElement===s&&(d.top.location.href=t.value))}},d.addEventListener("message",d.wp.receiveEmbedMessage,!1),l.addEventListener("DOMContentLoaded",function(){for(var e,t,s=l.querySelectorAll("iframe.wp-embedded-content"),r=0;r<s.length;r++)(t=(e=s[r]).getAttribute("data-secret"))||(t=Math.random().toString(36).substring(2,12),e.src+="#?secret="+t,e.setAttribute("data-secret",t)),e.contentWindow.postMessage({message:"ready",secret:t},"*")},!1)))}(window,document);
//# sourceURL=https://www.modave.be/wp-includes/js/wp-embed.min.js
</script>

Attention, les travaux ci-dessous initialement prévus à partir du 16 juin sont finalement décalés de quelques jours. Le chantier devrait débuter autour du 18 ou 19 juin, en fonction des conditions sur le terrain. Merci pour votre compréhension ! Été 2025 | Modave se transforme ! | Étapes #1 Des travaux de rénovation des voiries&hellip;
