{"version":"1.0","provider_name":"Commune de Modave","provider_url":"https:\/\/www.modave.be","author_name":"Fran\u00e7ois Dombret","author_url":"https:\/\/www.modave.be\/index.php\/author\/fdo\/","title":"Urbanisme | Avis d'enqu\u00eate publique - Commune de Modave","type":"rich","width":600,"height":338,"html":"<blockquote class=\"wp-embedded-content\" data-secret=\"gOt4BKVWGY\"><a href=\"https:\/\/www.modave.be\/index.php\/services_communaux\/urbanisme-avis-denquete-publique-12\/\">Urbanisme | Avis d&rsquo;enqu\u00eate publique<\/a><\/blockquote><iframe sandbox=\"allow-scripts\" security=\"restricted\" src=\"https:\/\/www.modave.be\/index.php\/services_communaux\/urbanisme-avis-denquete-publique-12\/embed\/#?secret=gOt4BKVWGY\" width=\"600\" height=\"338\" title=\"\u00ab\u00a0Urbanisme | Avis d&rsquo;enqu\u00eate publique\u00a0\u00bb &#8212; Commune de Modave\" data-secret=\"gOt4BKVWGY\" frameborder=\"0\" marginwidth=\"0\" marginheight=\"0\" scrolling=\"no\" class=\"wp-embedded-content\"><\/iframe><script>\n\/*! This file is auto-generated *\/\n!function(d,l){\"use strict\";l.querySelector&&d.addEventListener&&\"undefined\"!=typeof URL&&(d.wp=d.wp||{},d.wp.receiveEmbedMessage||(d.wp.receiveEmbedMessage=function(e){var t=e.data;if((t||t.secret||t.message||t.value)&&!\/[^a-zA-Z0-9]\/.test(t.secret)){for(var s,r,n,a=l.querySelectorAll('iframe[data-secret=\"'+t.secret+'\"]'),o=l.querySelectorAll('blockquote[data-secret=\"'+t.secret+'\"]'),c=new RegExp(\"^https?:$\",\"i\"),i=0;i<o.length;i++)o[i].style.display=\"none\";for(i=0;i<a.length;i++)s=a[i],e.source===s.contentWindow&&(s.removeAttribute(\"style\"),\"height\"===t.message?(1e3<(r=parseInt(t.value,10))?r=1e3:~~r<200&&(r=200),s.height=r):\"link\"===t.message&&(r=new URL(s.getAttribute(\"src\")),n=new URL(t.value),c.test(n.protocol))&&n.host===r.host&&l.activeElement===s&&(d.top.location.href=t.value))}},d.addEventListener(\"message\",d.wp.receiveEmbedMessage,!1),l.addEventListener(\"DOMContentLoaded\",function(){for(var e,t,s=l.querySelectorAll(\"iframe.wp-embedded-content\"),r=0;r<s.length;r++)(t=(e=s[r]).getAttribute(\"data-secret\"))||(t=Math.random().toString(36).substring(2,12),e.src+=\"#?secret=\"+t,e.setAttribute(\"data-secret\",t)),e.contentWindow.postMessage({message:\"ready\",secret:t},\"*\")},!1)))}(window,document);\n\/\/# sourceURL=https:\/\/www.modave.be\/wp-includes\/js\/wp-embed.min.js\n<\/script>\n","thumbnail_url":"https:\/\/www.modave.be\/wp-content\/uploads\/2025\/06\/Grandes-Questions-11-scaled-e1750084918751.jpg","thumbnail_width":2560,"thumbnail_height":1280,"description":"Avis d\u2019enqu\u00eate publique Le Coll\u00e8ge communal informe la population qu\u2019une enqu\u00eate publique est ouverte du 21 juillet au 02 septembre 2025 concernant une demande de permis d\u2019urbanisme introduite par La Patchamama. Le projet porte sur l\u2019installation d\u2019un cabanon de jardin destin\u00e9 au rangement de mat\u00e9riel de jardinage, et concerne un terrain situ\u00e9 Rue Trou Bottin&hellip;"}

François Dombret

Urbanisme | Avis d'enquête publique - Commune de Modave

<blockquote class="wp-embedded-content" data-secret="gOt4BKVWGY"><a href="https://www.modave.be/index.php/services_communaux/urbanisme-avis-denquete-publique-12/">Urbanisme | Avis d&rsquo;enquête publique</a></blockquote><iframe sandbox="allow-scripts" security="restricted" src="https://www.modave.be/index.php/services_communaux/urbanisme-avis-denquete-publique-12/embed/#?secret=gOt4BKVWGY" width="600" height="338" title="« Urbanisme | Avis d&rsquo;enquête publique » &#8212; Commune de Modave" data-secret="gOt4BKVWGY" frameborder="0" marginwidth="0" marginheight="0" scrolling="no" class="wp-embedded-content"></iframe><script>
/*! This file is auto-generated */
!function(d,l){"use strict";l.querySelector&&d.addEventListener&&"undefined"!=typeof URL&&(d.wp=d.wp||{},d.wp.receiveEmbedMessage||(d.wp.receiveEmbedMessage=function(e){var t=e.data;if((t||t.secret||t.message||t.value)&&!/[^a-zA-Z0-9]/.test(t.secret)){for(var s,r,n,a=l.querySelectorAll('iframe[data-secret="'+t.secret+'"]'),o=l.querySelectorAll('blockquote[data-secret="'+t.secret+'"]'),c=new RegExp("^https?:$","i"),i=0;i<o.length;i++)o[i].style.display="none";for(i=0;i<a.length;i++)s=a[i],e.source===s.contentWindow&&(s.removeAttribute("style"),"height"===t.message?(1e3<(r=parseInt(t.value,10))?r=1e3:~~r<200&&(r=200),s.height=r):"link"===t.message&&(r=new URL(s.getAttribute("src")),n=new URL(t.value),c.test(n.protocol))&&n.host===r.host&&l.activeElement===s&&(d.top.location.href=t.value))}},d.addEventListener("message",d.wp.receiveEmbedMessage,!1),l.addEventListener("DOMContentLoaded",function(){for(var e,t,s=l.querySelectorAll("iframe.wp-embedded-content"),r=0;r<s.length;r++)(t=(e=s[r]).getAttribute("data-secret"))||(t=Math.random().toString(36).substring(2,12),e.src+="#?secret="+t,e.setAttribute("data-secret",t)),e.contentWindow.postMessage({message:"ready",secret:t},"*")},!1)))}(window,document);
//# sourceURL=https://www.modave.be/wp-includes/js/wp-embed.min.js
</script>

Avis d’enquête publique Le Collège communal informe la population qu’une enquête publique est ouverte du 21 juillet au 02 septembre 2025 concernant une demande de permis d’urbanisme introduite par La Patchamama. Le projet porte sur l’installation d’un cabanon de jardin destiné au rangement de matériel de jardinage, et concerne un terrain situé Rue Trou Bottin&hellip;
