{"id":13690,"date":"2024-10-11T11:35:14","date_gmt":"2024-10-11T09:35:14","guid":{"rendered":"https:\/\/www.modave.be\/?post_type=ajde_events&#038;p=13690"},"modified":"2024-10-11T11:35:14","modified_gmt":"2024-10-11T09:35:14","slug":"cinema-en-campagne-quand-le-syndicat-creve-lecran","status":"publish","type":"ajde_events","link":"https:\/\/www.modave.be\/index.php\/events\/cinema-en-campagne-quand-le-syndicat-creve-lecran\/","title":{"rendered":"Cin\u00e9ma en campagne : \u00ab\u00a0Quand le Syndicat cr\u00e8ve l\u2019\u00e9cran !\u00a0\u00bb"},"content":{"rendered":"\n<p>Dans une conf\u00e9rence illustr\u00e9e de nombreux extraits de films, Philippe Reynaert, le critique de cin\u00e9ma aux lunettes blanches, nous raconte comment le 7\u00e8me Art a mis en valeur ou trahi l\u2019image des syndicats et de la gauche.&nbsp;De Serge\u00ef Eisenstein \u00e0 La Casa de Papel en passant par Jean Renoir, Jean-Luc Godard et Sylvester Stallone !<\/p>\n\n\n\n<p>Une organisation de OYOU et&nbsp;<a href=\"https:\/\/www.pac-g.be\/regionale\/huy-waremme\/#p-agenda-6\">PAC Huy-Waremme<\/a>.<br>Dans le cadre de PolitiK, Les rencontres internationales du film politique.<\/p>\n\n\n\n<p><strong>Vendredi 18 octobre \u00e0 20h<\/strong><br><strong>\u00c0 l&rsquo;Espace-test, Rue des Aub\u00e9pines \u00e0 Str\u00e9e (derri\u00e8re la pompe \u00e0 essence Total)<\/strong><\/p>\n\n\n\n<p><strong>Entr\u00e9e libre<\/strong><br><strong><a href=\"https:\/\/www.oyou.be\/evenements\/syndicat\">R\u00e9servations<\/a><\/strong><\/p>\n\n\n\n<p><\/p>\n","protected":false},"author":9,"featured_media":13691,"menu_order":0,"comment_status":"closed","ping_status":"closed","template":"","meta":[],"tags":[],"event_type":[186],"event_type_2":[],"event_type_3":[],"event_type_4":[],"class_list":["post-13690","ajde_events","type-ajde_events","status-publish","has-post-thumbnail","hentry","event_location-espace-test-de-stree","event_organizer-oyou","event_type-culture","description-off"],"yoast_head":"<!-- This site is optimized with the Yoast SEO plugin v27.5 - https:\/\/yoast.com\/product\/yoast-seo-wordpress\/ -->\n<title>Cin\u00e9ma en campagne : \u00ab\u00a0Quand le Syndicat cr\u00e8ve l\u2019\u00e9cran !\u00a0\u00bb - Commune de Modave<\/title>\n<meta name=\"robots\" content=\"index, follow, max-snippet:-1, max-image-preview:large, max-video-preview:-1\" \/>\n<link rel=\"canonical\" href=\"https:\/\/www.modave.be\/index.php\/events\/cinema-en-campagne-quand-le-syndicat-creve-lecran\/\" \/>\n<meta property=\"og:locale\" content=\"fr_FR\" \/>\n<meta property=\"og:type\" content=\"article\" \/>\n<meta property=\"og:title\" content=\"Cin\u00e9ma en campagne : \u00ab\u00a0Quand le Syndicat cr\u00e8ve l\u2019\u00e9cran !\u00a0\u00bb - Commune de Modave\" \/>\n<meta property=\"og:description\" content=\"Dans une conf\u00e9rence illustr\u00e9e de nombreux extraits de films, Philippe Reynaert, le critique de cin\u00e9ma aux lunettes blanches, nous raconte comment le 7\u00e8me Art a mis en valeur ou trahi l\u2019image des syndicats et de la gauche.&nbsp;De Serge\u00ef Eisenstein \u00e0 La Casa de Papel en passant par Jean Renoir, Jean-Luc Godard et Sylvester Stallone !&hellip;\" \/>\n<meta property=\"og:url\" content=\"https:\/\/www.modave.be\/index.php\/events\/cinema-en-campagne-quand-le-syndicat-creve-lecran\/\" \/>\n<meta property=\"og:site_name\" content=\"Commune de Modave\" \/>\n<meta property=\"og:image\" content=\"https:\/\/www.modave.be\/wp-content\/uploads\/2024\/10\/bandeau-syndicat.png\" \/>\n\t<meta property=\"og:image:width\" content=\"756\" \/>\n\t<meta property=\"og:image:height\" content=\"425\" \/>\n\t<meta property=\"og:image:type\" content=\"image\/png\" \/>\n<meta name=\"twitter:card\" content=\"summary_large_image\" \/>\n<script type=\"application\/ld+json\" class=\"yoast-schema-graph\">{\"@context\":\"https:\\\/\\\/schema.org\",\"@graph\":[{\"@type\":\"WebPage\",\"@id\":\"https:\\\/\\\/www.modave.be\\\/index.php\\\/events\\\/cinema-en-campagne-quand-le-syndicat-creve-lecran\\\/\",\"url\":\"https:\\\/\\\/www.modave.be\\\/index.php\\\/events\\\/cinema-en-campagne-quand-le-syndicat-creve-lecran\\\/\",\"name\":\"Cin\u00e9ma en campagne : \u00ab\u00a0Quand le Syndicat cr\u00e8ve l\u2019\u00e9cran !\u00a0\u00bb - Commune de Modave\",\"isPartOf\":{\"@id\":\"https:\\\/\\\/www.modave.be\\\/#website\"},\"primaryImageOfPage\":{\"@id\":\"https:\\\/\\\/www.modave.be\\\/index.php\\\/events\\\/cinema-en-campagne-quand-le-syndicat-creve-lecran\\\/#primaryimage\"},\"image\":{\"@id\":\"https:\\\/\\\/www.modave.be\\\/index.php\\\/events\\\/cinema-en-campagne-quand-le-syndicat-creve-lecran\\\/#primaryimage\"},\"thumbnailUrl\":\"https:\\\/\\\/www.modave.be\\\/wp-content\\\/uploads\\\/2024\\\/10\\\/bandeau-syndicat.png\",\"datePublished\":\"2024-10-11T09:35:14+00:00\",\"breadcrumb\":{\"@id\":\"https:\\\/\\\/www.modave.be\\\/index.php\\\/events\\\/cinema-en-campagne-quand-le-syndicat-creve-lecran\\\/#breadcrumb\"},\"inLanguage\":\"fr-FR\",\"potentialAction\":[{\"@type\":\"ReadAction\",\"target\":[\"https:\\\/\\\/www.modave.be\\\/index.php\\\/events\\\/cinema-en-campagne-quand-le-syndicat-creve-lecran\\\/\"]}]},{\"@type\":\"ImageObject\",\"inLanguage\":\"fr-FR\",\"@id\":\"https:\\\/\\\/www.modave.be\\\/index.php\\\/events\\\/cinema-en-campagne-quand-le-syndicat-creve-lecran\\\/#primaryimage\",\"url\":\"https:\\\/\\\/www.modave.be\\\/wp-content\\\/uploads\\\/2024\\\/10\\\/bandeau-syndicat.png\",\"contentUrl\":\"https:\\\/\\\/www.modave.be\\\/wp-content\\\/uploads\\\/2024\\\/10\\\/bandeau-syndicat.png\",\"width\":756,\"height\":425},{\"@type\":\"BreadcrumbList\",\"@id\":\"https:\\\/\\\/www.modave.be\\\/index.php\\\/events\\\/cinema-en-campagne-quand-le-syndicat-creve-lecran\\\/#breadcrumb\",\"itemListElement\":[{\"@type\":\"ListItem\",\"position\":1,\"name\":\"Accueil\",\"item\":\"https:\\\/\\\/www.modave.be\\\/\"},{\"@type\":\"ListItem\",\"position\":2,\"name\":\"Events\",\"item\":\"https:\\\/\\\/www.modave.be\\\/index.php\\\/events\\\/\"},{\"@type\":\"ListItem\",\"position\":3,\"name\":\"Cin\u00e9ma en campagne : \u00ab\u00a0Quand le Syndicat cr\u00e8ve l\u2019\u00e9cran !\u00a0\u00bb\"}]},{\"@type\":\"WebSite\",\"@id\":\"https:\\\/\\\/www.modave.be\\\/#website\",\"url\":\"https:\\\/\\\/www.modave.be\\\/\",\"name\":\"Commune de Modave\",\"description\":\"Commune de Modave\",\"publisher\":{\"@id\":\"https:\\\/\\\/www.modave.be\\\/#organization\"},\"potentialAction\":[{\"@type\":\"SearchAction\",\"target\":{\"@type\":\"EntryPoint\",\"urlTemplate\":\"https:\\\/\\\/www.modave.be\\\/?s={search_term_string}\"},\"query-input\":{\"@type\":\"PropertyValueSpecification\",\"valueRequired\":true,\"valueName\":\"search_term_string\"}}],\"inLanguage\":\"fr-FR\"},{\"@type\":\"Organization\",\"@id\":\"https:\\\/\\\/www.modave.be\\\/#organization\",\"name\":\"Commune de Modave\",\"url\":\"https:\\\/\\\/www.modave.be\\\/\",\"logo\":{\"@type\":\"ImageObject\",\"inLanguage\":\"fr-FR\",\"@id\":\"https:\\\/\\\/www.modave.be\\\/#\\\/schema\\\/logo\\\/image\\\/\",\"url\":\"https:\\\/\\\/www.modave.be\\\/wp-content\\\/uploads\\\/2021\\\/12\\\/MODAVE_LOGO_HORIZONTAL_QUADRI_RVB.png\",\"contentUrl\":\"https:\\\/\\\/www.modave.be\\\/wp-content\\\/uploads\\\/2021\\\/12\\\/MODAVE_LOGO_HORIZONTAL_QUADRI_RVB.png\",\"width\":1200,\"height\":501,\"caption\":\"Commune de Modave\"},\"image\":{\"@id\":\"https:\\\/\\\/www.modave.be\\\/#\\\/schema\\\/logo\\\/image\\\/\"}}]}<\/script>\n<!-- \/ Yoast SEO plugin. -->","yoast_head_json":{"title":"Cin\u00e9ma en campagne : \u00ab\u00a0Quand le Syndicat cr\u00e8ve l\u2019\u00e9cran !\u00a0\u00bb - Commune de Modave","robots":{"index":"index","follow":"follow","max-snippet":"max-snippet:-1","max-image-preview":"max-image-preview:large","max-video-preview":"max-video-preview:-1"},"canonical":"https:\/\/www.modave.be\/index.php\/events\/cinema-en-campagne-quand-le-syndicat-creve-lecran\/","og_locale":"fr_FR","og_type":"article","og_title":"Cin\u00e9ma en campagne : \u00ab\u00a0Quand le Syndicat cr\u00e8ve l\u2019\u00e9cran !\u00a0\u00bb - Commune de Modave","og_description":"Dans une conf\u00e9rence illustr\u00e9e de nombreux extraits de films, Philippe Reynaert, le critique de cin\u00e9ma aux lunettes blanches, nous raconte comment le 7\u00e8me Art a mis en valeur ou trahi l\u2019image des syndicats et de la gauche.&nbsp;De Serge\u00ef Eisenstein \u00e0 La Casa de Papel en passant par Jean Renoir, Jean-Luc Godard et Sylvester Stallone !&hellip;","og_url":"https:\/\/www.modave.be\/index.php\/events\/cinema-en-campagne-quand-le-syndicat-creve-lecran\/","og_site_name":"Commune de Modave","og_image":[{"width":756,"height":425,"url":"https:\/\/www.modave.be\/wp-content\/uploads\/2024\/10\/bandeau-syndicat.png","type":"image\/png"}],"twitter_card":"summary_large_image","schema":{"@context":"https:\/\/schema.org","@graph":[{"@type":"WebPage","@id":"https:\/\/www.modave.be\/index.php\/events\/cinema-en-campagne-quand-le-syndicat-creve-lecran\/","url":"https:\/\/www.modave.be\/index.php\/events\/cinema-en-campagne-quand-le-syndicat-creve-lecran\/","name":"Cin\u00e9ma en campagne : \u00ab\u00a0Quand le Syndicat cr\u00e8ve l\u2019\u00e9cran !\u00a0\u00bb - Commune de Modave","isPartOf":{"@id":"https:\/\/www.modave.be\/#website"},"primaryImageOfPage":{"@id":"https:\/\/www.modave.be\/index.php\/events\/cinema-en-campagne-quand-le-syndicat-creve-lecran\/#primaryimage"},"image":{"@id":"https:\/\/www.modave.be\/index.php\/events\/cinema-en-campagne-quand-le-syndicat-creve-lecran\/#primaryimage"},"thumbnailUrl":"https:\/\/www.modave.be\/wp-content\/uploads\/2024\/10\/bandeau-syndicat.png","datePublished":"2024-10-11T09:35:14+00:00","breadcrumb":{"@id":"https:\/\/www.modave.be\/index.php\/events\/cinema-en-campagne-quand-le-syndicat-creve-lecran\/#breadcrumb"},"inLanguage":"fr-FR","potentialAction":[{"@type":"ReadAction","target":["https:\/\/www.modave.be\/index.php\/events\/cinema-en-campagne-quand-le-syndicat-creve-lecran\/"]}]},{"@type":"ImageObject","inLanguage":"fr-FR","@id":"https:\/\/www.modave.be\/index.php\/events\/cinema-en-campagne-quand-le-syndicat-creve-lecran\/#primaryimage","url":"https:\/\/www.modave.be\/wp-content\/uploads\/2024\/10\/bandeau-syndicat.png","contentUrl":"https:\/\/www.modave.be\/wp-content\/uploads\/2024\/10\/bandeau-syndicat.png","width":756,"height":425},{"@type":"BreadcrumbList","@id":"https:\/\/www.modave.be\/index.php\/events\/cinema-en-campagne-quand-le-syndicat-creve-lecran\/#breadcrumb","itemListElement":[{"@type":"ListItem","position":1,"name":"Accueil","item":"https:\/\/www.modave.be\/"},{"@type":"ListItem","position":2,"name":"Events","item":"https:\/\/www.modave.be\/index.php\/events\/"},{"@type":"ListItem","position":3,"name":"Cin\u00e9ma en campagne : \u00ab\u00a0Quand le Syndicat cr\u00e8ve l\u2019\u00e9cran !\u00a0\u00bb"}]},{"@type":"WebSite","@id":"https:\/\/www.modave.be\/#website","url":"https:\/\/www.modave.be\/","name":"Commune de Modave","description":"Commune de Modave","publisher":{"@id":"https:\/\/www.modave.be\/#organization"},"potentialAction":[{"@type":"SearchAction","target":{"@type":"EntryPoint","urlTemplate":"https:\/\/www.modave.be\/?s={search_term_string}"},"query-input":{"@type":"PropertyValueSpecification","valueRequired":true,"valueName":"search_term_string"}}],"inLanguage":"fr-FR"},{"@type":"Organization","@id":"https:\/\/www.modave.be\/#organization","name":"Commune de Modave","url":"https:\/\/www.modave.be\/","logo":{"@type":"ImageObject","inLanguage":"fr-FR","@id":"https:\/\/www.modave.be\/#\/schema\/logo\/image\/","url":"https:\/\/www.modave.be\/wp-content\/uploads\/2021\/12\/MODAVE_LOGO_HORIZONTAL_QUADRI_RVB.png","contentUrl":"https:\/\/www.modave.be\/wp-content\/uploads\/2021\/12\/MODAVE_LOGO_HORIZONTAL_QUADRI_RVB.png","width":1200,"height":501,"caption":"Commune de Modave"},"image":{"@id":"https:\/\/www.modave.be\/#\/schema\/logo\/image\/"}}]}},"_links":{"self":[{"href":"https:\/\/www.modave.be\/index.php\/wp-json\/wp\/v2\/ajde_events\/13690","targetHints":{"allow":["GET"]}}],"collection":[{"href":"https:\/\/www.modave.be\/index.php\/wp-json\/wp\/v2\/ajde_events"}],"about":[{"href":"https:\/\/www.modave.be\/index.php\/wp-json\/wp\/v2\/types\/ajde_events"}],"author":[{"embeddable":true,"href":"https:\/\/www.modave.be\/index.php\/wp-json\/wp\/v2\/users\/9"}],"replies":[{"embeddable":true,"href":"https:\/\/www.modave.be\/index.php\/wp-json\/wp\/v2\/comments?post=13690"}],"wp:featuredmedia":[{"embeddable":true,"href":"https:\/\/www.modave.be\/index.php\/wp-json\/wp\/v2\/media\/13691"}],"wp:attachment":[{"href":"https:\/\/www.modave.be\/index.php\/wp-json\/wp\/v2\/media?parent=13690"}],"wp:term":[{"taxonomy":"post_tag","embeddable":true,"href":"https:\/\/www.modave.be\/index.php\/wp-json\/wp\/v2\/tags?post=13690"},{"taxonomy":"event_type","embeddable":true,"href":"https:\/\/www.modave.be\/index.php\/wp-json\/wp\/v2\/event_type?post=13690"},{"taxonomy":"event_type_2","embeddable":true,"href":"https:\/\/www.modave.be\/index.php\/wp-json\/wp\/v2\/event_type_2?post=13690"},{"taxonomy":"event_type_3","embeddable":true,"href":"https:\/\/www.modave.be\/index.php\/wp-json\/wp\/v2\/event_type_3?post=13690"},{"taxonomy":"event_type_4","embeddable":true,"href":"https:\/\/www.modave.be\/index.php\/wp-json\/wp\/v2\/event_type_4?post=13690"}],"curies":[{"name":"wp","href":"https:\/\/api.w.org\/{rel}","templated":true}]}}

Cinéma en campagne : « Quand le Syndicat crève l’écran ! »

<p>Dans une conférence illustrée de nombreux extraits de films, Philippe Reynaert, le critique de cinéma aux lunettes blanches, nous raconte comment le 7ème Art a mis en valeur ou trahi l’image des syndicats et de la gauche.&nbsp;De Sergeï Eisenstein à La Casa de Papel en passant par Jean Renoir, Jean-Luc Godard et Sylvester Stallone !</p>



<p>Une organisation de OYOU et&nbsp;<a href="https://www.pac-g.be/regionale/huy-waremme/#p-agenda-6">PAC Huy-Waremme</a>.<br>Dans le cadre de PolitiK, Les rencontres internationales du film politique.</p>



<p><strong>Vendredi 18 octobre à 20h</strong><br><strong>À l&rsquo;Espace-test, Rue des Aubépines à Strée (derrière la pompe à essence Total)</strong></p>



<p><strong>Entrée libre</strong><br><strong><a href="https://www.oyou.be/evenements/syndicat">Réservations</a></strong></p>



<p></p>

<!-- This site is optimized with the Yoast SEO plugin v27.5 - https://yoast.com/product/yoast-seo-wordpress/ -->
<title>Cinéma en campagne : « Quand le Syndicat crève l’écran ! » - Commune de Modave</title>
<meta name="robots" content="index, follow, max-snippet:-1, max-image-preview:large, max-video-preview:-1" />
<link rel="canonical" href="https://www.modave.be/index.php/events/cinema-en-campagne-quand-le-syndicat-creve-lecran/" />
<meta property="og:locale" content="fr_FR" />
<meta property="og:type" content="article" />
<meta property="og:title" content="Cinéma en campagne : « Quand le Syndicat crève l’écran ! » - Commune de Modave" />
<meta property="og:description" content="Dans une conférence illustrée de nombreux extraits de films, Philippe Reynaert, le critique de cinéma aux lunettes blanches, nous raconte comment le 7ème Art a mis en valeur ou trahi l’image des syndicats et de la gauche.&nbsp;De Sergeï Eisenstein à La Casa de Papel en passant par Jean Renoir, Jean-Luc Godard et Sylvester Stallone !&hellip;" />
<meta property="og:url" content="https://www.modave.be/index.php/events/cinema-en-campagne-quand-le-syndicat-creve-lecran/" />
<meta property="og:site_name" content="Commune de Modave" />
<meta property="og:image" content="https://www.modave.be/wp-content/uploads/2024/10/bandeau-syndicat.png" />
	<meta property="og:image:width" content="756" />
	<meta property="og:image:height" content="425" />
	<meta property="og:image:type" content="image/png" />
<meta name="twitter:card" content="summary_large_image" />
<script type="application/ld+json" class="yoast-schema-graph">{"@context":"https:\/\/schema.org","@graph":[{"@type":"WebPage","@id":"https:\/\/www.modave.be\/index.php\/events\/cinema-en-campagne-quand-le-syndicat-creve-lecran\/","url":"https:\/\/www.modave.be\/index.php\/events\/cinema-en-campagne-quand-le-syndicat-creve-lecran\/","name":"Cinéma en campagne : « Quand le Syndicat crève l’écran ! » - Commune de Modave","isPartOf":{"@id":"https:\/\/www.modave.be\/#website"},"primaryImageOfPage":{"@id":"https:\/\/www.modave.be\/index.php\/events\/cinema-en-campagne-quand-le-syndicat-creve-lecran\/#primaryimage"},"image":{"@id":"https:\/\/www.modave.be\/index.php\/events\/cinema-en-campagne-quand-le-syndicat-creve-lecran\/#primaryimage"},"thumbnailUrl":"https:\/\/www.modave.be\/wp-content\/uploads\/2024\/10\/bandeau-syndicat.png","datePublished":"2024-10-11T09:35:14+00:00","breadcrumb":{"@id":"https:\/\/www.modave.be\/index.php\/events\/cinema-en-campagne-quand-le-syndicat-creve-lecran\/#breadcrumb"},"inLanguage":"fr-FR","potentialAction":[{"@type":"ReadAction","target":["https:\/\/www.modave.be\/index.php\/events\/cinema-en-campagne-quand-le-syndicat-creve-lecran\/"]}]},{"@type":"ImageObject","inLanguage":"fr-FR","@id":"https:\/\/www.modave.be\/index.php\/events\/cinema-en-campagne-quand-le-syndicat-creve-lecran\/#primaryimage","url":"https:\/\/www.modave.be\/wp-content\/uploads\/2024\/10\/bandeau-syndicat.png","contentUrl":"https:\/\/www.modave.be\/wp-content\/uploads\/2024\/10\/bandeau-syndicat.png","width":756,"height":425},{"@type":"BreadcrumbList","@id":"https:\/\/www.modave.be\/index.php\/events\/cinema-en-campagne-quand-le-syndicat-creve-lecran\/#breadcrumb","itemListElement":[{"@type":"ListItem","position":1,"name":"Accueil","item":"https:\/\/www.modave.be\/"},{"@type":"ListItem","position":2,"name":"Events","item":"https:\/\/www.modave.be\/index.php\/events\/"},{"@type":"ListItem","position":3,"name":"Cinéma en campagne : « Quand le Syndicat crève l’écran ! »"}]},{"@type":"WebSite","@id":"https:\/\/www.modave.be\/#website","url":"https:\/\/www.modave.be\/","name":"Commune de Modave","description":"Commune de Modave","publisher":{"@id":"https:\/\/www.modave.be\/#organization"},"potentialAction":[{"@type":"SearchAction","target":{"@type":"EntryPoint","urlTemplate":"https:\/\/www.modave.be\/?s={search_term_string}"},"query-input":{"@type":"PropertyValueSpecification","valueRequired":true,"valueName":"search_term_string"}}],"inLanguage":"fr-FR"},{"@type":"Organization","@id":"https:\/\/www.modave.be\/#organization","name":"Commune de Modave","url":"https:\/\/www.modave.be\/","logo":{"@type":"ImageObject","inLanguage":"fr-FR","@id":"https:\/\/www.modave.be\/#\/schema\/logo\/image\/","url":"https:\/\/www.modave.be\/wp-content\/uploads\/2021\/12\/MODAVE_LOGO_HORIZONTAL_QUADRI_RVB.png","contentUrl":"https:\/\/www.modave.be\/wp-content\/uploads\/2021\/12\/MODAVE_LOGO_HORIZONTAL_QUADRI_RVB.png","width":1200,"height":501,"caption":"Commune de Modave"},"image":{"@id":"https:\/\/www.modave.be\/#\/schema\/logo\/image\/"}}]}</script>
<!-- / Yoast SEO plugin. -->

Cinéma en campagne : « Quand le Syndicat crève l’écran ! » - Commune de Modave

Dans une conférence illustrée de nombreux extraits de films, Philippe Reynaert, le critique de cinéma aux lunettes blanches, nous raconte comment le 7ème Art a mis en valeur ou trahi l’image des syndicats et de la gauche.&nbsp;De Sergeï Eisenstein à La Casa de Papel en passant par Jean Renoir, Jean-Luc Godard et Sylvester Stallone !&hellip;
