{"id":13719,"date":"2024-10-16T10:18:50","date_gmt":"2024-10-16T08:18:50","guid":{"rendered":"https:\/\/www.modave.be\/?post_type=ajde_events&#038;p=13719"},"modified":"2024-10-16T10:18:51","modified_gmt":"2024-10-16T08:18:51","slug":"repas-des-aines","status":"publish","type":"ajde_events","link":"https:\/\/www.modave.be\/index.php\/events\/repas-des-aines\/","title":{"rendered":"Repas des A\u00een\u00e9s"},"content":{"rendered":"\n<ul class=\"wp-block-list\">\n<li><strong>Rendez-vous : <\/strong>12h<\/li>\n\n\n\n<li><strong>Sur invitation du Coll\u00e8ge Communal de Modave :<\/strong> surveillez votre boite aux lettres !<\/li>\n<\/ul>\n\n\n\n<p class=\"has-text-color has-link-color wp-elements-ae8c1a63390506737009a40d9ca85614\" style=\"color:#ff0000\">R\u00e9servez avant le 31\/10 au 085\/41.02.20<\/p>\n\n\n\n<p><\/p>\n","protected":false},"author":9,"featured_media":13721,"menu_order":0,"comment_status":"open","ping_status":"closed","template":"","meta":[],"tags":[],"event_type":[288],"event_type_2":[],"event_type_3":[],"event_type_4":[],"class_list":["post-13719","ajde_events","type-ajde_events","status-publish","has-post-thumbnail","hentry","event_location-chateau-de-modave","event_organizer-administration-communale-de-modave","event_type-aines","description-off"],"yoast_head":"<!-- This site is optimized with the Yoast SEO plugin v27.4 - https:\/\/yoast.com\/product\/yoast-seo-wordpress\/ -->\n<title>Repas des A\u00een\u00e9s - Commune de Modave<\/title>\n<meta name=\"robots\" content=\"index, follow, max-snippet:-1, max-image-preview:large, max-video-preview:-1\" \/>\n<link rel=\"canonical\" href=\"https:\/\/www.modave.be\/index.php\/events\/repas-des-aines\/\" \/>\n<meta property=\"og:locale\" content=\"fr_FR\" \/>\n<meta property=\"og:type\" content=\"article\" \/>\n<meta property=\"og:title\" content=\"Repas des A\u00een\u00e9s - Commune de Modave\" \/>\n<meta property=\"og:description\" content=\"R\u00e9servez avant le 31\/10 au 085\/41.02.20\" \/>\n<meta property=\"og:url\" content=\"https:\/\/www.modave.be\/index.php\/events\/repas-des-aines\/\" \/>\n<meta property=\"og:site_name\" content=\"Commune de Modave\" \/>\n<meta property=\"article:modified_time\" content=\"2024-10-16T08:18:51+00:00\" \/>\n<meta property=\"og:image\" content=\"https:\/\/www.modave.be\/wp-content\/uploads\/2024\/10\/461971126_978625140973419_5874727901940674966_n.jpg\" \/>\n\t<meta property=\"og:image:width\" content=\"1080\" \/>\n\t<meta property=\"og:image:height\" content=\"1080\" \/>\n\t<meta property=\"og:image:type\" content=\"image\/jpeg\" \/>\n<meta name=\"twitter:card\" content=\"summary_large_image\" \/>\n<script type=\"application\/ld+json\" class=\"yoast-schema-graph\">{\"@context\":\"https:\\\/\\\/schema.org\",\"@graph\":[{\"@type\":\"WebPage\",\"@id\":\"https:\\\/\\\/www.modave.be\\\/index.php\\\/events\\\/repas-des-aines\\\/\",\"url\":\"https:\\\/\\\/www.modave.be\\\/index.php\\\/events\\\/repas-des-aines\\\/\",\"name\":\"Repas des A\u00een\u00e9s - Commune de Modave\",\"isPartOf\":{\"@id\":\"https:\\\/\\\/www.modave.be\\\/#website\"},\"primaryImageOfPage\":{\"@id\":\"https:\\\/\\\/www.modave.be\\\/index.php\\\/events\\\/repas-des-aines\\\/#primaryimage\"},\"image\":{\"@id\":\"https:\\\/\\\/www.modave.be\\\/index.php\\\/events\\\/repas-des-aines\\\/#primaryimage\"},\"thumbnailUrl\":\"https:\\\/\\\/www.modave.be\\\/wp-content\\\/uploads\\\/2024\\\/10\\\/461971126_978625140973419_5874727901940674966_n.jpg\",\"datePublished\":\"2024-10-16T08:18:50+00:00\",\"dateModified\":\"2024-10-16T08:18:51+00:00\",\"breadcrumb\":{\"@id\":\"https:\\\/\\\/www.modave.be\\\/index.php\\\/events\\\/repas-des-aines\\\/#breadcrumb\"},\"inLanguage\":\"fr-FR\",\"potentialAction\":[{\"@type\":\"ReadAction\",\"target\":[\"https:\\\/\\\/www.modave.be\\\/index.php\\\/events\\\/repas-des-aines\\\/\"]}]},{\"@type\":\"ImageObject\",\"inLanguage\":\"fr-FR\",\"@id\":\"https:\\\/\\\/www.modave.be\\\/index.php\\\/events\\\/repas-des-aines\\\/#primaryimage\",\"url\":\"https:\\\/\\\/www.modave.be\\\/wp-content\\\/uploads\\\/2024\\\/10\\\/461971126_978625140973419_5874727901940674966_n.jpg\",\"contentUrl\":\"https:\\\/\\\/www.modave.be\\\/wp-content\\\/uploads\\\/2024\\\/10\\\/461971126_978625140973419_5874727901940674966_n.jpg\",\"width\":1080,\"height\":1080,\"caption\":\"Repas des A\u00een\u00e9s\"},{\"@type\":\"BreadcrumbList\",\"@id\":\"https:\\\/\\\/www.modave.be\\\/index.php\\\/events\\\/repas-des-aines\\\/#breadcrumb\",\"itemListElement\":[{\"@type\":\"ListItem\",\"position\":1,\"name\":\"Accueil\",\"item\":\"https:\\\/\\\/www.modave.be\\\/\"},{\"@type\":\"ListItem\",\"position\":2,\"name\":\"Events\",\"item\":\"https:\\\/\\\/www.modave.be\\\/index.php\\\/events\\\/\"},{\"@type\":\"ListItem\",\"position\":3,\"name\":\"Repas des A\u00een\u00e9s\"}]},{\"@type\":\"WebSite\",\"@id\":\"https:\\\/\\\/www.modave.be\\\/#website\",\"url\":\"https:\\\/\\\/www.modave.be\\\/\",\"name\":\"Commune de Modave\",\"description\":\"Commune de Modave\",\"publisher\":{\"@id\":\"https:\\\/\\\/www.modave.be\\\/#organization\"},\"potentialAction\":[{\"@type\":\"SearchAction\",\"target\":{\"@type\":\"EntryPoint\",\"urlTemplate\":\"https:\\\/\\\/www.modave.be\\\/?s={search_term_string}\"},\"query-input\":{\"@type\":\"PropertyValueSpecification\",\"valueRequired\":true,\"valueName\":\"search_term_string\"}}],\"inLanguage\":\"fr-FR\"},{\"@type\":\"Organization\",\"@id\":\"https:\\\/\\\/www.modave.be\\\/#organization\",\"name\":\"Commune de Modave\",\"url\":\"https:\\\/\\\/www.modave.be\\\/\",\"logo\":{\"@type\":\"ImageObject\",\"inLanguage\":\"fr-FR\",\"@id\":\"https:\\\/\\\/www.modave.be\\\/#\\\/schema\\\/logo\\\/image\\\/\",\"url\":\"https:\\\/\\\/www.modave.be\\\/wp-content\\\/uploads\\\/2021\\\/12\\\/MODAVE_LOGO_HORIZONTAL_QUADRI_RVB.png\",\"contentUrl\":\"https:\\\/\\\/www.modave.be\\\/wp-content\\\/uploads\\\/2021\\\/12\\\/MODAVE_LOGO_HORIZONTAL_QUADRI_RVB.png\",\"width\":1200,\"height\":501,\"caption\":\"Commune de Modave\"},\"image\":{\"@id\":\"https:\\\/\\\/www.modave.be\\\/#\\\/schema\\\/logo\\\/image\\\/\"}}]}<\/script>\n<!-- \/ Yoast SEO plugin. -->","yoast_head_json":{"title":"Repas des A\u00een\u00e9s - Commune de Modave","robots":{"index":"index","follow":"follow","max-snippet":"max-snippet:-1","max-image-preview":"max-image-preview:large","max-video-preview":"max-video-preview:-1"},"canonical":"https:\/\/www.modave.be\/index.php\/events\/repas-des-aines\/","og_locale":"fr_FR","og_type":"article","og_title":"Repas des A\u00een\u00e9s - Commune de Modave","og_description":"R\u00e9servez avant le 31\/10 au 085\/41.02.20","og_url":"https:\/\/www.modave.be\/index.php\/events\/repas-des-aines\/","og_site_name":"Commune de Modave","article_modified_time":"2024-10-16T08:18:51+00:00","og_image":[{"width":1080,"height":1080,"url":"https:\/\/www.modave.be\/wp-content\/uploads\/2024\/10\/461971126_978625140973419_5874727901940674966_n.jpg","type":"image\/jpeg"}],"twitter_card":"summary_large_image","schema":{"@context":"https:\/\/schema.org","@graph":[{"@type":"WebPage","@id":"https:\/\/www.modave.be\/index.php\/events\/repas-des-aines\/","url":"https:\/\/www.modave.be\/index.php\/events\/repas-des-aines\/","name":"Repas des A\u00een\u00e9s - Commune de Modave","isPartOf":{"@id":"https:\/\/www.modave.be\/#website"},"primaryImageOfPage":{"@id":"https:\/\/www.modave.be\/index.php\/events\/repas-des-aines\/#primaryimage"},"image":{"@id":"https:\/\/www.modave.be\/index.php\/events\/repas-des-aines\/#primaryimage"},"thumbnailUrl":"https:\/\/www.modave.be\/wp-content\/uploads\/2024\/10\/461971126_978625140973419_5874727901940674966_n.jpg","datePublished":"2024-10-16T08:18:50+00:00","dateModified":"2024-10-16T08:18:51+00:00","breadcrumb":{"@id":"https:\/\/www.modave.be\/index.php\/events\/repas-des-aines\/#breadcrumb"},"inLanguage":"fr-FR","potentialAction":[{"@type":"ReadAction","target":["https:\/\/www.modave.be\/index.php\/events\/repas-des-aines\/"]}]},{"@type":"ImageObject","inLanguage":"fr-FR","@id":"https:\/\/www.modave.be\/index.php\/events\/repas-des-aines\/#primaryimage","url":"https:\/\/www.modave.be\/wp-content\/uploads\/2024\/10\/461971126_978625140973419_5874727901940674966_n.jpg","contentUrl":"https:\/\/www.modave.be\/wp-content\/uploads\/2024\/10\/461971126_978625140973419_5874727901940674966_n.jpg","width":1080,"height":1080,"caption":"Repas des A\u00een\u00e9s"},{"@type":"BreadcrumbList","@id":"https:\/\/www.modave.be\/index.php\/events\/repas-des-aines\/#breadcrumb","itemListElement":[{"@type":"ListItem","position":1,"name":"Accueil","item":"https:\/\/www.modave.be\/"},{"@type":"ListItem","position":2,"name":"Events","item":"https:\/\/www.modave.be\/index.php\/events\/"},{"@type":"ListItem","position":3,"name":"Repas des A\u00een\u00e9s"}]},{"@type":"WebSite","@id":"https:\/\/www.modave.be\/#website","url":"https:\/\/www.modave.be\/","name":"Commune de Modave","description":"Commune de Modave","publisher":{"@id":"https:\/\/www.modave.be\/#organization"},"potentialAction":[{"@type":"SearchAction","target":{"@type":"EntryPoint","urlTemplate":"https:\/\/www.modave.be\/?s={search_term_string}"},"query-input":{"@type":"PropertyValueSpecification","valueRequired":true,"valueName":"search_term_string"}}],"inLanguage":"fr-FR"},{"@type":"Organization","@id":"https:\/\/www.modave.be\/#organization","name":"Commune de Modave","url":"https:\/\/www.modave.be\/","logo":{"@type":"ImageObject","inLanguage":"fr-FR","@id":"https:\/\/www.modave.be\/#\/schema\/logo\/image\/","url":"https:\/\/www.modave.be\/wp-content\/uploads\/2021\/12\/MODAVE_LOGO_HORIZONTAL_QUADRI_RVB.png","contentUrl":"https:\/\/www.modave.be\/wp-content\/uploads\/2021\/12\/MODAVE_LOGO_HORIZONTAL_QUADRI_RVB.png","width":1200,"height":501,"caption":"Commune de Modave"},"image":{"@id":"https:\/\/www.modave.be\/#\/schema\/logo\/image\/"}}]}},"_links":{"self":[{"href":"https:\/\/www.modave.be\/index.php\/wp-json\/wp\/v2\/ajde_events\/13719","targetHints":{"allow":["GET"]}}],"collection":[{"href":"https:\/\/www.modave.be\/index.php\/wp-json\/wp\/v2\/ajde_events"}],"about":[{"href":"https:\/\/www.modave.be\/index.php\/wp-json\/wp\/v2\/types\/ajde_events"}],"author":[{"embeddable":true,"href":"https:\/\/www.modave.be\/index.php\/wp-json\/wp\/v2\/users\/9"}],"replies":[{"embeddable":true,"href":"https:\/\/www.modave.be\/index.php\/wp-json\/wp\/v2\/comments?post=13719"}],"wp:featuredmedia":[{"embeddable":true,"href":"https:\/\/www.modave.be\/index.php\/wp-json\/wp\/v2\/media\/13721"}],"wp:attachment":[{"href":"https:\/\/www.modave.be\/index.php\/wp-json\/wp\/v2\/media?parent=13719"}],"wp:term":[{"taxonomy":"post_tag","embeddable":true,"href":"https:\/\/www.modave.be\/index.php\/wp-json\/wp\/v2\/tags?post=13719"},{"taxonomy":"event_type","embeddable":true,"href":"https:\/\/www.modave.be\/index.php\/wp-json\/wp\/v2\/event_type?post=13719"},{"taxonomy":"event_type_2","embeddable":true,"href":"https:\/\/www.modave.be\/index.php\/wp-json\/wp\/v2\/event_type_2?post=13719"},{"taxonomy":"event_type_3","embeddable":true,"href":"https:\/\/www.modave.be\/index.php\/wp-json\/wp\/v2\/event_type_3?post=13719"},{"taxonomy":"event_type_4","embeddable":true,"href":"https:\/\/www.modave.be\/index.php\/wp-json\/wp\/v2\/event_type_4?post=13719"}],"curies":[{"name":"wp","href":"https:\/\/api.w.org\/{rel}","templated":true}]}}

Repas des Aînés

<ul class="wp-block-list">
<li><strong>Rendez-vous : </strong>12h</li>



<li><strong>Sur invitation du Collège Communal de Modave :</strong> surveillez votre boite aux lettres !</li>
</ul>



<p class="has-text-color has-link-color wp-elements-ae8c1a63390506737009a40d9ca85614" style="color:#ff0000">Réservez avant le 31/10 au 085/41.02.20</p>



<p></p>

<!-- This site is optimized with the Yoast SEO plugin v27.4 - https://yoast.com/product/yoast-seo-wordpress/ -->
<title>Repas des Aînés - Commune de Modave</title>
<meta name="robots" content="index, follow, max-snippet:-1, max-image-preview:large, max-video-preview:-1" />
<link rel="canonical" href="https://www.modave.be/index.php/events/repas-des-aines/" />
<meta property="og:locale" content="fr_FR" />
<meta property="og:type" content="article" />
<meta property="og:title" content="Repas des Aînés - Commune de Modave" />
<meta property="og:description" content="Réservez avant le 31/10 au 085/41.02.20" />
<meta property="og:url" content="https://www.modave.be/index.php/events/repas-des-aines/" />
<meta property="og:site_name" content="Commune de Modave" />
<meta property="article:modified_time" content="2024-10-16T08:18:51+00:00" />
<meta property="og:image" content="https://www.modave.be/wp-content/uploads/2024/10/461971126_978625140973419_5874727901940674966_n.jpg" />
	<meta property="og:image:width" content="1080" />
	<meta property="og:image:height" content="1080" />
	<meta property="og:image:type" content="image/jpeg" />
<meta name="twitter:card" content="summary_large_image" />
<script type="application/ld+json" class="yoast-schema-graph">{"@context":"https:\/\/schema.org","@graph":[{"@type":"WebPage","@id":"https:\/\/www.modave.be\/index.php\/events\/repas-des-aines\/","url":"https:\/\/www.modave.be\/index.php\/events\/repas-des-aines\/","name":"Repas des Aînés - Commune de Modave","isPartOf":{"@id":"https:\/\/www.modave.be\/#website"},"primaryImageOfPage":{"@id":"https:\/\/www.modave.be\/index.php\/events\/repas-des-aines\/#primaryimage"},"image":{"@id":"https:\/\/www.modave.be\/index.php\/events\/repas-des-aines\/#primaryimage"},"thumbnailUrl":"https:\/\/www.modave.be\/wp-content\/uploads\/2024\/10\/461971126_978625140973419_5874727901940674966_n.jpg","datePublished":"2024-10-16T08:18:50+00:00","dateModified":"2024-10-16T08:18:51+00:00","breadcrumb":{"@id":"https:\/\/www.modave.be\/index.php\/events\/repas-des-aines\/#breadcrumb"},"inLanguage":"fr-FR","potentialAction":[{"@type":"ReadAction","target":["https:\/\/www.modave.be\/index.php\/events\/repas-des-aines\/"]}]},{"@type":"ImageObject","inLanguage":"fr-FR","@id":"https:\/\/www.modave.be\/index.php\/events\/repas-des-aines\/#primaryimage","url":"https:\/\/www.modave.be\/wp-content\/uploads\/2024\/10\/461971126_978625140973419_5874727901940674966_n.jpg","contentUrl":"https:\/\/www.modave.be\/wp-content\/uploads\/2024\/10\/461971126_978625140973419_5874727901940674966_n.jpg","width":1080,"height":1080,"caption":"Repas des Aînés"},{"@type":"BreadcrumbList","@id":"https:\/\/www.modave.be\/index.php\/events\/repas-des-aines\/#breadcrumb","itemListElement":[{"@type":"ListItem","position":1,"name":"Accueil","item":"https:\/\/www.modave.be\/"},{"@type":"ListItem","position":2,"name":"Events","item":"https:\/\/www.modave.be\/index.php\/events\/"},{"@type":"ListItem","position":3,"name":"Repas des Aînés"}]},{"@type":"WebSite","@id":"https:\/\/www.modave.be\/#website","url":"https:\/\/www.modave.be\/","name":"Commune de Modave","description":"Commune de Modave","publisher":{"@id":"https:\/\/www.modave.be\/#organization"},"potentialAction":[{"@type":"SearchAction","target":{"@type":"EntryPoint","urlTemplate":"https:\/\/www.modave.be\/?s={search_term_string}"},"query-input":{"@type":"PropertyValueSpecification","valueRequired":true,"valueName":"search_term_string"}}],"inLanguage":"fr-FR"},{"@type":"Organization","@id":"https:\/\/www.modave.be\/#organization","name":"Commune de Modave","url":"https:\/\/www.modave.be\/","logo":{"@type":"ImageObject","inLanguage":"fr-FR","@id":"https:\/\/www.modave.be\/#\/schema\/logo\/image\/","url":"https:\/\/www.modave.be\/wp-content\/uploads\/2021\/12\/MODAVE_LOGO_HORIZONTAL_QUADRI_RVB.png","contentUrl":"https:\/\/www.modave.be\/wp-content\/uploads\/2021\/12\/MODAVE_LOGO_HORIZONTAL_QUADRI_RVB.png","width":1200,"height":501,"caption":"Commune de Modave"},"image":{"@id":"https:\/\/www.modave.be\/#\/schema\/logo\/image\/"}}]}</script>
<!-- / Yoast SEO plugin. -->

Repas des Aînés - Commune de Modave

Réservez avant le 31/10 au 085/41.02.20
