{"id":15056,"date":"2025-02-20T14:50:15","date_gmt":"2025-02-20T13:50:15","guid":{"rendered":"https:\/\/www.modave.be\/?post_type=ajde_events&#038;p=15056"},"modified":"2025-02-20T14:50:16","modified_gmt":"2025-02-20T13:50:16","slug":"jose-la-marche-active","status":"publish","type":"ajde_events","link":"https:\/\/www.modave.be\/index.php\/events\/jose-la-marche-active\/","title":{"rendered":"J&rsquo;ose la marche active"},"content":{"rendered":"\n<p>Il suffit parfois d\u2019un premier pas pour retrouver pour se sentir mieux et se remettre en mouvement. \ud835\uddd4\u0300 \ud835\uddfd\ud835\uddee\ud835\uddff\ud835\ude01\ud835\uddf6\ud835\uddff \ud835\uddf1\ud835\ude02 \ud835\udfed\ud835\udff4 \ud835\uddfa\ud835\uddee\ud835\uddff\ud835\ude00 \ud835\uddee\u0300 \ud835\udfed\ud835\udff4\ud835\uddf5\ud835\udfef\ud835\udfec, rejoignez-nous tous les mardis au Complexe sportif de Vierset pour des s\u00e9ances de marche active adapt\u00e9es \u00e0 tous !<\/p>\n\n\n\n<blockquote class=\"wp-block-quote is-layout-flow wp-block-quote-is-layout-flow\">\n<p>\ud83d\udccc \ud835\udddc\ud835\uddfb\ud835\uddf3\ud835\uddfc\ud835\ude00 &amp; \ud835\uddff\ud835\uddf2\u0301\ud835\ude00\ud835\uddf2\ud835\uddff\ud835\ude03\ud835\uddee\ud835\ude01\ud835\uddf6\ud835\uddfc\ud835\uddfb\ud835\ude00 :<br>\ud83d\udc49 https:\/\/www.mc.be\/fr\/services-projets\/inscription-marche-active<br>\ud83d\udcde 081 23 72 17<\/p>\n<\/blockquote>\n\n\n\n<p>\ud835\udde7\ud835\uddee\ud835\uddff\ud835\uddf6\ud835\uddf3 :<br>20 \u20ac (affili\u00e9s Mutualit\u00e9 Chr\u00e9tienne) | 40 \u20ac (non-affili\u00e9s)<\/p>\n\n\n\n<p><\/p>\n","protected":false},"author":9,"featured_media":15057,"menu_order":0,"comment_status":"open","ping_status":"closed","template":"","meta":[],"tags":[],"event_type":[179],"event_type_2":[],"event_type_3":[],"event_type_4":[],"class_list":["post-15056","ajde_events","type-ajde_events","status-publish","has-post-thumbnail","hentry","event_location-complexe-sportif-communal","event_organizer-mutualite-chretienne","event_type-sportsetloisirs","description-off"],"yoast_head":"<!-- This site is optimized with the Yoast SEO plugin v27.4 - https:\/\/yoast.com\/product\/yoast-seo-wordpress\/ -->\n<title>J&#039;ose la marche active - Commune de Modave<\/title>\n<meta name=\"robots\" content=\"index, follow, max-snippet:-1, max-image-preview:large, max-video-preview:-1\" \/>\n<link rel=\"canonical\" href=\"https:\/\/www.modave.be\/index.php\/events\/jose-la-marche-active\/\" \/>\n<meta property=\"og:locale\" content=\"fr_FR\" \/>\n<meta property=\"og:type\" content=\"article\" \/>\n<meta property=\"og:title\" content=\"J&#039;ose la marche active - Commune de Modave\" \/>\n<meta property=\"og:description\" content=\"Il suffit parfois d\u2019un premier pas pour retrouver pour se sentir mieux et se remettre en mouvement. \ud835\uddd4\u0300 \ud835\uddfd\ud835\uddee\ud835\uddff\ud835\ude01\ud835\uddf6\ud835\uddff \ud835\uddf1\ud835\ude02 \ud835\udfed\ud835\udff4 \ud835\uddfa\ud835\uddee\ud835\uddff\ud835\ude00 \ud835\uddee\u0300 \ud835\udfed\ud835\udff4\ud835\uddf5\ud835\udfef\ud835\udfec, rejoignez-nous tous les mardis au Complexe sportif de Vierset pour des s\u00e9ances de marche active adapt\u00e9es \u00e0 tous ! \ud83d\udccc \ud835\udddc\ud835\uddfb\ud835\uddf3\ud835\uddfc\ud835\ude00 &amp; \ud835\uddff\ud835\uddf2\u0301\ud835\ude00\ud835\uddf2\ud835\uddff\ud835\ude03\ud835\uddee\ud835\ude01\ud835\uddf6\ud835\uddfc\ud835\uddfb\ud835\ude00 :\ud83d\udc49 https:\/\/www.mc.be\/fr\/services-projets\/inscription-marche-active\ud83d\udcde 081 23 72 17 \ud835\udde7\ud835\uddee\ud835\uddff\ud835\uddf6\ud835\uddf3 :20&hellip;\" \/>\n<meta property=\"og:url\" content=\"https:\/\/www.modave.be\/index.php\/events\/jose-la-marche-active\/\" \/>\n<meta property=\"og:site_name\" content=\"Commune de Modave\" \/>\n<meta property=\"article:modified_time\" content=\"2025-02-20T13:50:16+00:00\" \/>\n<meta property=\"og:image\" content=\"https:\/\/www.modave.be\/wp-content\/uploads\/2025\/02\/Marche-active.jpg\" \/>\n\t<meta property=\"og:image:width\" content=\"509\" \/>\n\t<meta property=\"og:image:height\" content=\"720\" \/>\n\t<meta property=\"og:image:type\" content=\"image\/jpeg\" \/>\n<meta name=\"twitter:card\" content=\"summary_large_image\" \/>\n<script type=\"application\/ld+json\" class=\"yoast-schema-graph\">{\"@context\":\"https:\\\/\\\/schema.org\",\"@graph\":[{\"@type\":\"WebPage\",\"@id\":\"https:\\\/\\\/www.modave.be\\\/index.php\\\/events\\\/jose-la-marche-active\\\/\",\"url\":\"https:\\\/\\\/www.modave.be\\\/index.php\\\/events\\\/jose-la-marche-active\\\/\",\"name\":\"J'ose la marche active - Commune de Modave\",\"isPartOf\":{\"@id\":\"https:\\\/\\\/www.modave.be\\\/#website\"},\"primaryImageOfPage\":{\"@id\":\"https:\\\/\\\/www.modave.be\\\/index.php\\\/events\\\/jose-la-marche-active\\\/#primaryimage\"},\"image\":{\"@id\":\"https:\\\/\\\/www.modave.be\\\/index.php\\\/events\\\/jose-la-marche-active\\\/#primaryimage\"},\"thumbnailUrl\":\"https:\\\/\\\/www.modave.be\\\/wp-content\\\/uploads\\\/2025\\\/02\\\/Marche-active.jpg\",\"datePublished\":\"2025-02-20T13:50:15+00:00\",\"dateModified\":\"2025-02-20T13:50:16+00:00\",\"breadcrumb\":{\"@id\":\"https:\\\/\\\/www.modave.be\\\/index.php\\\/events\\\/jose-la-marche-active\\\/#breadcrumb\"},\"inLanguage\":\"fr-FR\",\"potentialAction\":[{\"@type\":\"ReadAction\",\"target\":[\"https:\\\/\\\/www.modave.be\\\/index.php\\\/events\\\/jose-la-marche-active\\\/\"]}]},{\"@type\":\"ImageObject\",\"inLanguage\":\"fr-FR\",\"@id\":\"https:\\\/\\\/www.modave.be\\\/index.php\\\/events\\\/jose-la-marche-active\\\/#primaryimage\",\"url\":\"https:\\\/\\\/www.modave.be\\\/wp-content\\\/uploads\\\/2025\\\/02\\\/Marche-active.jpg\",\"contentUrl\":\"https:\\\/\\\/www.modave.be\\\/wp-content\\\/uploads\\\/2025\\\/02\\\/Marche-active.jpg\",\"width\":509,\"height\":720},{\"@type\":\"BreadcrumbList\",\"@id\":\"https:\\\/\\\/www.modave.be\\\/index.php\\\/events\\\/jose-la-marche-active\\\/#breadcrumb\",\"itemListElement\":[{\"@type\":\"ListItem\",\"position\":1,\"name\":\"Accueil\",\"item\":\"https:\\\/\\\/www.modave.be\\\/\"},{\"@type\":\"ListItem\",\"position\":2,\"name\":\"Events\",\"item\":\"https:\\\/\\\/www.modave.be\\\/index.php\\\/events\\\/\"},{\"@type\":\"ListItem\",\"position\":3,\"name\":\"J&rsquo;ose la marche active\"}]},{\"@type\":\"WebSite\",\"@id\":\"https:\\\/\\\/www.modave.be\\\/#website\",\"url\":\"https:\\\/\\\/www.modave.be\\\/\",\"name\":\"Commune de Modave\",\"description\":\"Commune de Modave\",\"publisher\":{\"@id\":\"https:\\\/\\\/www.modave.be\\\/#organization\"},\"potentialAction\":[{\"@type\":\"SearchAction\",\"target\":{\"@type\":\"EntryPoint\",\"urlTemplate\":\"https:\\\/\\\/www.modave.be\\\/?s={search_term_string}\"},\"query-input\":{\"@type\":\"PropertyValueSpecification\",\"valueRequired\":true,\"valueName\":\"search_term_string\"}}],\"inLanguage\":\"fr-FR\"},{\"@type\":\"Organization\",\"@id\":\"https:\\\/\\\/www.modave.be\\\/#organization\",\"name\":\"Commune de Modave\",\"url\":\"https:\\\/\\\/www.modave.be\\\/\",\"logo\":{\"@type\":\"ImageObject\",\"inLanguage\":\"fr-FR\",\"@id\":\"https:\\\/\\\/www.modave.be\\\/#\\\/schema\\\/logo\\\/image\\\/\",\"url\":\"https:\\\/\\\/www.modave.be\\\/wp-content\\\/uploads\\\/2021\\\/12\\\/MODAVE_LOGO_HORIZONTAL_QUADRI_RVB.png\",\"contentUrl\":\"https:\\\/\\\/www.modave.be\\\/wp-content\\\/uploads\\\/2021\\\/12\\\/MODAVE_LOGO_HORIZONTAL_QUADRI_RVB.png\",\"width\":1200,\"height\":501,\"caption\":\"Commune de Modave\"},\"image\":{\"@id\":\"https:\\\/\\\/www.modave.be\\\/#\\\/schema\\\/logo\\\/image\\\/\"}}]}<\/script>\n<!-- \/ Yoast SEO plugin. -->","yoast_head_json":{"title":"J'ose la marche active - Commune de Modave","robots":{"index":"index","follow":"follow","max-snippet":"max-snippet:-1","max-image-preview":"max-image-preview:large","max-video-preview":"max-video-preview:-1"},"canonical":"https:\/\/www.modave.be\/index.php\/events\/jose-la-marche-active\/","og_locale":"fr_FR","og_type":"article","og_title":"J'ose la marche active - Commune de Modave","og_description":"Il suffit parfois d\u2019un premier pas pour retrouver pour se sentir mieux et se remettre en mouvement. \ud835\uddd4\u0300 \ud835\uddfd\ud835\uddee\ud835\uddff\ud835\ude01\ud835\uddf6\ud835\uddff \ud835\uddf1\ud835\ude02 \ud835\udfed\ud835\udff4 \ud835\uddfa\ud835\uddee\ud835\uddff\ud835\ude00 \ud835\uddee\u0300 \ud835\udfed\ud835\udff4\ud835\uddf5\ud835\udfef\ud835\udfec, rejoignez-nous tous les mardis au Complexe sportif de Vierset pour des s\u00e9ances de marche active adapt\u00e9es \u00e0 tous ! \ud83d\udccc \ud835\udddc\ud835\uddfb\ud835\uddf3\ud835\uddfc\ud835\ude00 &amp; \ud835\uddff\ud835\uddf2\u0301\ud835\ude00\ud835\uddf2\ud835\uddff\ud835\ude03\ud835\uddee\ud835\ude01\ud835\uddf6\ud835\uddfc\ud835\uddfb\ud835\ude00 :\ud83d\udc49 https:\/\/www.mc.be\/fr\/services-projets\/inscription-marche-active\ud83d\udcde 081 23 72 17 \ud835\udde7\ud835\uddee\ud835\uddff\ud835\uddf6\ud835\uddf3 :20&hellip;","og_url":"https:\/\/www.modave.be\/index.php\/events\/jose-la-marche-active\/","og_site_name":"Commune de Modave","article_modified_time":"2025-02-20T13:50:16+00:00","og_image":[{"width":509,"height":720,"url":"https:\/\/www.modave.be\/wp-content\/uploads\/2025\/02\/Marche-active.jpg","type":"image\/jpeg"}],"twitter_card":"summary_large_image","schema":{"@context":"https:\/\/schema.org","@graph":[{"@type":"WebPage","@id":"https:\/\/www.modave.be\/index.php\/events\/jose-la-marche-active\/","url":"https:\/\/www.modave.be\/index.php\/events\/jose-la-marche-active\/","name":"J'ose la marche active - Commune de Modave","isPartOf":{"@id":"https:\/\/www.modave.be\/#website"},"primaryImageOfPage":{"@id":"https:\/\/www.modave.be\/index.php\/events\/jose-la-marche-active\/#primaryimage"},"image":{"@id":"https:\/\/www.modave.be\/index.php\/events\/jose-la-marche-active\/#primaryimage"},"thumbnailUrl":"https:\/\/www.modave.be\/wp-content\/uploads\/2025\/02\/Marche-active.jpg","datePublished":"2025-02-20T13:50:15+00:00","dateModified":"2025-02-20T13:50:16+00:00","breadcrumb":{"@id":"https:\/\/www.modave.be\/index.php\/events\/jose-la-marche-active\/#breadcrumb"},"inLanguage":"fr-FR","potentialAction":[{"@type":"ReadAction","target":["https:\/\/www.modave.be\/index.php\/events\/jose-la-marche-active\/"]}]},{"@type":"ImageObject","inLanguage":"fr-FR","@id":"https:\/\/www.modave.be\/index.php\/events\/jose-la-marche-active\/#primaryimage","url":"https:\/\/www.modave.be\/wp-content\/uploads\/2025\/02\/Marche-active.jpg","contentUrl":"https:\/\/www.modave.be\/wp-content\/uploads\/2025\/02\/Marche-active.jpg","width":509,"height":720},{"@type":"BreadcrumbList","@id":"https:\/\/www.modave.be\/index.php\/events\/jose-la-marche-active\/#breadcrumb","itemListElement":[{"@type":"ListItem","position":1,"name":"Accueil","item":"https:\/\/www.modave.be\/"},{"@type":"ListItem","position":2,"name":"Events","item":"https:\/\/www.modave.be\/index.php\/events\/"},{"@type":"ListItem","position":3,"name":"J&rsquo;ose la marche active"}]},{"@type":"WebSite","@id":"https:\/\/www.modave.be\/#website","url":"https:\/\/www.modave.be\/","name":"Commune de Modave","description":"Commune de Modave","publisher":{"@id":"https:\/\/www.modave.be\/#organization"},"potentialAction":[{"@type":"SearchAction","target":{"@type":"EntryPoint","urlTemplate":"https:\/\/www.modave.be\/?s={search_term_string}"},"query-input":{"@type":"PropertyValueSpecification","valueRequired":true,"valueName":"search_term_string"}}],"inLanguage":"fr-FR"},{"@type":"Organization","@id":"https:\/\/www.modave.be\/#organization","name":"Commune de Modave","url":"https:\/\/www.modave.be\/","logo":{"@type":"ImageObject","inLanguage":"fr-FR","@id":"https:\/\/www.modave.be\/#\/schema\/logo\/image\/","url":"https:\/\/www.modave.be\/wp-content\/uploads\/2021\/12\/MODAVE_LOGO_HORIZONTAL_QUADRI_RVB.png","contentUrl":"https:\/\/www.modave.be\/wp-content\/uploads\/2021\/12\/MODAVE_LOGO_HORIZONTAL_QUADRI_RVB.png","width":1200,"height":501,"caption":"Commune de Modave"},"image":{"@id":"https:\/\/www.modave.be\/#\/schema\/logo\/image\/"}}]}},"_links":{"self":[{"href":"https:\/\/www.modave.be\/index.php\/wp-json\/wp\/v2\/ajde_events\/15056","targetHints":{"allow":["GET"]}}],"collection":[{"href":"https:\/\/www.modave.be\/index.php\/wp-json\/wp\/v2\/ajde_events"}],"about":[{"href":"https:\/\/www.modave.be\/index.php\/wp-json\/wp\/v2\/types\/ajde_events"}],"author":[{"embeddable":true,"href":"https:\/\/www.modave.be\/index.php\/wp-json\/wp\/v2\/users\/9"}],"replies":[{"embeddable":true,"href":"https:\/\/www.modave.be\/index.php\/wp-json\/wp\/v2\/comments?post=15056"}],"wp:featuredmedia":[{"embeddable":true,"href":"https:\/\/www.modave.be\/index.php\/wp-json\/wp\/v2\/media\/15057"}],"wp:attachment":[{"href":"https:\/\/www.modave.be\/index.php\/wp-json\/wp\/v2\/media?parent=15056"}],"wp:term":[{"taxonomy":"post_tag","embeddable":true,"href":"https:\/\/www.modave.be\/index.php\/wp-json\/wp\/v2\/tags?post=15056"},{"taxonomy":"event_type","embeddable":true,"href":"https:\/\/www.modave.be\/index.php\/wp-json\/wp\/v2\/event_type?post=15056"},{"taxonomy":"event_type_2","embeddable":true,"href":"https:\/\/www.modave.be\/index.php\/wp-json\/wp\/v2\/event_type_2?post=15056"},{"taxonomy":"event_type_3","embeddable":true,"href":"https:\/\/www.modave.be\/index.php\/wp-json\/wp\/v2\/event_type_3?post=15056"},{"taxonomy":"event_type_4","embeddable":true,"href":"https:\/\/www.modave.be\/index.php\/wp-json\/wp\/v2\/event_type_4?post=15056"}],"curies":[{"name":"wp","href":"https:\/\/api.w.org\/{rel}","templated":true}]}}

<p>Il suffit parfois d’un premier pas pour retrouver pour se sentir mieux et se remettre en mouvement. 𝗔̀ 𝗽𝗮𝗿𝘁𝗶𝗿 𝗱𝘂 𝟭𝟴 𝗺𝗮𝗿𝘀 𝗮̀ 𝟭𝟴𝗵𝟯𝟬, rejoignez-nous tous les mardis au Complexe sportif de Vierset pour des séances de marche active adaptées à tous !</p>



<blockquote class="wp-block-quote is-layout-flow wp-block-quote-is-layout-flow">
<p>📌 𝗜𝗻𝗳𝗼𝘀 &amp; 𝗿𝗲́𝘀𝗲𝗿𝘃𝗮𝘁𝗶𝗼𝗻𝘀 :<br>👉 https://www.mc.be/fr/services-projets/inscription-marche-active<br>📞 081 23 72 17</p>
</blockquote>



<p>𝗧𝗮𝗿𝗶𝗳 :<br>20 € (affiliés Mutualité Chrétienne) | 40 € (non-affiliés)</p>



<p></p>

<!-- This site is optimized with the Yoast SEO plugin v27.4 - https://yoast.com/product/yoast-seo-wordpress/ -->
<title>J&#039;ose la marche active - Commune de Modave</title>
<meta name="robots" content="index, follow, max-snippet:-1, max-image-preview:large, max-video-preview:-1" />
<link rel="canonical" href="https://www.modave.be/index.php/events/jose-la-marche-active/" />
<meta property="og:locale" content="fr_FR" />
<meta property="og:type" content="article" />
<meta property="og:title" content="J&#039;ose la marche active - Commune de Modave" />
<meta property="og:description" content="Il suffit parfois d’un premier pas pour retrouver pour se sentir mieux et se remettre en mouvement. 𝗔̀ 𝗽𝗮𝗿𝘁𝗶𝗿 𝗱𝘂 𝟭𝟴 𝗺𝗮𝗿𝘀 𝗮̀ 𝟭𝟴𝗵𝟯𝟬, rejoignez-nous tous les mardis au Complexe sportif de Vierset pour des séances de marche active adaptées à tous ! 📌 𝗜𝗻𝗳𝗼𝘀 &amp; 𝗿𝗲́𝘀𝗲𝗿𝘃𝗮𝘁𝗶𝗼𝗻𝘀 :👉 https://www.mc.be/fr/services-projets/inscription-marche-active📞 081 23 72 17 𝗧𝗮𝗿𝗶𝗳 :20&hellip;" />
<meta property="og:url" content="https://www.modave.be/index.php/events/jose-la-marche-active/" />
<meta property="og:site_name" content="Commune de Modave" />
<meta property="article:modified_time" content="2025-02-20T13:50:16+00:00" />
<meta property="og:image" content="https://www.modave.be/wp-content/uploads/2025/02/Marche-active.jpg" />
	<meta property="og:image:width" content="509" />
	<meta property="og:image:height" content="720" />
	<meta property="og:image:type" content="image/jpeg" />
<meta name="twitter:card" content="summary_large_image" />
<script type="application/ld+json" class="yoast-schema-graph">{"@context":"https:\/\/schema.org","@graph":[{"@type":"WebPage","@id":"https:\/\/www.modave.be\/index.php\/events\/jose-la-marche-active\/","url":"https:\/\/www.modave.be\/index.php\/events\/jose-la-marche-active\/","name":"J'ose la marche active - Commune de Modave","isPartOf":{"@id":"https:\/\/www.modave.be\/#website"},"primaryImageOfPage":{"@id":"https:\/\/www.modave.be\/index.php\/events\/jose-la-marche-active\/#primaryimage"},"image":{"@id":"https:\/\/www.modave.be\/index.php\/events\/jose-la-marche-active\/#primaryimage"},"thumbnailUrl":"https:\/\/www.modave.be\/wp-content\/uploads\/2025\/02\/Marche-active.jpg","datePublished":"2025-02-20T13:50:15+00:00","dateModified":"2025-02-20T13:50:16+00:00","breadcrumb":{"@id":"https:\/\/www.modave.be\/index.php\/events\/jose-la-marche-active\/#breadcrumb"},"inLanguage":"fr-FR","potentialAction":[{"@type":"ReadAction","target":["https:\/\/www.modave.be\/index.php\/events\/jose-la-marche-active\/"]}]},{"@type":"ImageObject","inLanguage":"fr-FR","@id":"https:\/\/www.modave.be\/index.php\/events\/jose-la-marche-active\/#primaryimage","url":"https:\/\/www.modave.be\/wp-content\/uploads\/2025\/02\/Marche-active.jpg","contentUrl":"https:\/\/www.modave.be\/wp-content\/uploads\/2025\/02\/Marche-active.jpg","width":509,"height":720},{"@type":"BreadcrumbList","@id":"https:\/\/www.modave.be\/index.php\/events\/jose-la-marche-active\/#breadcrumb","itemListElement":[{"@type":"ListItem","position":1,"name":"Accueil","item":"https:\/\/www.modave.be\/"},{"@type":"ListItem","position":2,"name":"Events","item":"https:\/\/www.modave.be\/index.php\/events\/"},{"@type":"ListItem","position":3,"name":"J&rsquo;ose la marche active"}]},{"@type":"WebSite","@id":"https:\/\/www.modave.be\/#website","url":"https:\/\/www.modave.be\/","name":"Commune de Modave","description":"Commune de Modave","publisher":{"@id":"https:\/\/www.modave.be\/#organization"},"potentialAction":[{"@type":"SearchAction","target":{"@type":"EntryPoint","urlTemplate":"https:\/\/www.modave.be\/?s={search_term_string}"},"query-input":{"@type":"PropertyValueSpecification","valueRequired":true,"valueName":"search_term_string"}}],"inLanguage":"fr-FR"},{"@type":"Organization","@id":"https:\/\/www.modave.be\/#organization","name":"Commune de Modave","url":"https:\/\/www.modave.be\/","logo":{"@type":"ImageObject","inLanguage":"fr-FR","@id":"https:\/\/www.modave.be\/#\/schema\/logo\/image\/","url":"https:\/\/www.modave.be\/wp-content\/uploads\/2021\/12\/MODAVE_LOGO_HORIZONTAL_QUADRI_RVB.png","contentUrl":"https:\/\/www.modave.be\/wp-content\/uploads\/2021\/12\/MODAVE_LOGO_HORIZONTAL_QUADRI_RVB.png","width":1200,"height":501,"caption":"Commune de Modave"},"image":{"@id":"https:\/\/www.modave.be\/#\/schema\/logo\/image\/"}}]}</script>
<!-- / Yoast SEO plugin. -->

Il suffit parfois d’un premier pas pour retrouver pour se sentir mieux et se remettre en mouvement. 𝗔̀ 𝗽𝗮𝗿𝘁𝗶𝗿 𝗱𝘂 𝟭𝟴 𝗺𝗮𝗿𝘀 𝗮̀ 𝟭𝟴𝗵𝟯𝟬, rejoignez-nous tous les mardis au Complexe sportif de Vierset pour des séances de marche active adaptées à tous ! 📌 𝗜𝗻𝗳𝗼𝘀 &amp; 𝗿𝗲́𝘀𝗲𝗿𝘃𝗮𝘁𝗶𝗼𝗻𝘀 :👉 https://www.mc.be/fr/services-projets/inscription-marche-active📞 081 23 72 17 𝗧𝗮𝗿𝗶𝗳 :20&hellip;
