{"id":15498,"date":"2025-04-25T14:19:28","date_gmt":"2025-04-25T12:19:28","guid":{"rendered":"https:\/\/www.modave.be\/?post_type=ajde_events&#038;p=15498"},"modified":"2025-04-25T14:19:29","modified_gmt":"2025-04-25T12:19:29","slug":"le-photovoltaique-aujourdhui","status":"publish","type":"ajde_events","link":"https:\/\/www.modave.be\/index.php\/events\/le-photovoltaique-aujourdhui\/","title":{"rendered":"Le photovolta\u00efque aujourd&rsquo;hui ?"},"content":{"rendered":"\n<blockquote class=\"wp-block-quote is-layout-flow wp-block-quote-is-layout-flow\">\n<p>26 mai \u00e0 19h30 | Salle Bois Rosine<\/p>\n<\/blockquote>\n\n\n\n<p>Le photovolta\u00efque sans la compensation ? Rentable ? \u00c0 quelles conditions ? Pourquoi augmenter son autoconsommation ? D\u00e9crochage onduleurs : comprendre ce ph\u00e9nom\u00e8ne et ses impacts Nouveaux tarifs dynamiques : comment \u00e7a fonctionne et quelles opportunit\u00e9s ? Stockage d\u2019\u00e9lectricit\u00e9, abordable ? les batteries sont-elles devenues abordables ? Communaut\u00e9 d\u2019\u00e9nergie, une cerise sur le g\u00e2teau ? D\u00e9couvrez les avantages d\u2019une gestion collective ! 2030 : Sortie du r\u00e9gime de la compensation : quelles nouvelles habitudes adopter ?<\/p>\n\n\n\n<ul class=\"wp-block-list\">\n<li>Inscription gratuite mais essentielle pour une meilleure organisation : 085\/27 46 15 \u2013 formulaire en ligne (www.galcondruses.be\/event) ou QR code<\/li>\n\n\n\n<li>Intervenant : M. Moerman, Conseiller en \u00e9nergie chez Ecoconso<\/li>\n\n\n\n<li>CONCOURS : un panneau photovolta\u00efque Plug &amp; Play \u00e0 gagner (www.galcondruses.be\/blog\/energie-6\/seance-d-info-concours-plug-play-51)<\/li>\n<\/ul>\n","protected":false},"author":9,"featured_media":15499,"menu_order":0,"comment_status":"open","ping_status":"closed","template":"","meta":[],"tags":[],"event_type":[299],"event_type_2":[],"event_type_3":[],"event_type_4":[],"class_list":["post-15498","ajde_events","type-ajde_events","status-publish","has-post-thumbnail","hentry","event_location-salle-bois-rosine","event_organizer-gal-condruses","event_type-environnement","description-off"],"yoast_head":"<!-- This site is optimized with the Yoast SEO plugin v27.5 - https:\/\/yoast.com\/product\/yoast-seo-wordpress\/ -->\n<title>Le photovolta\u00efque aujourd&#039;hui ? - Commune de Modave<\/title>\n<meta name=\"robots\" content=\"index, follow, max-snippet:-1, max-image-preview:large, max-video-preview:-1\" \/>\n<link rel=\"canonical\" href=\"https:\/\/www.modave.be\/index.php\/events\/le-photovoltaique-aujourdhui\/\" \/>\n<meta property=\"og:locale\" content=\"fr_FR\" \/>\n<meta property=\"og:type\" content=\"article\" \/>\n<meta property=\"og:title\" content=\"Le photovolta\u00efque aujourd&#039;hui ? - Commune de Modave\" \/>\n<meta property=\"og:description\" content=\"26 mai \u00e0 19h30 | Salle Bois Rosine Le photovolta\u00efque sans la compensation ? Rentable ? \u00c0 quelles conditions ? Pourquoi augmenter son autoconsommation ? D\u00e9crochage onduleurs : comprendre ce ph\u00e9nom\u00e8ne et ses impacts Nouveaux tarifs dynamiques : comment \u00e7a fonctionne et quelles opportunit\u00e9s ? Stockage d\u2019\u00e9lectricit\u00e9, abordable ? les batteries sont-elles devenues abordables ?&hellip;\" \/>\n<meta property=\"og:url\" content=\"https:\/\/www.modave.be\/index.php\/events\/le-photovoltaique-aujourdhui\/\" \/>\n<meta property=\"og:site_name\" content=\"Commune de Modave\" \/>\n<meta property=\"article:modified_time\" content=\"2025-04-25T12:19:29+00:00\" \/>\n<meta property=\"og:image\" content=\"https:\/\/www.modave.be\/wp-content\/uploads\/2025\/04\/Sans-titre-1.jpg\" \/>\n\t<meta property=\"og:image:width\" content=\"1394\" \/>\n\t<meta property=\"og:image:height\" content=\"1748\" \/>\n\t<meta property=\"og:image:type\" content=\"image\/jpeg\" \/>\n<meta name=\"twitter:card\" content=\"summary_large_image\" \/>\n<meta name=\"twitter:label1\" content=\"Dur\u00e9e de lecture estim\u00e9e\" \/>\n\t<meta name=\"twitter:data1\" content=\"1 minute\" \/>\n<script type=\"application\/ld+json\" class=\"yoast-schema-graph\">{\"@context\":\"https:\\\/\\\/schema.org\",\"@graph\":[{\"@type\":\"WebPage\",\"@id\":\"https:\\\/\\\/www.modave.be\\\/index.php\\\/events\\\/le-photovoltaique-aujourdhui\\\/\",\"url\":\"https:\\\/\\\/www.modave.be\\\/index.php\\\/events\\\/le-photovoltaique-aujourdhui\\\/\",\"name\":\"Le photovolta\u00efque aujourd'hui ? - Commune de Modave\",\"isPartOf\":{\"@id\":\"https:\\\/\\\/www.modave.be\\\/#website\"},\"primaryImageOfPage\":{\"@id\":\"https:\\\/\\\/www.modave.be\\\/index.php\\\/events\\\/le-photovoltaique-aujourdhui\\\/#primaryimage\"},\"image\":{\"@id\":\"https:\\\/\\\/www.modave.be\\\/index.php\\\/events\\\/le-photovoltaique-aujourdhui\\\/#primaryimage\"},\"thumbnailUrl\":\"https:\\\/\\\/www.modave.be\\\/wp-content\\\/uploads\\\/2025\\\/04\\\/Sans-titre-1.jpg\",\"datePublished\":\"2025-04-25T12:19:28+00:00\",\"dateModified\":\"2025-04-25T12:19:29+00:00\",\"breadcrumb\":{\"@id\":\"https:\\\/\\\/www.modave.be\\\/index.php\\\/events\\\/le-photovoltaique-aujourdhui\\\/#breadcrumb\"},\"inLanguage\":\"fr-FR\",\"potentialAction\":[{\"@type\":\"ReadAction\",\"target\":[\"https:\\\/\\\/www.modave.be\\\/index.php\\\/events\\\/le-photovoltaique-aujourdhui\\\/\"]}]},{\"@type\":\"ImageObject\",\"inLanguage\":\"fr-FR\",\"@id\":\"https:\\\/\\\/www.modave.be\\\/index.php\\\/events\\\/le-photovoltaique-aujourdhui\\\/#primaryimage\",\"url\":\"https:\\\/\\\/www.modave.be\\\/wp-content\\\/uploads\\\/2025\\\/04\\\/Sans-titre-1.jpg\",\"contentUrl\":\"https:\\\/\\\/www.modave.be\\\/wp-content\\\/uploads\\\/2025\\\/04\\\/Sans-titre-1.jpg\",\"width\":1394,\"height\":1748},{\"@type\":\"BreadcrumbList\",\"@id\":\"https:\\\/\\\/www.modave.be\\\/index.php\\\/events\\\/le-photovoltaique-aujourdhui\\\/#breadcrumb\",\"itemListElement\":[{\"@type\":\"ListItem\",\"position\":1,\"name\":\"Accueil\",\"item\":\"https:\\\/\\\/www.modave.be\\\/\"},{\"@type\":\"ListItem\",\"position\":2,\"name\":\"Events\",\"item\":\"https:\\\/\\\/www.modave.be\\\/index.php\\\/events\\\/\"},{\"@type\":\"ListItem\",\"position\":3,\"name\":\"Le photovolta\u00efque aujourd&rsquo;hui ?\"}]},{\"@type\":\"WebSite\",\"@id\":\"https:\\\/\\\/www.modave.be\\\/#website\",\"url\":\"https:\\\/\\\/www.modave.be\\\/\",\"name\":\"Commune de Modave\",\"description\":\"Commune de Modave\",\"publisher\":{\"@id\":\"https:\\\/\\\/www.modave.be\\\/#organization\"},\"potentialAction\":[{\"@type\":\"SearchAction\",\"target\":{\"@type\":\"EntryPoint\",\"urlTemplate\":\"https:\\\/\\\/www.modave.be\\\/?s={search_term_string}\"},\"query-input\":{\"@type\":\"PropertyValueSpecification\",\"valueRequired\":true,\"valueName\":\"search_term_string\"}}],\"inLanguage\":\"fr-FR\"},{\"@type\":\"Organization\",\"@id\":\"https:\\\/\\\/www.modave.be\\\/#organization\",\"name\":\"Commune de Modave\",\"url\":\"https:\\\/\\\/www.modave.be\\\/\",\"logo\":{\"@type\":\"ImageObject\",\"inLanguage\":\"fr-FR\",\"@id\":\"https:\\\/\\\/www.modave.be\\\/#\\\/schema\\\/logo\\\/image\\\/\",\"url\":\"https:\\\/\\\/www.modave.be\\\/wp-content\\\/uploads\\\/2021\\\/12\\\/MODAVE_LOGO_HORIZONTAL_QUADRI_RVB.png\",\"contentUrl\":\"https:\\\/\\\/www.modave.be\\\/wp-content\\\/uploads\\\/2021\\\/12\\\/MODAVE_LOGO_HORIZONTAL_QUADRI_RVB.png\",\"width\":1200,\"height\":501,\"caption\":\"Commune de Modave\"},\"image\":{\"@id\":\"https:\\\/\\\/www.modave.be\\\/#\\\/schema\\\/logo\\\/image\\\/\"}}]}<\/script>\n<!-- \/ Yoast SEO plugin. -->","yoast_head_json":{"title":"Le photovolta\u00efque aujourd'hui ? - Commune de Modave","robots":{"index":"index","follow":"follow","max-snippet":"max-snippet:-1","max-image-preview":"max-image-preview:large","max-video-preview":"max-video-preview:-1"},"canonical":"https:\/\/www.modave.be\/index.php\/events\/le-photovoltaique-aujourdhui\/","og_locale":"fr_FR","og_type":"article","og_title":"Le photovolta\u00efque aujourd'hui ? - Commune de Modave","og_description":"26 mai \u00e0 19h30 | Salle Bois Rosine Le photovolta\u00efque sans la compensation ? Rentable ? \u00c0 quelles conditions ? Pourquoi augmenter son autoconsommation ? D\u00e9crochage onduleurs : comprendre ce ph\u00e9nom\u00e8ne et ses impacts Nouveaux tarifs dynamiques : comment \u00e7a fonctionne et quelles opportunit\u00e9s ? Stockage d\u2019\u00e9lectricit\u00e9, abordable ? les batteries sont-elles devenues abordables ?&hellip;","og_url":"https:\/\/www.modave.be\/index.php\/events\/le-photovoltaique-aujourdhui\/","og_site_name":"Commune de Modave","article_modified_time":"2025-04-25T12:19:29+00:00","og_image":[{"width":1394,"height":1748,"url":"https:\/\/www.modave.be\/wp-content\/uploads\/2025\/04\/Sans-titre-1.jpg","type":"image\/jpeg"}],"twitter_card":"summary_large_image","twitter_misc":{"Dur\u00e9e de lecture estim\u00e9e":"1 minute"},"schema":{"@context":"https:\/\/schema.org","@graph":[{"@type":"WebPage","@id":"https:\/\/www.modave.be\/index.php\/events\/le-photovoltaique-aujourdhui\/","url":"https:\/\/www.modave.be\/index.php\/events\/le-photovoltaique-aujourdhui\/","name":"Le photovolta\u00efque aujourd'hui ? - Commune de Modave","isPartOf":{"@id":"https:\/\/www.modave.be\/#website"},"primaryImageOfPage":{"@id":"https:\/\/www.modave.be\/index.php\/events\/le-photovoltaique-aujourdhui\/#primaryimage"},"image":{"@id":"https:\/\/www.modave.be\/index.php\/events\/le-photovoltaique-aujourdhui\/#primaryimage"},"thumbnailUrl":"https:\/\/www.modave.be\/wp-content\/uploads\/2025\/04\/Sans-titre-1.jpg","datePublished":"2025-04-25T12:19:28+00:00","dateModified":"2025-04-25T12:19:29+00:00","breadcrumb":{"@id":"https:\/\/www.modave.be\/index.php\/events\/le-photovoltaique-aujourdhui\/#breadcrumb"},"inLanguage":"fr-FR","potentialAction":[{"@type":"ReadAction","target":["https:\/\/www.modave.be\/index.php\/events\/le-photovoltaique-aujourdhui\/"]}]},{"@type":"ImageObject","inLanguage":"fr-FR","@id":"https:\/\/www.modave.be\/index.php\/events\/le-photovoltaique-aujourdhui\/#primaryimage","url":"https:\/\/www.modave.be\/wp-content\/uploads\/2025\/04\/Sans-titre-1.jpg","contentUrl":"https:\/\/www.modave.be\/wp-content\/uploads\/2025\/04\/Sans-titre-1.jpg","width":1394,"height":1748},{"@type":"BreadcrumbList","@id":"https:\/\/www.modave.be\/index.php\/events\/le-photovoltaique-aujourdhui\/#breadcrumb","itemListElement":[{"@type":"ListItem","position":1,"name":"Accueil","item":"https:\/\/www.modave.be\/"},{"@type":"ListItem","position":2,"name":"Events","item":"https:\/\/www.modave.be\/index.php\/events\/"},{"@type":"ListItem","position":3,"name":"Le photovolta\u00efque aujourd&rsquo;hui ?"}]},{"@type":"WebSite","@id":"https:\/\/www.modave.be\/#website","url":"https:\/\/www.modave.be\/","name":"Commune de Modave","description":"Commune de Modave","publisher":{"@id":"https:\/\/www.modave.be\/#organization"},"potentialAction":[{"@type":"SearchAction","target":{"@type":"EntryPoint","urlTemplate":"https:\/\/www.modave.be\/?s={search_term_string}"},"query-input":{"@type":"PropertyValueSpecification","valueRequired":true,"valueName":"search_term_string"}}],"inLanguage":"fr-FR"},{"@type":"Organization","@id":"https:\/\/www.modave.be\/#organization","name":"Commune de Modave","url":"https:\/\/www.modave.be\/","logo":{"@type":"ImageObject","inLanguage":"fr-FR","@id":"https:\/\/www.modave.be\/#\/schema\/logo\/image\/","url":"https:\/\/www.modave.be\/wp-content\/uploads\/2021\/12\/MODAVE_LOGO_HORIZONTAL_QUADRI_RVB.png","contentUrl":"https:\/\/www.modave.be\/wp-content\/uploads\/2021\/12\/MODAVE_LOGO_HORIZONTAL_QUADRI_RVB.png","width":1200,"height":501,"caption":"Commune de Modave"},"image":{"@id":"https:\/\/www.modave.be\/#\/schema\/logo\/image\/"}}]}},"_links":{"self":[{"href":"https:\/\/www.modave.be\/index.php\/wp-json\/wp\/v2\/ajde_events\/15498","targetHints":{"allow":["GET"]}}],"collection":[{"href":"https:\/\/www.modave.be\/index.php\/wp-json\/wp\/v2\/ajde_events"}],"about":[{"href":"https:\/\/www.modave.be\/index.php\/wp-json\/wp\/v2\/types\/ajde_events"}],"author":[{"embeddable":true,"href":"https:\/\/www.modave.be\/index.php\/wp-json\/wp\/v2\/users\/9"}],"replies":[{"embeddable":true,"href":"https:\/\/www.modave.be\/index.php\/wp-json\/wp\/v2\/comments?post=15498"}],"wp:featuredmedia":[{"embeddable":true,"href":"https:\/\/www.modave.be\/index.php\/wp-json\/wp\/v2\/media\/15499"}],"wp:attachment":[{"href":"https:\/\/www.modave.be\/index.php\/wp-json\/wp\/v2\/media?parent=15498"}],"wp:term":[{"taxonomy":"post_tag","embeddable":true,"href":"https:\/\/www.modave.be\/index.php\/wp-json\/wp\/v2\/tags?post=15498"},{"taxonomy":"event_type","embeddable":true,"href":"https:\/\/www.modave.be\/index.php\/wp-json\/wp\/v2\/event_type?post=15498"},{"taxonomy":"event_type_2","embeddable":true,"href":"https:\/\/www.modave.be\/index.php\/wp-json\/wp\/v2\/event_type_2?post=15498"},{"taxonomy":"event_type_3","embeddable":true,"href":"https:\/\/www.modave.be\/index.php\/wp-json\/wp\/v2\/event_type_3?post=15498"},{"taxonomy":"event_type_4","embeddable":true,"href":"https:\/\/www.modave.be\/index.php\/wp-json\/wp\/v2\/event_type_4?post=15498"}],"curies":[{"name":"wp","href":"https:\/\/api.w.org\/{rel}","templated":true}]}}

Le photovoltaïque aujourd&rsquo;hui ?

<blockquote class="wp-block-quote is-layout-flow wp-block-quote-is-layout-flow">
<p>26 mai à 19h30 | Salle Bois Rosine</p>
</blockquote>



<p>Le photovoltaïque sans la compensation ? Rentable ? À quelles conditions ? Pourquoi augmenter son autoconsommation ? Décrochage onduleurs : comprendre ce phénomène et ses impacts Nouveaux tarifs dynamiques : comment ça fonctionne et quelles opportunités ? Stockage d’électricité, abordable ? les batteries sont-elles devenues abordables ? Communauté d’énergie, une cerise sur le gâteau ? Découvrez les avantages d’une gestion collective ! 2030 : Sortie du régime de la compensation : quelles nouvelles habitudes adopter ?</p>



<ul class="wp-block-list">
<li>Inscription gratuite mais essentielle pour une meilleure organisation : 085/27 46 15 – formulaire en ligne (www.galcondruses.be/event) ou QR code</li>



<li>Intervenant : M. Moerman, Conseiller en énergie chez Ecoconso</li>



<li>CONCOURS : un panneau photovoltaïque Plug &amp; Play à gagner (www.galcondruses.be/blog/energie-6/seance-d-info-concours-plug-play-51)</li>
</ul>

<!-- This site is optimized with the Yoast SEO plugin v27.5 - https://yoast.com/product/yoast-seo-wordpress/ -->
<title>Le photovoltaïque aujourd&#039;hui ? - Commune de Modave</title>
<meta name="robots" content="index, follow, max-snippet:-1, max-image-preview:large, max-video-preview:-1" />
<link rel="canonical" href="https://www.modave.be/index.php/events/le-photovoltaique-aujourdhui/" />
<meta property="og:locale" content="fr_FR" />
<meta property="og:type" content="article" />
<meta property="og:title" content="Le photovoltaïque aujourd&#039;hui ? - Commune de Modave" />
<meta property="og:description" content="26 mai à 19h30 | Salle Bois Rosine Le photovoltaïque sans la compensation ? Rentable ? À quelles conditions ? Pourquoi augmenter son autoconsommation ? Décrochage onduleurs : comprendre ce phénomène et ses impacts Nouveaux tarifs dynamiques : comment ça fonctionne et quelles opportunités ? Stockage d’électricité, abordable ? les batteries sont-elles devenues abordables ?&hellip;" />
<meta property="og:url" content="https://www.modave.be/index.php/events/le-photovoltaique-aujourdhui/" />
<meta property="og:site_name" content="Commune de Modave" />
<meta property="article:modified_time" content="2025-04-25T12:19:29+00:00" />
<meta property="og:image" content="https://www.modave.be/wp-content/uploads/2025/04/Sans-titre-1.jpg" />
	<meta property="og:image:width" content="1394" />
	<meta property="og:image:height" content="1748" />
	<meta property="og:image:type" content="image/jpeg" />
<meta name="twitter:card" content="summary_large_image" />
<meta name="twitter:label1" content="Durée de lecture estimée" />
	<meta name="twitter:data1" content="1 minute" />
<script type="application/ld+json" class="yoast-schema-graph">{"@context":"https:\/\/schema.org","@graph":[{"@type":"WebPage","@id":"https:\/\/www.modave.be\/index.php\/events\/le-photovoltaique-aujourdhui\/","url":"https:\/\/www.modave.be\/index.php\/events\/le-photovoltaique-aujourdhui\/","name":"Le photovoltaïque aujourd'hui ? - Commune de Modave","isPartOf":{"@id":"https:\/\/www.modave.be\/#website"},"primaryImageOfPage":{"@id":"https:\/\/www.modave.be\/index.php\/events\/le-photovoltaique-aujourdhui\/#primaryimage"},"image":{"@id":"https:\/\/www.modave.be\/index.php\/events\/le-photovoltaique-aujourdhui\/#primaryimage"},"thumbnailUrl":"https:\/\/www.modave.be\/wp-content\/uploads\/2025\/04\/Sans-titre-1.jpg","datePublished":"2025-04-25T12:19:28+00:00","dateModified":"2025-04-25T12:19:29+00:00","breadcrumb":{"@id":"https:\/\/www.modave.be\/index.php\/events\/le-photovoltaique-aujourdhui\/#breadcrumb"},"inLanguage":"fr-FR","potentialAction":[{"@type":"ReadAction","target":["https:\/\/www.modave.be\/index.php\/events\/le-photovoltaique-aujourdhui\/"]}]},{"@type":"ImageObject","inLanguage":"fr-FR","@id":"https:\/\/www.modave.be\/index.php\/events\/le-photovoltaique-aujourdhui\/#primaryimage","url":"https:\/\/www.modave.be\/wp-content\/uploads\/2025\/04\/Sans-titre-1.jpg","contentUrl":"https:\/\/www.modave.be\/wp-content\/uploads\/2025\/04\/Sans-titre-1.jpg","width":1394,"height":1748},{"@type":"BreadcrumbList","@id":"https:\/\/www.modave.be\/index.php\/events\/le-photovoltaique-aujourdhui\/#breadcrumb","itemListElement":[{"@type":"ListItem","position":1,"name":"Accueil","item":"https:\/\/www.modave.be\/"},{"@type":"ListItem","position":2,"name":"Events","item":"https:\/\/www.modave.be\/index.php\/events\/"},{"@type":"ListItem","position":3,"name":"Le photovoltaïque aujourd&rsquo;hui ?"}]},{"@type":"WebSite","@id":"https:\/\/www.modave.be\/#website","url":"https:\/\/www.modave.be\/","name":"Commune de Modave","description":"Commune de Modave","publisher":{"@id":"https:\/\/www.modave.be\/#organization"},"potentialAction":[{"@type":"SearchAction","target":{"@type":"EntryPoint","urlTemplate":"https:\/\/www.modave.be\/?s={search_term_string}"},"query-input":{"@type":"PropertyValueSpecification","valueRequired":true,"valueName":"search_term_string"}}],"inLanguage":"fr-FR"},{"@type":"Organization","@id":"https:\/\/www.modave.be\/#organization","name":"Commune de Modave","url":"https:\/\/www.modave.be\/","logo":{"@type":"ImageObject","inLanguage":"fr-FR","@id":"https:\/\/www.modave.be\/#\/schema\/logo\/image\/","url":"https:\/\/www.modave.be\/wp-content\/uploads\/2021\/12\/MODAVE_LOGO_HORIZONTAL_QUADRI_RVB.png","contentUrl":"https:\/\/www.modave.be\/wp-content\/uploads\/2021\/12\/MODAVE_LOGO_HORIZONTAL_QUADRI_RVB.png","width":1200,"height":501,"caption":"Commune de Modave"},"image":{"@id":"https:\/\/www.modave.be\/#\/schema\/logo\/image\/"}}]}</script>
<!-- / Yoast SEO plugin. -->

Le photovoltaïque aujourd'hui ? - Commune de Modave

26 mai à 19h30 | Salle Bois Rosine Le photovoltaïque sans la compensation ? Rentable ? À quelles conditions ? Pourquoi augmenter son autoconsommation ? Décrochage onduleurs : comprendre ce phénomène et ses impacts Nouveaux tarifs dynamiques : comment ça fonctionne et quelles opportunités ? Stockage d’électricité, abordable ? les batteries sont-elles devenues abordables ?&hellip;
