{"id":16623,"date":"2025-09-30T11:03:25","date_gmt":"2025-09-30T09:03:25","guid":{"rendered":"https:\/\/www.modave.be\/?post_type=ajde_events&#038;p=16623"},"modified":"2025-09-30T11:03:26","modified_gmt":"2025-09-30T09:03:26","slug":"semaine-des-sentiers-2","status":"publish","type":"ajde_events","link":"https:\/\/www.modave.be\/index.php\/events\/semaine-des-sentiers-2\/","title":{"rendered":"SEMAINE DES SENTIERS"},"content":{"rendered":"\n<p><strong>Balades guid\u00e9es | Sentiers<\/strong><\/p>\n\n\n\n<p>Du 13 au 18 octobre \u00e0 Clavier, plusieurs balades sont propos\u00e9es en collaboration avec le Groupe Sentiers de Clavier.<\/p>\n\n\n\n<p><strong>Programme :<\/strong><\/p>\n\n\n\n<ul class=\"wp-block-list\">\n<li>Lundi 13 octobre \u2013 10h : Autour du Vieux Rail (8,5 km)<\/li>\n\n\n\n<li>Mardi 14 octobre \u2013 13h : Vicus Gallo Romain (5 km, accessible PMR)<\/li>\n\n\n\n<li>Mercredi 15 octobre \u2013 9h : Corbeaumont (15 km)<\/li>\n\n\n\n<li>Mercredi 15 octobre \u2013 14h : Cour des Moines (8,5 km, animation cont\u00e9e pour enfants)<\/li>\n\n\n\n<li>Jeudi 16 octobre \u2013 10h : Saint Fontaine et les \u00e9tangs (10,5 km)<\/li>\n\n\n\n<li>Vendredi 17 octobre \u2013 14h : La Romantique (10,5 km)<\/li>\n\n\n\n<li>Samedi 18 octobre \u2013 10h : La Costerie (9 km)<\/li>\n\n\n\n<li>Samedi 18 octobre \u2013 14h : La Glaci\u00e8re (8,5 km)<\/li>\n<\/ul>\n\n\n\n<blockquote class=\"wp-block-quote is-layout-flow wp-block-quote-is-layout-flow\">\n<p><strong>Informations pratiques :<\/strong><\/p>\n\n\n\n<p>PAF : caution de 5 \u20ac (donc gratuit)<\/p>\n\n\n\n<p>Inscription obligatoire : info.sivh@gmail.com<\/p>\n<\/blockquote>\n","protected":false},"author":9,"featured_media":16624,"menu_order":0,"comment_status":"closed","ping_status":"closed","template":"","meta":[],"tags":[],"event_type":[179],"event_type_2":[],"event_type_3":[],"event_type_4":[],"class_list":["post-16623","ajde_events","type-ajde_events","status-publish","has-post-thumbnail","hentry","event_location-syndicat-dinitiative-entre-eaux-chateaux","event_organizer-tourisme-modave-marchin-clavier-tinlot","event_type-sportsetloisirs","description-off"],"yoast_head":"<!-- This site is optimized with the Yoast SEO plugin v27.5 - https:\/\/yoast.com\/product\/yoast-seo-wordpress\/ -->\n<title>SEMAINE DES SENTIERS - Commune de Modave<\/title>\n<meta name=\"robots\" content=\"index, follow, max-snippet:-1, max-image-preview:large, max-video-preview:-1\" \/>\n<link rel=\"canonical\" href=\"https:\/\/www.modave.be\/index.php\/events\/semaine-des-sentiers-2\/\" \/>\n<meta property=\"og:locale\" content=\"fr_FR\" \/>\n<meta property=\"og:type\" content=\"article\" \/>\n<meta property=\"og:title\" content=\"SEMAINE DES SENTIERS - Commune de Modave\" \/>\n<meta property=\"og:description\" content=\"Balades guid\u00e9es | Sentiers Du 13 au 18 octobre \u00e0 Clavier, plusieurs balades sont propos\u00e9es en collaboration avec le Groupe Sentiers de Clavier. Programme : Informations pratiques : PAF : caution de 5 \u20ac (donc gratuit) Inscription obligatoire : info.sivh@gmail.com\" \/>\n<meta property=\"og:url\" content=\"https:\/\/www.modave.be\/index.php\/events\/semaine-des-sentiers-2\/\" \/>\n<meta property=\"og:site_name\" content=\"Commune de Modave\" \/>\n<meta property=\"article:modified_time\" content=\"2025-09-30T09:03:26+00:00\" \/>\n<meta property=\"og:image\" content=\"https:\/\/www.modave.be\/wp-content\/uploads\/2025\/09\/SS2025V.jpg.png\" \/>\n\t<meta property=\"og:image:width\" content=\"255\" \/>\n\t<meta property=\"og:image:height\" content=\"83\" \/>\n\t<meta property=\"og:image:type\" content=\"image\/png\" \/>\n<meta name=\"twitter:card\" content=\"summary_large_image\" \/>\n<script type=\"application\/ld+json\" class=\"yoast-schema-graph\">{\"@context\":\"https:\\\/\\\/schema.org\",\"@graph\":[{\"@type\":\"WebPage\",\"@id\":\"https:\\\/\\\/www.modave.be\\\/index.php\\\/events\\\/semaine-des-sentiers-2\\\/\",\"url\":\"https:\\\/\\\/www.modave.be\\\/index.php\\\/events\\\/semaine-des-sentiers-2\\\/\",\"name\":\"SEMAINE DES SENTIERS - Commune de Modave\",\"isPartOf\":{\"@id\":\"https:\\\/\\\/www.modave.be\\\/#website\"},\"primaryImageOfPage\":{\"@id\":\"https:\\\/\\\/www.modave.be\\\/index.php\\\/events\\\/semaine-des-sentiers-2\\\/#primaryimage\"},\"image\":{\"@id\":\"https:\\\/\\\/www.modave.be\\\/index.php\\\/events\\\/semaine-des-sentiers-2\\\/#primaryimage\"},\"thumbnailUrl\":\"https:\\\/\\\/www.modave.be\\\/wp-content\\\/uploads\\\/2025\\\/09\\\/SS2025V.jpg.png\",\"datePublished\":\"2025-09-30T09:03:25+00:00\",\"dateModified\":\"2025-09-30T09:03:26+00:00\",\"breadcrumb\":{\"@id\":\"https:\\\/\\\/www.modave.be\\\/index.php\\\/events\\\/semaine-des-sentiers-2\\\/#breadcrumb\"},\"inLanguage\":\"fr-FR\",\"potentialAction\":[{\"@type\":\"ReadAction\",\"target\":[\"https:\\\/\\\/www.modave.be\\\/index.php\\\/events\\\/semaine-des-sentiers-2\\\/\"]}]},{\"@type\":\"ImageObject\",\"inLanguage\":\"fr-FR\",\"@id\":\"https:\\\/\\\/www.modave.be\\\/index.php\\\/events\\\/semaine-des-sentiers-2\\\/#primaryimage\",\"url\":\"https:\\\/\\\/www.modave.be\\\/wp-content\\\/uploads\\\/2025\\\/09\\\/SS2025V.jpg.png\",\"contentUrl\":\"https:\\\/\\\/www.modave.be\\\/wp-content\\\/uploads\\\/2025\\\/09\\\/SS2025V.jpg.png\",\"width\":255,\"height\":83},{\"@type\":\"BreadcrumbList\",\"@id\":\"https:\\\/\\\/www.modave.be\\\/index.php\\\/events\\\/semaine-des-sentiers-2\\\/#breadcrumb\",\"itemListElement\":[{\"@type\":\"ListItem\",\"position\":1,\"name\":\"Accueil\",\"item\":\"https:\\\/\\\/www.modave.be\\\/\"},{\"@type\":\"ListItem\",\"position\":2,\"name\":\"Events\",\"item\":\"https:\\\/\\\/www.modave.be\\\/index.php\\\/events\\\/\"},{\"@type\":\"ListItem\",\"position\":3,\"name\":\"SEMAINE DES SENTIERS\"}]},{\"@type\":\"WebSite\",\"@id\":\"https:\\\/\\\/www.modave.be\\\/#website\",\"url\":\"https:\\\/\\\/www.modave.be\\\/\",\"name\":\"Commune de Modave\",\"description\":\"Commune de Modave\",\"publisher\":{\"@id\":\"https:\\\/\\\/www.modave.be\\\/#organization\"},\"potentialAction\":[{\"@type\":\"SearchAction\",\"target\":{\"@type\":\"EntryPoint\",\"urlTemplate\":\"https:\\\/\\\/www.modave.be\\\/?s={search_term_string}\"},\"query-input\":{\"@type\":\"PropertyValueSpecification\",\"valueRequired\":true,\"valueName\":\"search_term_string\"}}],\"inLanguage\":\"fr-FR\"},{\"@type\":\"Organization\",\"@id\":\"https:\\\/\\\/www.modave.be\\\/#organization\",\"name\":\"Commune de Modave\",\"url\":\"https:\\\/\\\/www.modave.be\\\/\",\"logo\":{\"@type\":\"ImageObject\",\"inLanguage\":\"fr-FR\",\"@id\":\"https:\\\/\\\/www.modave.be\\\/#\\\/schema\\\/logo\\\/image\\\/\",\"url\":\"https:\\\/\\\/www.modave.be\\\/wp-content\\\/uploads\\\/2021\\\/12\\\/MODAVE_LOGO_HORIZONTAL_QUADRI_RVB.png\",\"contentUrl\":\"https:\\\/\\\/www.modave.be\\\/wp-content\\\/uploads\\\/2021\\\/12\\\/MODAVE_LOGO_HORIZONTAL_QUADRI_RVB.png\",\"width\":1200,\"height\":501,\"caption\":\"Commune de Modave\"},\"image\":{\"@id\":\"https:\\\/\\\/www.modave.be\\\/#\\\/schema\\\/logo\\\/image\\\/\"}}]}<\/script>\n<!-- \/ Yoast SEO plugin. -->","yoast_head_json":{"title":"SEMAINE DES SENTIERS - Commune de Modave","robots":{"index":"index","follow":"follow","max-snippet":"max-snippet:-1","max-image-preview":"max-image-preview:large","max-video-preview":"max-video-preview:-1"},"canonical":"https:\/\/www.modave.be\/index.php\/events\/semaine-des-sentiers-2\/","og_locale":"fr_FR","og_type":"article","og_title":"SEMAINE DES SENTIERS - Commune de Modave","og_description":"Balades guid\u00e9es | Sentiers Du 13 au 18 octobre \u00e0 Clavier, plusieurs balades sont propos\u00e9es en collaboration avec le Groupe Sentiers de Clavier. Programme : Informations pratiques : PAF : caution de 5 \u20ac (donc gratuit) Inscription obligatoire : info.sivh@gmail.com","og_url":"https:\/\/www.modave.be\/index.php\/events\/semaine-des-sentiers-2\/","og_site_name":"Commune de Modave","article_modified_time":"2025-09-30T09:03:26+00:00","og_image":[{"width":255,"height":83,"url":"https:\/\/www.modave.be\/wp-content\/uploads\/2025\/09\/SS2025V.jpg.png","type":"image\/png"}],"twitter_card":"summary_large_image","schema":{"@context":"https:\/\/schema.org","@graph":[{"@type":"WebPage","@id":"https:\/\/www.modave.be\/index.php\/events\/semaine-des-sentiers-2\/","url":"https:\/\/www.modave.be\/index.php\/events\/semaine-des-sentiers-2\/","name":"SEMAINE DES SENTIERS - Commune de Modave","isPartOf":{"@id":"https:\/\/www.modave.be\/#website"},"primaryImageOfPage":{"@id":"https:\/\/www.modave.be\/index.php\/events\/semaine-des-sentiers-2\/#primaryimage"},"image":{"@id":"https:\/\/www.modave.be\/index.php\/events\/semaine-des-sentiers-2\/#primaryimage"},"thumbnailUrl":"https:\/\/www.modave.be\/wp-content\/uploads\/2025\/09\/SS2025V.jpg.png","datePublished":"2025-09-30T09:03:25+00:00","dateModified":"2025-09-30T09:03:26+00:00","breadcrumb":{"@id":"https:\/\/www.modave.be\/index.php\/events\/semaine-des-sentiers-2\/#breadcrumb"},"inLanguage":"fr-FR","potentialAction":[{"@type":"ReadAction","target":["https:\/\/www.modave.be\/index.php\/events\/semaine-des-sentiers-2\/"]}]},{"@type":"ImageObject","inLanguage":"fr-FR","@id":"https:\/\/www.modave.be\/index.php\/events\/semaine-des-sentiers-2\/#primaryimage","url":"https:\/\/www.modave.be\/wp-content\/uploads\/2025\/09\/SS2025V.jpg.png","contentUrl":"https:\/\/www.modave.be\/wp-content\/uploads\/2025\/09\/SS2025V.jpg.png","width":255,"height":83},{"@type":"BreadcrumbList","@id":"https:\/\/www.modave.be\/index.php\/events\/semaine-des-sentiers-2\/#breadcrumb","itemListElement":[{"@type":"ListItem","position":1,"name":"Accueil","item":"https:\/\/www.modave.be\/"},{"@type":"ListItem","position":2,"name":"Events","item":"https:\/\/www.modave.be\/index.php\/events\/"},{"@type":"ListItem","position":3,"name":"SEMAINE DES SENTIERS"}]},{"@type":"WebSite","@id":"https:\/\/www.modave.be\/#website","url":"https:\/\/www.modave.be\/","name":"Commune de Modave","description":"Commune de Modave","publisher":{"@id":"https:\/\/www.modave.be\/#organization"},"potentialAction":[{"@type":"SearchAction","target":{"@type":"EntryPoint","urlTemplate":"https:\/\/www.modave.be\/?s={search_term_string}"},"query-input":{"@type":"PropertyValueSpecification","valueRequired":true,"valueName":"search_term_string"}}],"inLanguage":"fr-FR"},{"@type":"Organization","@id":"https:\/\/www.modave.be\/#organization","name":"Commune de Modave","url":"https:\/\/www.modave.be\/","logo":{"@type":"ImageObject","inLanguage":"fr-FR","@id":"https:\/\/www.modave.be\/#\/schema\/logo\/image\/","url":"https:\/\/www.modave.be\/wp-content\/uploads\/2021\/12\/MODAVE_LOGO_HORIZONTAL_QUADRI_RVB.png","contentUrl":"https:\/\/www.modave.be\/wp-content\/uploads\/2021\/12\/MODAVE_LOGO_HORIZONTAL_QUADRI_RVB.png","width":1200,"height":501,"caption":"Commune de Modave"},"image":{"@id":"https:\/\/www.modave.be\/#\/schema\/logo\/image\/"}}]}},"_links":{"self":[{"href":"https:\/\/www.modave.be\/index.php\/wp-json\/wp\/v2\/ajde_events\/16623","targetHints":{"allow":["GET"]}}],"collection":[{"href":"https:\/\/www.modave.be\/index.php\/wp-json\/wp\/v2\/ajde_events"}],"about":[{"href":"https:\/\/www.modave.be\/index.php\/wp-json\/wp\/v2\/types\/ajde_events"}],"author":[{"embeddable":true,"href":"https:\/\/www.modave.be\/index.php\/wp-json\/wp\/v2\/users\/9"}],"replies":[{"embeddable":true,"href":"https:\/\/www.modave.be\/index.php\/wp-json\/wp\/v2\/comments?post=16623"}],"wp:featuredmedia":[{"embeddable":true,"href":"https:\/\/www.modave.be\/index.php\/wp-json\/wp\/v2\/media\/16624"}],"wp:attachment":[{"href":"https:\/\/www.modave.be\/index.php\/wp-json\/wp\/v2\/media?parent=16623"}],"wp:term":[{"taxonomy":"post_tag","embeddable":true,"href":"https:\/\/www.modave.be\/index.php\/wp-json\/wp\/v2\/tags?post=16623"},{"taxonomy":"event_type","embeddable":true,"href":"https:\/\/www.modave.be\/index.php\/wp-json\/wp\/v2\/event_type?post=16623"},{"taxonomy":"event_type_2","embeddable":true,"href":"https:\/\/www.modave.be\/index.php\/wp-json\/wp\/v2\/event_type_2?post=16623"},{"taxonomy":"event_type_3","embeddable":true,"href":"https:\/\/www.modave.be\/index.php\/wp-json\/wp\/v2\/event_type_3?post=16623"},{"taxonomy":"event_type_4","embeddable":true,"href":"https:\/\/www.modave.be\/index.php\/wp-json\/wp\/v2\/event_type_4?post=16623"}],"curies":[{"name":"wp","href":"https:\/\/api.w.org\/{rel}","templated":true}]}}

<p><strong>Balades guidées | Sentiers</strong></p>



<p>Du 13 au 18 octobre à Clavier, plusieurs balades sont proposées en collaboration avec le Groupe Sentiers de Clavier.</p>



<p><strong>Programme :</strong></p>



<ul class="wp-block-list">
<li>Lundi 13 octobre – 10h : Autour du Vieux Rail (8,5 km)</li>



<li>Mardi 14 octobre – 13h : Vicus Gallo Romain (5 km, accessible PMR)</li>



<li>Mercredi 15 octobre – 9h : Corbeaumont (15 km)</li>



<li>Mercredi 15 octobre – 14h : Cour des Moines (8,5 km, animation contée pour enfants)</li>



<li>Jeudi 16 octobre – 10h : Saint Fontaine et les étangs (10,5 km)</li>



<li>Vendredi 17 octobre – 14h : La Romantique (10,5 km)</li>



<li>Samedi 18 octobre – 10h : La Costerie (9 km)</li>



<li>Samedi 18 octobre – 14h : La Glacière (8,5 km)</li>
</ul>



<blockquote class="wp-block-quote is-layout-flow wp-block-quote-is-layout-flow">
<p><strong>Informations pratiques :</strong></p>



<p>PAF : caution de 5 € (donc gratuit)</p>



<p>Inscription obligatoire : info.sivh@gmail.com</p>
</blockquote>

<!-- This site is optimized with the Yoast SEO plugin v27.5 - https://yoast.com/product/yoast-seo-wordpress/ -->
<title>SEMAINE DES SENTIERS - Commune de Modave</title>
<meta name="robots" content="index, follow, max-snippet:-1, max-image-preview:large, max-video-preview:-1" />
<link rel="canonical" href="https://www.modave.be/index.php/events/semaine-des-sentiers-2/" />
<meta property="og:locale" content="fr_FR" />
<meta property="og:type" content="article" />
<meta property="og:title" content="SEMAINE DES SENTIERS - Commune de Modave" />
<meta property="og:description" content="Balades guidées | Sentiers Du 13 au 18 octobre à Clavier, plusieurs balades sont proposées en collaboration avec le Groupe Sentiers de Clavier. Programme : Informations pratiques : PAF : caution de 5 € (donc gratuit) Inscription obligatoire : info.sivh@gmail.com" />
<meta property="og:url" content="https://www.modave.be/index.php/events/semaine-des-sentiers-2/" />
<meta property="og:site_name" content="Commune de Modave" />
<meta property="article:modified_time" content="2025-09-30T09:03:26+00:00" />
<meta property="og:image" content="https://www.modave.be/wp-content/uploads/2025/09/SS2025V.jpg.png" />
	<meta property="og:image:width" content="255" />
	<meta property="og:image:height" content="83" />
	<meta property="og:image:type" content="image/png" />
<meta name="twitter:card" content="summary_large_image" />
<script type="application/ld+json" class="yoast-schema-graph">{"@context":"https:\/\/schema.org","@graph":[{"@type":"WebPage","@id":"https:\/\/www.modave.be\/index.php\/events\/semaine-des-sentiers-2\/","url":"https:\/\/www.modave.be\/index.php\/events\/semaine-des-sentiers-2\/","name":"SEMAINE DES SENTIERS - Commune de Modave","isPartOf":{"@id":"https:\/\/www.modave.be\/#website"},"primaryImageOfPage":{"@id":"https:\/\/www.modave.be\/index.php\/events\/semaine-des-sentiers-2\/#primaryimage"},"image":{"@id":"https:\/\/www.modave.be\/index.php\/events\/semaine-des-sentiers-2\/#primaryimage"},"thumbnailUrl":"https:\/\/www.modave.be\/wp-content\/uploads\/2025\/09\/SS2025V.jpg.png","datePublished":"2025-09-30T09:03:25+00:00","dateModified":"2025-09-30T09:03:26+00:00","breadcrumb":{"@id":"https:\/\/www.modave.be\/index.php\/events\/semaine-des-sentiers-2\/#breadcrumb"},"inLanguage":"fr-FR","potentialAction":[{"@type":"ReadAction","target":["https:\/\/www.modave.be\/index.php\/events\/semaine-des-sentiers-2\/"]}]},{"@type":"ImageObject","inLanguage":"fr-FR","@id":"https:\/\/www.modave.be\/index.php\/events\/semaine-des-sentiers-2\/#primaryimage","url":"https:\/\/www.modave.be\/wp-content\/uploads\/2025\/09\/SS2025V.jpg.png","contentUrl":"https:\/\/www.modave.be\/wp-content\/uploads\/2025\/09\/SS2025V.jpg.png","width":255,"height":83},{"@type":"BreadcrumbList","@id":"https:\/\/www.modave.be\/index.php\/events\/semaine-des-sentiers-2\/#breadcrumb","itemListElement":[{"@type":"ListItem","position":1,"name":"Accueil","item":"https:\/\/www.modave.be\/"},{"@type":"ListItem","position":2,"name":"Events","item":"https:\/\/www.modave.be\/index.php\/events\/"},{"@type":"ListItem","position":3,"name":"SEMAINE DES SENTIERS"}]},{"@type":"WebSite","@id":"https:\/\/www.modave.be\/#website","url":"https:\/\/www.modave.be\/","name":"Commune de Modave","description":"Commune de Modave","publisher":{"@id":"https:\/\/www.modave.be\/#organization"},"potentialAction":[{"@type":"SearchAction","target":{"@type":"EntryPoint","urlTemplate":"https:\/\/www.modave.be\/?s={search_term_string}"},"query-input":{"@type":"PropertyValueSpecification","valueRequired":true,"valueName":"search_term_string"}}],"inLanguage":"fr-FR"},{"@type":"Organization","@id":"https:\/\/www.modave.be\/#organization","name":"Commune de Modave","url":"https:\/\/www.modave.be\/","logo":{"@type":"ImageObject","inLanguage":"fr-FR","@id":"https:\/\/www.modave.be\/#\/schema\/logo\/image\/","url":"https:\/\/www.modave.be\/wp-content\/uploads\/2021\/12\/MODAVE_LOGO_HORIZONTAL_QUADRI_RVB.png","contentUrl":"https:\/\/www.modave.be\/wp-content\/uploads\/2021\/12\/MODAVE_LOGO_HORIZONTAL_QUADRI_RVB.png","width":1200,"height":501,"caption":"Commune de Modave"},"image":{"@id":"https:\/\/www.modave.be\/#\/schema\/logo\/image\/"}}]}</script>
<!-- / Yoast SEO plugin. -->

Balades guidées | Sentiers Du 13 au 18 octobre à Clavier, plusieurs balades sont proposées en collaboration avec le Groupe Sentiers de Clavier. Programme : Informations pratiques : PAF : caution de 5 € (donc gratuit) Inscription obligatoire : info.sivh@gmail.com
