{"id":16636,"date":"2025-09-30T14:41:25","date_gmt":"2025-09-30T12:41:25","guid":{"rendered":"https:\/\/www.modave.be\/?post_type=ajde_events&#038;p=16636"},"modified":"2025-09-30T14:41:26","modified_gmt":"2025-09-30T12:41:26","slug":"repair-cafe-7","status":"publish","type":"ajde_events","link":"https:\/\/www.modave.be\/index.php\/events\/repair-cafe-7\/","title":{"rendered":"Repair Caf\u00e9"},"content":{"rendered":"\n<p><strong>\u00c9lectrom\u00e9nager<\/strong> | <strong>\u00c9lectricit\u00e9<\/strong> | <strong>V\u00e9lo<\/strong> | <strong>Informatique<\/strong> | <strong>Couture<\/strong><br>R\u00e9parons ensemble vos objets du quotidien.<\/p>\n\n\n\n<blockquote class=\"wp-block-quote is-layout-flow wp-block-quote-is-layout-flow\">\n<p><strong>De 14 \u00e0 17h : <\/strong>entr\u00e9e libre<br>Caf\u00e9, th\u00e9 et douceurs \u00e0 d\u00e9guster sur place.<\/p>\n<\/blockquote>\n\n\n\n<p>Plus d\u2019infos ? Contact : <strong>0479\/26.38.83<\/strong><br>E-mail : <a href=\"mailto:repaircafe.modave@gmail.com\">repaircafe.modave@gmail.com<\/a><\/p>\n\n\n\n<p><\/p>\n","protected":false},"author":9,"featured_media":15345,"menu_order":0,"comment_status":"closed","ping_status":"closed","template":"","meta":[],"tags":[],"event_type":[185],"event_type_2":[],"event_type_3":[],"event_type_4":[],"class_list":["post-16636","ajde_events","type-ajde_events","status-publish","has-post-thumbnail","hentry","event_location-salle-les-echos-du-hoyoux","event_organizer-repair-cafe","event_type-divers","description-off"],"yoast_head":"<!-- This site is optimized with the Yoast SEO plugin v27.5 - https:\/\/yoast.com\/product\/yoast-seo-wordpress\/ -->\n<title>Repair Caf\u00e9 - Commune de Modave<\/title>\n<meta name=\"robots\" content=\"index, follow, max-snippet:-1, max-image-preview:large, max-video-preview:-1\" \/>\n<link rel=\"canonical\" href=\"https:\/\/www.modave.be\/index.php\/events\/repair-cafe-7\/\" \/>\n<meta property=\"og:locale\" content=\"fr_FR\" \/>\n<meta property=\"og:type\" content=\"article\" \/>\n<meta property=\"og:title\" content=\"Repair Caf\u00e9 - Commune de Modave\" \/>\n<meta property=\"og:description\" content=\"\u00c9lectrom\u00e9nager | \u00c9lectricit\u00e9 | V\u00e9lo | Informatique | CoutureR\u00e9parons ensemble vos objets du quotidien. De 14 \u00e0 17h : entr\u00e9e libreCaf\u00e9, th\u00e9 et douceurs \u00e0 d\u00e9guster sur place. Plus d\u2019infos ? Contact : 0479\/26.38.83E-mail : repaircafe.modave@gmail.com\" \/>\n<meta property=\"og:url\" content=\"https:\/\/www.modave.be\/index.php\/events\/repair-cafe-7\/\" \/>\n<meta property=\"og:site_name\" content=\"Commune de Modave\" \/>\n<meta property=\"article:modified_time\" content=\"2025-09-30T12:41:26+00:00\" \/>\n<meta property=\"og:image\" content=\"https:\/\/www.modave.be\/wp-content\/uploads\/2025\/03\/sans-titre-scaled.jpg\" \/>\n\t<meta property=\"og:image:width\" content=\"2560\" \/>\n\t<meta property=\"og:image:height\" content=\"1707\" \/>\n\t<meta property=\"og:image:type\" content=\"image\/jpeg\" \/>\n<meta name=\"twitter:card\" content=\"summary_large_image\" \/>\n<script type=\"application\/ld+json\" class=\"yoast-schema-graph\">{\"@context\":\"https:\\\/\\\/schema.org\",\"@graph\":[{\"@type\":\"WebPage\",\"@id\":\"https:\\\/\\\/www.modave.be\\\/index.php\\\/events\\\/repair-cafe-7\\\/\",\"url\":\"https:\\\/\\\/www.modave.be\\\/index.php\\\/events\\\/repair-cafe-7\\\/\",\"name\":\"Repair Caf\u00e9 - Commune de Modave\",\"isPartOf\":{\"@id\":\"https:\\\/\\\/www.modave.be\\\/#website\"},\"primaryImageOfPage\":{\"@id\":\"https:\\\/\\\/www.modave.be\\\/index.php\\\/events\\\/repair-cafe-7\\\/#primaryimage\"},\"image\":{\"@id\":\"https:\\\/\\\/www.modave.be\\\/index.php\\\/events\\\/repair-cafe-7\\\/#primaryimage\"},\"thumbnailUrl\":\"https:\\\/\\\/www.modave.be\\\/wp-content\\\/uploads\\\/2025\\\/03\\\/sans-titre-scaled.jpg\",\"datePublished\":\"2025-09-30T12:41:25+00:00\",\"dateModified\":\"2025-09-30T12:41:26+00:00\",\"breadcrumb\":{\"@id\":\"https:\\\/\\\/www.modave.be\\\/index.php\\\/events\\\/repair-cafe-7\\\/#breadcrumb\"},\"inLanguage\":\"fr-FR\",\"potentialAction\":[{\"@type\":\"ReadAction\",\"target\":[\"https:\\\/\\\/www.modave.be\\\/index.php\\\/events\\\/repair-cafe-7\\\/\"]}]},{\"@type\":\"ImageObject\",\"inLanguage\":\"fr-FR\",\"@id\":\"https:\\\/\\\/www.modave.be\\\/index.php\\\/events\\\/repair-cafe-7\\\/#primaryimage\",\"url\":\"https:\\\/\\\/www.modave.be\\\/wp-content\\\/uploads\\\/2025\\\/03\\\/sans-titre-scaled.jpg\",\"contentUrl\":\"https:\\\/\\\/www.modave.be\\\/wp-content\\\/uploads\\\/2025\\\/03\\\/sans-titre-scaled.jpg\",\"width\":2560,\"height\":1707},{\"@type\":\"BreadcrumbList\",\"@id\":\"https:\\\/\\\/www.modave.be\\\/index.php\\\/events\\\/repair-cafe-7\\\/#breadcrumb\",\"itemListElement\":[{\"@type\":\"ListItem\",\"position\":1,\"name\":\"Accueil\",\"item\":\"https:\\\/\\\/www.modave.be\\\/\"},{\"@type\":\"ListItem\",\"position\":2,\"name\":\"Events\",\"item\":\"https:\\\/\\\/www.modave.be\\\/index.php\\\/events\\\/\"},{\"@type\":\"ListItem\",\"position\":3,\"name\":\"Repair Caf\u00e9\"}]},{\"@type\":\"WebSite\",\"@id\":\"https:\\\/\\\/www.modave.be\\\/#website\",\"url\":\"https:\\\/\\\/www.modave.be\\\/\",\"name\":\"Commune de Modave\",\"description\":\"Commune de Modave\",\"publisher\":{\"@id\":\"https:\\\/\\\/www.modave.be\\\/#organization\"},\"potentialAction\":[{\"@type\":\"SearchAction\",\"target\":{\"@type\":\"EntryPoint\",\"urlTemplate\":\"https:\\\/\\\/www.modave.be\\\/?s={search_term_string}\"},\"query-input\":{\"@type\":\"PropertyValueSpecification\",\"valueRequired\":true,\"valueName\":\"search_term_string\"}}],\"inLanguage\":\"fr-FR\"},{\"@type\":\"Organization\",\"@id\":\"https:\\\/\\\/www.modave.be\\\/#organization\",\"name\":\"Commune de Modave\",\"url\":\"https:\\\/\\\/www.modave.be\\\/\",\"logo\":{\"@type\":\"ImageObject\",\"inLanguage\":\"fr-FR\",\"@id\":\"https:\\\/\\\/www.modave.be\\\/#\\\/schema\\\/logo\\\/image\\\/\",\"url\":\"https:\\\/\\\/www.modave.be\\\/wp-content\\\/uploads\\\/2021\\\/12\\\/MODAVE_LOGO_HORIZONTAL_QUADRI_RVB.png\",\"contentUrl\":\"https:\\\/\\\/www.modave.be\\\/wp-content\\\/uploads\\\/2021\\\/12\\\/MODAVE_LOGO_HORIZONTAL_QUADRI_RVB.png\",\"width\":1200,\"height\":501,\"caption\":\"Commune de Modave\"},\"image\":{\"@id\":\"https:\\\/\\\/www.modave.be\\\/#\\\/schema\\\/logo\\\/image\\\/\"}}]}<\/script>\n<!-- \/ Yoast SEO plugin. -->","yoast_head_json":{"title":"Repair Caf\u00e9 - Commune de Modave","robots":{"index":"index","follow":"follow","max-snippet":"max-snippet:-1","max-image-preview":"max-image-preview:large","max-video-preview":"max-video-preview:-1"},"canonical":"https:\/\/www.modave.be\/index.php\/events\/repair-cafe-7\/","og_locale":"fr_FR","og_type":"article","og_title":"Repair Caf\u00e9 - Commune de Modave","og_description":"\u00c9lectrom\u00e9nager | \u00c9lectricit\u00e9 | V\u00e9lo | Informatique | CoutureR\u00e9parons ensemble vos objets du quotidien. De 14 \u00e0 17h : entr\u00e9e libreCaf\u00e9, th\u00e9 et douceurs \u00e0 d\u00e9guster sur place. Plus d\u2019infos ? Contact : 0479\/26.38.83E-mail : repaircafe.modave@gmail.com","og_url":"https:\/\/www.modave.be\/index.php\/events\/repair-cafe-7\/","og_site_name":"Commune de Modave","article_modified_time":"2025-09-30T12:41:26+00:00","og_image":[{"width":2560,"height":1707,"url":"https:\/\/www.modave.be\/wp-content\/uploads\/2025\/03\/sans-titre-scaled.jpg","type":"image\/jpeg"}],"twitter_card":"summary_large_image","schema":{"@context":"https:\/\/schema.org","@graph":[{"@type":"WebPage","@id":"https:\/\/www.modave.be\/index.php\/events\/repair-cafe-7\/","url":"https:\/\/www.modave.be\/index.php\/events\/repair-cafe-7\/","name":"Repair Caf\u00e9 - Commune de Modave","isPartOf":{"@id":"https:\/\/www.modave.be\/#website"},"primaryImageOfPage":{"@id":"https:\/\/www.modave.be\/index.php\/events\/repair-cafe-7\/#primaryimage"},"image":{"@id":"https:\/\/www.modave.be\/index.php\/events\/repair-cafe-7\/#primaryimage"},"thumbnailUrl":"https:\/\/www.modave.be\/wp-content\/uploads\/2025\/03\/sans-titre-scaled.jpg","datePublished":"2025-09-30T12:41:25+00:00","dateModified":"2025-09-30T12:41:26+00:00","breadcrumb":{"@id":"https:\/\/www.modave.be\/index.php\/events\/repair-cafe-7\/#breadcrumb"},"inLanguage":"fr-FR","potentialAction":[{"@type":"ReadAction","target":["https:\/\/www.modave.be\/index.php\/events\/repair-cafe-7\/"]}]},{"@type":"ImageObject","inLanguage":"fr-FR","@id":"https:\/\/www.modave.be\/index.php\/events\/repair-cafe-7\/#primaryimage","url":"https:\/\/www.modave.be\/wp-content\/uploads\/2025\/03\/sans-titre-scaled.jpg","contentUrl":"https:\/\/www.modave.be\/wp-content\/uploads\/2025\/03\/sans-titre-scaled.jpg","width":2560,"height":1707},{"@type":"BreadcrumbList","@id":"https:\/\/www.modave.be\/index.php\/events\/repair-cafe-7\/#breadcrumb","itemListElement":[{"@type":"ListItem","position":1,"name":"Accueil","item":"https:\/\/www.modave.be\/"},{"@type":"ListItem","position":2,"name":"Events","item":"https:\/\/www.modave.be\/index.php\/events\/"},{"@type":"ListItem","position":3,"name":"Repair Caf\u00e9"}]},{"@type":"WebSite","@id":"https:\/\/www.modave.be\/#website","url":"https:\/\/www.modave.be\/","name":"Commune de Modave","description":"Commune de Modave","publisher":{"@id":"https:\/\/www.modave.be\/#organization"},"potentialAction":[{"@type":"SearchAction","target":{"@type":"EntryPoint","urlTemplate":"https:\/\/www.modave.be\/?s={search_term_string}"},"query-input":{"@type":"PropertyValueSpecification","valueRequired":true,"valueName":"search_term_string"}}],"inLanguage":"fr-FR"},{"@type":"Organization","@id":"https:\/\/www.modave.be\/#organization","name":"Commune de Modave","url":"https:\/\/www.modave.be\/","logo":{"@type":"ImageObject","inLanguage":"fr-FR","@id":"https:\/\/www.modave.be\/#\/schema\/logo\/image\/","url":"https:\/\/www.modave.be\/wp-content\/uploads\/2021\/12\/MODAVE_LOGO_HORIZONTAL_QUADRI_RVB.png","contentUrl":"https:\/\/www.modave.be\/wp-content\/uploads\/2021\/12\/MODAVE_LOGO_HORIZONTAL_QUADRI_RVB.png","width":1200,"height":501,"caption":"Commune de Modave"},"image":{"@id":"https:\/\/www.modave.be\/#\/schema\/logo\/image\/"}}]}},"_links":{"self":[{"href":"https:\/\/www.modave.be\/index.php\/wp-json\/wp\/v2\/ajde_events\/16636","targetHints":{"allow":["GET"]}}],"collection":[{"href":"https:\/\/www.modave.be\/index.php\/wp-json\/wp\/v2\/ajde_events"}],"about":[{"href":"https:\/\/www.modave.be\/index.php\/wp-json\/wp\/v2\/types\/ajde_events"}],"author":[{"embeddable":true,"href":"https:\/\/www.modave.be\/index.php\/wp-json\/wp\/v2\/users\/9"}],"replies":[{"embeddable":true,"href":"https:\/\/www.modave.be\/index.php\/wp-json\/wp\/v2\/comments?post=16636"}],"wp:featuredmedia":[{"embeddable":true,"href":"https:\/\/www.modave.be\/index.php\/wp-json\/wp\/v2\/media\/15345"}],"wp:attachment":[{"href":"https:\/\/www.modave.be\/index.php\/wp-json\/wp\/v2\/media?parent=16636"}],"wp:term":[{"taxonomy":"post_tag","embeddable":true,"href":"https:\/\/www.modave.be\/index.php\/wp-json\/wp\/v2\/tags?post=16636"},{"taxonomy":"event_type","embeddable":true,"href":"https:\/\/www.modave.be\/index.php\/wp-json\/wp\/v2\/event_type?post=16636"},{"taxonomy":"event_type_2","embeddable":true,"href":"https:\/\/www.modave.be\/index.php\/wp-json\/wp\/v2\/event_type_2?post=16636"},{"taxonomy":"event_type_3","embeddable":true,"href":"https:\/\/www.modave.be\/index.php\/wp-json\/wp\/v2\/event_type_3?post=16636"},{"taxonomy":"event_type_4","embeddable":true,"href":"https:\/\/www.modave.be\/index.php\/wp-json\/wp\/v2\/event_type_4?post=16636"}],"curies":[{"name":"wp","href":"https:\/\/api.w.org\/{rel}","templated":true}]}}

Repair Café

<p><strong>Électroménager</strong> | <strong>Électricité</strong> | <strong>Vélo</strong> | <strong>Informatique</strong> | <strong>Couture</strong><br>Réparons ensemble vos objets du quotidien.</p>



<blockquote class="wp-block-quote is-layout-flow wp-block-quote-is-layout-flow">
<p><strong>De 14 à 17h : </strong>entrée libre<br>Café, thé et douceurs à déguster sur place.</p>
</blockquote>



<p>Plus d’infos ? Contact : <strong>0479/26.38.83</strong><br>E-mail : <a href="mailto:repaircafe.modave@gmail.com">repaircafe.modave@gmail.com</a></p>



<p></p>

<!-- This site is optimized with the Yoast SEO plugin v27.5 - https://yoast.com/product/yoast-seo-wordpress/ -->
<title>Repair Café - Commune de Modave</title>
<meta name="robots" content="index, follow, max-snippet:-1, max-image-preview:large, max-video-preview:-1" />
<link rel="canonical" href="https://www.modave.be/index.php/events/repair-cafe-7/" />
<meta property="og:locale" content="fr_FR" />
<meta property="og:type" content="article" />
<meta property="og:title" content="Repair Café - Commune de Modave" />
<meta property="og:description" content="Électroménager | Électricité | Vélo | Informatique | CoutureRéparons ensemble vos objets du quotidien. De 14 à 17h : entrée libreCafé, thé et douceurs à déguster sur place. Plus d’infos ? Contact : 0479/26.38.83E-mail : repaircafe.modave@gmail.com" />
<meta property="og:url" content="https://www.modave.be/index.php/events/repair-cafe-7/" />
<meta property="og:site_name" content="Commune de Modave" />
<meta property="article:modified_time" content="2025-09-30T12:41:26+00:00" />
<meta property="og:image" content="https://www.modave.be/wp-content/uploads/2025/03/sans-titre-scaled.jpg" />
	<meta property="og:image:width" content="2560" />
	<meta property="og:image:height" content="1707" />
	<meta property="og:image:type" content="image/jpeg" />
<meta name="twitter:card" content="summary_large_image" />
<script type="application/ld+json" class="yoast-schema-graph">{"@context":"https:\/\/schema.org","@graph":[{"@type":"WebPage","@id":"https:\/\/www.modave.be\/index.php\/events\/repair-cafe-7\/","url":"https:\/\/www.modave.be\/index.php\/events\/repair-cafe-7\/","name":"Repair Café - Commune de Modave","isPartOf":{"@id":"https:\/\/www.modave.be\/#website"},"primaryImageOfPage":{"@id":"https:\/\/www.modave.be\/index.php\/events\/repair-cafe-7\/#primaryimage"},"image":{"@id":"https:\/\/www.modave.be\/index.php\/events\/repair-cafe-7\/#primaryimage"},"thumbnailUrl":"https:\/\/www.modave.be\/wp-content\/uploads\/2025\/03\/sans-titre-scaled.jpg","datePublished":"2025-09-30T12:41:25+00:00","dateModified":"2025-09-30T12:41:26+00:00","breadcrumb":{"@id":"https:\/\/www.modave.be\/index.php\/events\/repair-cafe-7\/#breadcrumb"},"inLanguage":"fr-FR","potentialAction":[{"@type":"ReadAction","target":["https:\/\/www.modave.be\/index.php\/events\/repair-cafe-7\/"]}]},{"@type":"ImageObject","inLanguage":"fr-FR","@id":"https:\/\/www.modave.be\/index.php\/events\/repair-cafe-7\/#primaryimage","url":"https:\/\/www.modave.be\/wp-content\/uploads\/2025\/03\/sans-titre-scaled.jpg","contentUrl":"https:\/\/www.modave.be\/wp-content\/uploads\/2025\/03\/sans-titre-scaled.jpg","width":2560,"height":1707},{"@type":"BreadcrumbList","@id":"https:\/\/www.modave.be\/index.php\/events\/repair-cafe-7\/#breadcrumb","itemListElement":[{"@type":"ListItem","position":1,"name":"Accueil","item":"https:\/\/www.modave.be\/"},{"@type":"ListItem","position":2,"name":"Events","item":"https:\/\/www.modave.be\/index.php\/events\/"},{"@type":"ListItem","position":3,"name":"Repair Café"}]},{"@type":"WebSite","@id":"https:\/\/www.modave.be\/#website","url":"https:\/\/www.modave.be\/","name":"Commune de Modave","description":"Commune de Modave","publisher":{"@id":"https:\/\/www.modave.be\/#organization"},"potentialAction":[{"@type":"SearchAction","target":{"@type":"EntryPoint","urlTemplate":"https:\/\/www.modave.be\/?s={search_term_string}"},"query-input":{"@type":"PropertyValueSpecification","valueRequired":true,"valueName":"search_term_string"}}],"inLanguage":"fr-FR"},{"@type":"Organization","@id":"https:\/\/www.modave.be\/#organization","name":"Commune de Modave","url":"https:\/\/www.modave.be\/","logo":{"@type":"ImageObject","inLanguage":"fr-FR","@id":"https:\/\/www.modave.be\/#\/schema\/logo\/image\/","url":"https:\/\/www.modave.be\/wp-content\/uploads\/2021\/12\/MODAVE_LOGO_HORIZONTAL_QUADRI_RVB.png","contentUrl":"https:\/\/www.modave.be\/wp-content\/uploads\/2021\/12\/MODAVE_LOGO_HORIZONTAL_QUADRI_RVB.png","width":1200,"height":501,"caption":"Commune de Modave"},"image":{"@id":"https:\/\/www.modave.be\/#\/schema\/logo\/image\/"}}]}</script>
<!-- / Yoast SEO plugin. -->

Repair Café - Commune de Modave

Électroménager | Électricité | Vélo | Informatique | CoutureRéparons ensemble vos objets du quotidien. De 14 à 17h : entrée libreCafé, thé et douceurs à déguster sur place. Plus d’infos ? Contact : 0479/26.38.83E-mail : repaircafe.modave@gmail.com
