{"id":18113,"date":"2026-02-10T09:17:36","date_gmt":"2026-02-10T08:17:36","guid":{"rendered":"https:\/\/www.modave.be\/?post_type=ajde_events&#038;p=18113"},"modified":"2026-02-10T09:17:37","modified_gmt":"2026-02-10T08:17:37","slug":"boite-a-fleurir-fleurs-et-couleurs-dans-nos-jardins","status":"publish","type":"ajde_events","link":"https:\/\/www.modave.be\/index.php\/events\/boite-a-fleurir-fleurs-et-couleurs-dans-nos-jardins\/","title":{"rendered":"Boite \u00e0 fleurir | Fleurs et couleurs dans nos jardins"},"content":{"rendered":"\n<p>Le GAL Condruses vous propose un achat group\u00e9 \u00e0 prix avantageux de fleurs indig\u00e8nes et locales en provenance de chez Apiflora.<\/p>\n\n\n\n<ul class=\"wp-block-list\">\n<li>Des floraisons de vivaces et bisannuelles du printemps \u00e0 l\u2019automne<\/li>\n\n\n\n<li>3 sortes de boites : comestible, m\u00e9dicinale et pollinisateurs<\/li>\n\n\n\n<li>19\u20ac pour 6 plants et 35\u20ac pour 12 plants<\/li>\n<\/ul>\n\n\n\n<p><strong>La bo\u00eete \u00e0 fleurir<\/strong><\/p>\n\n\n\n<p>Commande jusqu\u2019au <strong>30\/04<\/strong> en ligne.<br>Enl\u00e8vement le <strong>30\/05<\/strong> lors de notre <strong>F\u00eate de la Biodiversit\u00e9<\/strong> au <strong>Jardin des Aub\u00e9pines \u00e0 Str\u00e9e<\/strong>.<\/p>\n\n\n\n<p>Renseignements :<br><strong>085 27 46 12<\/strong> \u2013 <strong><a>amandine.schaus@galcondruses.be<\/a><\/strong><\/p>\n\n\n\n<p><strong>Infos et commandes<\/strong><\/p>\n\n\n\n<p>GAL Condruses &#8211; Cofinanc\u00e9 par l\u2019Union europ\u00e9enne &#8211; Wallonie &#8211; pollEC<\/p>\n","protected":false},"author":9,"featured_media":18114,"menu_order":0,"comment_status":"closed","ping_status":"closed","template":"","meta":[],"tags":[],"event_type":[299],"event_type_2":[],"event_type_3":[],"event_type_4":[],"class_list":["post-18113","ajde_events","type-ajde_events","status-publish","has-post-thumbnail","hentry","event_organizer-gal-condruses","event_type-environnement","description-off"],"yoast_head":"<!-- This site is optimized with the Yoast SEO plugin v27.4 - https:\/\/yoast.com\/product\/yoast-seo-wordpress\/ -->\n<title>Boite \u00e0 fleurir | Fleurs et couleurs dans nos jardins - Commune de Modave<\/title>\n<meta name=\"robots\" content=\"index, follow, max-snippet:-1, max-image-preview:large, max-video-preview:-1\" \/>\n<link rel=\"canonical\" href=\"https:\/\/www.modave.be\/index.php\/events\/boite-a-fleurir-fleurs-et-couleurs-dans-nos-jardins\/\" \/>\n<meta property=\"og:locale\" content=\"fr_FR\" \/>\n<meta property=\"og:type\" content=\"article\" \/>\n<meta property=\"og:title\" content=\"Boite \u00e0 fleurir | Fleurs et couleurs dans nos jardins - Commune de Modave\" \/>\n<meta property=\"og:description\" content=\"Le GAL Condruses vous propose un achat group\u00e9 \u00e0 prix avantageux de fleurs indig\u00e8nes et locales en provenance de chez Apiflora. La bo\u00eete \u00e0 fleurir Commande jusqu\u2019au 30\/04 en ligne.Enl\u00e8vement le 30\/05 lors de notre F\u00eate de la Biodiversit\u00e9 au Jardin des Aub\u00e9pines \u00e0 Str\u00e9e. Renseignements :085 27 46 12 \u2013 amandine.schaus@galcondruses.be Infos et commandes&hellip;\" \/>\n<meta property=\"og:url\" content=\"https:\/\/www.modave.be\/index.php\/events\/boite-a-fleurir-fleurs-et-couleurs-dans-nos-jardins\/\" \/>\n<meta property=\"og:site_name\" content=\"Commune de Modave\" \/>\n<meta property=\"article:modified_time\" content=\"2026-02-10T08:17:37+00:00\" \/>\n<meta property=\"og:image\" content=\"https:\/\/www.modave.be\/wp-content\/uploads\/2026\/02\/BIO-Pub-fleurir-2026-BC-A5.jpg\" \/>\n\t<meta property=\"og:image:width\" content=\"2480\" \/>\n\t<meta property=\"og:image:height\" content=\"1748\" \/>\n\t<meta property=\"og:image:type\" content=\"image\/jpeg\" \/>\n<meta name=\"twitter:card\" content=\"summary_large_image\" \/>\n<meta name=\"twitter:label1\" content=\"Dur\u00e9e de lecture estim\u00e9e\" \/>\n\t<meta name=\"twitter:data1\" content=\"1 minute\" \/>\n<script type=\"application\/ld+json\" class=\"yoast-schema-graph\">{\"@context\":\"https:\\\/\\\/schema.org\",\"@graph\":[{\"@type\":\"WebPage\",\"@id\":\"https:\\\/\\\/www.modave.be\\\/index.php\\\/events\\\/boite-a-fleurir-fleurs-et-couleurs-dans-nos-jardins\\\/\",\"url\":\"https:\\\/\\\/www.modave.be\\\/index.php\\\/events\\\/boite-a-fleurir-fleurs-et-couleurs-dans-nos-jardins\\\/\",\"name\":\"Boite \u00e0 fleurir | Fleurs et couleurs dans nos jardins - Commune de Modave\",\"isPartOf\":{\"@id\":\"https:\\\/\\\/www.modave.be\\\/#website\"},\"primaryImageOfPage\":{\"@id\":\"https:\\\/\\\/www.modave.be\\\/index.php\\\/events\\\/boite-a-fleurir-fleurs-et-couleurs-dans-nos-jardins\\\/#primaryimage\"},\"image\":{\"@id\":\"https:\\\/\\\/www.modave.be\\\/index.php\\\/events\\\/boite-a-fleurir-fleurs-et-couleurs-dans-nos-jardins\\\/#primaryimage\"},\"thumbnailUrl\":\"https:\\\/\\\/www.modave.be\\\/wp-content\\\/uploads\\\/2026\\\/02\\\/BIO-Pub-fleurir-2026-BC-A5.jpg\",\"datePublished\":\"2026-02-10T08:17:36+00:00\",\"dateModified\":\"2026-02-10T08:17:37+00:00\",\"breadcrumb\":{\"@id\":\"https:\\\/\\\/www.modave.be\\\/index.php\\\/events\\\/boite-a-fleurir-fleurs-et-couleurs-dans-nos-jardins\\\/#breadcrumb\"},\"inLanguage\":\"fr-FR\",\"potentialAction\":[{\"@type\":\"ReadAction\",\"target\":[\"https:\\\/\\\/www.modave.be\\\/index.php\\\/events\\\/boite-a-fleurir-fleurs-et-couleurs-dans-nos-jardins\\\/\"]}]},{\"@type\":\"ImageObject\",\"inLanguage\":\"fr-FR\",\"@id\":\"https:\\\/\\\/www.modave.be\\\/index.php\\\/events\\\/boite-a-fleurir-fleurs-et-couleurs-dans-nos-jardins\\\/#primaryimage\",\"url\":\"https:\\\/\\\/www.modave.be\\\/wp-content\\\/uploads\\\/2026\\\/02\\\/BIO-Pub-fleurir-2026-BC-A5.jpg\",\"contentUrl\":\"https:\\\/\\\/www.modave.be\\\/wp-content\\\/uploads\\\/2026\\\/02\\\/BIO-Pub-fleurir-2026-BC-A5.jpg\",\"width\":2480,\"height\":1748},{\"@type\":\"BreadcrumbList\",\"@id\":\"https:\\\/\\\/www.modave.be\\\/index.php\\\/events\\\/boite-a-fleurir-fleurs-et-couleurs-dans-nos-jardins\\\/#breadcrumb\",\"itemListElement\":[{\"@type\":\"ListItem\",\"position\":1,\"name\":\"Accueil\",\"item\":\"https:\\\/\\\/www.modave.be\\\/\"},{\"@type\":\"ListItem\",\"position\":2,\"name\":\"Events\",\"item\":\"https:\\\/\\\/www.modave.be\\\/index.php\\\/events\\\/\"},{\"@type\":\"ListItem\",\"position\":3,\"name\":\"Boite \u00e0 fleurir | Fleurs et couleurs dans nos jardins\"}]},{\"@type\":\"WebSite\",\"@id\":\"https:\\\/\\\/www.modave.be\\\/#website\",\"url\":\"https:\\\/\\\/www.modave.be\\\/\",\"name\":\"Commune de Modave\",\"description\":\"Commune de Modave\",\"publisher\":{\"@id\":\"https:\\\/\\\/www.modave.be\\\/#organization\"},\"potentialAction\":[{\"@type\":\"SearchAction\",\"target\":{\"@type\":\"EntryPoint\",\"urlTemplate\":\"https:\\\/\\\/www.modave.be\\\/?s={search_term_string}\"},\"query-input\":{\"@type\":\"PropertyValueSpecification\",\"valueRequired\":true,\"valueName\":\"search_term_string\"}}],\"inLanguage\":\"fr-FR\"},{\"@type\":\"Organization\",\"@id\":\"https:\\\/\\\/www.modave.be\\\/#organization\",\"name\":\"Commune de Modave\",\"url\":\"https:\\\/\\\/www.modave.be\\\/\",\"logo\":{\"@type\":\"ImageObject\",\"inLanguage\":\"fr-FR\",\"@id\":\"https:\\\/\\\/www.modave.be\\\/#\\\/schema\\\/logo\\\/image\\\/\",\"url\":\"https:\\\/\\\/www.modave.be\\\/wp-content\\\/uploads\\\/2021\\\/12\\\/MODAVE_LOGO_HORIZONTAL_QUADRI_RVB.png\",\"contentUrl\":\"https:\\\/\\\/www.modave.be\\\/wp-content\\\/uploads\\\/2021\\\/12\\\/MODAVE_LOGO_HORIZONTAL_QUADRI_RVB.png\",\"width\":1200,\"height\":501,\"caption\":\"Commune de Modave\"},\"image\":{\"@id\":\"https:\\\/\\\/www.modave.be\\\/#\\\/schema\\\/logo\\\/image\\\/\"}}]}<\/script>\n<!-- \/ Yoast SEO plugin. -->","yoast_head_json":{"title":"Boite \u00e0 fleurir | Fleurs et couleurs dans nos jardins - Commune de Modave","robots":{"index":"index","follow":"follow","max-snippet":"max-snippet:-1","max-image-preview":"max-image-preview:large","max-video-preview":"max-video-preview:-1"},"canonical":"https:\/\/www.modave.be\/index.php\/events\/boite-a-fleurir-fleurs-et-couleurs-dans-nos-jardins\/","og_locale":"fr_FR","og_type":"article","og_title":"Boite \u00e0 fleurir | Fleurs et couleurs dans nos jardins - Commune de Modave","og_description":"Le GAL Condruses vous propose un achat group\u00e9 \u00e0 prix avantageux de fleurs indig\u00e8nes et locales en provenance de chez Apiflora. La bo\u00eete \u00e0 fleurir Commande jusqu\u2019au 30\/04 en ligne.Enl\u00e8vement le 30\/05 lors de notre F\u00eate de la Biodiversit\u00e9 au Jardin des Aub\u00e9pines \u00e0 Str\u00e9e. Renseignements :085 27 46 12 \u2013 amandine.schaus@galcondruses.be Infos et commandes&hellip;","og_url":"https:\/\/www.modave.be\/index.php\/events\/boite-a-fleurir-fleurs-et-couleurs-dans-nos-jardins\/","og_site_name":"Commune de Modave","article_modified_time":"2026-02-10T08:17:37+00:00","og_image":[{"width":2480,"height":1748,"url":"https:\/\/www.modave.be\/wp-content\/uploads\/2026\/02\/BIO-Pub-fleurir-2026-BC-A5.jpg","type":"image\/jpeg"}],"twitter_card":"summary_large_image","twitter_misc":{"Dur\u00e9e de lecture estim\u00e9e":"1 minute"},"schema":{"@context":"https:\/\/schema.org","@graph":[{"@type":"WebPage","@id":"https:\/\/www.modave.be\/index.php\/events\/boite-a-fleurir-fleurs-et-couleurs-dans-nos-jardins\/","url":"https:\/\/www.modave.be\/index.php\/events\/boite-a-fleurir-fleurs-et-couleurs-dans-nos-jardins\/","name":"Boite \u00e0 fleurir | Fleurs et couleurs dans nos jardins - Commune de Modave","isPartOf":{"@id":"https:\/\/www.modave.be\/#website"},"primaryImageOfPage":{"@id":"https:\/\/www.modave.be\/index.php\/events\/boite-a-fleurir-fleurs-et-couleurs-dans-nos-jardins\/#primaryimage"},"image":{"@id":"https:\/\/www.modave.be\/index.php\/events\/boite-a-fleurir-fleurs-et-couleurs-dans-nos-jardins\/#primaryimage"},"thumbnailUrl":"https:\/\/www.modave.be\/wp-content\/uploads\/2026\/02\/BIO-Pub-fleurir-2026-BC-A5.jpg","datePublished":"2026-02-10T08:17:36+00:00","dateModified":"2026-02-10T08:17:37+00:00","breadcrumb":{"@id":"https:\/\/www.modave.be\/index.php\/events\/boite-a-fleurir-fleurs-et-couleurs-dans-nos-jardins\/#breadcrumb"},"inLanguage":"fr-FR","potentialAction":[{"@type":"ReadAction","target":["https:\/\/www.modave.be\/index.php\/events\/boite-a-fleurir-fleurs-et-couleurs-dans-nos-jardins\/"]}]},{"@type":"ImageObject","inLanguage":"fr-FR","@id":"https:\/\/www.modave.be\/index.php\/events\/boite-a-fleurir-fleurs-et-couleurs-dans-nos-jardins\/#primaryimage","url":"https:\/\/www.modave.be\/wp-content\/uploads\/2026\/02\/BIO-Pub-fleurir-2026-BC-A5.jpg","contentUrl":"https:\/\/www.modave.be\/wp-content\/uploads\/2026\/02\/BIO-Pub-fleurir-2026-BC-A5.jpg","width":2480,"height":1748},{"@type":"BreadcrumbList","@id":"https:\/\/www.modave.be\/index.php\/events\/boite-a-fleurir-fleurs-et-couleurs-dans-nos-jardins\/#breadcrumb","itemListElement":[{"@type":"ListItem","position":1,"name":"Accueil","item":"https:\/\/www.modave.be\/"},{"@type":"ListItem","position":2,"name":"Events","item":"https:\/\/www.modave.be\/index.php\/events\/"},{"@type":"ListItem","position":3,"name":"Boite \u00e0 fleurir | Fleurs et couleurs dans nos jardins"}]},{"@type":"WebSite","@id":"https:\/\/www.modave.be\/#website","url":"https:\/\/www.modave.be\/","name":"Commune de Modave","description":"Commune de Modave","publisher":{"@id":"https:\/\/www.modave.be\/#organization"},"potentialAction":[{"@type":"SearchAction","target":{"@type":"EntryPoint","urlTemplate":"https:\/\/www.modave.be\/?s={search_term_string}"},"query-input":{"@type":"PropertyValueSpecification","valueRequired":true,"valueName":"search_term_string"}}],"inLanguage":"fr-FR"},{"@type":"Organization","@id":"https:\/\/www.modave.be\/#organization","name":"Commune de Modave","url":"https:\/\/www.modave.be\/","logo":{"@type":"ImageObject","inLanguage":"fr-FR","@id":"https:\/\/www.modave.be\/#\/schema\/logo\/image\/","url":"https:\/\/www.modave.be\/wp-content\/uploads\/2021\/12\/MODAVE_LOGO_HORIZONTAL_QUADRI_RVB.png","contentUrl":"https:\/\/www.modave.be\/wp-content\/uploads\/2021\/12\/MODAVE_LOGO_HORIZONTAL_QUADRI_RVB.png","width":1200,"height":501,"caption":"Commune de Modave"},"image":{"@id":"https:\/\/www.modave.be\/#\/schema\/logo\/image\/"}}]}},"_links":{"self":[{"href":"https:\/\/www.modave.be\/index.php\/wp-json\/wp\/v2\/ajde_events\/18113","targetHints":{"allow":["GET"]}}],"collection":[{"href":"https:\/\/www.modave.be\/index.php\/wp-json\/wp\/v2\/ajde_events"}],"about":[{"href":"https:\/\/www.modave.be\/index.php\/wp-json\/wp\/v2\/types\/ajde_events"}],"author":[{"embeddable":true,"href":"https:\/\/www.modave.be\/index.php\/wp-json\/wp\/v2\/users\/9"}],"replies":[{"embeddable":true,"href":"https:\/\/www.modave.be\/index.php\/wp-json\/wp\/v2\/comments?post=18113"}],"wp:featuredmedia":[{"embeddable":true,"href":"https:\/\/www.modave.be\/index.php\/wp-json\/wp\/v2\/media\/18114"}],"wp:attachment":[{"href":"https:\/\/www.modave.be\/index.php\/wp-json\/wp\/v2\/media?parent=18113"}],"wp:term":[{"taxonomy":"post_tag","embeddable":true,"href":"https:\/\/www.modave.be\/index.php\/wp-json\/wp\/v2\/tags?post=18113"},{"taxonomy":"event_type","embeddable":true,"href":"https:\/\/www.modave.be\/index.php\/wp-json\/wp\/v2\/event_type?post=18113"},{"taxonomy":"event_type_2","embeddable":true,"href":"https:\/\/www.modave.be\/index.php\/wp-json\/wp\/v2\/event_type_2?post=18113"},{"taxonomy":"event_type_3","embeddable":true,"href":"https:\/\/www.modave.be\/index.php\/wp-json\/wp\/v2\/event_type_3?post=18113"},{"taxonomy":"event_type_4","embeddable":true,"href":"https:\/\/www.modave.be\/index.php\/wp-json\/wp\/v2\/event_type_4?post=18113"}],"curies":[{"name":"wp","href":"https:\/\/api.w.org\/{rel}","templated":true}]}}

Boite à fleurir | Fleurs et couleurs dans nos jardins

<p>Le GAL Condruses vous propose un achat groupé à prix avantageux de fleurs indigènes et locales en provenance de chez Apiflora.</p>



<ul class="wp-block-list">
<li>Des floraisons de vivaces et bisannuelles du printemps à l’automne</li>



<li>3 sortes de boites : comestible, médicinale et pollinisateurs</li>



<li>19€ pour 6 plants et 35€ pour 12 plants</li>
</ul>



<p><strong>La boîte à fleurir</strong></p>



<p>Commande jusqu’au <strong>30/04</strong> en ligne.<br>Enlèvement le <strong>30/05</strong> lors de notre <strong>Fête de la Biodiversité</strong> au <strong>Jardin des Aubépines à Strée</strong>.</p>



<p>Renseignements :<br><strong>085 27 46 12</strong> – <strong><a>amandine.schaus@galcondruses.be</a></strong></p>



<p><strong>Infos et commandes</strong></p>



<p>GAL Condruses &#8211; Cofinancé par l’Union européenne &#8211; Wallonie &#8211; pollEC</p>

<!-- This site is optimized with the Yoast SEO plugin v27.4 - https://yoast.com/product/yoast-seo-wordpress/ -->
<title>Boite à fleurir | Fleurs et couleurs dans nos jardins - Commune de Modave</title>
<meta name="robots" content="index, follow, max-snippet:-1, max-image-preview:large, max-video-preview:-1" />
<link rel="canonical" href="https://www.modave.be/index.php/events/boite-a-fleurir-fleurs-et-couleurs-dans-nos-jardins/" />
<meta property="og:locale" content="fr_FR" />
<meta property="og:type" content="article" />
<meta property="og:title" content="Boite à fleurir | Fleurs et couleurs dans nos jardins - Commune de Modave" />
<meta property="og:description" content="Le GAL Condruses vous propose un achat groupé à prix avantageux de fleurs indigènes et locales en provenance de chez Apiflora. La boîte à fleurir Commande jusqu’au 30/04 en ligne.Enlèvement le 30/05 lors de notre Fête de la Biodiversité au Jardin des Aubépines à Strée. Renseignements :085 27 46 12 – amandine.schaus@galcondruses.be Infos et commandes&hellip;" />
<meta property="og:url" content="https://www.modave.be/index.php/events/boite-a-fleurir-fleurs-et-couleurs-dans-nos-jardins/" />
<meta property="og:site_name" content="Commune de Modave" />
<meta property="article:modified_time" content="2026-02-10T08:17:37+00:00" />
<meta property="og:image" content="https://www.modave.be/wp-content/uploads/2026/02/BIO-Pub-fleurir-2026-BC-A5.jpg" />
	<meta property="og:image:width" content="2480" />
	<meta property="og:image:height" content="1748" />
	<meta property="og:image:type" content="image/jpeg" />
<meta name="twitter:card" content="summary_large_image" />
<meta name="twitter:label1" content="Durée de lecture estimée" />
	<meta name="twitter:data1" content="1 minute" />
<script type="application/ld+json" class="yoast-schema-graph">{"@context":"https:\/\/schema.org","@graph":[{"@type":"WebPage","@id":"https:\/\/www.modave.be\/index.php\/events\/boite-a-fleurir-fleurs-et-couleurs-dans-nos-jardins\/","url":"https:\/\/www.modave.be\/index.php\/events\/boite-a-fleurir-fleurs-et-couleurs-dans-nos-jardins\/","name":"Boite à fleurir | Fleurs et couleurs dans nos jardins - Commune de Modave","isPartOf":{"@id":"https:\/\/www.modave.be\/#website"},"primaryImageOfPage":{"@id":"https:\/\/www.modave.be\/index.php\/events\/boite-a-fleurir-fleurs-et-couleurs-dans-nos-jardins\/#primaryimage"},"image":{"@id":"https:\/\/www.modave.be\/index.php\/events\/boite-a-fleurir-fleurs-et-couleurs-dans-nos-jardins\/#primaryimage"},"thumbnailUrl":"https:\/\/www.modave.be\/wp-content\/uploads\/2026\/02\/BIO-Pub-fleurir-2026-BC-A5.jpg","datePublished":"2026-02-10T08:17:36+00:00","dateModified":"2026-02-10T08:17:37+00:00","breadcrumb":{"@id":"https:\/\/www.modave.be\/index.php\/events\/boite-a-fleurir-fleurs-et-couleurs-dans-nos-jardins\/#breadcrumb"},"inLanguage":"fr-FR","potentialAction":[{"@type":"ReadAction","target":["https:\/\/www.modave.be\/index.php\/events\/boite-a-fleurir-fleurs-et-couleurs-dans-nos-jardins\/"]}]},{"@type":"ImageObject","inLanguage":"fr-FR","@id":"https:\/\/www.modave.be\/index.php\/events\/boite-a-fleurir-fleurs-et-couleurs-dans-nos-jardins\/#primaryimage","url":"https:\/\/www.modave.be\/wp-content\/uploads\/2026\/02\/BIO-Pub-fleurir-2026-BC-A5.jpg","contentUrl":"https:\/\/www.modave.be\/wp-content\/uploads\/2026\/02\/BIO-Pub-fleurir-2026-BC-A5.jpg","width":2480,"height":1748},{"@type":"BreadcrumbList","@id":"https:\/\/www.modave.be\/index.php\/events\/boite-a-fleurir-fleurs-et-couleurs-dans-nos-jardins\/#breadcrumb","itemListElement":[{"@type":"ListItem","position":1,"name":"Accueil","item":"https:\/\/www.modave.be\/"},{"@type":"ListItem","position":2,"name":"Events","item":"https:\/\/www.modave.be\/index.php\/events\/"},{"@type":"ListItem","position":3,"name":"Boite à fleurir | Fleurs et couleurs dans nos jardins"}]},{"@type":"WebSite","@id":"https:\/\/www.modave.be\/#website","url":"https:\/\/www.modave.be\/","name":"Commune de Modave","description":"Commune de Modave","publisher":{"@id":"https:\/\/www.modave.be\/#organization"},"potentialAction":[{"@type":"SearchAction","target":{"@type":"EntryPoint","urlTemplate":"https:\/\/www.modave.be\/?s={search_term_string}"},"query-input":{"@type":"PropertyValueSpecification","valueRequired":true,"valueName":"search_term_string"}}],"inLanguage":"fr-FR"},{"@type":"Organization","@id":"https:\/\/www.modave.be\/#organization","name":"Commune de Modave","url":"https:\/\/www.modave.be\/","logo":{"@type":"ImageObject","inLanguage":"fr-FR","@id":"https:\/\/www.modave.be\/#\/schema\/logo\/image\/","url":"https:\/\/www.modave.be\/wp-content\/uploads\/2021\/12\/MODAVE_LOGO_HORIZONTAL_QUADRI_RVB.png","contentUrl":"https:\/\/www.modave.be\/wp-content\/uploads\/2021\/12\/MODAVE_LOGO_HORIZONTAL_QUADRI_RVB.png","width":1200,"height":501,"caption":"Commune de Modave"},"image":{"@id":"https:\/\/www.modave.be\/#\/schema\/logo\/image\/"}}]}</script>
<!-- / Yoast SEO plugin. -->

Boite à fleurir | Fleurs et couleurs dans nos jardins - Commune de Modave

Le GAL Condruses vous propose un achat groupé à prix avantageux de fleurs indigènes et locales en provenance de chez Apiflora. La boîte à fleurir Commande jusqu’au 30/04 en ligne.Enlèvement le 30/05 lors de notre Fête de la Biodiversité au Jardin des Aubépines à Strée. Renseignements :085 27 46 12 – amandine.schaus@galcondruses.be Infos et commandes&hellip;
