{"id":18141,"date":"2026-02-10T13:22:30","date_gmt":"2026-02-10T12:22:30","guid":{"rendered":"https:\/\/www.modave.be\/?post_type=ajde_events&#038;p=18141"},"modified":"2026-02-10T13:26:08","modified_gmt":"2026-02-10T12:26:08","slug":"initiation-inventaire-de-la-pierre-seche-copy","status":"publish","type":"ajde_events","link":"https:\/\/www.modave.be\/index.php\/events\/initiation-inventaire-de-la-pierre-seche-copy\/","title":{"rendered":"Initiation | Inventaire de la Pierre s\u00e8che"},"content":{"rendered":"\n<h2 class=\"wp-block-heading\">11 avr. de 9 \u00e0 17h | Espace de Convivialit\u00e9 de Modave<\/h2>\n\n\n\n<p>Entre geste ancestral et savoir-faire local, initiez-vous \u00e0 la construction en pierre s\u00e8che lors d\u2019une journ\u00e9e pratique encadr\u00e9e par un murailleur professionnel. Ensemble, nous \u00e9rigerons une spirale aromatique au coeur de l\u2019espace de convivialit\u00e9, en utilisant du gr\u00e8s communal r\u00e9employ\u00e9. Un chantier ouvert \u00e0 tous, pour apprendre, cr\u00e9er et favoriser la biodiversit\u00e9.<\/p>\n\n\n\n<p>PAF : Gratuit R\u00e9servation : 085\/27.46.12 \u2013 amandine.schaus@galcondruses.be<\/p>\n\n\n\n<p><\/p>\n","protected":false},"author":9,"featured_media":16613,"menu_order":0,"comment_status":"closed","ping_status":"closed","template":"","meta":[],"tags":[286],"event_type":[182],"event_type_2":[],"event_type_3":[],"event_type_4":[],"class_list":["post-18141","ajde_events","type-ajde_events","status-publish","has-post-thumbnail","hentry","tag-atelier","event_location-espace-de-convivialite-de-modave","event_organizer-gal-condruses","event_type-associatif","description-off"],"yoast_head":"<!-- This site is optimized with the Yoast SEO plugin v27.4 - https:\/\/yoast.com\/product\/yoast-seo-wordpress\/ -->\n<title>Initiation | Inventaire de la Pierre s\u00e8che - Commune de Modave<\/title>\n<meta name=\"robots\" content=\"index, follow, max-snippet:-1, max-image-preview:large, max-video-preview:-1\" \/>\n<link rel=\"canonical\" href=\"https:\/\/www.modave.be\/index.php\/events\/initiation-inventaire-de-la-pierre-seche-copy\/\" \/>\n<meta property=\"og:locale\" content=\"fr_FR\" \/>\n<meta property=\"og:type\" content=\"article\" \/>\n<meta property=\"og:title\" content=\"Initiation | Inventaire de la Pierre s\u00e8che - Commune de Modave\" \/>\n<meta property=\"og:description\" content=\"11 avr. de 9 \u00e0 17h | Espace de Convivialit\u00e9 de Modave Entre geste ancestral et savoir-faire local, initiez-vous \u00e0 la construction en pierre s\u00e8che lors d\u2019une journ\u00e9e pratique encadr\u00e9e par un murailleur professionnel. Ensemble, nous \u00e9rigerons une spirale aromatique au coeur de l\u2019espace de convivialit\u00e9, en utilisant du gr\u00e8s communal r\u00e9employ\u00e9. Un chantier ouvert&hellip;\" \/>\n<meta property=\"og:url\" content=\"https:\/\/www.modave.be\/index.php\/events\/initiation-inventaire-de-la-pierre-seche-copy\/\" \/>\n<meta property=\"og:site_name\" content=\"Commune de Modave\" \/>\n<meta property=\"article:modified_time\" content=\"2026-02-10T12:26:08+00:00\" \/>\n<meta property=\"og:image\" content=\"https:\/\/www.modave.be\/wp-content\/uploads\/2025\/09\/Samedi-17-min-1-scaled.jpg\" \/>\n\t<meta property=\"og:image:width\" content=\"2560\" \/>\n\t<meta property=\"og:image:height\" content=\"1707\" \/>\n\t<meta property=\"og:image:type\" content=\"image\/jpeg\" \/>\n<meta name=\"twitter:card\" content=\"summary_large_image\" \/>\n<meta name=\"twitter:label1\" content=\"Dur\u00e9e de lecture estim\u00e9e\" \/>\n\t<meta name=\"twitter:data1\" content=\"1 minute\" \/>\n<script type=\"application\/ld+json\" class=\"yoast-schema-graph\">{\"@context\":\"https:\\\/\\\/schema.org\",\"@graph\":[{\"@type\":\"WebPage\",\"@id\":\"https:\\\/\\\/www.modave.be\\\/index.php\\\/events\\\/initiation-inventaire-de-la-pierre-seche-copy\\\/\",\"url\":\"https:\\\/\\\/www.modave.be\\\/index.php\\\/events\\\/initiation-inventaire-de-la-pierre-seche-copy\\\/\",\"name\":\"Initiation | Inventaire de la Pierre s\u00e8che - Commune de Modave\",\"isPartOf\":{\"@id\":\"https:\\\/\\\/www.modave.be\\\/#website\"},\"primaryImageOfPage\":{\"@id\":\"https:\\\/\\\/www.modave.be\\\/index.php\\\/events\\\/initiation-inventaire-de-la-pierre-seche-copy\\\/#primaryimage\"},\"image\":{\"@id\":\"https:\\\/\\\/www.modave.be\\\/index.php\\\/events\\\/initiation-inventaire-de-la-pierre-seche-copy\\\/#primaryimage\"},\"thumbnailUrl\":\"https:\\\/\\\/www.modave.be\\\/wp-content\\\/uploads\\\/2025\\\/09\\\/Samedi-17-min-1-scaled.jpg\",\"datePublished\":\"2026-02-10T12:22:30+00:00\",\"dateModified\":\"2026-02-10T12:26:08+00:00\",\"breadcrumb\":{\"@id\":\"https:\\\/\\\/www.modave.be\\\/index.php\\\/events\\\/initiation-inventaire-de-la-pierre-seche-copy\\\/#breadcrumb\"},\"inLanguage\":\"fr-FR\",\"potentialAction\":[{\"@type\":\"ReadAction\",\"target\":[\"https:\\\/\\\/www.modave.be\\\/index.php\\\/events\\\/initiation-inventaire-de-la-pierre-seche-copy\\\/\"]}]},{\"@type\":\"ImageObject\",\"inLanguage\":\"fr-FR\",\"@id\":\"https:\\\/\\\/www.modave.be\\\/index.php\\\/events\\\/initiation-inventaire-de-la-pierre-seche-copy\\\/#primaryimage\",\"url\":\"https:\\\/\\\/www.modave.be\\\/wp-content\\\/uploads\\\/2025\\\/09\\\/Samedi-17-min-1-scaled.jpg\",\"contentUrl\":\"https:\\\/\\\/www.modave.be\\\/wp-content\\\/uploads\\\/2025\\\/09\\\/Samedi-17-min-1-scaled.jpg\",\"width\":2560,\"height\":1707},{\"@type\":\"BreadcrumbList\",\"@id\":\"https:\\\/\\\/www.modave.be\\\/index.php\\\/events\\\/initiation-inventaire-de-la-pierre-seche-copy\\\/#breadcrumb\",\"itemListElement\":[{\"@type\":\"ListItem\",\"position\":1,\"name\":\"Accueil\",\"item\":\"https:\\\/\\\/www.modave.be\\\/\"},{\"@type\":\"ListItem\",\"position\":2,\"name\":\"Events\",\"item\":\"https:\\\/\\\/www.modave.be\\\/index.php\\\/events\\\/\"},{\"@type\":\"ListItem\",\"position\":3,\"name\":\"Initiation | Inventaire de la Pierre s\u00e8che\"}]},{\"@type\":\"WebSite\",\"@id\":\"https:\\\/\\\/www.modave.be\\\/#website\",\"url\":\"https:\\\/\\\/www.modave.be\\\/\",\"name\":\"Commune de Modave\",\"description\":\"Commune de Modave\",\"publisher\":{\"@id\":\"https:\\\/\\\/www.modave.be\\\/#organization\"},\"potentialAction\":[{\"@type\":\"SearchAction\",\"target\":{\"@type\":\"EntryPoint\",\"urlTemplate\":\"https:\\\/\\\/www.modave.be\\\/?s={search_term_string}\"},\"query-input\":{\"@type\":\"PropertyValueSpecification\",\"valueRequired\":true,\"valueName\":\"search_term_string\"}}],\"inLanguage\":\"fr-FR\"},{\"@type\":\"Organization\",\"@id\":\"https:\\\/\\\/www.modave.be\\\/#organization\",\"name\":\"Commune de Modave\",\"url\":\"https:\\\/\\\/www.modave.be\\\/\",\"logo\":{\"@type\":\"ImageObject\",\"inLanguage\":\"fr-FR\",\"@id\":\"https:\\\/\\\/www.modave.be\\\/#\\\/schema\\\/logo\\\/image\\\/\",\"url\":\"https:\\\/\\\/www.modave.be\\\/wp-content\\\/uploads\\\/2021\\\/12\\\/MODAVE_LOGO_HORIZONTAL_QUADRI_RVB.png\",\"contentUrl\":\"https:\\\/\\\/www.modave.be\\\/wp-content\\\/uploads\\\/2021\\\/12\\\/MODAVE_LOGO_HORIZONTAL_QUADRI_RVB.png\",\"width\":1200,\"height\":501,\"caption\":\"Commune de Modave\"},\"image\":{\"@id\":\"https:\\\/\\\/www.modave.be\\\/#\\\/schema\\\/logo\\\/image\\\/\"}}]}<\/script>\n<!-- \/ Yoast SEO plugin. -->","yoast_head_json":{"title":"Initiation | Inventaire de la Pierre s\u00e8che - Commune de Modave","robots":{"index":"index","follow":"follow","max-snippet":"max-snippet:-1","max-image-preview":"max-image-preview:large","max-video-preview":"max-video-preview:-1"},"canonical":"https:\/\/www.modave.be\/index.php\/events\/initiation-inventaire-de-la-pierre-seche-copy\/","og_locale":"fr_FR","og_type":"article","og_title":"Initiation | Inventaire de la Pierre s\u00e8che - Commune de Modave","og_description":"11 avr. de 9 \u00e0 17h | Espace de Convivialit\u00e9 de Modave Entre geste ancestral et savoir-faire local, initiez-vous \u00e0 la construction en pierre s\u00e8che lors d\u2019une journ\u00e9e pratique encadr\u00e9e par un murailleur professionnel. Ensemble, nous \u00e9rigerons une spirale aromatique au coeur de l\u2019espace de convivialit\u00e9, en utilisant du gr\u00e8s communal r\u00e9employ\u00e9. Un chantier ouvert&hellip;","og_url":"https:\/\/www.modave.be\/index.php\/events\/initiation-inventaire-de-la-pierre-seche-copy\/","og_site_name":"Commune de Modave","article_modified_time":"2026-02-10T12:26:08+00:00","og_image":[{"width":2560,"height":1707,"url":"https:\/\/www.modave.be\/wp-content\/uploads\/2025\/09\/Samedi-17-min-1-scaled.jpg","type":"image\/jpeg"}],"twitter_card":"summary_large_image","twitter_misc":{"Dur\u00e9e de lecture estim\u00e9e":"1 minute"},"schema":{"@context":"https:\/\/schema.org","@graph":[{"@type":"WebPage","@id":"https:\/\/www.modave.be\/index.php\/events\/initiation-inventaire-de-la-pierre-seche-copy\/","url":"https:\/\/www.modave.be\/index.php\/events\/initiation-inventaire-de-la-pierre-seche-copy\/","name":"Initiation | Inventaire de la Pierre s\u00e8che - Commune de Modave","isPartOf":{"@id":"https:\/\/www.modave.be\/#website"},"primaryImageOfPage":{"@id":"https:\/\/www.modave.be\/index.php\/events\/initiation-inventaire-de-la-pierre-seche-copy\/#primaryimage"},"image":{"@id":"https:\/\/www.modave.be\/index.php\/events\/initiation-inventaire-de-la-pierre-seche-copy\/#primaryimage"},"thumbnailUrl":"https:\/\/www.modave.be\/wp-content\/uploads\/2025\/09\/Samedi-17-min-1-scaled.jpg","datePublished":"2026-02-10T12:22:30+00:00","dateModified":"2026-02-10T12:26:08+00:00","breadcrumb":{"@id":"https:\/\/www.modave.be\/index.php\/events\/initiation-inventaire-de-la-pierre-seche-copy\/#breadcrumb"},"inLanguage":"fr-FR","potentialAction":[{"@type":"ReadAction","target":["https:\/\/www.modave.be\/index.php\/events\/initiation-inventaire-de-la-pierre-seche-copy\/"]}]},{"@type":"ImageObject","inLanguage":"fr-FR","@id":"https:\/\/www.modave.be\/index.php\/events\/initiation-inventaire-de-la-pierre-seche-copy\/#primaryimage","url":"https:\/\/www.modave.be\/wp-content\/uploads\/2025\/09\/Samedi-17-min-1-scaled.jpg","contentUrl":"https:\/\/www.modave.be\/wp-content\/uploads\/2025\/09\/Samedi-17-min-1-scaled.jpg","width":2560,"height":1707},{"@type":"BreadcrumbList","@id":"https:\/\/www.modave.be\/index.php\/events\/initiation-inventaire-de-la-pierre-seche-copy\/#breadcrumb","itemListElement":[{"@type":"ListItem","position":1,"name":"Accueil","item":"https:\/\/www.modave.be\/"},{"@type":"ListItem","position":2,"name":"Events","item":"https:\/\/www.modave.be\/index.php\/events\/"},{"@type":"ListItem","position":3,"name":"Initiation | Inventaire de la Pierre s\u00e8che"}]},{"@type":"WebSite","@id":"https:\/\/www.modave.be\/#website","url":"https:\/\/www.modave.be\/","name":"Commune de Modave","description":"Commune de Modave","publisher":{"@id":"https:\/\/www.modave.be\/#organization"},"potentialAction":[{"@type":"SearchAction","target":{"@type":"EntryPoint","urlTemplate":"https:\/\/www.modave.be\/?s={search_term_string}"},"query-input":{"@type":"PropertyValueSpecification","valueRequired":true,"valueName":"search_term_string"}}],"inLanguage":"fr-FR"},{"@type":"Organization","@id":"https:\/\/www.modave.be\/#organization","name":"Commune de Modave","url":"https:\/\/www.modave.be\/","logo":{"@type":"ImageObject","inLanguage":"fr-FR","@id":"https:\/\/www.modave.be\/#\/schema\/logo\/image\/","url":"https:\/\/www.modave.be\/wp-content\/uploads\/2021\/12\/MODAVE_LOGO_HORIZONTAL_QUADRI_RVB.png","contentUrl":"https:\/\/www.modave.be\/wp-content\/uploads\/2021\/12\/MODAVE_LOGO_HORIZONTAL_QUADRI_RVB.png","width":1200,"height":501,"caption":"Commune de Modave"},"image":{"@id":"https:\/\/www.modave.be\/#\/schema\/logo\/image\/"}}]}},"_links":{"self":[{"href":"https:\/\/www.modave.be\/index.php\/wp-json\/wp\/v2\/ajde_events\/18141","targetHints":{"allow":["GET"]}}],"collection":[{"href":"https:\/\/www.modave.be\/index.php\/wp-json\/wp\/v2\/ajde_events"}],"about":[{"href":"https:\/\/www.modave.be\/index.php\/wp-json\/wp\/v2\/types\/ajde_events"}],"author":[{"embeddable":true,"href":"https:\/\/www.modave.be\/index.php\/wp-json\/wp\/v2\/users\/9"}],"replies":[{"embeddable":true,"href":"https:\/\/www.modave.be\/index.php\/wp-json\/wp\/v2\/comments?post=18141"}],"wp:featuredmedia":[{"embeddable":true,"href":"https:\/\/www.modave.be\/index.php\/wp-json\/wp\/v2\/media\/16613"}],"wp:attachment":[{"href":"https:\/\/www.modave.be\/index.php\/wp-json\/wp\/v2\/media?parent=18141"}],"wp:term":[{"taxonomy":"post_tag","embeddable":true,"href":"https:\/\/www.modave.be\/index.php\/wp-json\/wp\/v2\/tags?post=18141"},{"taxonomy":"event_type","embeddable":true,"href":"https:\/\/www.modave.be\/index.php\/wp-json\/wp\/v2\/event_type?post=18141"},{"taxonomy":"event_type_2","embeddable":true,"href":"https:\/\/www.modave.be\/index.php\/wp-json\/wp\/v2\/event_type_2?post=18141"},{"taxonomy":"event_type_3","embeddable":true,"href":"https:\/\/www.modave.be\/index.php\/wp-json\/wp\/v2\/event_type_3?post=18141"},{"taxonomy":"event_type_4","embeddable":true,"href":"https:\/\/www.modave.be\/index.php\/wp-json\/wp\/v2\/event_type_4?post=18141"}],"curies":[{"name":"wp","href":"https:\/\/api.w.org\/{rel}","templated":true}]}}

Initiation | Inventaire de la Pierre sèche

<h2 class="wp-block-heading">11 avr. de 9 à 17h | Espace de Convivialité de Modave</h2>



<p>Entre geste ancestral et savoir-faire local, initiez-vous à la construction en pierre sèche lors d’une journée pratique encadrée par un murailleur professionnel. Ensemble, nous érigerons une spirale aromatique au coeur de l’espace de convivialité, en utilisant du grès communal réemployé. Un chantier ouvert à tous, pour apprendre, créer et favoriser la biodiversité.</p>



<p>PAF : Gratuit Réservation : 085/27.46.12 – amandine.schaus@galcondruses.be</p>



<p></p>

<!-- This site is optimized with the Yoast SEO plugin v27.4 - https://yoast.com/product/yoast-seo-wordpress/ -->
<title>Initiation | Inventaire de la Pierre sèche - Commune de Modave</title>
<meta name="robots" content="index, follow, max-snippet:-1, max-image-preview:large, max-video-preview:-1" />
<link rel="canonical" href="https://www.modave.be/index.php/events/initiation-inventaire-de-la-pierre-seche-copy/" />
<meta property="og:locale" content="fr_FR" />
<meta property="og:type" content="article" />
<meta property="og:title" content="Initiation | Inventaire de la Pierre sèche - Commune de Modave" />
<meta property="og:description" content="11 avr. de 9 à 17h | Espace de Convivialité de Modave Entre geste ancestral et savoir-faire local, initiez-vous à la construction en pierre sèche lors d’une journée pratique encadrée par un murailleur professionnel. Ensemble, nous érigerons une spirale aromatique au coeur de l’espace de convivialité, en utilisant du grès communal réemployé. Un chantier ouvert&hellip;" />
<meta property="og:url" content="https://www.modave.be/index.php/events/initiation-inventaire-de-la-pierre-seche-copy/" />
<meta property="og:site_name" content="Commune de Modave" />
<meta property="article:modified_time" content="2026-02-10T12:26:08+00:00" />
<meta property="og:image" content="https://www.modave.be/wp-content/uploads/2025/09/Samedi-17-min-1-scaled.jpg" />
	<meta property="og:image:width" content="2560" />
	<meta property="og:image:height" content="1707" />
	<meta property="og:image:type" content="image/jpeg" />
<meta name="twitter:card" content="summary_large_image" />
<meta name="twitter:label1" content="Durée de lecture estimée" />
	<meta name="twitter:data1" content="1 minute" />
<script type="application/ld+json" class="yoast-schema-graph">{"@context":"https:\/\/schema.org","@graph":[{"@type":"WebPage","@id":"https:\/\/www.modave.be\/index.php\/events\/initiation-inventaire-de-la-pierre-seche-copy\/","url":"https:\/\/www.modave.be\/index.php\/events\/initiation-inventaire-de-la-pierre-seche-copy\/","name":"Initiation | Inventaire de la Pierre sèche - Commune de Modave","isPartOf":{"@id":"https:\/\/www.modave.be\/#website"},"primaryImageOfPage":{"@id":"https:\/\/www.modave.be\/index.php\/events\/initiation-inventaire-de-la-pierre-seche-copy\/#primaryimage"},"image":{"@id":"https:\/\/www.modave.be\/index.php\/events\/initiation-inventaire-de-la-pierre-seche-copy\/#primaryimage"},"thumbnailUrl":"https:\/\/www.modave.be\/wp-content\/uploads\/2025\/09\/Samedi-17-min-1-scaled.jpg","datePublished":"2026-02-10T12:22:30+00:00","dateModified":"2026-02-10T12:26:08+00:00","breadcrumb":{"@id":"https:\/\/www.modave.be\/index.php\/events\/initiation-inventaire-de-la-pierre-seche-copy\/#breadcrumb"},"inLanguage":"fr-FR","potentialAction":[{"@type":"ReadAction","target":["https:\/\/www.modave.be\/index.php\/events\/initiation-inventaire-de-la-pierre-seche-copy\/"]}]},{"@type":"ImageObject","inLanguage":"fr-FR","@id":"https:\/\/www.modave.be\/index.php\/events\/initiation-inventaire-de-la-pierre-seche-copy\/#primaryimage","url":"https:\/\/www.modave.be\/wp-content\/uploads\/2025\/09\/Samedi-17-min-1-scaled.jpg","contentUrl":"https:\/\/www.modave.be\/wp-content\/uploads\/2025\/09\/Samedi-17-min-1-scaled.jpg","width":2560,"height":1707},{"@type":"BreadcrumbList","@id":"https:\/\/www.modave.be\/index.php\/events\/initiation-inventaire-de-la-pierre-seche-copy\/#breadcrumb","itemListElement":[{"@type":"ListItem","position":1,"name":"Accueil","item":"https:\/\/www.modave.be\/"},{"@type":"ListItem","position":2,"name":"Events","item":"https:\/\/www.modave.be\/index.php\/events\/"},{"@type":"ListItem","position":3,"name":"Initiation | Inventaire de la Pierre sèche"}]},{"@type":"WebSite","@id":"https:\/\/www.modave.be\/#website","url":"https:\/\/www.modave.be\/","name":"Commune de Modave","description":"Commune de Modave","publisher":{"@id":"https:\/\/www.modave.be\/#organization"},"potentialAction":[{"@type":"SearchAction","target":{"@type":"EntryPoint","urlTemplate":"https:\/\/www.modave.be\/?s={search_term_string}"},"query-input":{"@type":"PropertyValueSpecification","valueRequired":true,"valueName":"search_term_string"}}],"inLanguage":"fr-FR"},{"@type":"Organization","@id":"https:\/\/www.modave.be\/#organization","name":"Commune de Modave","url":"https:\/\/www.modave.be\/","logo":{"@type":"ImageObject","inLanguage":"fr-FR","@id":"https:\/\/www.modave.be\/#\/schema\/logo\/image\/","url":"https:\/\/www.modave.be\/wp-content\/uploads\/2021\/12\/MODAVE_LOGO_HORIZONTAL_QUADRI_RVB.png","contentUrl":"https:\/\/www.modave.be\/wp-content\/uploads\/2021\/12\/MODAVE_LOGO_HORIZONTAL_QUADRI_RVB.png","width":1200,"height":501,"caption":"Commune de Modave"},"image":{"@id":"https:\/\/www.modave.be\/#\/schema\/logo\/image\/"}}]}</script>
<!-- / Yoast SEO plugin. -->

Initiation | Inventaire de la Pierre sèche - Commune de Modave

11 avr. de 9 à 17h | Espace de Convivialité de Modave Entre geste ancestral et savoir-faire local, initiez-vous à la construction en pierre sèche lors d’une journée pratique encadrée par un murailleur professionnel. Ensemble, nous érigerons une spirale aromatique au coeur de l’espace de convivialité, en utilisant du grès communal réemployé. Un chantier ouvert&hellip;
