{"id":11559,"date":"2023-03-02T11:20:36","date_gmt":"2023-03-02T10:20:36","guid":{"rendered":"http:\/\/217.182.142.226\/?page_id=11559"},"modified":"2025-02-26T13:42:23","modified_gmt":"2025-02-26T12:42:23","slug":"decisions-du-conseil","status":"publish","type":"page","link":"https:\/\/www.modave.be\/index.php\/decisions-du-conseil\/","title":{"rendered":"D\u00e9cisions du Conseil"},"content":{"rendered":"\t\t<div data-elementor-type=\"wp-page\" data-elementor-id=\"11559\" class=\"elementor elementor-11559\" wpc-filter-elementor-widget=\"1\" data-elementor-post-type=\"page\">\n\t\t\t\t\t\t<section class=\"elementor-section elementor-top-section elementor-element elementor-element-0d60e15 elementor-section-boxed elementor-section-height-default elementor-section-height-default\" data-id=\"0d60e15\" data-element_type=\"section\" data-e-type=\"section\">\n\t\t\t\t\t\t<div class=\"elementor-container elementor-column-gap-default\">\n\t\t\t\t\t<div class=\"elementor-column elementor-col-100 elementor-top-column elementor-element elementor-element-55dc7fa\" data-id=\"55dc7fa\" data-element_type=\"column\" data-e-type=\"column\">\n\t\t\t<div class=\"elementor-widget-wrap elementor-element-populated\">\n\t\t\t\t\t\t<div class=\"elementor-element elementor-element-6834ef8 elementor-widget elementor-widget-the7_elements\" data-id=\"6834ef8\" data-element_type=\"widget\" data-e-type=\"widget\" data-widget_type=\"the7_elements.default\">\n\t\t\t\t<div class=\"elementor-widget-container\">\n\t\t\t\t\t<div class=\"portfolio-shortcode the7-elementor-widget the7_elements-6834ef8 mode-masonry classic-layout-list description-under-image quick-scale-img content-bg-on enable-bg-rollover resize-by-browser-width loading-effect-none jquery-filter\" data-padding=\"15px\" data-mobile-columns-num=\"1\" data-tablet-columns-num=\"2\" data-desktop-columns-num=\"3\" data-wide-desktop-columns-num=\"3\" data-post-limit=\"-1\" data-pagination-mode=\"none\" data-scroll-offset=\"\" aria-live=\"assertive\"><div class=\"iso-container dt-isotope custom-iso-columns\"><div class=\"visible wf-cell iso-item\" data-post-id=\"15208\" data-date=\"2025-03-12T11:27:27+01:00\" data-name=\"Conseil communal - D\u00e9cisions du 30 janvier 2025\"><article class=\"post visible post-15208 services_communaux type-services_communaux status-publish has-post-thumbnail hentry category-decision_conseil_communal description-off\" data-name=\"Conseil communal &#8211; D\u00e9cisions du 30 janvier 2025\" data-date=\"2025-03-12T11:27:27+01:00\">\n\n\t<div class=\"post-thumbnail-wrap\">\n\t\t<div class=\"post-thumbnail\">\n\n\t\t\t<a class=\"post-thumbnail-rollover layzr-bg img-css-resize-wrapper\" aria-label=\"Image article\" href=\"https:\/\/www.modave.be\/index.php\/services_communaux\/conseil-communal-decisions-du-30-janvier-2025\/\"><img fetchpriority=\"high\" decoding=\"async\" width=\"2560\" height=\"1280\" src=\"data:image\/svg+xml,%3Csvg%20xmlns%3D&#039;http%3A%2F%2Fwww.w3.org%2F2000%2Fsvg&#039;%20viewBox%3D&#039;0%200%202560%201280&#039;%2F%3E\" class=\"attachment-full size-full preload-me aspect lazy lazy-load\" alt=\"\" sizes=\"(max-width: 2560px) 100vw, 2560px\" style=\"--ratio: 2560 \/ 1280;\" data-src=\"https:\/\/www.modave.be\/wp-content\/uploads\/2025\/03\/IMG_1533-Avec-accentuation-Bruit-scaled-e1741077000759.jpg\" loading=\"eager\" data-srcset=\"https:\/\/www.modave.be\/wp-content\/uploads\/2025\/03\/IMG_1533-Avec-accentuation-Bruit-scaled-e1741077000759.jpg 2560w, https:\/\/www.modave.be\/wp-content\/uploads\/2025\/03\/IMG_1533-Avec-accentuation-Bruit-scaled-e1741077000759-300x150.jpg 300w, https:\/\/www.modave.be\/wp-content\/uploads\/2025\/03\/IMG_1533-Avec-accentuation-Bruit-scaled-e1741077000759-1024x512.jpg 1024w, https:\/\/www.modave.be\/wp-content\/uploads\/2025\/03\/IMG_1533-Avec-accentuation-Bruit-scaled-e1741077000759-768x384.jpg 768w, https:\/\/www.modave.be\/wp-content\/uploads\/2025\/03\/IMG_1533-Avec-accentuation-Bruit-scaled-e1741077000759-1536x768.jpg 1536w, https:\/\/www.modave.be\/wp-content\/uploads\/2025\/03\/IMG_1533-Avec-accentuation-Bruit-scaled-e1741077000759-2048x1024.jpg 2048w\" \/><span class=\"the7-hover-icon\"><i aria-hidden=\"true\" class=\"fas fa-plus\"><\/i><\/span><\/a>\n\t\t<\/div>\n\t<\/div>\n\n\n<div class=\"post-entry-content\">\n\n\t<h3 class=\"ele-entry-title\"><a href=\"https:\/\/www.modave.be\/index.php\/services_communaux\/conseil-communal-decisions-du-30-janvier-2025\/\" rel=\"bookmark\" title=\"Conseil communal &#8211; D\u00e9cisions du 30 janvier 2025\">Conseil communal &#8211; D\u00e9cisions du 30 janvier 2025<\/a><\/h3><div class=\"entry-meta\"><span class=\"meta-item category-link\"><a href=\"https:\/\/www.modave.be\/index.php\/category\/decision_conseil_communal\/\" rel=\"tag\">D\u00e9cisions du Conseil Communal<\/a><\/span><span class=\"meta-item data-link\"><time class=\"entry-date updated\" datetime=\"2025-03-12T11:27:27+01:00\">12 mars 2025<\/time><\/span><\/div><div class=\"entry-excerpt\"><p>Proc\u00e8s-verbal de la s\u00e9ance du Conseil communal du 30 janvier 2025 Le Conseil communal de Modave s\u2019est r\u00e9uni le 30 janvier 2025 pour d\u00e9battre et prendre des d\u00e9cisions sur plusieurs dossiers cl\u00e9s concernant la vie de notre commune. Dans un souci de transparence et d\u2019information envers les citoyens, nous mettons&hellip;<\/p>\n<\/div><a href=\"https:\/\/www.modave.be\/index.php\/services_communaux\/conseil-communal-decisions-du-30-janvier-2025\/\" target=\"\" aria-label=\"En savoir plus sur Conseil communal &#8211; D\u00e9cisions du 30 janvier 2025\" class=\"box-button elementor-button elementor-size-xs\">En savoir plus<\/a>\n<\/div><\/article><\/div><div class=\"visible wf-cell iso-item\" data-post-id=\"11562\" data-date=\"2021-06-22T11:23:47+02:00\" data-name=\"Conseil communal - D\u00e9cisions du 22 avril 2021\"><article class=\"post visible post-11562 services_communaux type-services_communaux status-publish has-post-thumbnail hentry category-decision_conseil_communal description-off\" data-name=\"Conseil communal &#8211; D\u00e9cisions du 22 avril 2021\" data-date=\"2021-06-22T11:23:47+02:00\">\n\n\t<div class=\"post-thumbnail-wrap\">\n\t\t<div class=\"post-thumbnail\">\n\n\t\t\t<a class=\"post-thumbnail-rollover layzr-bg img-css-resize-wrapper\" aria-label=\"Image article\" href=\"https:\/\/www.modave.be\/index.php\/services_communaux\/conseil-communal-decisions-du-22-avril-2021\/\"><img decoding=\"async\" width=\"2560\" height=\"1707\" src=\"data:image\/svg+xml,%3Csvg%20xmlns%3D&#039;http%3A%2F%2Fwww.w3.org%2F2000%2Fsvg&#039;%20viewBox%3D&#039;0%200%202560%201707&#039;%2F%3E\" class=\"attachment-full size-full preload-me aspect lazy lazy-load\" alt=\"\" sizes=\"(max-width: 2560px) 100vw, 2560px\" style=\"--ratio: 2560 \/ 1707;\" data-src=\"https:\/\/www.modave.be\/wp-content\/uploads\/2023\/03\/Publications-scaled.jpg\" loading=\"eager\" data-srcset=\"https:\/\/www.modave.be\/wp-content\/uploads\/2023\/03\/Publications-scaled.jpg 2560w, https:\/\/www.modave.be\/wp-content\/uploads\/2023\/03\/Publications-300x200.jpg 300w, https:\/\/www.modave.be\/wp-content\/uploads\/2023\/03\/Publications-1024x683.jpg 1024w, https:\/\/www.modave.be\/wp-content\/uploads\/2023\/03\/Publications-768x512.jpg 768w, https:\/\/www.modave.be\/wp-content\/uploads\/2023\/03\/Publications-1536x1024.jpg 1536w, https:\/\/www.modave.be\/wp-content\/uploads\/2023\/03\/Publications-2048x1365.jpg 2048w\" \/><span class=\"the7-hover-icon\"><i aria-hidden=\"true\" class=\"fas fa-plus\"><\/i><\/span><\/a>\n\t\t<\/div>\n\t<\/div>\n\n\n<div class=\"post-entry-content\">\n\n\t<h3 class=\"ele-entry-title\"><a href=\"https:\/\/www.modave.be\/index.php\/services_communaux\/conseil-communal-decisions-du-22-avril-2021\/\" rel=\"bookmark\" title=\"Conseil communal &#8211; D\u00e9cisions du 22 avril 2021\">Conseil communal &#8211; D\u00e9cisions du 22 avril 2021<\/a><\/h3><div class=\"entry-meta\"><span class=\"meta-item category-link\"><a href=\"https:\/\/www.modave.be\/index.php\/category\/decision_conseil_communal\/\" rel=\"tag\">D\u00e9cisions du Conseil Communal<\/a><\/span><span class=\"meta-item data-link\"><time class=\"entry-date updated\" datetime=\"2021-06-22T11:23:47+02:00\">22 juin 2021<\/time><\/span><\/div><div class=\"entry-excerpt\"><p>Conseil communal du 22\/04\/2021&nbsp; S\u00e9ance publique Secr\u00e9tariat g\u00e9n\u00e9ral 1. Proc\u00e8s-verbal de la s\u00e9ance publique du 25.03.2021 &#8211; Approbation &nbsp;Finances 2. Utah Remember Group &#8211; demande de subside &#8211; D\u00e9cision Vu la demande de l&rsquo;Utah Remember Group sollicitant un subside exceptionnel, lequel est motiv\u00e9 par des frais de locations de chapiteaux,&hellip;<\/p>\n<\/div><a href=\"https:\/\/www.modave.be\/index.php\/services_communaux\/conseil-communal-decisions-du-22-avril-2021\/\" target=\"\" aria-label=\"En savoir plus sur Conseil communal &#8211; D\u00e9cisions du 22 avril 2021\" class=\"box-button elementor-button elementor-size-xs\">En savoir plus<\/a>\n<\/div><\/article><\/div><\/div><!-- iso-container|iso-grid --><\/div>\t\t\t\t<\/div>\n\t\t\t\t<\/div>\n\t\t\t\t\t<\/div>\n\t\t<\/div>\n\t\t\t\t\t<\/div>\n\t\t<\/section>\n\t\t\t\t<\/div>\n\t\t","protected":false},"excerpt":{"rendered":"<p>Conseil communal &#8211; D\u00e9cisions du 22 avril 2021 D\u00e9cisions du Conseil Communal2 mars 2023 Conseil communal du 22\/04\/2021&nbsp; S\u00e9ance publique Secr\u00e9tariat g\u00e9n\u00e9ral 1. Proc\u00e8s-verbal de la s\u00e9ance publique du 25.03.2021 &#8211; Approbation &nbsp;Finances 2. Utah Remember Group &#8211; demande de subside &#8211; D\u00e9cision Vu la demande de l&#8217;Utah Remember Group sollicitant un subside exceptionnel, lequel&hellip;<\/p>\n","protected":false},"author":1,"featured_media":15102,"parent":0,"menu_order":0,"comment_status":"closed","ping_status":"closed","template":"","meta":{"footnotes":""},"class_list":["post-11559","page","type-page","status-publish","has-post-thumbnail","hentry","description-off"],"yoast_head":"<!-- This site is optimized with the Yoast SEO plugin v27.2 - https:\/\/yoast.com\/product\/yoast-seo-wordpress\/ -->\n<title>D\u00e9cisions du Conseil - Commune de Modave<\/title>\n<meta name=\"robots\" content=\"index, follow, max-snippet:-1, max-image-preview:large, max-video-preview:-1\" \/>\n<link rel=\"canonical\" href=\"https:\/\/www.modave.be\/index.php\/decisions-du-conseil\/\" \/>\n<meta property=\"og:locale\" content=\"fr_FR\" \/>\n<meta property=\"og:type\" content=\"article\" \/>\n<meta property=\"og:title\" content=\"D\u00e9cisions du Conseil - Commune de Modave\" \/>\n<meta property=\"og:description\" content=\"Conseil communal &#8211; D\u00e9cisions du 22 avril 2021 D\u00e9cisions du Conseil Communal2 mars 2023 Conseil communal du 22\/04\/2021&nbsp; S\u00e9ance publique Secr\u00e9tariat g\u00e9n\u00e9ral 1. Proc\u00e8s-verbal de la s\u00e9ance publique du 25.03.2021 &#8211; Approbation &nbsp;Finances 2. Utah Remember Group &#8211; demande de subside &#8211; D\u00e9cision Vu la demande de l&#8217;Utah Remember Group sollicitant un subside exceptionnel, lequel&hellip;\" \/>\n<meta property=\"og:url\" content=\"https:\/\/www.modave.be\/index.php\/decisions-du-conseil\/\" \/>\n<meta property=\"og:site_name\" content=\"Commune de Modave\" \/>\n<meta property=\"article:modified_time\" content=\"2025-02-26T12:42:23+00:00\" \/>\n<meta property=\"og:image\" content=\"https:\/\/www.modave.be\/wp-content\/uploads\/2025\/02\/Conseil.jpg\" \/>\n\t<meta property=\"og:image:width\" content=\"1600\" \/>\n\t<meta property=\"og:image:height\" content=\"1200\" \/>\n\t<meta property=\"og:image:type\" content=\"image\/jpeg\" \/>\n<meta name=\"twitter:card\" content=\"summary_large_image\" \/>\n<script type=\"application\/ld+json\" class=\"yoast-schema-graph\">{\"@context\":\"https:\/\/schema.org\",\"@graph\":[{\"@type\":\"WebPage\",\"@id\":\"https:\/\/www.modave.be\/index.php\/decisions-du-conseil\/\",\"url\":\"https:\/\/www.modave.be\/index.php\/decisions-du-conseil\/\",\"name\":\"D\u00e9cisions du Conseil - Commune de Modave\",\"isPartOf\":{\"@id\":\"https:\/\/www.modave.be\/#website\"},\"primaryImageOfPage\":{\"@id\":\"https:\/\/www.modave.be\/index.php\/decisions-du-conseil\/#primaryimage\"},\"image\":{\"@id\":\"https:\/\/www.modave.be\/index.php\/decisions-du-conseil\/#primaryimage\"},\"thumbnailUrl\":\"https:\/\/www.modave.be\/wp-content\/uploads\/2025\/02\/Conseil.jpg\",\"datePublished\":\"2023-03-02T10:20:36+00:00\",\"dateModified\":\"2025-02-26T12:42:23+00:00\",\"breadcrumb\":{\"@id\":\"https:\/\/www.modave.be\/index.php\/decisions-du-conseil\/#breadcrumb\"},\"inLanguage\":\"fr-FR\",\"potentialAction\":[{\"@type\":\"ReadAction\",\"target\":[\"https:\/\/www.modave.be\/index.php\/decisions-du-conseil\/\"]}]},{\"@type\":\"ImageObject\",\"inLanguage\":\"fr-FR\",\"@id\":\"https:\/\/www.modave.be\/index.php\/decisions-du-conseil\/#primaryimage\",\"url\":\"https:\/\/www.modave.be\/wp-content\/uploads\/2025\/02\/Conseil.jpg\",\"contentUrl\":\"https:\/\/www.modave.be\/wp-content\/uploads\/2025\/02\/Conseil.jpg\",\"width\":1600,\"height\":1200},{\"@type\":\"BreadcrumbList\",\"@id\":\"https:\/\/www.modave.be\/index.php\/decisions-du-conseil\/#breadcrumb\",\"itemListElement\":[{\"@type\":\"ListItem\",\"position\":1,\"name\":\"Accueil\",\"item\":\"https:\/\/www.modave.be\/\"},{\"@type\":\"ListItem\",\"position\":2,\"name\":\"D\u00e9cisions du Conseil\"}]},{\"@type\":\"WebSite\",\"@id\":\"https:\/\/www.modave.be\/#website\",\"url\":\"https:\/\/www.modave.be\/\",\"name\":\"Commune de Modave\",\"description\":\"Commune de Modave\",\"publisher\":{\"@id\":\"https:\/\/www.modave.be\/#organization\"},\"potentialAction\":[{\"@type\":\"SearchAction\",\"target\":{\"@type\":\"EntryPoint\",\"urlTemplate\":\"https:\/\/www.modave.be\/?s={search_term_string}\"},\"query-input\":{\"@type\":\"PropertyValueSpecification\",\"valueRequired\":true,\"valueName\":\"search_term_string\"}}],\"inLanguage\":\"fr-FR\"},{\"@type\":\"Organization\",\"@id\":\"https:\/\/www.modave.be\/#organization\",\"name\":\"Commune de Modave\",\"url\":\"https:\/\/www.modave.be\/\",\"logo\":{\"@type\":\"ImageObject\",\"inLanguage\":\"fr-FR\",\"@id\":\"https:\/\/www.modave.be\/#\/schema\/logo\/image\/\",\"url\":\"https:\/\/www.modave.be\/wp-content\/uploads\/2021\/12\/MODAVE_LOGO_HORIZONTAL_QUADRI_RVB.png\",\"contentUrl\":\"https:\/\/www.modave.be\/wp-content\/uploads\/2021\/12\/MODAVE_LOGO_HORIZONTAL_QUADRI_RVB.png\",\"width\":1200,\"height\":501,\"caption\":\"Commune de Modave\"},\"image\":{\"@id\":\"https:\/\/www.modave.be\/#\/schema\/logo\/image\/\"}}]}<\/script>\n<!-- \/ Yoast SEO plugin. -->","yoast_head_json":{"title":"D\u00e9cisions du Conseil - Commune de Modave","robots":{"index":"index","follow":"follow","max-snippet":"max-snippet:-1","max-image-preview":"max-image-preview:large","max-video-preview":"max-video-preview:-1"},"canonical":"https:\/\/www.modave.be\/index.php\/decisions-du-conseil\/","og_locale":"fr_FR","og_type":"article","og_title":"D\u00e9cisions du Conseil - Commune de Modave","og_description":"Conseil communal &#8211; D\u00e9cisions du 22 avril 2021 D\u00e9cisions du Conseil Communal2 mars 2023 Conseil communal du 22\/04\/2021&nbsp; S\u00e9ance publique Secr\u00e9tariat g\u00e9n\u00e9ral 1. Proc\u00e8s-verbal de la s\u00e9ance publique du 25.03.2021 &#8211; Approbation &nbsp;Finances 2. Utah Remember Group &#8211; demande de subside &#8211; D\u00e9cision Vu la demande de l&#8217;Utah Remember Group sollicitant un subside exceptionnel, lequel&hellip;","og_url":"https:\/\/www.modave.be\/index.php\/decisions-du-conseil\/","og_site_name":"Commune de Modave","article_modified_time":"2025-02-26T12:42:23+00:00","og_image":[{"width":1600,"height":1200,"url":"https:\/\/www.modave.be\/wp-content\/uploads\/2025\/02\/Conseil.jpg","type":"image\/jpeg"}],"twitter_card":"summary_large_image","schema":{"@context":"https:\/\/schema.org","@graph":[{"@type":"WebPage","@id":"https:\/\/www.modave.be\/index.php\/decisions-du-conseil\/","url":"https:\/\/www.modave.be\/index.php\/decisions-du-conseil\/","name":"D\u00e9cisions du Conseil - Commune de Modave","isPartOf":{"@id":"https:\/\/www.modave.be\/#website"},"primaryImageOfPage":{"@id":"https:\/\/www.modave.be\/index.php\/decisions-du-conseil\/#primaryimage"},"image":{"@id":"https:\/\/www.modave.be\/index.php\/decisions-du-conseil\/#primaryimage"},"thumbnailUrl":"https:\/\/www.modave.be\/wp-content\/uploads\/2025\/02\/Conseil.jpg","datePublished":"2023-03-02T10:20:36+00:00","dateModified":"2025-02-26T12:42:23+00:00","breadcrumb":{"@id":"https:\/\/www.modave.be\/index.php\/decisions-du-conseil\/#breadcrumb"},"inLanguage":"fr-FR","potentialAction":[{"@type":"ReadAction","target":["https:\/\/www.modave.be\/index.php\/decisions-du-conseil\/"]}]},{"@type":"ImageObject","inLanguage":"fr-FR","@id":"https:\/\/www.modave.be\/index.php\/decisions-du-conseil\/#primaryimage","url":"https:\/\/www.modave.be\/wp-content\/uploads\/2025\/02\/Conseil.jpg","contentUrl":"https:\/\/www.modave.be\/wp-content\/uploads\/2025\/02\/Conseil.jpg","width":1600,"height":1200},{"@type":"BreadcrumbList","@id":"https:\/\/www.modave.be\/index.php\/decisions-du-conseil\/#breadcrumb","itemListElement":[{"@type":"ListItem","position":1,"name":"Accueil","item":"https:\/\/www.modave.be\/"},{"@type":"ListItem","position":2,"name":"D\u00e9cisions du Conseil"}]},{"@type":"WebSite","@id":"https:\/\/www.modave.be\/#website","url":"https:\/\/www.modave.be\/","name":"Commune de Modave","description":"Commune de Modave","publisher":{"@id":"https:\/\/www.modave.be\/#organization"},"potentialAction":[{"@type":"SearchAction","target":{"@type":"EntryPoint","urlTemplate":"https:\/\/www.modave.be\/?s={search_term_string}"},"query-input":{"@type":"PropertyValueSpecification","valueRequired":true,"valueName":"search_term_string"}}],"inLanguage":"fr-FR"},{"@type":"Organization","@id":"https:\/\/www.modave.be\/#organization","name":"Commune de Modave","url":"https:\/\/www.modave.be\/","logo":{"@type":"ImageObject","inLanguage":"fr-FR","@id":"https:\/\/www.modave.be\/#\/schema\/logo\/image\/","url":"https:\/\/www.modave.be\/wp-content\/uploads\/2021\/12\/MODAVE_LOGO_HORIZONTAL_QUADRI_RVB.png","contentUrl":"https:\/\/www.modave.be\/wp-content\/uploads\/2021\/12\/MODAVE_LOGO_HORIZONTAL_QUADRI_RVB.png","width":1200,"height":501,"caption":"Commune de Modave"},"image":{"@id":"https:\/\/www.modave.be\/#\/schema\/logo\/image\/"}}]}},"_links":{"self":[{"href":"https:\/\/www.modave.be\/index.php\/wp-json\/wp\/v2\/pages\/11559","targetHints":{"allow":["GET"]}}],"collection":[{"href":"https:\/\/www.modave.be\/index.php\/wp-json\/wp\/v2\/pages"}],"about":[{"href":"https:\/\/www.modave.be\/index.php\/wp-json\/wp\/v2\/types\/page"}],"author":[{"embeddable":true,"href":"https:\/\/www.modave.be\/index.php\/wp-json\/wp\/v2\/users\/1"}],"replies":[{"embeddable":true,"href":"https:\/\/www.modave.be\/index.php\/wp-json\/wp\/v2\/comments?post=11559"}],"version-history":[{"count":0,"href":"https:\/\/www.modave.be\/index.php\/wp-json\/wp\/v2\/pages\/11559\/revisions"}],"wp:featuredmedia":[{"embeddable":true,"href":"https:\/\/www.modave.be\/index.php\/wp-json\/wp\/v2\/media\/15102"}],"wp:attachment":[{"href":"https:\/\/www.modave.be\/index.php\/wp-json\/wp\/v2\/media?parent=11559"}],"curies":[{"name":"wp","href":"https:\/\/api.w.org\/{rel}","templated":true}]}}