{"id":11685,"date":"2016-04-27T09:19:05","date_gmt":"2016-04-27T07:19:05","guid":{"rendered":"http:\/\/217.182.142.226\/?page_id=11685"},"modified":"2023-12-05T14:11:35","modified_gmt":"2023-12-05T13:11:35","slug":"seniors-jamais-seuls-modave","status":"publish","type":"page","link":"https:\/\/www.modave.be\/index.php\/seniors-jamais-seuls-modave\/","title":{"rendered":"Seniors : Jamais Seul"},"content":{"rendered":"\t\t<div data-elementor-type=\"wp-page\" data-elementor-id=\"11685\" class=\"elementor elementor-11685\" wpc-filter-elementor-widget=\"1\" data-elementor-post-type=\"page\">\n\t\t\t\t\t\t<section class=\"elementor-section elementor-top-section elementor-element elementor-element-f58a510 elementor-section-boxed elementor-section-height-default elementor-section-height-default\" data-id=\"f58a510\" data-element_type=\"section\" data-e-type=\"section\">\n\t\t\t\t\t\t<div class=\"elementor-container elementor-column-gap-default\">\n\t\t\t\t\t<div class=\"elementor-column elementor-col-100 elementor-top-column elementor-element elementor-element-31c56b1\" data-id=\"31c56b1\" data-element_type=\"column\" data-e-type=\"column\">\n\t\t\t<div class=\"elementor-widget-wrap elementor-element-populated\">\n\t\t\t\t\t\t<div class=\"elementor-element elementor-element-0dea5cb elementor-widget elementor-widget-heading\" data-id=\"0dea5cb\" data-element_type=\"widget\" data-e-type=\"widget\" data-widget_type=\"heading.default\">\n\t\t\t\t<div class=\"elementor-widget-container\">\n\t\t\t\t\t<h2 class=\"elementor-heading-title elementor-size-default\">Seniors: jamais seuls ... Modave<\/h2>\t\t\t\t<\/div>\n\t\t\t\t<\/div>\n\t\t\t\t<div class=\"elementor-element elementor-element-590b692 elementor-widget elementor-widget-spacer\" data-id=\"590b692\" data-element_type=\"widget\" data-e-type=\"widget\" data-widget_type=\"spacer.default\">\n\t\t\t\t<div class=\"elementor-widget-container\">\n\t\t\t\t\t\t\t<div class=\"elementor-spacer\">\n\t\t\t<div class=\"elementor-spacer-inner\"><\/div>\n\t\t<\/div>\n\t\t\t\t\t\t<\/div>\n\t\t\t\t<\/div>\n\t\t\t\t<div class=\"elementor-element elementor-element-4135f2b elementor-widget elementor-widget-text-editor\" data-id=\"4135f2b\" data-element_type=\"widget\" data-e-type=\"widget\" data-widget_type=\"text-editor.default\">\n\t\t\t\t<div class=\"elementor-widget-container\">\n\t\t\t\t\t\t\t\t\t<p>Ce service est d\u00e9di\u00e9 aux a\u00een\u00e9s habitant la commune de Modave ainsi qu\u2019\u00e0 leurs aidants proches.\u00a0<\/p><p>Coralie SCHROEDERS (assistante sociale) <strong>085\/27.03.40<\/strong> et C\u00e9line STOMMELINCK (assistante sociale) <strong>085\/27.03.42<\/strong>\u00a0sont toutes deux les personnes de r\u00e9f\u00e9rence qui pourront vous apporter soutien, accompagnement, informations et \u00e9coute, pour toutes difficult\u00e9s li\u00e9es \u00e0 la vie quotidienne.<\/p><p>Il s\u2019agit d\u2019un service de proximit\u00e9, qui identifiera vos besoins et souhaits, ainsi que ceux de vos aidants proches, afin de vous proposer des aides appropri\u00e9es via des services d\u00e9j\u00e0 existants, pour vous aider \u00e0 garder votre autonomie dans un cadre s\u00e9curisant et favoriser votre maintien \u00e0 domicile.\u00a0<\/p><p>Elles peuvent \u00e9galement vous aider et vous soutenir dans toutes vos d\u00e9marches, qu\u2019elles soient d\u2019ordre administratif ou li\u00e9es \u00e0 votre sant\u00e9 et votre bien-\u00eatre.\u00a0<\/p><p>Cela peut concerner\u00a0:<\/p><ul><li>Vos repas,<\/li><li>Vos d\u00e9placements,<\/li><li>Demande de reconnaissance d\u2019handicap et de carte de stationnement,<\/li><li>L\u2019entretien de votre maison,<\/li><li>L\u2019am\u00e9nagement de votre habitation<\/li><li>Difficult\u00e9s administratives<\/li><li>Coordination avec les services de soins \u00e0 domicile<\/li><li>\u2026\u00a0<\/li><\/ul><p><em>Ce projet est r\u00e9alis\u00e9 avec le soutien de la Fondation Roi Beaudouin et de la Loterie Nationale<\/em><\/p><p>Reportage sur RTC en mai 2017:\u00a0<a href=\"https:\/\/www.rtc.be\/video\/info\/societe\/modave-aider-les-seniors-a-rester-chez-eux_1495268_325.html\">https:\/\/www.rtc.be\/video\/info\/societe\/modave-aider-les-seniors-a-rester-chez-eux_1495268_325.html<\/a><\/p><p><img decoding=\"async\" src=\"https:\/\/www.modave.be\/images\/Jamais-seul--Modave-82.jpg\" alt=\"\" \/><\/p>\t\t\t\t\t\t\t\t<\/div>\n\t\t\t\t<\/div>\n\t\t\t\t\t<\/div>\n\t\t<\/div>\n\t\t\t\t\t<\/div>\n\t\t<\/section>\n\t\t\t\t<\/div>\n\t\t","protected":false},"excerpt":{"rendered":"<p>Seniors: jamais seuls &#8230; Modave Ce service est d\u00e9di\u00e9 aux a\u00een\u00e9s habitant la commune de Modave ainsi qu\u2019\u00e0 leurs aidants proches.\u00a0 Coralie SCHROEDERS (assistante sociale) 085\/27.03.40 et C\u00e9line STOMMELINCK (assistante sociale) 085\/27.03.42\u00a0sont toutes deux les personnes de r\u00e9f\u00e9rence qui pourront vous apporter soutien, accompagnement, informations et \u00e9coute, pour toutes difficult\u00e9s li\u00e9es \u00e0 la vie quotidienne.&hellip;<\/p>\n","protected":false},"author":1,"featured_media":10763,"parent":0,"menu_order":0,"comment_status":"closed","ping_status":"closed","template":"","meta":{"footnotes":""},"class_list":["post-11685","page","type-page","status-publish","has-post-thumbnail","hentry"],"yoast_head":"<!-- This site is optimized with the Yoast SEO plugin v27.2 - https:\/\/yoast.com\/product\/yoast-seo-wordpress\/ -->\n<title>Seniors : Jamais Seul - Commune de Modave<\/title>\n<meta name=\"robots\" content=\"index, follow, max-snippet:-1, max-image-preview:large, max-video-preview:-1\" \/>\n<link rel=\"canonical\" href=\"https:\/\/www.modave.be\/index.php\/seniors-jamais-seuls-modave\/\" \/>\n<meta property=\"og:locale\" content=\"fr_FR\" \/>\n<meta property=\"og:type\" content=\"article\" \/>\n<meta property=\"og:title\" content=\"Seniors : Jamais Seul - Commune de Modave\" \/>\n<meta property=\"og:description\" content=\"Seniors: jamais seuls &#8230; Modave Ce service est d\u00e9di\u00e9 aux a\u00een\u00e9s habitant la commune de Modave ainsi qu\u2019\u00e0 leurs aidants proches.\u00a0 Coralie SCHROEDERS (assistante sociale) 085\/27.03.40 et C\u00e9line STOMMELINCK (assistante sociale) 085\/27.03.42\u00a0sont toutes deux les personnes de r\u00e9f\u00e9rence qui pourront vous apporter soutien, accompagnement, informations et \u00e9coute, pour toutes difficult\u00e9s li\u00e9es \u00e0 la vie quotidienne.&hellip;\" \/>\n<meta property=\"og:url\" content=\"https:\/\/www.modave.be\/index.php\/seniors-jamais-seuls-modave\/\" \/>\n<meta property=\"og:site_name\" content=\"Commune de Modave\" \/>\n<meta property=\"article:modified_time\" content=\"2023-12-05T13:11:35+00:00\" \/>\n<meta property=\"og:image\" content=\"https:\/\/www.modave.be\/wp-content\/uploads\/2023\/02\/CCCA-aide.jpg\" \/>\n\t<meta property=\"og:image:width\" content=\"1920\" \/>\n\t<meta property=\"og:image:height\" content=\"1080\" \/>\n\t<meta property=\"og:image:type\" content=\"image\/jpeg\" \/>\n<meta name=\"twitter:card\" content=\"summary_large_image\" \/>\n<meta name=\"twitter:label1\" content=\"Dur\u00e9e de lecture estim\u00e9e\" \/>\n\t<meta name=\"twitter:data1\" content=\"1 minute\" \/>\n<script type=\"application\/ld+json\" class=\"yoast-schema-graph\">{\"@context\":\"https:\/\/schema.org\",\"@graph\":[{\"@type\":\"WebPage\",\"@id\":\"https:\/\/www.modave.be\/index.php\/seniors-jamais-seuls-modave\/\",\"url\":\"https:\/\/www.modave.be\/index.php\/seniors-jamais-seuls-modave\/\",\"name\":\"Seniors : Jamais Seul - Commune de Modave\",\"isPartOf\":{\"@id\":\"https:\/\/www.modave.be\/#website\"},\"primaryImageOfPage\":{\"@id\":\"https:\/\/www.modave.be\/index.php\/seniors-jamais-seuls-modave\/#primaryimage\"},\"image\":{\"@id\":\"https:\/\/www.modave.be\/index.php\/seniors-jamais-seuls-modave\/#primaryimage\"},\"thumbnailUrl\":\"https:\/\/www.modave.be\/wp-content\/uploads\/2023\/02\/CCCA-aide.jpg\",\"datePublished\":\"2016-04-27T07:19:05+00:00\",\"dateModified\":\"2023-12-05T13:11:35+00:00\",\"breadcrumb\":{\"@id\":\"https:\/\/www.modave.be\/index.php\/seniors-jamais-seuls-modave\/#breadcrumb\"},\"inLanguage\":\"fr-FR\",\"potentialAction\":[{\"@type\":\"ReadAction\",\"target\":[\"https:\/\/www.modave.be\/index.php\/seniors-jamais-seuls-modave\/\"]}]},{\"@type\":\"ImageObject\",\"inLanguage\":\"fr-FR\",\"@id\":\"https:\/\/www.modave.be\/index.php\/seniors-jamais-seuls-modave\/#primaryimage\",\"url\":\"https:\/\/www.modave.be\/wp-content\/uploads\/2023\/02\/CCCA-aide.jpg\",\"contentUrl\":\"https:\/\/www.modave.be\/wp-content\/uploads\/2023\/02\/CCCA-aide.jpg\",\"width\":1920,\"height\":1080},{\"@type\":\"BreadcrumbList\",\"@id\":\"https:\/\/www.modave.be\/index.php\/seniors-jamais-seuls-modave\/#breadcrumb\",\"itemListElement\":[{\"@type\":\"ListItem\",\"position\":1,\"name\":\"Accueil\",\"item\":\"https:\/\/www.modave.be\/\"},{\"@type\":\"ListItem\",\"position\":2,\"name\":\"Seniors : Jamais Seul\"}]},{\"@type\":\"WebSite\",\"@id\":\"https:\/\/www.modave.be\/#website\",\"url\":\"https:\/\/www.modave.be\/\",\"name\":\"Commune de Modave\",\"description\":\"Commune de Modave\",\"publisher\":{\"@id\":\"https:\/\/www.modave.be\/#organization\"},\"potentialAction\":[{\"@type\":\"SearchAction\",\"target\":{\"@type\":\"EntryPoint\",\"urlTemplate\":\"https:\/\/www.modave.be\/?s={search_term_string}\"},\"query-input\":{\"@type\":\"PropertyValueSpecification\",\"valueRequired\":true,\"valueName\":\"search_term_string\"}}],\"inLanguage\":\"fr-FR\"},{\"@type\":\"Organization\",\"@id\":\"https:\/\/www.modave.be\/#organization\",\"name\":\"Commune de Modave\",\"url\":\"https:\/\/www.modave.be\/\",\"logo\":{\"@type\":\"ImageObject\",\"inLanguage\":\"fr-FR\",\"@id\":\"https:\/\/www.modave.be\/#\/schema\/logo\/image\/\",\"url\":\"https:\/\/www.modave.be\/wp-content\/uploads\/2021\/12\/MODAVE_LOGO_HORIZONTAL_QUADRI_RVB.png\",\"contentUrl\":\"https:\/\/www.modave.be\/wp-content\/uploads\/2021\/12\/MODAVE_LOGO_HORIZONTAL_QUADRI_RVB.png\",\"width\":1200,\"height\":501,\"caption\":\"Commune de Modave\"},\"image\":{\"@id\":\"https:\/\/www.modave.be\/#\/schema\/logo\/image\/\"}}]}<\/script>\n<!-- \/ Yoast SEO plugin. -->","yoast_head_json":{"title":"Seniors : Jamais Seul - Commune de Modave","robots":{"index":"index","follow":"follow","max-snippet":"max-snippet:-1","max-image-preview":"max-image-preview:large","max-video-preview":"max-video-preview:-1"},"canonical":"https:\/\/www.modave.be\/index.php\/seniors-jamais-seuls-modave\/","og_locale":"fr_FR","og_type":"article","og_title":"Seniors : Jamais Seul - Commune de Modave","og_description":"Seniors: jamais seuls &#8230; Modave Ce service est d\u00e9di\u00e9 aux a\u00een\u00e9s habitant la commune de Modave ainsi qu\u2019\u00e0 leurs aidants proches.\u00a0 Coralie SCHROEDERS (assistante sociale) 085\/27.03.40 et C\u00e9line STOMMELINCK (assistante sociale) 085\/27.03.42\u00a0sont toutes deux les personnes de r\u00e9f\u00e9rence qui pourront vous apporter soutien, accompagnement, informations et \u00e9coute, pour toutes difficult\u00e9s li\u00e9es \u00e0 la vie quotidienne.&hellip;","og_url":"https:\/\/www.modave.be\/index.php\/seniors-jamais-seuls-modave\/","og_site_name":"Commune de Modave","article_modified_time":"2023-12-05T13:11:35+00:00","og_image":[{"width":1920,"height":1080,"url":"https:\/\/www.modave.be\/wp-content\/uploads\/2023\/02\/CCCA-aide.jpg","type":"image\/jpeg"}],"twitter_card":"summary_large_image","twitter_misc":{"Dur\u00e9e de lecture estim\u00e9e":"1 minute"},"schema":{"@context":"https:\/\/schema.org","@graph":[{"@type":"WebPage","@id":"https:\/\/www.modave.be\/index.php\/seniors-jamais-seuls-modave\/","url":"https:\/\/www.modave.be\/index.php\/seniors-jamais-seuls-modave\/","name":"Seniors : Jamais Seul - Commune de Modave","isPartOf":{"@id":"https:\/\/www.modave.be\/#website"},"primaryImageOfPage":{"@id":"https:\/\/www.modave.be\/index.php\/seniors-jamais-seuls-modave\/#primaryimage"},"image":{"@id":"https:\/\/www.modave.be\/index.php\/seniors-jamais-seuls-modave\/#primaryimage"},"thumbnailUrl":"https:\/\/www.modave.be\/wp-content\/uploads\/2023\/02\/CCCA-aide.jpg","datePublished":"2016-04-27T07:19:05+00:00","dateModified":"2023-12-05T13:11:35+00:00","breadcrumb":{"@id":"https:\/\/www.modave.be\/index.php\/seniors-jamais-seuls-modave\/#breadcrumb"},"inLanguage":"fr-FR","potentialAction":[{"@type":"ReadAction","target":["https:\/\/www.modave.be\/index.php\/seniors-jamais-seuls-modave\/"]}]},{"@type":"ImageObject","inLanguage":"fr-FR","@id":"https:\/\/www.modave.be\/index.php\/seniors-jamais-seuls-modave\/#primaryimage","url":"https:\/\/www.modave.be\/wp-content\/uploads\/2023\/02\/CCCA-aide.jpg","contentUrl":"https:\/\/www.modave.be\/wp-content\/uploads\/2023\/02\/CCCA-aide.jpg","width":1920,"height":1080},{"@type":"BreadcrumbList","@id":"https:\/\/www.modave.be\/index.php\/seniors-jamais-seuls-modave\/#breadcrumb","itemListElement":[{"@type":"ListItem","position":1,"name":"Accueil","item":"https:\/\/www.modave.be\/"},{"@type":"ListItem","position":2,"name":"Seniors : Jamais Seul"}]},{"@type":"WebSite","@id":"https:\/\/www.modave.be\/#website","url":"https:\/\/www.modave.be\/","name":"Commune de Modave","description":"Commune de Modave","publisher":{"@id":"https:\/\/www.modave.be\/#organization"},"potentialAction":[{"@type":"SearchAction","target":{"@type":"EntryPoint","urlTemplate":"https:\/\/www.modave.be\/?s={search_term_string}"},"query-input":{"@type":"PropertyValueSpecification","valueRequired":true,"valueName":"search_term_string"}}],"inLanguage":"fr-FR"},{"@type":"Organization","@id":"https:\/\/www.modave.be\/#organization","name":"Commune de Modave","url":"https:\/\/www.modave.be\/","logo":{"@type":"ImageObject","inLanguage":"fr-FR","@id":"https:\/\/www.modave.be\/#\/schema\/logo\/image\/","url":"https:\/\/www.modave.be\/wp-content\/uploads\/2021\/12\/MODAVE_LOGO_HORIZONTAL_QUADRI_RVB.png","contentUrl":"https:\/\/www.modave.be\/wp-content\/uploads\/2021\/12\/MODAVE_LOGO_HORIZONTAL_QUADRI_RVB.png","width":1200,"height":501,"caption":"Commune de Modave"},"image":{"@id":"https:\/\/www.modave.be\/#\/schema\/logo\/image\/"}}]}},"_links":{"self":[{"href":"https:\/\/www.modave.be\/index.php\/wp-json\/wp\/v2\/pages\/11685","targetHints":{"allow":["GET"]}}],"collection":[{"href":"https:\/\/www.modave.be\/index.php\/wp-json\/wp\/v2\/pages"}],"about":[{"href":"https:\/\/www.modave.be\/index.php\/wp-json\/wp\/v2\/types\/page"}],"author":[{"embeddable":true,"href":"https:\/\/www.modave.be\/index.php\/wp-json\/wp\/v2\/users\/1"}],"replies":[{"embeddable":true,"href":"https:\/\/www.modave.be\/index.php\/wp-json\/wp\/v2\/comments?post=11685"}],"version-history":[{"count":0,"href":"https:\/\/www.modave.be\/index.php\/wp-json\/wp\/v2\/pages\/11685\/revisions"}],"wp:featuredmedia":[{"embeddable":true,"href":"https:\/\/www.modave.be\/index.php\/wp-json\/wp\/v2\/media\/10763"}],"wp:attachment":[{"href":"https:\/\/www.modave.be\/index.php\/wp-json\/wp\/v2\/media?parent=11685"}],"curies":[{"name":"wp","href":"https:\/\/api.w.org\/{rel}","templated":true}]}}