{"id":11805,"date":"2023-03-07T15:09:32","date_gmt":"2023-03-07T14:09:32","guid":{"rendered":"http:\/\/217.182.142.226\/?page_id=11805"},"modified":"2023-12-05T14:06:37","modified_gmt":"2023-12-05T13:06:37","slug":"cooperation-citoyenne-eole-modave","status":"publish","type":"page","link":"https:\/\/www.modave.be\/index.php\/cooperation-citoyenne-eole-modave\/","title":{"rendered":"Coop\u00e9ration citoyenne: Eole Modave"},"content":{"rendered":"\t\t<div data-elementor-type=\"wp-page\" data-elementor-id=\"11805\" class=\"elementor elementor-11805\" wpc-filter-elementor-widget=\"1\" data-elementor-post-type=\"page\">\n\t\t\t\t\t\t<section class=\"elementor-section elementor-top-section elementor-element elementor-element-eaea914 elementor-section-boxed elementor-section-height-default elementor-section-height-default\" data-id=\"eaea914\" data-element_type=\"section\" data-e-type=\"section\">\n\t\t\t\t\t\t<div class=\"elementor-container elementor-column-gap-default\">\n\t\t\t\t\t<div class=\"elementor-column elementor-col-100 elementor-top-column elementor-element elementor-element-ebabcab\" data-id=\"ebabcab\" data-element_type=\"column\" data-e-type=\"column\">\n\t\t\t<div class=\"elementor-widget-wrap elementor-element-populated\">\n\t\t\t\t\t\t<div class=\"elementor-element elementor-element-5278cdb elementor-widget elementor-widget-text-editor\" data-id=\"5278cdb\" data-element_type=\"widget\" data-e-type=\"widget\" data-widget_type=\"text-editor.default\">\n\t\t\t\t<div class=\"elementor-widget-container\">\n\t\t\t\t\t\t\t\t\t<p>Une coop\u00e9rative \u00e9olienne a vu le jour en janvier 2017 et exploitera d\u00e8s l\u2019\u00e9t\u00e9 2018 une \u00e9olienne de 3.2 MW \u00e0 Modave, dans un parc de 5 \u00e9oliennes avec Engie.<\/p>\t\t\t\t\t\t\t\t<\/div>\n\t\t\t\t<\/div>\n\t\t\t\t\t<\/div>\n\t\t<\/div>\n\t\t\t\t\t<\/div>\n\t\t<\/section>\n\t\t\t\t<section class=\"elementor-section elementor-top-section elementor-element elementor-element-3803ebd elementor-section-boxed elementor-section-height-default elementor-section-height-default\" data-id=\"3803ebd\" data-element_type=\"section\" data-e-type=\"section\">\n\t\t\t\t\t\t<div class=\"elementor-container elementor-column-gap-default\">\n\t\t\t\t\t<div class=\"elementor-column elementor-col-100 elementor-top-column elementor-element elementor-element-05894f7\" data-id=\"05894f7\" data-element_type=\"column\" data-e-type=\"column\">\n\t\t\t<div class=\"elementor-widget-wrap elementor-element-populated\">\n\t\t\t\t\t\t<div class=\"elementor-element elementor-element-677d221 icon-box-vertical-align-top img-align-left image-vertical-align-start preserve-img-ratio-cover slide-h-position-left elementor-widget elementor-widget-the7-elements-simple-posts\" data-id=\"677d221\" data-element_type=\"widget\" data-e-type=\"widget\" data-widget_type=\"the7-elements-simple-posts.default\">\n\t\t\t\t<div class=\"elementor-widget-container\">\n\t\t\t\t\t<div class=\"the7-simple-widget-posts the7-elementor-widget the7-elements-simple-posts-677d221 jquery-filter jquery-filter\" data-post-limit=\"-1\" data-pagination-mode=\"none\" data-scroll-offset=\"\" aria-live=\"assertive\">\t\t\t<div class=\"dt-css-grid custom-pagination-handler\" data-columns=\"{&quot;d&quot;:1,&quot;t&quot;:1,&quot;p&quot;:1,&quot;wd&quot;:&quot;&quot;}\">\n\t\t\t\t\t\t\t\t\t<div class=\"wf-cell visible \">\n\t\t\t\t\t\t<article class=\"post visible wrapper post-11811 services_communaux type-services_communaux status-publish has-post-thumbnail hentry category-eole_modave description-off\">\n\n\t\t\t\t\t\t\t<div class=\"post-content-wrapper\">\n\t\t\t\t\t\t\t\t\t\t\t\t\t\t\t\t\t<div class=\"the7-simple-post-thumb\">\n\t\t\t\t\t\t\t\t\t\t<a class=\"post-thumbnail-rollover layzr-bg img-css-resize-wrapper\" aria-label=\"Image article\" href=\"https:\/\/www.modave.be\/index.php\/services_communaux\/energie-transition-en-condroz-projection-debat-le-29-avril\/\"><img fetchpriority=\"high\" decoding=\"async\" width=\"2560\" height=\"1280\" src=\"data:image\/svg+xml,%3Csvg%20xmlns%3D&#039;http%3A%2F%2Fwww.w3.org%2F2000%2Fsvg&#039;%20viewBox%3D&#039;0%200%202560%201280&#039;%2F%3E\" class=\"attachment-full size-full preload-me aspect lazy lazy-load\" alt=\"\" sizes=\"(max-width: 2560px) 100vw, 2560px\" style=\"--ratio: 2560 \/ 1280;\" data-src=\"https:\/\/www.modave.be\/wp-content\/uploads\/2023\/01\/Energie-scaled-e1735637759532.jpg\" loading=\"eager\" data-srcset=\"https:\/\/www.modave.be\/wp-content\/uploads\/2023\/01\/Energie-scaled-e1735637759532.jpg 2560w, https:\/\/www.modave.be\/wp-content\/uploads\/2023\/01\/Energie-scaled-e1735637759532-300x150.jpg 300w, https:\/\/www.modave.be\/wp-content\/uploads\/2023\/01\/Energie-scaled-e1735637759532-1024x512.jpg 1024w, https:\/\/www.modave.be\/wp-content\/uploads\/2023\/01\/Energie-scaled-e1735637759532-768x384.jpg 768w, https:\/\/www.modave.be\/wp-content\/uploads\/2023\/01\/Energie-scaled-e1735637759532-1536x768.jpg 1536w, https:\/\/www.modave.be\/wp-content\/uploads\/2023\/01\/Energie-scaled-e1735637759532-2048x1024.jpg 2048w\" \/><span class=\"the7-hover-icon\"><\/span><\/a>\t\t\t\t\t\t\t\t\t<\/div>\n\t\t\t\t\t\t\t\t\t\t\t\t\t\t\t\t<div class=\"post-entry-content\">\n\t\t\t\t\t\t\t\t\t<h5 class=\"heading\"><a href=\"https:\/\/www.modave.be\/index.php\/services_communaux\/energie-transition-en-condroz-projection-debat-le-29-avril\/\" rel=\"bookmark\" title=\"Energie &#8211; Transition en Condroz : projection-d\u00e9bat, le 29 avril\" class=\"post-title\">Energie &#8211; Transition en Condroz : projection-d\u00e9bat, le 29 avril<\/a><\/h5><div class=\"entry-meta\"><\/div><p class=\"short-description\">Une projection-d\u00e9bat est organis\u00e9e le&nbsp;29 avril 2019 \u00e0 20h Salle Bois Rosine \u00e0 Modave&nbsp;en collaboration avec&nbsp;Eole Modave, l&rsquo;Ecran des possibles&nbsp;et le&nbsp;Gal Pays des Condruses. Le documentaire projet\u00e9, \u00ab\u00a0Aujourd&rsquo;hui\u00a0\u00bb de Paul De Meersman (45 minutes) pr\u00e9sente diff\u00e9rentes initiatives citoyennes autour d&rsquo;Arlon. Il sera suivi d&rsquo;une discussion sur le th\u00e8me de la transition en Condroz.&nbsp; Des discussions&hellip;<\/p><a href=\"https:\/\/www.modave.be\/index.php\/services_communaux\/energie-transition-en-condroz-projection-debat-le-29-avril\/\" target=\"\" aria-label=\"En savoir plus sur Energie &#8211; Transition en Condroz : projection-d\u00e9bat, le 29 avril\" class=\"box-button elementor-button elementor-size-xs\">En savoir plus<i aria-hidden=\"true\" class=\"elementor-button-icon dt-icon-the7-arrow-552\"><\/i><\/a>\t\t\t\t\t\t\t\t<\/div>\n\t\t\t\t\t\t\t<\/div>\n\t\t\t\t\t\t<\/article>\n\t\t\t\t\t<\/div>\t\t\t\t\t\t\t\t\t\t<div class=\"wf-cell visible \">\n\t\t\t\t\t\t<article class=\"post visible wrapper post-11812 services_communaux type-services_communaux status-publish has-post-thumbnail hentry category-eole_modave description-off\">\n\n\t\t\t\t\t\t\t<div class=\"post-content-wrapper\">\n\t\t\t\t\t\t\t\t\t\t\t\t\t\t\t\t\t<div class=\"the7-simple-post-thumb\">\n\t\t\t\t\t\t\t\t\t\t<a class=\"post-thumbnail-rollover layzr-bg img-css-resize-wrapper\" aria-label=\"Image article\" href=\"https:\/\/www.modave.be\/index.php\/services_communaux\/info-eoliennes\/\"><img fetchpriority=\"high\" decoding=\"async\" width=\"2560\" height=\"1280\" src=\"data:image\/svg+xml,%3Csvg%20xmlns%3D&#039;http%3A%2F%2Fwww.w3.org%2F2000%2Fsvg&#039;%20viewBox%3D&#039;0%200%202560%201280&#039;%2F%3E\" class=\"attachment-full size-full preload-me aspect lazy lazy-load\" alt=\"\" sizes=\"(max-width: 2560px) 100vw, 2560px\" style=\"--ratio: 2560 \/ 1280;\" data-src=\"https:\/\/www.modave.be\/wp-content\/uploads\/2023\/01\/Energie-scaled-e1735637759532.jpg\" loading=\"eager\" data-srcset=\"https:\/\/www.modave.be\/wp-content\/uploads\/2023\/01\/Energie-scaled-e1735637759532.jpg 2560w, https:\/\/www.modave.be\/wp-content\/uploads\/2023\/01\/Energie-scaled-e1735637759532-300x150.jpg 300w, https:\/\/www.modave.be\/wp-content\/uploads\/2023\/01\/Energie-scaled-e1735637759532-1024x512.jpg 1024w, https:\/\/www.modave.be\/wp-content\/uploads\/2023\/01\/Energie-scaled-e1735637759532-768x384.jpg 768w, https:\/\/www.modave.be\/wp-content\/uploads\/2023\/01\/Energie-scaled-e1735637759532-1536x768.jpg 1536w, https:\/\/www.modave.be\/wp-content\/uploads\/2023\/01\/Energie-scaled-e1735637759532-2048x1024.jpg 2048w\" \/><span class=\"the7-hover-icon\"><\/span><\/a>\t\t\t\t\t\t\t\t\t<\/div>\n\t\t\t\t\t\t\t\t\t\t\t\t\t\t\t\t<div class=\"post-entry-content\">\n\t\t\t\t\t\t\t\t\t<h5 class=\"heading\"><a href=\"https:\/\/www.modave.be\/index.php\/services_communaux\/info-eoliennes\/\" rel=\"bookmark\" title=\"INFO \u00e9oliennes\" class=\"post-title\">INFO \u00e9oliennes<\/a><\/h5><div class=\"entry-meta\"><\/div><p class=\"short-description\">Pourquoi pas de lampes sur les \u00e9oliennes de Modave? Les lampes sur les \u00e9oliennes servent au balisage a\u00e9rien pour les avions, les h\u00e9licopt\u00e8res, etc. Ceci est r\u00e8gl\u00e9 par la D\u00e9fense pour le volet militaire et par Belgocontrol pour le volet civil.Ni l\u2019un, ni l\u2019autre, n\u2019ont impos\u00e9 ceci \u00e0 Modave car nous sommes en dehors des&hellip;<\/p><a href=\"https:\/\/www.modave.be\/index.php\/services_communaux\/info-eoliennes\/\" target=\"\" aria-label=\"En savoir plus sur INFO \u00e9oliennes\" class=\"box-button elementor-button elementor-size-xs\">En savoir plus<i aria-hidden=\"true\" class=\"elementor-button-icon dt-icon-the7-arrow-552\"><\/i><\/a>\t\t\t\t\t\t\t\t<\/div>\n\t\t\t\t\t\t\t<\/div>\n\t\t\t\t\t\t<\/article>\n\t\t\t\t\t<\/div>\t\t\t\t\t\t\t\t\t\t<div class=\"wf-cell visible \">\n\t\t\t\t\t\t<article class=\"post visible wrapper post-11813 services_communaux type-services_communaux status-publish has-post-thumbnail hentry category-eole_modave description-off\">\n\n\t\t\t\t\t\t\t<div class=\"post-content-wrapper\">\n\t\t\t\t\t\t\t\t\t\t\t\t\t\t\t\t\t<div class=\"the7-simple-post-thumb\">\n\t\t\t\t\t\t\t\t\t\t<a class=\"post-thumbnail-rollover layzr-bg img-css-resize-wrapper\" aria-label=\"Image article\" href=\"https:\/\/www.modave.be\/index.php\/services_communaux\/dans-la-presse\/\"><img fetchpriority=\"high\" decoding=\"async\" width=\"2560\" height=\"1280\" src=\"data:image\/svg+xml,%3Csvg%20xmlns%3D&#039;http%3A%2F%2Fwww.w3.org%2F2000%2Fsvg&#039;%20viewBox%3D&#039;0%200%202560%201280&#039;%2F%3E\" class=\"attachment-full size-full preload-me aspect lazy lazy-load\" alt=\"\" sizes=\"(max-width: 2560px) 100vw, 2560px\" style=\"--ratio: 2560 \/ 1280;\" data-src=\"https:\/\/www.modave.be\/wp-content\/uploads\/2023\/01\/Energie-scaled-e1735637759532.jpg\" loading=\"eager\" data-srcset=\"https:\/\/www.modave.be\/wp-content\/uploads\/2023\/01\/Energie-scaled-e1735637759532.jpg 2560w, https:\/\/www.modave.be\/wp-content\/uploads\/2023\/01\/Energie-scaled-e1735637759532-300x150.jpg 300w, https:\/\/www.modave.be\/wp-content\/uploads\/2023\/01\/Energie-scaled-e1735637759532-1024x512.jpg 1024w, https:\/\/www.modave.be\/wp-content\/uploads\/2023\/01\/Energie-scaled-e1735637759532-768x384.jpg 768w, https:\/\/www.modave.be\/wp-content\/uploads\/2023\/01\/Energie-scaled-e1735637759532-1536x768.jpg 1536w, https:\/\/www.modave.be\/wp-content\/uploads\/2023\/01\/Energie-scaled-e1735637759532-2048x1024.jpg 2048w\" \/><span class=\"the7-hover-icon\"><\/span><\/a>\t\t\t\t\t\t\t\t\t<\/div>\n\t\t\t\t\t\t\t\t\t\t\t\t\t\t\t\t<div class=\"post-entry-content\">\n\t\t\t\t\t\t\t\t\t<h5 class=\"heading\"><a href=\"https:\/\/www.modave.be\/index.php\/services_communaux\/dans-la-presse\/\" rel=\"bookmark\" title=\"Dans la presse\" class=\"post-title\">Dans la presse<\/a><\/h5><div class=\"entry-meta\"><\/div><p class=\"short-description\">RTBF INFO :&nbsp;juin 2018, inauguration du parc \u00e9olien :&nbsp;https:\/\/www.rtbf.be\/info\/regions\/liege\/detail_modave-inauguration-d-un-parc-eolien-public-et-citoyen?id=9953170 RTC LIEGE&nbsp;:&nbsp;mars 2018,&nbsp;reportage sur le montage de la WT1 du parc&nbsp;:&nbsp;https:\/\/www.rtc.be\/video\/info\/environnement\/modave-les-caprices-d-eole_1497944_325.html Nous vous informons que la soci\u00e9t\u00e9, en charge de la construction des 5 \u00e9oliennes, a d\u00e9but\u00e9 le chantier mi-ao\u00fbt 2017 .RTC LIEGE :&nbsp;mi-septembre 2017, visite du chantier :&nbsp;vid\u00e9o RTC RTC LIEGE&nbsp;:&nbsp;novembre 2016,&nbsp;http:\/\/www.rtc.be\/video\/info\/economie\/une-eolienne-communale-et-citoyenne-a-modave_1493123_325.html Presse en ligne&nbsp;:&hellip;<\/p><a href=\"https:\/\/www.modave.be\/index.php\/services_communaux\/dans-la-presse\/\" target=\"\" aria-label=\"En savoir plus sur Dans la presse\" class=\"box-button elementor-button elementor-size-xs\">En savoir plus<i aria-hidden=\"true\" class=\"elementor-button-icon dt-icon-the7-arrow-552\"><\/i><\/a>\t\t\t\t\t\t\t\t<\/div>\n\t\t\t\t\t\t\t<\/div>\n\t\t\t\t\t\t<\/article>\n\t\t\t\t\t<\/div>\t\t\t\t\t\t\t\t<\/div>\n\t\t<\/div>\t\t\t\t<\/div>\n\t\t\t\t<\/div>\n\t\t\t\t\t<\/div>\n\t\t<\/div>\n\t\t\t\t\t<\/div>\n\t\t<\/section>\n\t\t\t\t<\/div>\n\t\t","protected":false},"excerpt":{"rendered":"<p>Une coop\u00e9rative \u00e9olienne a vu le jour en janvier 2017 et exploitera d\u00e8s l\u2019\u00e9t\u00e9 2018 une \u00e9olienne de 3.2 MW \u00e0 Modave, dans un parc de 5 \u00e9oliennes avec Engie.<\/p>\n","protected":false},"author":1,"featured_media":12722,"parent":0,"menu_order":0,"comment_status":"closed","ping_status":"closed","template":"","meta":{"footnotes":""},"class_list":["post-11805","page","type-page","status-publish","has-post-thumbnail","hentry","description-off"],"yoast_head":"<!-- This site is optimized with the Yoast SEO plugin v27.6 - https:\/\/yoast.com\/product\/yoast-seo-wordpress\/ -->\n<title>Coop\u00e9ration citoyenne: Eole Modave - Commune de Modave<\/title>\n<meta name=\"robots\" content=\"index, follow, max-snippet:-1, max-image-preview:large, max-video-preview:-1\" \/>\n<link rel=\"canonical\" href=\"https:\/\/www.modave.be\/index.php\/cooperation-citoyenne-eole-modave\/\" \/>\n<meta property=\"og:locale\" content=\"fr_FR\" \/>\n<meta property=\"og:type\" content=\"article\" \/>\n<meta property=\"og:title\" content=\"Coop\u00e9ration citoyenne: Eole Modave - Commune de Modave\" \/>\n<meta property=\"og:description\" content=\"Une coop\u00e9rative \u00e9olienne a vu le jour en janvier 2017 et exploitera d\u00e8s l\u2019\u00e9t\u00e9 2018 une \u00e9olienne de 3.2 MW \u00e0 Modave, dans un parc de 5 \u00e9oliennes avec Engie.\" \/>\n<meta property=\"og:url\" content=\"https:\/\/www.modave.be\/index.php\/cooperation-citoyenne-eole-modave\/\" \/>\n<meta property=\"og:site_name\" content=\"Commune de Modave\" \/>\n<meta property=\"article:modified_time\" content=\"2023-12-05T13:06:37+00:00\" \/>\n<meta property=\"og:image\" content=\"https:\/\/www.modave.be\/wp-content\/uploads\/2023\/12\/2018-06-22-engie-0293-002-e1701781590238.jpg\" \/>\n\t<meta property=\"og:image:width\" content=\"510\" \/>\n\t<meta property=\"og:image:height\" content=\"414\" \/>\n\t<meta property=\"og:image:type\" content=\"image\/jpeg\" \/>\n<meta name=\"twitter:card\" content=\"summary_large_image\" \/>\n<script type=\"application\/ld+json\" class=\"yoast-schema-graph\">{\"@context\":\"https:\\\/\\\/schema.org\",\"@graph\":[{\"@type\":\"WebPage\",\"@id\":\"https:\\\/\\\/www.modave.be\\\/index.php\\\/cooperation-citoyenne-eole-modave\\\/\",\"url\":\"https:\\\/\\\/www.modave.be\\\/index.php\\\/cooperation-citoyenne-eole-modave\\\/\",\"name\":\"Coop\u00e9ration citoyenne: Eole Modave - Commune de Modave\",\"isPartOf\":{\"@id\":\"https:\\\/\\\/www.modave.be\\\/#website\"},\"primaryImageOfPage\":{\"@id\":\"https:\\\/\\\/www.modave.be\\\/index.php\\\/cooperation-citoyenne-eole-modave\\\/#primaryimage\"},\"image\":{\"@id\":\"https:\\\/\\\/www.modave.be\\\/index.php\\\/cooperation-citoyenne-eole-modave\\\/#primaryimage\"},\"thumbnailUrl\":\"https:\\\/\\\/www.modave.be\\\/wp-content\\\/uploads\\\/2023\\\/12\\\/2018-06-22-engie-0293-002-e1701781590238.jpg\",\"datePublished\":\"2023-03-07T14:09:32+00:00\",\"dateModified\":\"2023-12-05T13:06:37+00:00\",\"breadcrumb\":{\"@id\":\"https:\\\/\\\/www.modave.be\\\/index.php\\\/cooperation-citoyenne-eole-modave\\\/#breadcrumb\"},\"inLanguage\":\"fr-FR\",\"potentialAction\":[{\"@type\":\"ReadAction\",\"target\":[\"https:\\\/\\\/www.modave.be\\\/index.php\\\/cooperation-citoyenne-eole-modave\\\/\"]}]},{\"@type\":\"ImageObject\",\"inLanguage\":\"fr-FR\",\"@id\":\"https:\\\/\\\/www.modave.be\\\/index.php\\\/cooperation-citoyenne-eole-modave\\\/#primaryimage\",\"url\":\"https:\\\/\\\/www.modave.be\\\/wp-content\\\/uploads\\\/2023\\\/12\\\/2018-06-22-engie-0293-002-e1701781590238.jpg\",\"contentUrl\":\"https:\\\/\\\/www.modave.be\\\/wp-content\\\/uploads\\\/2023\\\/12\\\/2018-06-22-engie-0293-002-e1701781590238.jpg\",\"width\":510,\"height\":414},{\"@type\":\"BreadcrumbList\",\"@id\":\"https:\\\/\\\/www.modave.be\\\/index.php\\\/cooperation-citoyenne-eole-modave\\\/#breadcrumb\",\"itemListElement\":[{\"@type\":\"ListItem\",\"position\":1,\"name\":\"Accueil\",\"item\":\"https:\\\/\\\/www.modave.be\\\/\"},{\"@type\":\"ListItem\",\"position\":2,\"name\":\"Coop\u00e9ration citoyenne: Eole Modave\"}]},{\"@type\":\"WebSite\",\"@id\":\"https:\\\/\\\/www.modave.be\\\/#website\",\"url\":\"https:\\\/\\\/www.modave.be\\\/\",\"name\":\"Commune de Modave\",\"description\":\"Commune de Modave\",\"publisher\":{\"@id\":\"https:\\\/\\\/www.modave.be\\\/#organization\"},\"potentialAction\":[{\"@type\":\"SearchAction\",\"target\":{\"@type\":\"EntryPoint\",\"urlTemplate\":\"https:\\\/\\\/www.modave.be\\\/?s={search_term_string}\"},\"query-input\":{\"@type\":\"PropertyValueSpecification\",\"valueRequired\":true,\"valueName\":\"search_term_string\"}}],\"inLanguage\":\"fr-FR\"},{\"@type\":\"Organization\",\"@id\":\"https:\\\/\\\/www.modave.be\\\/#organization\",\"name\":\"Commune de Modave\",\"url\":\"https:\\\/\\\/www.modave.be\\\/\",\"logo\":{\"@type\":\"ImageObject\",\"inLanguage\":\"fr-FR\",\"@id\":\"https:\\\/\\\/www.modave.be\\\/#\\\/schema\\\/logo\\\/image\\\/\",\"url\":\"https:\\\/\\\/www.modave.be\\\/wp-content\\\/uploads\\\/2021\\\/12\\\/MODAVE_LOGO_HORIZONTAL_QUADRI_RVB.png\",\"contentUrl\":\"https:\\\/\\\/www.modave.be\\\/wp-content\\\/uploads\\\/2021\\\/12\\\/MODAVE_LOGO_HORIZONTAL_QUADRI_RVB.png\",\"width\":1200,\"height\":501,\"caption\":\"Commune de Modave\"},\"image\":{\"@id\":\"https:\\\/\\\/www.modave.be\\\/#\\\/schema\\\/logo\\\/image\\\/\"}}]}<\/script>\n<!-- \/ Yoast SEO plugin. -->","yoast_head_json":{"title":"Coop\u00e9ration citoyenne: Eole Modave - Commune de Modave","robots":{"index":"index","follow":"follow","max-snippet":"max-snippet:-1","max-image-preview":"max-image-preview:large","max-video-preview":"max-video-preview:-1"},"canonical":"https:\/\/www.modave.be\/index.php\/cooperation-citoyenne-eole-modave\/","og_locale":"fr_FR","og_type":"article","og_title":"Coop\u00e9ration citoyenne: Eole Modave - Commune de Modave","og_description":"Une coop\u00e9rative \u00e9olienne a vu le jour en janvier 2017 et exploitera d\u00e8s l\u2019\u00e9t\u00e9 2018 une \u00e9olienne de 3.2 MW \u00e0 Modave, dans un parc de 5 \u00e9oliennes avec Engie.","og_url":"https:\/\/www.modave.be\/index.php\/cooperation-citoyenne-eole-modave\/","og_site_name":"Commune de Modave","article_modified_time":"2023-12-05T13:06:37+00:00","og_image":[{"width":510,"height":414,"url":"https:\/\/www.modave.be\/wp-content\/uploads\/2023\/12\/2018-06-22-engie-0293-002-e1701781590238.jpg","type":"image\/jpeg"}],"twitter_card":"summary_large_image","schema":{"@context":"https:\/\/schema.org","@graph":[{"@type":"WebPage","@id":"https:\/\/www.modave.be\/index.php\/cooperation-citoyenne-eole-modave\/","url":"https:\/\/www.modave.be\/index.php\/cooperation-citoyenne-eole-modave\/","name":"Coop\u00e9ration citoyenne: Eole Modave - Commune de Modave","isPartOf":{"@id":"https:\/\/www.modave.be\/#website"},"primaryImageOfPage":{"@id":"https:\/\/www.modave.be\/index.php\/cooperation-citoyenne-eole-modave\/#primaryimage"},"image":{"@id":"https:\/\/www.modave.be\/index.php\/cooperation-citoyenne-eole-modave\/#primaryimage"},"thumbnailUrl":"https:\/\/www.modave.be\/wp-content\/uploads\/2023\/12\/2018-06-22-engie-0293-002-e1701781590238.jpg","datePublished":"2023-03-07T14:09:32+00:00","dateModified":"2023-12-05T13:06:37+00:00","breadcrumb":{"@id":"https:\/\/www.modave.be\/index.php\/cooperation-citoyenne-eole-modave\/#breadcrumb"},"inLanguage":"fr-FR","potentialAction":[{"@type":"ReadAction","target":["https:\/\/www.modave.be\/index.php\/cooperation-citoyenne-eole-modave\/"]}]},{"@type":"ImageObject","inLanguage":"fr-FR","@id":"https:\/\/www.modave.be\/index.php\/cooperation-citoyenne-eole-modave\/#primaryimage","url":"https:\/\/www.modave.be\/wp-content\/uploads\/2023\/12\/2018-06-22-engie-0293-002-e1701781590238.jpg","contentUrl":"https:\/\/www.modave.be\/wp-content\/uploads\/2023\/12\/2018-06-22-engie-0293-002-e1701781590238.jpg","width":510,"height":414},{"@type":"BreadcrumbList","@id":"https:\/\/www.modave.be\/index.php\/cooperation-citoyenne-eole-modave\/#breadcrumb","itemListElement":[{"@type":"ListItem","position":1,"name":"Accueil","item":"https:\/\/www.modave.be\/"},{"@type":"ListItem","position":2,"name":"Coop\u00e9ration citoyenne: Eole Modave"}]},{"@type":"WebSite","@id":"https:\/\/www.modave.be\/#website","url":"https:\/\/www.modave.be\/","name":"Commune de Modave","description":"Commune de Modave","publisher":{"@id":"https:\/\/www.modave.be\/#organization"},"potentialAction":[{"@type":"SearchAction","target":{"@type":"EntryPoint","urlTemplate":"https:\/\/www.modave.be\/?s={search_term_string}"},"query-input":{"@type":"PropertyValueSpecification","valueRequired":true,"valueName":"search_term_string"}}],"inLanguage":"fr-FR"},{"@type":"Organization","@id":"https:\/\/www.modave.be\/#organization","name":"Commune de Modave","url":"https:\/\/www.modave.be\/","logo":{"@type":"ImageObject","inLanguage":"fr-FR","@id":"https:\/\/www.modave.be\/#\/schema\/logo\/image\/","url":"https:\/\/www.modave.be\/wp-content\/uploads\/2021\/12\/MODAVE_LOGO_HORIZONTAL_QUADRI_RVB.png","contentUrl":"https:\/\/www.modave.be\/wp-content\/uploads\/2021\/12\/MODAVE_LOGO_HORIZONTAL_QUADRI_RVB.png","width":1200,"height":501,"caption":"Commune de Modave"},"image":{"@id":"https:\/\/www.modave.be\/#\/schema\/logo\/image\/"}}]}},"_links":{"self":[{"href":"https:\/\/www.modave.be\/index.php\/wp-json\/wp\/v2\/pages\/11805","targetHints":{"allow":["GET"]}}],"collection":[{"href":"https:\/\/www.modave.be\/index.php\/wp-json\/wp\/v2\/pages"}],"about":[{"href":"https:\/\/www.modave.be\/index.php\/wp-json\/wp\/v2\/types\/page"}],"author":[{"embeddable":true,"href":"https:\/\/www.modave.be\/index.php\/wp-json\/wp\/v2\/users\/1"}],"replies":[{"embeddable":true,"href":"https:\/\/www.modave.be\/index.php\/wp-json\/wp\/v2\/comments?post=11805"}],"version-history":[{"count":0,"href":"https:\/\/www.modave.be\/index.php\/wp-json\/wp\/v2\/pages\/11805\/revisions"}],"wp:featuredmedia":[{"embeddable":true,"href":"https:\/\/www.modave.be\/index.php\/wp-json\/wp\/v2\/media\/12722"}],"wp:attachment":[{"href":"https:\/\/www.modave.be\/index.php\/wp-json\/wp\/v2\/media?parent=11805"}],"curies":[{"name":"wp","href":"https:\/\/api.w.org\/{rel}","templated":true}]}}