{"id":11276,"date":"2023-02-21T16:20:25","date_gmt":"2023-02-21T15:20:25","guid":{"rendered":"http:\/\/217.182.142.226\/?post_type=services_communaux&#038;p=11276"},"modified":"2024-02-20T13:05:42","modified_gmt":"2024-02-20T12:05:42","slug":"reprise-session-jcpmf-speciale-ados-12-18-ans-r-v-le-28-septembre","status":"publish","type":"services_communaux","link":"https:\/\/www.modave.be\/index.php\/services_communaux\/reprise-session-jcpmf-speciale-ados-12-18-ans-r-v-le-28-septembre\/","title":{"rendered":"Reprise session JCPMF  d\u00e9but mars 2024"},"content":{"rendered":"\n<p><\/p>\n\n\n\n<p>RDV pour le niveau <strong>0-5 kms le mardi 5 mars \u00e0 18h<\/strong> au d\u00e9part du complexe sportif de Vierset<\/p>\n\n\n\n<p>RDV pour le niveau <strong>5-10 le mercredi 6 mars \u00e0 18h<\/strong> au d\u00e9part du complexe sportif de Vierset.<\/p>\n\n\n\n<p>Frais inscriptions de 5 euros pour les 12-17 ans et 25 euros pour les adultes 12 s\u00e9ances encadr\u00e9es.<\/p>\n\n\n\n<p>Infos et inscriptions\u00a0: T\u00e9l. 085\/41 02 20 ext.5 &#8211; <a href=\"mailto:sportsloisirs@modave.be\">sportsloisirs@modave.be<\/a>. <\/p>\n\n\n\n<p>Renseignements sportifs\u00a0: T\u00e9l. 0495\/16 67 85\u00a0\u2013 Christophe Henry<\/p>\n\n\n\n<p><strong>Inscription via\u00a0le formulaire\u00a0:<\/strong><\/p>\n\n\n\n<div class=\"wp-block-file\"><a id=\"wp-block-file--media-ca62130f-bc02-4350-a289-3f30833fcde7\" href=\"https:\/\/www.modave.be\/wp-content\/uploads\/2023\/02\/fiche-inscription-ados.docx\">fiche inscription ados<\/a><a href=\"https:\/\/www.modave.be\/wp-content\/uploads\/2023\/02\/fiche-inscription-ados.docx\" class=\"wp-block-file__button wp-element-button\" download aria-describedby=\"wp-block-file--media-ca62130f-bc02-4350-a289-3f30833fcde7\">T\u00e9l\u00e9charger<\/a><\/div>\n\n\n\n<div class=\"wp-block-file\"><a id=\"wp-block-file--media-e65389b7-bd0a-46c8-97f1-1a40590c10d8\" href=\"https:\/\/www.modave.be\/wp-content\/uploads\/2023\/02\/fiche-inscription-adultes.docx\">fiche inscription adultes<\/a><a href=\"https:\/\/www.modave.be\/wp-content\/uploads\/2023\/02\/fiche-inscription-adultes.docx\" class=\"wp-block-file__button wp-element-button\" download aria-describedby=\"wp-block-file--media-e65389b7-bd0a-46c8-97f1-1a40590c10d8\">T\u00e9l\u00e9charger<\/a><\/div>\n\n\n\n<p>GRATUIT<\/p>\n\n\n\n<p>Demande d&rsquo;info par mail\u00a0:\u00a0<a href=\"mailto:sportsloisirs@modave.be\">sportsloisirs@modave.be<\/a><\/p>\n","protected":false},"excerpt":{"rendered":"<p>RDV pour le niveau 0-5 kms le mardi 5 mars \u00e0 18h au d\u00e9part du complexe sportif de Vierset RDV pour le niveau 5-10 le mercredi 6 mars \u00e0 18h au d\u00e9part du complexe sportif de Vierset. Frais inscriptions de 5 euros pour les 12-17 ans et 25 euros pour les adultes 12 s\u00e9ances encadr\u00e9es.&hellip;<\/p>\n","protected":false},"author":1,"featured_media":10508,"menu_order":0,"template":"","categories":[206],"class_list":["post-11276","services_communaux","type-services_communaux","status-publish","has-post-thumbnail","hentry","category-sports_et_loisirs","description-off"],"yoast_head":"<!-- This site is optimized with the Yoast SEO plugin v27.5 - https:\/\/yoast.com\/product\/yoast-seo-wordpress\/ -->\n<title>Reprise session JCPMF d\u00e9but mars 2024 - Commune de Modave<\/title>\n<meta name=\"robots\" content=\"index, follow, max-snippet:-1, max-image-preview:large, max-video-preview:-1\" \/>\n<link rel=\"canonical\" href=\"https:\/\/www.modave.be\/index.php\/services_communaux\/reprise-session-jcpmf-speciale-ados-12-18-ans-r-v-le-28-septembre\/\" \/>\n<meta property=\"og:locale\" content=\"fr_FR\" \/>\n<meta property=\"og:type\" content=\"article\" \/>\n<meta property=\"og:title\" content=\"Reprise session JCPMF d\u00e9but mars 2024 - Commune de Modave\" \/>\n<meta property=\"og:description\" content=\"RDV pour le niveau 0-5 kms le mardi 5 mars \u00e0 18h au d\u00e9part du complexe sportif de Vierset RDV pour le niveau 5-10 le mercredi 6 mars \u00e0 18h au d\u00e9part du complexe sportif de Vierset. Frais inscriptions de 5 euros pour les 12-17 ans et 25 euros pour les adultes 12 s\u00e9ances encadr\u00e9es.&hellip;\" \/>\n<meta property=\"og:url\" content=\"https:\/\/www.modave.be\/index.php\/services_communaux\/reprise-session-jcpmf-speciale-ados-12-18-ans-r-v-le-28-septembre\/\" \/>\n<meta property=\"og:site_name\" content=\"Commune de Modave\" \/>\n<meta property=\"article:modified_time\" content=\"2024-02-20T12:05:42+00:00\" \/>\n<meta property=\"og:image\" content=\"https:\/\/www.modave.be\/wp-content\/uploads\/2023\/01\/ADEPS-scaled.jpg\" \/>\n\t<meta property=\"og:image:width\" content=\"2560\" \/>\n\t<meta property=\"og:image:height\" content=\"1707\" \/>\n\t<meta property=\"og:image:type\" content=\"image\/jpeg\" \/>\n<meta name=\"twitter:card\" content=\"summary_large_image\" \/>\n<script type=\"application\/ld+json\" class=\"yoast-schema-graph\">{\"@context\":\"https:\\\/\\\/schema.org\",\"@graph\":[{\"@type\":\"WebPage\",\"@id\":\"https:\\\/\\\/www.modave.be\\\/index.php\\\/services_communaux\\\/reprise-session-jcpmf-speciale-ados-12-18-ans-r-v-le-28-septembre\\\/\",\"url\":\"https:\\\/\\\/www.modave.be\\\/index.php\\\/services_communaux\\\/reprise-session-jcpmf-speciale-ados-12-18-ans-r-v-le-28-septembre\\\/\",\"name\":\"Reprise session JCPMF d\u00e9but mars 2024 - Commune de Modave\",\"isPartOf\":{\"@id\":\"https:\\\/\\\/www.modave.be\\\/#website\"},\"primaryImageOfPage\":{\"@id\":\"https:\\\/\\\/www.modave.be\\\/index.php\\\/services_communaux\\\/reprise-session-jcpmf-speciale-ados-12-18-ans-r-v-le-28-septembre\\\/#primaryimage\"},\"image\":{\"@id\":\"https:\\\/\\\/www.modave.be\\\/index.php\\\/services_communaux\\\/reprise-session-jcpmf-speciale-ados-12-18-ans-r-v-le-28-septembre\\\/#primaryimage\"},\"thumbnailUrl\":\"https:\\\/\\\/www.modave.be\\\/wp-content\\\/uploads\\\/2023\\\/01\\\/ADEPS-scaled.jpg\",\"datePublished\":\"2023-02-21T15:20:25+00:00\",\"dateModified\":\"2024-02-20T12:05:42+00:00\",\"breadcrumb\":{\"@id\":\"https:\\\/\\\/www.modave.be\\\/index.php\\\/services_communaux\\\/reprise-session-jcpmf-speciale-ados-12-18-ans-r-v-le-28-septembre\\\/#breadcrumb\"},\"inLanguage\":\"fr-FR\",\"potentialAction\":[{\"@type\":\"ReadAction\",\"target\":[\"https:\\\/\\\/www.modave.be\\\/index.php\\\/services_communaux\\\/reprise-session-jcpmf-speciale-ados-12-18-ans-r-v-le-28-septembre\\\/\"]}]},{\"@type\":\"ImageObject\",\"inLanguage\":\"fr-FR\",\"@id\":\"https:\\\/\\\/www.modave.be\\\/index.php\\\/services_communaux\\\/reprise-session-jcpmf-speciale-ados-12-18-ans-r-v-le-28-septembre\\\/#primaryimage\",\"url\":\"https:\\\/\\\/www.modave.be\\\/wp-content\\\/uploads\\\/2023\\\/01\\\/ADEPS-scaled.jpg\",\"contentUrl\":\"https:\\\/\\\/www.modave.be\\\/wp-content\\\/uploads\\\/2023\\\/01\\\/ADEPS-scaled.jpg\",\"width\":2560,\"height\":1707},{\"@type\":\"BreadcrumbList\",\"@id\":\"https:\\\/\\\/www.modave.be\\\/index.php\\\/services_communaux\\\/reprise-session-jcpmf-speciale-ados-12-18-ans-r-v-le-28-septembre\\\/#breadcrumb\",\"itemListElement\":[{\"@type\":\"ListItem\",\"position\":1,\"name\":\"Accueil\",\"item\":\"https:\\\/\\\/www.modave.be\\\/\"},{\"@type\":\"ListItem\",\"position\":2,\"name\":\"Reprise session JCPMF d\u00e9but mars 2024\"}]},{\"@type\":\"WebSite\",\"@id\":\"https:\\\/\\\/www.modave.be\\\/#website\",\"url\":\"https:\\\/\\\/www.modave.be\\\/\",\"name\":\"Commune de Modave\",\"description\":\"Commune de Modave\",\"publisher\":{\"@id\":\"https:\\\/\\\/www.modave.be\\\/#organization\"},\"potentialAction\":[{\"@type\":\"SearchAction\",\"target\":{\"@type\":\"EntryPoint\",\"urlTemplate\":\"https:\\\/\\\/www.modave.be\\\/?s={search_term_string}\"},\"query-input\":{\"@type\":\"PropertyValueSpecification\",\"valueRequired\":true,\"valueName\":\"search_term_string\"}}],\"inLanguage\":\"fr-FR\"},{\"@type\":\"Organization\",\"@id\":\"https:\\\/\\\/www.modave.be\\\/#organization\",\"name\":\"Commune de Modave\",\"url\":\"https:\\\/\\\/www.modave.be\\\/\",\"logo\":{\"@type\":\"ImageObject\",\"inLanguage\":\"fr-FR\",\"@id\":\"https:\\\/\\\/www.modave.be\\\/#\\\/schema\\\/logo\\\/image\\\/\",\"url\":\"https:\\\/\\\/www.modave.be\\\/wp-content\\\/uploads\\\/2021\\\/12\\\/MODAVE_LOGO_HORIZONTAL_QUADRI_RVB.png\",\"contentUrl\":\"https:\\\/\\\/www.modave.be\\\/wp-content\\\/uploads\\\/2021\\\/12\\\/MODAVE_LOGO_HORIZONTAL_QUADRI_RVB.png\",\"width\":1200,\"height\":501,\"caption\":\"Commune de Modave\"},\"image\":{\"@id\":\"https:\\\/\\\/www.modave.be\\\/#\\\/schema\\\/logo\\\/image\\\/\"}}]}<\/script>\n<!-- \/ Yoast SEO plugin. -->","yoast_head_json":{"title":"Reprise session JCPMF d\u00e9but mars 2024 - Commune de Modave","robots":{"index":"index","follow":"follow","max-snippet":"max-snippet:-1","max-image-preview":"max-image-preview:large","max-video-preview":"max-video-preview:-1"},"canonical":"https:\/\/www.modave.be\/index.php\/services_communaux\/reprise-session-jcpmf-speciale-ados-12-18-ans-r-v-le-28-septembre\/","og_locale":"fr_FR","og_type":"article","og_title":"Reprise session JCPMF d\u00e9but mars 2024 - Commune de Modave","og_description":"RDV pour le niveau 0-5 kms le mardi 5 mars \u00e0 18h au d\u00e9part du complexe sportif de Vierset RDV pour le niveau 5-10 le mercredi 6 mars \u00e0 18h au d\u00e9part du complexe sportif de Vierset. Frais inscriptions de 5 euros pour les 12-17 ans et 25 euros pour les adultes 12 s\u00e9ances encadr\u00e9es.&hellip;","og_url":"https:\/\/www.modave.be\/index.php\/services_communaux\/reprise-session-jcpmf-speciale-ados-12-18-ans-r-v-le-28-septembre\/","og_site_name":"Commune de Modave","article_modified_time":"2024-02-20T12:05:42+00:00","og_image":[{"width":2560,"height":1707,"url":"https:\/\/www.modave.be\/wp-content\/uploads\/2023\/01\/ADEPS-scaled.jpg","type":"image\/jpeg"}],"twitter_card":"summary_large_image","schema":{"@context":"https:\/\/schema.org","@graph":[{"@type":"WebPage","@id":"https:\/\/www.modave.be\/index.php\/services_communaux\/reprise-session-jcpmf-speciale-ados-12-18-ans-r-v-le-28-septembre\/","url":"https:\/\/www.modave.be\/index.php\/services_communaux\/reprise-session-jcpmf-speciale-ados-12-18-ans-r-v-le-28-septembre\/","name":"Reprise session JCPMF d\u00e9but mars 2024 - Commune de Modave","isPartOf":{"@id":"https:\/\/www.modave.be\/#website"},"primaryImageOfPage":{"@id":"https:\/\/www.modave.be\/index.php\/services_communaux\/reprise-session-jcpmf-speciale-ados-12-18-ans-r-v-le-28-septembre\/#primaryimage"},"image":{"@id":"https:\/\/www.modave.be\/index.php\/services_communaux\/reprise-session-jcpmf-speciale-ados-12-18-ans-r-v-le-28-septembre\/#primaryimage"},"thumbnailUrl":"https:\/\/www.modave.be\/wp-content\/uploads\/2023\/01\/ADEPS-scaled.jpg","datePublished":"2023-02-21T15:20:25+00:00","dateModified":"2024-02-20T12:05:42+00:00","breadcrumb":{"@id":"https:\/\/www.modave.be\/index.php\/services_communaux\/reprise-session-jcpmf-speciale-ados-12-18-ans-r-v-le-28-septembre\/#breadcrumb"},"inLanguage":"fr-FR","potentialAction":[{"@type":"ReadAction","target":["https:\/\/www.modave.be\/index.php\/services_communaux\/reprise-session-jcpmf-speciale-ados-12-18-ans-r-v-le-28-septembre\/"]}]},{"@type":"ImageObject","inLanguage":"fr-FR","@id":"https:\/\/www.modave.be\/index.php\/services_communaux\/reprise-session-jcpmf-speciale-ados-12-18-ans-r-v-le-28-septembre\/#primaryimage","url":"https:\/\/www.modave.be\/wp-content\/uploads\/2023\/01\/ADEPS-scaled.jpg","contentUrl":"https:\/\/www.modave.be\/wp-content\/uploads\/2023\/01\/ADEPS-scaled.jpg","width":2560,"height":1707},{"@type":"BreadcrumbList","@id":"https:\/\/www.modave.be\/index.php\/services_communaux\/reprise-session-jcpmf-speciale-ados-12-18-ans-r-v-le-28-septembre\/#breadcrumb","itemListElement":[{"@type":"ListItem","position":1,"name":"Accueil","item":"https:\/\/www.modave.be\/"},{"@type":"ListItem","position":2,"name":"Reprise session JCPMF d\u00e9but mars 2024"}]},{"@type":"WebSite","@id":"https:\/\/www.modave.be\/#website","url":"https:\/\/www.modave.be\/","name":"Commune de Modave","description":"Commune de Modave","publisher":{"@id":"https:\/\/www.modave.be\/#organization"},"potentialAction":[{"@type":"SearchAction","target":{"@type":"EntryPoint","urlTemplate":"https:\/\/www.modave.be\/?s={search_term_string}"},"query-input":{"@type":"PropertyValueSpecification","valueRequired":true,"valueName":"search_term_string"}}],"inLanguage":"fr-FR"},{"@type":"Organization","@id":"https:\/\/www.modave.be\/#organization","name":"Commune de Modave","url":"https:\/\/www.modave.be\/","logo":{"@type":"ImageObject","inLanguage":"fr-FR","@id":"https:\/\/www.modave.be\/#\/schema\/logo\/image\/","url":"https:\/\/www.modave.be\/wp-content\/uploads\/2021\/12\/MODAVE_LOGO_HORIZONTAL_QUADRI_RVB.png","contentUrl":"https:\/\/www.modave.be\/wp-content\/uploads\/2021\/12\/MODAVE_LOGO_HORIZONTAL_QUADRI_RVB.png","width":1200,"height":501,"caption":"Commune de Modave"},"image":{"@id":"https:\/\/www.modave.be\/#\/schema\/logo\/image\/"}}]}},"_links":{"self":[{"href":"https:\/\/www.modave.be\/index.php\/wp-json\/wp\/v2\/services_communaux\/11276","targetHints":{"allow":["GET"]}}],"collection":[{"href":"https:\/\/www.modave.be\/index.php\/wp-json\/wp\/v2\/services_communaux"}],"about":[{"href":"https:\/\/www.modave.be\/index.php\/wp-json\/wp\/v2\/types\/services_communaux"}],"author":[{"embeddable":true,"href":"https:\/\/www.modave.be\/index.php\/wp-json\/wp\/v2\/users\/1"}],"wp:featuredmedia":[{"embeddable":true,"href":"https:\/\/www.modave.be\/index.php\/wp-json\/wp\/v2\/media\/10508"}],"wp:attachment":[{"href":"https:\/\/www.modave.be\/index.php\/wp-json\/wp\/v2\/media?parent=11276"}],"wp:term":[{"taxonomy":"category","embeddable":true,"href":"https:\/\/www.modave.be\/index.php\/wp-json\/wp\/v2\/categories?post=11276"}],"curies":[{"name":"wp","href":"https:\/\/api.w.org\/{rel}","templated":true}]}}

Reprise session JCPMF  début mars 2024

<p></p>



<p>RDV pour le niveau <strong>0-5 kms le mardi 5 mars à 18h</strong> au départ du complexe sportif de Vierset</p>



<p>RDV pour le niveau <strong>5-10 le mercredi 6 mars à 18h</strong> au départ du complexe sportif de Vierset.</p>



<p>Frais inscriptions de 5 euros pour les 12-17 ans et 25 euros pour les adultes 12 séances encadrées.</p>



<p>Infos et inscriptions : Tél. 085/41 02 20 ext.5 &#8211; <a href="mailto:sportsloisirs@modave.be">sportsloisirs@modave.be</a>. </p>



<p>Renseignements sportifs : Tél. 0495/16 67 85 – Christophe Henry</p>



<p><strong>Inscription via le formulaire :</strong></p>



<div class="wp-block-file"><a id="wp-block-file--media-ca62130f-bc02-4350-a289-3f30833fcde7" href="https://www.modave.be/wp-content/uploads/2023/02/fiche-inscription-ados.docx">fiche inscription ados</a><a href="https://www.modave.be/wp-content/uploads/2023/02/fiche-inscription-ados.docx" class="wp-block-file__button wp-element-button" download aria-describedby="wp-block-file--media-ca62130f-bc02-4350-a289-3f30833fcde7">Télécharger</a></div>



<div class="wp-block-file"><a id="wp-block-file--media-e65389b7-bd0a-46c8-97f1-1a40590c10d8" href="https://www.modave.be/wp-content/uploads/2023/02/fiche-inscription-adultes.docx">fiche inscription adultes</a><a href="https://www.modave.be/wp-content/uploads/2023/02/fiche-inscription-adultes.docx" class="wp-block-file__button wp-element-button" download aria-describedby="wp-block-file--media-e65389b7-bd0a-46c8-97f1-1a40590c10d8">Télécharger</a></div>



<p>GRATUIT</p>



<p>Demande d&rsquo;info par mail : <a href="mailto:sportsloisirs@modave.be">sportsloisirs@modave.be</a></p>

<p>RDV pour le niveau 0-5 kms le mardi 5 mars à 18h au départ du complexe sportif de Vierset RDV pour le niveau 5-10 le mercredi 6 mars à 18h au départ du complexe sportif de Vierset. Frais inscriptions de 5 euros pour les 12-17 ans et 25 euros pour les adultes 12 séances encadrées.&hellip;</p>

<!-- This site is optimized with the Yoast SEO plugin v27.5 - https://yoast.com/product/yoast-seo-wordpress/ -->
<title>Reprise session JCPMF début mars 2024 - Commune de Modave</title>
<meta name="robots" content="index, follow, max-snippet:-1, max-image-preview:large, max-video-preview:-1" />
<link rel="canonical" href="https://www.modave.be/index.php/services_communaux/reprise-session-jcpmf-speciale-ados-12-18-ans-r-v-le-28-septembre/" />
<meta property="og:locale" content="fr_FR" />
<meta property="og:type" content="article" />
<meta property="og:title" content="Reprise session JCPMF début mars 2024 - Commune de Modave" />
<meta property="og:description" content="RDV pour le niveau 0-5 kms le mardi 5 mars à 18h au départ du complexe sportif de Vierset RDV pour le niveau 5-10 le mercredi 6 mars à 18h au départ du complexe sportif de Vierset. Frais inscriptions de 5 euros pour les 12-17 ans et 25 euros pour les adultes 12 séances encadrées.&hellip;" />
<meta property="og:url" content="https://www.modave.be/index.php/services_communaux/reprise-session-jcpmf-speciale-ados-12-18-ans-r-v-le-28-septembre/" />
<meta property="og:site_name" content="Commune de Modave" />
<meta property="article:modified_time" content="2024-02-20T12:05:42+00:00" />
<meta property="og:image" content="https://www.modave.be/wp-content/uploads/2023/01/ADEPS-scaled.jpg" />
	<meta property="og:image:width" content="2560" />
	<meta property="og:image:height" content="1707" />
	<meta property="og:image:type" content="image/jpeg" />
<meta name="twitter:card" content="summary_large_image" />
<script type="application/ld+json" class="yoast-schema-graph">{"@context":"https:\/\/schema.org","@graph":[{"@type":"WebPage","@id":"https:\/\/www.modave.be\/index.php\/services_communaux\/reprise-session-jcpmf-speciale-ados-12-18-ans-r-v-le-28-septembre\/","url":"https:\/\/www.modave.be\/index.php\/services_communaux\/reprise-session-jcpmf-speciale-ados-12-18-ans-r-v-le-28-septembre\/","name":"Reprise session JCPMF début mars 2024 - Commune de Modave","isPartOf":{"@id":"https:\/\/www.modave.be\/#website"},"primaryImageOfPage":{"@id":"https:\/\/www.modave.be\/index.php\/services_communaux\/reprise-session-jcpmf-speciale-ados-12-18-ans-r-v-le-28-septembre\/#primaryimage"},"image":{"@id":"https:\/\/www.modave.be\/index.php\/services_communaux\/reprise-session-jcpmf-speciale-ados-12-18-ans-r-v-le-28-septembre\/#primaryimage"},"thumbnailUrl":"https:\/\/www.modave.be\/wp-content\/uploads\/2023\/01\/ADEPS-scaled.jpg","datePublished":"2023-02-21T15:20:25+00:00","dateModified":"2024-02-20T12:05:42+00:00","breadcrumb":{"@id":"https:\/\/www.modave.be\/index.php\/services_communaux\/reprise-session-jcpmf-speciale-ados-12-18-ans-r-v-le-28-septembre\/#breadcrumb"},"inLanguage":"fr-FR","potentialAction":[{"@type":"ReadAction","target":["https:\/\/www.modave.be\/index.php\/services_communaux\/reprise-session-jcpmf-speciale-ados-12-18-ans-r-v-le-28-septembre\/"]}]},{"@type":"ImageObject","inLanguage":"fr-FR","@id":"https:\/\/www.modave.be\/index.php\/services_communaux\/reprise-session-jcpmf-speciale-ados-12-18-ans-r-v-le-28-septembre\/#primaryimage","url":"https:\/\/www.modave.be\/wp-content\/uploads\/2023\/01\/ADEPS-scaled.jpg","contentUrl":"https:\/\/www.modave.be\/wp-content\/uploads\/2023\/01\/ADEPS-scaled.jpg","width":2560,"height":1707},{"@type":"BreadcrumbList","@id":"https:\/\/www.modave.be\/index.php\/services_communaux\/reprise-session-jcpmf-speciale-ados-12-18-ans-r-v-le-28-septembre\/#breadcrumb","itemListElement":[{"@type":"ListItem","position":1,"name":"Accueil","item":"https:\/\/www.modave.be\/"},{"@type":"ListItem","position":2,"name":"Reprise session JCPMF début mars 2024"}]},{"@type":"WebSite","@id":"https:\/\/www.modave.be\/#website","url":"https:\/\/www.modave.be\/","name":"Commune de Modave","description":"Commune de Modave","publisher":{"@id":"https:\/\/www.modave.be\/#organization"},"potentialAction":[{"@type":"SearchAction","target":{"@type":"EntryPoint","urlTemplate":"https:\/\/www.modave.be\/?s={search_term_string}"},"query-input":{"@type":"PropertyValueSpecification","valueRequired":true,"valueName":"search_term_string"}}],"inLanguage":"fr-FR"},{"@type":"Organization","@id":"https:\/\/www.modave.be\/#organization","name":"Commune de Modave","url":"https:\/\/www.modave.be\/","logo":{"@type":"ImageObject","inLanguage":"fr-FR","@id":"https:\/\/www.modave.be\/#\/schema\/logo\/image\/","url":"https:\/\/www.modave.be\/wp-content\/uploads\/2021\/12\/MODAVE_LOGO_HORIZONTAL_QUADRI_RVB.png","contentUrl":"https:\/\/www.modave.be\/wp-content\/uploads\/2021\/12\/MODAVE_LOGO_HORIZONTAL_QUADRI_RVB.png","width":1200,"height":501,"caption":"Commune de Modave"},"image":{"@id":"https:\/\/www.modave.be\/#\/schema\/logo\/image\/"}}]}</script>
<!-- / Yoast SEO plugin. -->

Reprise session JCPMF début mars 2024 - Commune de Modave

RDV pour le niveau 0-5 kms le mardi 5 mars à 18h au départ du complexe sportif de Vierset RDV pour le niveau 5-10 le mercredi 6 mars à 18h au départ du complexe sportif de Vierset. Frais inscriptions de 5 euros pour les 12-17 ans et 25 euros pour les adultes 12 séances encadrées.&hellip;

Reprise session JCPMF début mars 2024
