{"id":11677,"date":"2019-12-06T09:07:59","date_gmt":"2019-12-06T08:07:59","guid":{"rendered":"http:\/\/217.182.142.226\/?post_type=services_communaux&#038;p=11677"},"modified":"2023-03-07T09:08:18","modified_gmt":"2023-03-07T08:08:18","slug":"un-luminaire-public-en-panne-signalez-le-a-resa","status":"publish","type":"services_communaux","link":"https:\/\/www.modave.be\/index.php\/services_communaux\/un-luminaire-public-en-panne-signalez-le-a-resa\/","title":{"rendered":"UN LUMINAIRE PUBLIC EN PANNE ? Signalez-le \u00e0 RESA"},"content":{"rendered":"\n<p>Chaque ann\u00e9e, RESA, gestionnaire de l\u2019entretien de l\u2019\u00e9clairage public pour notre commune, effectue des visites de maintenance pour proc\u00e9der au remplacement des ampoules d\u00e9fectueuses.<\/p>\n\n\n\n<p>La prochaine visite \u00e0 Modave est planifi\u00e9e la semaine prochaine.<\/p>\n\n\n\n<p>Vous pouvez donc signaler les points lumineux d\u00e9fectueux directement aupr\u00e8s de RESA via le formulaire sur&nbsp;<a href=\"http:\/\/www.resa.be\/eclairage-public\/signaler-un-probleme\/\">http:\/\/www.resa.be\/eclairage-public\/signaler-un-probleme\/<\/a>, ou par t\u00e9l\u00e9phone 04\/220 12 11.<br><strong>ATTENTION, veillez \u00e0 pr\u00e9ciser la situation du point en question ainsi que le num\u00e9ro du poteau d\u00e9fectueux (\u00e0 relever sur la plaquette) sans quoi RESA n&rsquo;interviendra pas.<\/strong><\/p>\n","protected":false},"excerpt":{"rendered":"<p>Chaque ann\u00e9e, RESA, gestionnaire de l\u2019entretien de l\u2019\u00e9clairage public pour notre commune, effectue des visites de maintenance pour proc\u00e9der au remplacement des ampoules d\u00e9fectueuses. La prochaine visite \u00e0 Modave est planifi\u00e9e la semaine prochaine. Vous pouvez donc signaler les points lumineux d\u00e9fectueux directement aupr\u00e8s de RESA via le formulaire sur&nbsp;http:\/\/www.resa.be\/eclairage-public\/signaler-un-probleme\/, ou par t\u00e9l\u00e9phone 04\/220 12&hellip;<\/p>\n","protected":false},"author":1,"featured_media":11671,"menu_order":0,"template":"","categories":[215],"class_list":["post-11677","services_communaux","type-services_communaux","status-publish","has-post-thumbnail","hentry","category-gestionnaires_reseaux","description-off"],"yoast_head":"<!-- This site is optimized with the Yoast SEO plugin v27.5 - https:\/\/yoast.com\/product\/yoast-seo-wordpress\/ -->\n<title>UN LUMINAIRE PUBLIC EN PANNE ? Signalez-le \u00e0 RESA - Commune de Modave<\/title>\n<meta name=\"robots\" content=\"index, follow, max-snippet:-1, max-image-preview:large, max-video-preview:-1\" \/>\n<link rel=\"canonical\" href=\"https:\/\/www.modave.be\/index.php\/services_communaux\/un-luminaire-public-en-panne-signalez-le-a-resa\/\" \/>\n<meta property=\"og:locale\" content=\"fr_FR\" \/>\n<meta property=\"og:type\" content=\"article\" \/>\n<meta property=\"og:title\" content=\"UN LUMINAIRE PUBLIC EN PANNE ? Signalez-le \u00e0 RESA - Commune de Modave\" \/>\n<meta property=\"og:description\" content=\"Chaque ann\u00e9e, RESA, gestionnaire de l\u2019entretien de l\u2019\u00e9clairage public pour notre commune, effectue des visites de maintenance pour proc\u00e9der au remplacement des ampoules d\u00e9fectueuses. La prochaine visite \u00e0 Modave est planifi\u00e9e la semaine prochaine. Vous pouvez donc signaler les points lumineux d\u00e9fectueux directement aupr\u00e8s de RESA via le formulaire sur&nbsp;http:\/\/www.resa.be\/eclairage-public\/signaler-un-probleme\/, ou par t\u00e9l\u00e9phone 04\/220 12&hellip;\" \/>\n<meta property=\"og:url\" content=\"https:\/\/www.modave.be\/index.php\/services_communaux\/un-luminaire-public-en-panne-signalez-le-a-resa\/\" \/>\n<meta property=\"og:site_name\" content=\"Commune de Modave\" \/>\n<meta property=\"article:modified_time\" content=\"2023-03-07T08:08:18+00:00\" \/>\n<meta property=\"og:image\" content=\"https:\/\/www.modave.be\/wp-content\/uploads\/2023\/03\/centrale-electrique-scaled.jpg\" \/>\n\t<meta property=\"og:image:width\" content=\"2560\" \/>\n\t<meta property=\"og:image:height\" content=\"997\" \/>\n\t<meta property=\"og:image:type\" content=\"image\/jpeg\" \/>\n<meta name=\"twitter:card\" content=\"summary_large_image\" \/>\n<script type=\"application\/ld+json\" class=\"yoast-schema-graph\">{\"@context\":\"https:\\\/\\\/schema.org\",\"@graph\":[{\"@type\":\"WebPage\",\"@id\":\"https:\\\/\\\/www.modave.be\\\/index.php\\\/services_communaux\\\/un-luminaire-public-en-panne-signalez-le-a-resa\\\/\",\"url\":\"https:\\\/\\\/www.modave.be\\\/index.php\\\/services_communaux\\\/un-luminaire-public-en-panne-signalez-le-a-resa\\\/\",\"name\":\"UN LUMINAIRE PUBLIC EN PANNE ? Signalez-le \u00e0 RESA - Commune de Modave\",\"isPartOf\":{\"@id\":\"https:\\\/\\\/www.modave.be\\\/#website\"},\"primaryImageOfPage\":{\"@id\":\"https:\\\/\\\/www.modave.be\\\/index.php\\\/services_communaux\\\/un-luminaire-public-en-panne-signalez-le-a-resa\\\/#primaryimage\"},\"image\":{\"@id\":\"https:\\\/\\\/www.modave.be\\\/index.php\\\/services_communaux\\\/un-luminaire-public-en-panne-signalez-le-a-resa\\\/#primaryimage\"},\"thumbnailUrl\":\"https:\\\/\\\/www.modave.be\\\/wp-content\\\/uploads\\\/2023\\\/03\\\/centrale-electrique-scaled.jpg\",\"datePublished\":\"2019-12-06T08:07:59+00:00\",\"dateModified\":\"2023-03-07T08:08:18+00:00\",\"breadcrumb\":{\"@id\":\"https:\\\/\\\/www.modave.be\\\/index.php\\\/services_communaux\\\/un-luminaire-public-en-panne-signalez-le-a-resa\\\/#breadcrumb\"},\"inLanguage\":\"fr-FR\",\"potentialAction\":[{\"@type\":\"ReadAction\",\"target\":[\"https:\\\/\\\/www.modave.be\\\/index.php\\\/services_communaux\\\/un-luminaire-public-en-panne-signalez-le-a-resa\\\/\"]}]},{\"@type\":\"ImageObject\",\"inLanguage\":\"fr-FR\",\"@id\":\"https:\\\/\\\/www.modave.be\\\/index.php\\\/services_communaux\\\/un-luminaire-public-en-panne-signalez-le-a-resa\\\/#primaryimage\",\"url\":\"https:\\\/\\\/www.modave.be\\\/wp-content\\\/uploads\\\/2023\\\/03\\\/centrale-electrique-scaled.jpg\",\"contentUrl\":\"https:\\\/\\\/www.modave.be\\\/wp-content\\\/uploads\\\/2023\\\/03\\\/centrale-electrique-scaled.jpg\",\"width\":2560,\"height\":997,\"caption\":\"power plants\"},{\"@type\":\"BreadcrumbList\",\"@id\":\"https:\\\/\\\/www.modave.be\\\/index.php\\\/services_communaux\\\/un-luminaire-public-en-panne-signalez-le-a-resa\\\/#breadcrumb\",\"itemListElement\":[{\"@type\":\"ListItem\",\"position\":1,\"name\":\"Accueil\",\"item\":\"https:\\\/\\\/www.modave.be\\\/\"},{\"@type\":\"ListItem\",\"position\":2,\"name\":\"UN LUMINAIRE PUBLIC EN PANNE ? Signalez-le \u00e0 RESA\"}]},{\"@type\":\"WebSite\",\"@id\":\"https:\\\/\\\/www.modave.be\\\/#website\",\"url\":\"https:\\\/\\\/www.modave.be\\\/\",\"name\":\"Commune de Modave\",\"description\":\"Commune de Modave\",\"publisher\":{\"@id\":\"https:\\\/\\\/www.modave.be\\\/#organization\"},\"potentialAction\":[{\"@type\":\"SearchAction\",\"target\":{\"@type\":\"EntryPoint\",\"urlTemplate\":\"https:\\\/\\\/www.modave.be\\\/?s={search_term_string}\"},\"query-input\":{\"@type\":\"PropertyValueSpecification\",\"valueRequired\":true,\"valueName\":\"search_term_string\"}}],\"inLanguage\":\"fr-FR\"},{\"@type\":\"Organization\",\"@id\":\"https:\\\/\\\/www.modave.be\\\/#organization\",\"name\":\"Commune de Modave\",\"url\":\"https:\\\/\\\/www.modave.be\\\/\",\"logo\":{\"@type\":\"ImageObject\",\"inLanguage\":\"fr-FR\",\"@id\":\"https:\\\/\\\/www.modave.be\\\/#\\\/schema\\\/logo\\\/image\\\/\",\"url\":\"https:\\\/\\\/www.modave.be\\\/wp-content\\\/uploads\\\/2021\\\/12\\\/MODAVE_LOGO_HORIZONTAL_QUADRI_RVB.png\",\"contentUrl\":\"https:\\\/\\\/www.modave.be\\\/wp-content\\\/uploads\\\/2021\\\/12\\\/MODAVE_LOGO_HORIZONTAL_QUADRI_RVB.png\",\"width\":1200,\"height\":501,\"caption\":\"Commune de Modave\"},\"image\":{\"@id\":\"https:\\\/\\\/www.modave.be\\\/#\\\/schema\\\/logo\\\/image\\\/\"}}]}<\/script>\n<!-- \/ Yoast SEO plugin. -->","yoast_head_json":{"title":"UN LUMINAIRE PUBLIC EN PANNE ? Signalez-le \u00e0 RESA - Commune de Modave","robots":{"index":"index","follow":"follow","max-snippet":"max-snippet:-1","max-image-preview":"max-image-preview:large","max-video-preview":"max-video-preview:-1"},"canonical":"https:\/\/www.modave.be\/index.php\/services_communaux\/un-luminaire-public-en-panne-signalez-le-a-resa\/","og_locale":"fr_FR","og_type":"article","og_title":"UN LUMINAIRE PUBLIC EN PANNE ? Signalez-le \u00e0 RESA - Commune de Modave","og_description":"Chaque ann\u00e9e, RESA, gestionnaire de l\u2019entretien de l\u2019\u00e9clairage public pour notre commune, effectue des visites de maintenance pour proc\u00e9der au remplacement des ampoules d\u00e9fectueuses. La prochaine visite \u00e0 Modave est planifi\u00e9e la semaine prochaine. Vous pouvez donc signaler les points lumineux d\u00e9fectueux directement aupr\u00e8s de RESA via le formulaire sur&nbsp;http:\/\/www.resa.be\/eclairage-public\/signaler-un-probleme\/, ou par t\u00e9l\u00e9phone 04\/220 12&hellip;","og_url":"https:\/\/www.modave.be\/index.php\/services_communaux\/un-luminaire-public-en-panne-signalez-le-a-resa\/","og_site_name":"Commune de Modave","article_modified_time":"2023-03-07T08:08:18+00:00","og_image":[{"width":2560,"height":997,"url":"https:\/\/www.modave.be\/wp-content\/uploads\/2023\/03\/centrale-electrique-scaled.jpg","type":"image\/jpeg"}],"twitter_card":"summary_large_image","schema":{"@context":"https:\/\/schema.org","@graph":[{"@type":"WebPage","@id":"https:\/\/www.modave.be\/index.php\/services_communaux\/un-luminaire-public-en-panne-signalez-le-a-resa\/","url":"https:\/\/www.modave.be\/index.php\/services_communaux\/un-luminaire-public-en-panne-signalez-le-a-resa\/","name":"UN LUMINAIRE PUBLIC EN PANNE ? Signalez-le \u00e0 RESA - Commune de Modave","isPartOf":{"@id":"https:\/\/www.modave.be\/#website"},"primaryImageOfPage":{"@id":"https:\/\/www.modave.be\/index.php\/services_communaux\/un-luminaire-public-en-panne-signalez-le-a-resa\/#primaryimage"},"image":{"@id":"https:\/\/www.modave.be\/index.php\/services_communaux\/un-luminaire-public-en-panne-signalez-le-a-resa\/#primaryimage"},"thumbnailUrl":"https:\/\/www.modave.be\/wp-content\/uploads\/2023\/03\/centrale-electrique-scaled.jpg","datePublished":"2019-12-06T08:07:59+00:00","dateModified":"2023-03-07T08:08:18+00:00","breadcrumb":{"@id":"https:\/\/www.modave.be\/index.php\/services_communaux\/un-luminaire-public-en-panne-signalez-le-a-resa\/#breadcrumb"},"inLanguage":"fr-FR","potentialAction":[{"@type":"ReadAction","target":["https:\/\/www.modave.be\/index.php\/services_communaux\/un-luminaire-public-en-panne-signalez-le-a-resa\/"]}]},{"@type":"ImageObject","inLanguage":"fr-FR","@id":"https:\/\/www.modave.be\/index.php\/services_communaux\/un-luminaire-public-en-panne-signalez-le-a-resa\/#primaryimage","url":"https:\/\/www.modave.be\/wp-content\/uploads\/2023\/03\/centrale-electrique-scaled.jpg","contentUrl":"https:\/\/www.modave.be\/wp-content\/uploads\/2023\/03\/centrale-electrique-scaled.jpg","width":2560,"height":997,"caption":"power plants"},{"@type":"BreadcrumbList","@id":"https:\/\/www.modave.be\/index.php\/services_communaux\/un-luminaire-public-en-panne-signalez-le-a-resa\/#breadcrumb","itemListElement":[{"@type":"ListItem","position":1,"name":"Accueil","item":"https:\/\/www.modave.be\/"},{"@type":"ListItem","position":2,"name":"UN LUMINAIRE PUBLIC EN PANNE ? Signalez-le \u00e0 RESA"}]},{"@type":"WebSite","@id":"https:\/\/www.modave.be\/#website","url":"https:\/\/www.modave.be\/","name":"Commune de Modave","description":"Commune de Modave","publisher":{"@id":"https:\/\/www.modave.be\/#organization"},"potentialAction":[{"@type":"SearchAction","target":{"@type":"EntryPoint","urlTemplate":"https:\/\/www.modave.be\/?s={search_term_string}"},"query-input":{"@type":"PropertyValueSpecification","valueRequired":true,"valueName":"search_term_string"}}],"inLanguage":"fr-FR"},{"@type":"Organization","@id":"https:\/\/www.modave.be\/#organization","name":"Commune de Modave","url":"https:\/\/www.modave.be\/","logo":{"@type":"ImageObject","inLanguage":"fr-FR","@id":"https:\/\/www.modave.be\/#\/schema\/logo\/image\/","url":"https:\/\/www.modave.be\/wp-content\/uploads\/2021\/12\/MODAVE_LOGO_HORIZONTAL_QUADRI_RVB.png","contentUrl":"https:\/\/www.modave.be\/wp-content\/uploads\/2021\/12\/MODAVE_LOGO_HORIZONTAL_QUADRI_RVB.png","width":1200,"height":501,"caption":"Commune de Modave"},"image":{"@id":"https:\/\/www.modave.be\/#\/schema\/logo\/image\/"}}]}},"_links":{"self":[{"href":"https:\/\/www.modave.be\/index.php\/wp-json\/wp\/v2\/services_communaux\/11677","targetHints":{"allow":["GET"]}}],"collection":[{"href":"https:\/\/www.modave.be\/index.php\/wp-json\/wp\/v2\/services_communaux"}],"about":[{"href":"https:\/\/www.modave.be\/index.php\/wp-json\/wp\/v2\/types\/services_communaux"}],"author":[{"embeddable":true,"href":"https:\/\/www.modave.be\/index.php\/wp-json\/wp\/v2\/users\/1"}],"wp:featuredmedia":[{"embeddable":true,"href":"https:\/\/www.modave.be\/index.php\/wp-json\/wp\/v2\/media\/11671"}],"wp:attachment":[{"href":"https:\/\/www.modave.be\/index.php\/wp-json\/wp\/v2\/media?parent=11677"}],"wp:term":[{"taxonomy":"category","embeddable":true,"href":"https:\/\/www.modave.be\/index.php\/wp-json\/wp\/v2\/categories?post=11677"}],"curies":[{"name":"wp","href":"https:\/\/api.w.org\/{rel}","templated":true}]}}

UN LUMINAIRE PUBLIC EN PANNE ? Signalez-le à RESA

<p>Chaque année, RESA, gestionnaire de l’entretien de l’éclairage public pour notre commune, effectue des visites de maintenance pour procéder au remplacement des ampoules défectueuses.</p>



<p>La prochaine visite à Modave est planifiée la semaine prochaine.</p>



<p>Vous pouvez donc signaler les points lumineux défectueux directement auprès de RESA via le formulaire sur&nbsp;<a href="http://www.resa.be/eclairage-public/signaler-un-probleme/">http://www.resa.be/eclairage-public/signaler-un-probleme/</a>, ou par téléphone 04/220 12 11.<br><strong>ATTENTION, veillez à préciser la situation du point en question ainsi que le numéro du poteau défectueux (à relever sur la plaquette) sans quoi RESA n&rsquo;interviendra pas.</strong></p>

<p>Chaque année, RESA, gestionnaire de l’entretien de l’éclairage public pour notre commune, effectue des visites de maintenance pour procéder au remplacement des ampoules défectueuses. La prochaine visite à Modave est planifiée la semaine prochaine. Vous pouvez donc signaler les points lumineux défectueux directement auprès de RESA via le formulaire sur&nbsp;http://www.resa.be/eclairage-public/signaler-un-probleme/, ou par téléphone 04/220 12&hellip;</p>

<!-- This site is optimized with the Yoast SEO plugin v27.5 - https://yoast.com/product/yoast-seo-wordpress/ -->
<title>UN LUMINAIRE PUBLIC EN PANNE ? Signalez-le à RESA - Commune de Modave</title>
<meta name="robots" content="index, follow, max-snippet:-1, max-image-preview:large, max-video-preview:-1" />
<link rel="canonical" href="https://www.modave.be/index.php/services_communaux/un-luminaire-public-en-panne-signalez-le-a-resa/" />
<meta property="og:locale" content="fr_FR" />
<meta property="og:type" content="article" />
<meta property="og:title" content="UN LUMINAIRE PUBLIC EN PANNE ? Signalez-le à RESA - Commune de Modave" />
<meta property="og:description" content="Chaque année, RESA, gestionnaire de l’entretien de l’éclairage public pour notre commune, effectue des visites de maintenance pour procéder au remplacement des ampoules défectueuses. La prochaine visite à Modave est planifiée la semaine prochaine. Vous pouvez donc signaler les points lumineux défectueux directement auprès de RESA via le formulaire sur&nbsp;http://www.resa.be/eclairage-public/signaler-un-probleme/, ou par téléphone 04/220 12&hellip;" />
<meta property="og:url" content="https://www.modave.be/index.php/services_communaux/un-luminaire-public-en-panne-signalez-le-a-resa/" />
<meta property="og:site_name" content="Commune de Modave" />
<meta property="article:modified_time" content="2023-03-07T08:08:18+00:00" />
<meta property="og:image" content="https://www.modave.be/wp-content/uploads/2023/03/centrale-electrique-scaled.jpg" />
	<meta property="og:image:width" content="2560" />
	<meta property="og:image:height" content="997" />
	<meta property="og:image:type" content="image/jpeg" />
<meta name="twitter:card" content="summary_large_image" />
<script type="application/ld+json" class="yoast-schema-graph">{"@context":"https:\/\/schema.org","@graph":[{"@type":"WebPage","@id":"https:\/\/www.modave.be\/index.php\/services_communaux\/un-luminaire-public-en-panne-signalez-le-a-resa\/","url":"https:\/\/www.modave.be\/index.php\/services_communaux\/un-luminaire-public-en-panne-signalez-le-a-resa\/","name":"UN LUMINAIRE PUBLIC EN PANNE ? Signalez-le à RESA - Commune de Modave","isPartOf":{"@id":"https:\/\/www.modave.be\/#website"},"primaryImageOfPage":{"@id":"https:\/\/www.modave.be\/index.php\/services_communaux\/un-luminaire-public-en-panne-signalez-le-a-resa\/#primaryimage"},"image":{"@id":"https:\/\/www.modave.be\/index.php\/services_communaux\/un-luminaire-public-en-panne-signalez-le-a-resa\/#primaryimage"},"thumbnailUrl":"https:\/\/www.modave.be\/wp-content\/uploads\/2023\/03\/centrale-electrique-scaled.jpg","datePublished":"2019-12-06T08:07:59+00:00","dateModified":"2023-03-07T08:08:18+00:00","breadcrumb":{"@id":"https:\/\/www.modave.be\/index.php\/services_communaux\/un-luminaire-public-en-panne-signalez-le-a-resa\/#breadcrumb"},"inLanguage":"fr-FR","potentialAction":[{"@type":"ReadAction","target":["https:\/\/www.modave.be\/index.php\/services_communaux\/un-luminaire-public-en-panne-signalez-le-a-resa\/"]}]},{"@type":"ImageObject","inLanguage":"fr-FR","@id":"https:\/\/www.modave.be\/index.php\/services_communaux\/un-luminaire-public-en-panne-signalez-le-a-resa\/#primaryimage","url":"https:\/\/www.modave.be\/wp-content\/uploads\/2023\/03\/centrale-electrique-scaled.jpg","contentUrl":"https:\/\/www.modave.be\/wp-content\/uploads\/2023\/03\/centrale-electrique-scaled.jpg","width":2560,"height":997,"caption":"power plants"},{"@type":"BreadcrumbList","@id":"https:\/\/www.modave.be\/index.php\/services_communaux\/un-luminaire-public-en-panne-signalez-le-a-resa\/#breadcrumb","itemListElement":[{"@type":"ListItem","position":1,"name":"Accueil","item":"https:\/\/www.modave.be\/"},{"@type":"ListItem","position":2,"name":"UN LUMINAIRE PUBLIC EN PANNE ? Signalez-le à RESA"}]},{"@type":"WebSite","@id":"https:\/\/www.modave.be\/#website","url":"https:\/\/www.modave.be\/","name":"Commune de Modave","description":"Commune de Modave","publisher":{"@id":"https:\/\/www.modave.be\/#organization"},"potentialAction":[{"@type":"SearchAction","target":{"@type":"EntryPoint","urlTemplate":"https:\/\/www.modave.be\/?s={search_term_string}"},"query-input":{"@type":"PropertyValueSpecification","valueRequired":true,"valueName":"search_term_string"}}],"inLanguage":"fr-FR"},{"@type":"Organization","@id":"https:\/\/www.modave.be\/#organization","name":"Commune de Modave","url":"https:\/\/www.modave.be\/","logo":{"@type":"ImageObject","inLanguage":"fr-FR","@id":"https:\/\/www.modave.be\/#\/schema\/logo\/image\/","url":"https:\/\/www.modave.be\/wp-content\/uploads\/2021\/12\/MODAVE_LOGO_HORIZONTAL_QUADRI_RVB.png","contentUrl":"https:\/\/www.modave.be\/wp-content\/uploads\/2021\/12\/MODAVE_LOGO_HORIZONTAL_QUADRI_RVB.png","width":1200,"height":501,"caption":"Commune de Modave"},"image":{"@id":"https:\/\/www.modave.be\/#\/schema\/logo\/image\/"}}]}</script>
<!-- / Yoast SEO plugin. -->

UN LUMINAIRE PUBLIC EN PANNE ? Signalez-le à RESA - Commune de Modave

Chaque année, RESA, gestionnaire de l’entretien de l’éclairage public pour notre commune, effectue des visites de maintenance pour procéder au remplacement des ampoules défectueuses. La prochaine visite à Modave est planifiée la semaine prochaine. Vous pouvez donc signaler les points lumineux défectueux directement auprès de RESA via le formulaire sur&nbsp;http://www.resa.be/eclairage-public/signaler-un-probleme/, ou par téléphone 04/220 12&hellip;
