{"id":11731,"date":"2016-01-11T11:00:11","date_gmt":"2016-01-11T10:00:11","guid":{"rendered":"http:\/\/217.182.142.226\/?post_type=services_communaux&#038;p=11731"},"modified":"2023-03-07T11:00:30","modified_gmt":"2023-03-07T10:00:30","slug":"c-c-a-t-m","status":"publish","type":"services_communaux","link":"https:\/\/www.modave.be\/index.php\/services_communaux\/c-c-a-t-m\/","title":{"rendered":"C.C.A.T.M."},"content":{"rendered":"\n<p><strong>RAPPEL &#8211; APPEL PUBLIC<\/strong><br>Constitution de la commission consultative communale d\u2019am\u00e9nagement du territoire et de mobilit\u00e9 (C.C.A.T.M.)<\/p>\n\n\n\n<p>Le Coll\u00e8ge communal de Modave annonce la constitution de la commission consultative communale d\u2019am\u00e9nagement du territoire et de mobilit\u00e9 en ex\u00e9cution de l\u2019article 7 du Code wallon de l\u2019am\u00e9nagement du territoire, de l\u2019urbanisme, du patrimoine et de l\u2019\u00e9nergie.<br>Le pr\u00e9sent avis, qui est lanc\u00e9 le 14 juin 2013, fait appel aux candidatures \u00e0 la fonction de pr\u00e9sident, de membre ou de suppl\u00e9ant de ladite commission.<\/p>\n\n\n\n<p>L\u2019article 7 pr\u00e9cit\u00e9 dispose, en son \u00a7 3, alin\u00e9a 4, que&nbsp;<em>\u00ab dans les deux mois de r\u00e9ponse \u00e0 l\u2019appel public, sur pr\u00e9sentation d\u2019un ou de plusieurs membres du conseil communal, le conseil communal choisit les membres en respectant :<\/em><\/p>\n\n\n\n<p>\u2022&nbsp;<em>Une r\u00e9partition g\u00e9ographique \u00e9quilibr\u00e9e ;<\/em><br>\u2022&nbsp;<em>Une repr\u00e9sentation sp\u00e9cifique \u00e0 la commune des int\u00e9r\u00eats sociaux, \u00e9conomiques, patrimoniaux, environnementaux et de mobilit\u00e9 ;<\/em><br>\u2022&nbsp;<em>Une repr\u00e9sentation de la pyramide des \u00e2ges sp\u00e9cifiques \u00e0 la commune. \u00bb<br><\/em>Les membres de la commission se r\u00e9uniront 10 \u00e0 12 fois maximum par an.<\/p>\n\n\n\n<p>Tout fonctionnaire appel\u00e9 \u00e0 instruire ou \u00e0 statuer sur des dossiers relatifs \u00e0 la commune en mati\u00e8re d\u2019am\u00e9nagement du territoire, d\u2019urbanisme et de patrimoine ne peut faire partie de ladite commission.<br>En ce compris le pr\u00e9sident, tout membre de la commission communal ne peut exercer plus de deux mandats effectifs cons\u00e9cutifs.<\/p>\n\n\n\n<p>Sous peine d\u2019irrecevabilit\u00e9, les actes de candidatures doivent \u00eatre adress\u00e9s par envoi recommand\u00e9 au Coll\u00e8ge communal avant le\u00a0<strong>lundi 16 septembre 2013<\/strong>.<br>Le formulaire d\u2019acte de candidature est disponible sur simple demande au service urbanisme communal, place Georges Hubin, 1, 4577 Vierset-Barse (MODAVE) ou <a href=\"http:\/\/217.182.142.226\/wp-content\/uploads\/2023\/03\/acte_de_candidature.pdf\" data-type=\"URL\" data-id=\"http:\/\/217.182.142.226\/wp-content\/uploads\/2023\/03\/acte_de_candidature.pdf\" target=\"_blank\" rel=\"noreferrer noopener\">t\u00e9l\u00e9chargeable\u00a0<\/a><\/p>\n","protected":false},"excerpt":{"rendered":"<p>RAPPEL &#8211; APPEL PUBLICConstitution de la commission consultative communale d\u2019am\u00e9nagement du territoire et de mobilit\u00e9 (C.C.A.T.M.) Le Coll\u00e8ge communal de Modave annonce la constitution de la commission consultative communale d\u2019am\u00e9nagement du territoire et de mobilit\u00e9 en ex\u00e9cution de l\u2019article 7 du Code wallon de l\u2019am\u00e9nagement du territoire, de l\u2019urbanisme, du patrimoine et de l\u2019\u00e9nergie.Le pr\u00e9sent&hellip;<\/p>\n","protected":false},"author":1,"featured_media":10475,"menu_order":0,"template":"","categories":[168],"class_list":["post-11731","services_communaux","type-services_communaux","status-publish","has-post-thumbnail","hentry","category-ccatm","description-off"],"yoast_head":"<!-- This site is optimized with the Yoast SEO plugin v27.4 - https:\/\/yoast.com\/product\/yoast-seo-wordpress\/ -->\n<title>C.C.A.T.M. - Commune de Modave<\/title>\n<meta name=\"robots\" content=\"index, follow, max-snippet:-1, max-image-preview:large, max-video-preview:-1\" \/>\n<link rel=\"canonical\" href=\"https:\/\/www.modave.be\/index.php\/services_communaux\/c-c-a-t-m\/\" \/>\n<meta property=\"og:locale\" content=\"fr_FR\" \/>\n<meta property=\"og:type\" content=\"article\" \/>\n<meta property=\"og:title\" content=\"C.C.A.T.M. - Commune de Modave\" \/>\n<meta property=\"og:description\" content=\"RAPPEL &#8211; APPEL PUBLICConstitution de la commission consultative communale d\u2019am\u00e9nagement du territoire et de mobilit\u00e9 (C.C.A.T.M.) Le Coll\u00e8ge communal de Modave annonce la constitution de la commission consultative communale d\u2019am\u00e9nagement du territoire et de mobilit\u00e9 en ex\u00e9cution de l\u2019article 7 du Code wallon de l\u2019am\u00e9nagement du territoire, de l\u2019urbanisme, du patrimoine et de l\u2019\u00e9nergie.Le pr\u00e9sent&hellip;\" \/>\n<meta property=\"og:url\" content=\"https:\/\/www.modave.be\/index.php\/services_communaux\/c-c-a-t-m\/\" \/>\n<meta property=\"og:site_name\" content=\"Commune de Modave\" \/>\n<meta property=\"article:modified_time\" content=\"2023-03-07T10:00:30+00:00\" \/>\n<meta property=\"og:image\" content=\"https:\/\/www.modave.be\/wp-content\/uploads\/2023\/01\/vue-aerienne-scaled.jpg\" \/>\n\t<meta property=\"og:image:width\" content=\"2560\" \/>\n\t<meta property=\"og:image:height\" content=\"1438\" \/>\n\t<meta property=\"og:image:type\" content=\"image\/jpeg\" \/>\n<meta name=\"twitter:card\" content=\"summary_large_image\" \/>\n<meta name=\"twitter:label1\" content=\"Dur\u00e9e de lecture estim\u00e9e\" \/>\n\t<meta name=\"twitter:data1\" content=\"1 minute\" \/>\n<script type=\"application\/ld+json\" class=\"yoast-schema-graph\">{\"@context\":\"https:\\\/\\\/schema.org\",\"@graph\":[{\"@type\":\"WebPage\",\"@id\":\"https:\\\/\\\/www.modave.be\\\/index.php\\\/services_communaux\\\/c-c-a-t-m\\\/\",\"url\":\"https:\\\/\\\/www.modave.be\\\/index.php\\\/services_communaux\\\/c-c-a-t-m\\\/\",\"name\":\"C.C.A.T.M. - Commune de Modave\",\"isPartOf\":{\"@id\":\"https:\\\/\\\/www.modave.be\\\/#website\"},\"primaryImageOfPage\":{\"@id\":\"https:\\\/\\\/www.modave.be\\\/index.php\\\/services_communaux\\\/c-c-a-t-m\\\/#primaryimage\"},\"image\":{\"@id\":\"https:\\\/\\\/www.modave.be\\\/index.php\\\/services_communaux\\\/c-c-a-t-m\\\/#primaryimage\"},\"thumbnailUrl\":\"https:\\\/\\\/www.modave.be\\\/wp-content\\\/uploads\\\/2023\\\/01\\\/vue-aerienne-scaled.jpg\",\"datePublished\":\"2016-01-11T10:00:11+00:00\",\"dateModified\":\"2023-03-07T10:00:30+00:00\",\"breadcrumb\":{\"@id\":\"https:\\\/\\\/www.modave.be\\\/index.php\\\/services_communaux\\\/c-c-a-t-m\\\/#breadcrumb\"},\"inLanguage\":\"fr-FR\",\"potentialAction\":[{\"@type\":\"ReadAction\",\"target\":[\"https:\\\/\\\/www.modave.be\\\/index.php\\\/services_communaux\\\/c-c-a-t-m\\\/\"]}]},{\"@type\":\"ImageObject\",\"inLanguage\":\"fr-FR\",\"@id\":\"https:\\\/\\\/www.modave.be\\\/index.php\\\/services_communaux\\\/c-c-a-t-m\\\/#primaryimage\",\"url\":\"https:\\\/\\\/www.modave.be\\\/wp-content\\\/uploads\\\/2023\\\/01\\\/vue-aerienne-scaled.jpg\",\"contentUrl\":\"https:\\\/\\\/www.modave.be\\\/wp-content\\\/uploads\\\/2023\\\/01\\\/vue-aerienne-scaled.jpg\",\"width\":2560,\"height\":1438},{\"@type\":\"BreadcrumbList\",\"@id\":\"https:\\\/\\\/www.modave.be\\\/index.php\\\/services_communaux\\\/c-c-a-t-m\\\/#breadcrumb\",\"itemListElement\":[{\"@type\":\"ListItem\",\"position\":1,\"name\":\"Accueil\",\"item\":\"https:\\\/\\\/www.modave.be\\\/\"},{\"@type\":\"ListItem\",\"position\":2,\"name\":\"C.C.A.T.M.\"}]},{\"@type\":\"WebSite\",\"@id\":\"https:\\\/\\\/www.modave.be\\\/#website\",\"url\":\"https:\\\/\\\/www.modave.be\\\/\",\"name\":\"Commune de Modave\",\"description\":\"Commune de Modave\",\"publisher\":{\"@id\":\"https:\\\/\\\/www.modave.be\\\/#organization\"},\"potentialAction\":[{\"@type\":\"SearchAction\",\"target\":{\"@type\":\"EntryPoint\",\"urlTemplate\":\"https:\\\/\\\/www.modave.be\\\/?s={search_term_string}\"},\"query-input\":{\"@type\":\"PropertyValueSpecification\",\"valueRequired\":true,\"valueName\":\"search_term_string\"}}],\"inLanguage\":\"fr-FR\"},{\"@type\":\"Organization\",\"@id\":\"https:\\\/\\\/www.modave.be\\\/#organization\",\"name\":\"Commune de Modave\",\"url\":\"https:\\\/\\\/www.modave.be\\\/\",\"logo\":{\"@type\":\"ImageObject\",\"inLanguage\":\"fr-FR\",\"@id\":\"https:\\\/\\\/www.modave.be\\\/#\\\/schema\\\/logo\\\/image\\\/\",\"url\":\"https:\\\/\\\/www.modave.be\\\/wp-content\\\/uploads\\\/2021\\\/12\\\/MODAVE_LOGO_HORIZONTAL_QUADRI_RVB.png\",\"contentUrl\":\"https:\\\/\\\/www.modave.be\\\/wp-content\\\/uploads\\\/2021\\\/12\\\/MODAVE_LOGO_HORIZONTAL_QUADRI_RVB.png\",\"width\":1200,\"height\":501,\"caption\":\"Commune de Modave\"},\"image\":{\"@id\":\"https:\\\/\\\/www.modave.be\\\/#\\\/schema\\\/logo\\\/image\\\/\"}}]}<\/script>\n<!-- \/ Yoast SEO plugin. -->","yoast_head_json":{"title":"C.C.A.T.M. - Commune de Modave","robots":{"index":"index","follow":"follow","max-snippet":"max-snippet:-1","max-image-preview":"max-image-preview:large","max-video-preview":"max-video-preview:-1"},"canonical":"https:\/\/www.modave.be\/index.php\/services_communaux\/c-c-a-t-m\/","og_locale":"fr_FR","og_type":"article","og_title":"C.C.A.T.M. - Commune de Modave","og_description":"RAPPEL &#8211; APPEL PUBLICConstitution de la commission consultative communale d\u2019am\u00e9nagement du territoire et de mobilit\u00e9 (C.C.A.T.M.) Le Coll\u00e8ge communal de Modave annonce la constitution de la commission consultative communale d\u2019am\u00e9nagement du territoire et de mobilit\u00e9 en ex\u00e9cution de l\u2019article 7 du Code wallon de l\u2019am\u00e9nagement du territoire, de l\u2019urbanisme, du patrimoine et de l\u2019\u00e9nergie.Le pr\u00e9sent&hellip;","og_url":"https:\/\/www.modave.be\/index.php\/services_communaux\/c-c-a-t-m\/","og_site_name":"Commune de Modave","article_modified_time":"2023-03-07T10:00:30+00:00","og_image":[{"width":2560,"height":1438,"url":"https:\/\/www.modave.be\/wp-content\/uploads\/2023\/01\/vue-aerienne-scaled.jpg","type":"image\/jpeg"}],"twitter_card":"summary_large_image","twitter_misc":{"Dur\u00e9e de lecture estim\u00e9e":"1 minute"},"schema":{"@context":"https:\/\/schema.org","@graph":[{"@type":"WebPage","@id":"https:\/\/www.modave.be\/index.php\/services_communaux\/c-c-a-t-m\/","url":"https:\/\/www.modave.be\/index.php\/services_communaux\/c-c-a-t-m\/","name":"C.C.A.T.M. - Commune de Modave","isPartOf":{"@id":"https:\/\/www.modave.be\/#website"},"primaryImageOfPage":{"@id":"https:\/\/www.modave.be\/index.php\/services_communaux\/c-c-a-t-m\/#primaryimage"},"image":{"@id":"https:\/\/www.modave.be\/index.php\/services_communaux\/c-c-a-t-m\/#primaryimage"},"thumbnailUrl":"https:\/\/www.modave.be\/wp-content\/uploads\/2023\/01\/vue-aerienne-scaled.jpg","datePublished":"2016-01-11T10:00:11+00:00","dateModified":"2023-03-07T10:00:30+00:00","breadcrumb":{"@id":"https:\/\/www.modave.be\/index.php\/services_communaux\/c-c-a-t-m\/#breadcrumb"},"inLanguage":"fr-FR","potentialAction":[{"@type":"ReadAction","target":["https:\/\/www.modave.be\/index.php\/services_communaux\/c-c-a-t-m\/"]}]},{"@type":"ImageObject","inLanguage":"fr-FR","@id":"https:\/\/www.modave.be\/index.php\/services_communaux\/c-c-a-t-m\/#primaryimage","url":"https:\/\/www.modave.be\/wp-content\/uploads\/2023\/01\/vue-aerienne-scaled.jpg","contentUrl":"https:\/\/www.modave.be\/wp-content\/uploads\/2023\/01\/vue-aerienne-scaled.jpg","width":2560,"height":1438},{"@type":"BreadcrumbList","@id":"https:\/\/www.modave.be\/index.php\/services_communaux\/c-c-a-t-m\/#breadcrumb","itemListElement":[{"@type":"ListItem","position":1,"name":"Accueil","item":"https:\/\/www.modave.be\/"},{"@type":"ListItem","position":2,"name":"C.C.A.T.M."}]},{"@type":"WebSite","@id":"https:\/\/www.modave.be\/#website","url":"https:\/\/www.modave.be\/","name":"Commune de Modave","description":"Commune de Modave","publisher":{"@id":"https:\/\/www.modave.be\/#organization"},"potentialAction":[{"@type":"SearchAction","target":{"@type":"EntryPoint","urlTemplate":"https:\/\/www.modave.be\/?s={search_term_string}"},"query-input":{"@type":"PropertyValueSpecification","valueRequired":true,"valueName":"search_term_string"}}],"inLanguage":"fr-FR"},{"@type":"Organization","@id":"https:\/\/www.modave.be\/#organization","name":"Commune de Modave","url":"https:\/\/www.modave.be\/","logo":{"@type":"ImageObject","inLanguage":"fr-FR","@id":"https:\/\/www.modave.be\/#\/schema\/logo\/image\/","url":"https:\/\/www.modave.be\/wp-content\/uploads\/2021\/12\/MODAVE_LOGO_HORIZONTAL_QUADRI_RVB.png","contentUrl":"https:\/\/www.modave.be\/wp-content\/uploads\/2021\/12\/MODAVE_LOGO_HORIZONTAL_QUADRI_RVB.png","width":1200,"height":501,"caption":"Commune de Modave"},"image":{"@id":"https:\/\/www.modave.be\/#\/schema\/logo\/image\/"}}]}},"_links":{"self":[{"href":"https:\/\/www.modave.be\/index.php\/wp-json\/wp\/v2\/services_communaux\/11731","targetHints":{"allow":["GET"]}}],"collection":[{"href":"https:\/\/www.modave.be\/index.php\/wp-json\/wp\/v2\/services_communaux"}],"about":[{"href":"https:\/\/www.modave.be\/index.php\/wp-json\/wp\/v2\/types\/services_communaux"}],"author":[{"embeddable":true,"href":"https:\/\/www.modave.be\/index.php\/wp-json\/wp\/v2\/users\/1"}],"wp:featuredmedia":[{"embeddable":true,"href":"https:\/\/www.modave.be\/index.php\/wp-json\/wp\/v2\/media\/10475"}],"wp:attachment":[{"href":"https:\/\/www.modave.be\/index.php\/wp-json\/wp\/v2\/media?parent=11731"}],"wp:term":[{"taxonomy":"category","embeddable":true,"href":"https:\/\/www.modave.be\/index.php\/wp-json\/wp\/v2\/categories?post=11731"}],"curies":[{"name":"wp","href":"https:\/\/api.w.org\/{rel}","templated":true}]}}

<p><strong>RAPPEL &#8211; APPEL PUBLIC</strong><br>Constitution de la commission consultative communale d’aménagement du territoire et de mobilité (C.C.A.T.M.)</p>



<p>Le Collège communal de Modave annonce la constitution de la commission consultative communale d’aménagement du territoire et de mobilité en exécution de l’article 7 du Code wallon de l’aménagement du territoire, de l’urbanisme, du patrimoine et de l’énergie.<br>Le présent avis, qui est lancé le 14 juin 2013, fait appel aux candidatures à la fonction de président, de membre ou de suppléant de ladite commission.</p>



<p>L’article 7 précité dispose, en son § 3, alinéa 4, que&nbsp;<em>« dans les deux mois de réponse à l’appel public, sur présentation d’un ou de plusieurs membres du conseil communal, le conseil communal choisit les membres en respectant :</em></p>



<p>•&nbsp;<em>Une répartition géographique équilibrée ;</em><br>•&nbsp;<em>Une représentation spécifique à la commune des intérêts sociaux, économiques, patrimoniaux, environnementaux et de mobilité ;</em><br>•&nbsp;<em>Une représentation de la pyramide des âges spécifiques à la commune. »<br></em>Les membres de la commission se réuniront 10 à 12 fois maximum par an.</p>



<p>Tout fonctionnaire appelé à instruire ou à statuer sur des dossiers relatifs à la commune en matière d’aménagement du territoire, d’urbanisme et de patrimoine ne peut faire partie de ladite commission.<br>En ce compris le président, tout membre de la commission communal ne peut exercer plus de deux mandats effectifs consécutifs.</p>



<p>Sous peine d’irrecevabilité, les actes de candidatures doivent être adressés par envoi recommandé au Collège communal avant le <strong>lundi 16 septembre 2013</strong>.<br>Le formulaire d’acte de candidature est disponible sur simple demande au service urbanisme communal, place Georges Hubin, 1, 4577 Vierset-Barse (MODAVE) ou <a href="http://217.182.142.226/wp-content/uploads/2023/03/acte_de_candidature.pdf" data-type="URL" data-id="http://217.182.142.226/wp-content/uploads/2023/03/acte_de_candidature.pdf" target="_blank" rel="noreferrer noopener">téléchargeable </a></p>

<p>RAPPEL &#8211; APPEL PUBLICConstitution de la commission consultative communale d’aménagement du territoire et de mobilité (C.C.A.T.M.) Le Collège communal de Modave annonce la constitution de la commission consultative communale d’aménagement du territoire et de mobilité en exécution de l’article 7 du Code wallon de l’aménagement du territoire, de l’urbanisme, du patrimoine et de l’énergie.Le présent&hellip;</p>

<!-- This site is optimized with the Yoast SEO plugin v27.4 - https://yoast.com/product/yoast-seo-wordpress/ -->
<title>C.C.A.T.M. - Commune de Modave</title>
<meta name="robots" content="index, follow, max-snippet:-1, max-image-preview:large, max-video-preview:-1" />
<link rel="canonical" href="https://www.modave.be/index.php/services_communaux/c-c-a-t-m/" />
<meta property="og:locale" content="fr_FR" />
<meta property="og:type" content="article" />
<meta property="og:title" content="C.C.A.T.M. - Commune de Modave" />
<meta property="og:description" content="RAPPEL &#8211; APPEL PUBLICConstitution de la commission consultative communale d’aménagement du territoire et de mobilité (C.C.A.T.M.) Le Collège communal de Modave annonce la constitution de la commission consultative communale d’aménagement du territoire et de mobilité en exécution de l’article 7 du Code wallon de l’aménagement du territoire, de l’urbanisme, du patrimoine et de l’énergie.Le présent&hellip;" />
<meta property="og:url" content="https://www.modave.be/index.php/services_communaux/c-c-a-t-m/" />
<meta property="og:site_name" content="Commune de Modave" />
<meta property="article:modified_time" content="2023-03-07T10:00:30+00:00" />
<meta property="og:image" content="https://www.modave.be/wp-content/uploads/2023/01/vue-aerienne-scaled.jpg" />
	<meta property="og:image:width" content="2560" />
	<meta property="og:image:height" content="1438" />
	<meta property="og:image:type" content="image/jpeg" />
<meta name="twitter:card" content="summary_large_image" />
<meta name="twitter:label1" content="Durée de lecture estimée" />
	<meta name="twitter:data1" content="1 minute" />
<script type="application/ld+json" class="yoast-schema-graph">{"@context":"https:\/\/schema.org","@graph":[{"@type":"WebPage","@id":"https:\/\/www.modave.be\/index.php\/services_communaux\/c-c-a-t-m\/","url":"https:\/\/www.modave.be\/index.php\/services_communaux\/c-c-a-t-m\/","name":"C.C.A.T.M. - Commune de Modave","isPartOf":{"@id":"https:\/\/www.modave.be\/#website"},"primaryImageOfPage":{"@id":"https:\/\/www.modave.be\/index.php\/services_communaux\/c-c-a-t-m\/#primaryimage"},"image":{"@id":"https:\/\/www.modave.be\/index.php\/services_communaux\/c-c-a-t-m\/#primaryimage"},"thumbnailUrl":"https:\/\/www.modave.be\/wp-content\/uploads\/2023\/01\/vue-aerienne-scaled.jpg","datePublished":"2016-01-11T10:00:11+00:00","dateModified":"2023-03-07T10:00:30+00:00","breadcrumb":{"@id":"https:\/\/www.modave.be\/index.php\/services_communaux\/c-c-a-t-m\/#breadcrumb"},"inLanguage":"fr-FR","potentialAction":[{"@type":"ReadAction","target":["https:\/\/www.modave.be\/index.php\/services_communaux\/c-c-a-t-m\/"]}]},{"@type":"ImageObject","inLanguage":"fr-FR","@id":"https:\/\/www.modave.be\/index.php\/services_communaux\/c-c-a-t-m\/#primaryimage","url":"https:\/\/www.modave.be\/wp-content\/uploads\/2023\/01\/vue-aerienne-scaled.jpg","contentUrl":"https:\/\/www.modave.be\/wp-content\/uploads\/2023\/01\/vue-aerienne-scaled.jpg","width":2560,"height":1438},{"@type":"BreadcrumbList","@id":"https:\/\/www.modave.be\/index.php\/services_communaux\/c-c-a-t-m\/#breadcrumb","itemListElement":[{"@type":"ListItem","position":1,"name":"Accueil","item":"https:\/\/www.modave.be\/"},{"@type":"ListItem","position":2,"name":"C.C.A.T.M."}]},{"@type":"WebSite","@id":"https:\/\/www.modave.be\/#website","url":"https:\/\/www.modave.be\/","name":"Commune de Modave","description":"Commune de Modave","publisher":{"@id":"https:\/\/www.modave.be\/#organization"},"potentialAction":[{"@type":"SearchAction","target":{"@type":"EntryPoint","urlTemplate":"https:\/\/www.modave.be\/?s={search_term_string}"},"query-input":{"@type":"PropertyValueSpecification","valueRequired":true,"valueName":"search_term_string"}}],"inLanguage":"fr-FR"},{"@type":"Organization","@id":"https:\/\/www.modave.be\/#organization","name":"Commune de Modave","url":"https:\/\/www.modave.be\/","logo":{"@type":"ImageObject","inLanguage":"fr-FR","@id":"https:\/\/www.modave.be\/#\/schema\/logo\/image\/","url":"https:\/\/www.modave.be\/wp-content\/uploads\/2021\/12\/MODAVE_LOGO_HORIZONTAL_QUADRI_RVB.png","contentUrl":"https:\/\/www.modave.be\/wp-content\/uploads\/2021\/12\/MODAVE_LOGO_HORIZONTAL_QUADRI_RVB.png","width":1200,"height":501,"caption":"Commune de Modave"},"image":{"@id":"https:\/\/www.modave.be\/#\/schema\/logo\/image\/"}}]}</script>
<!-- / Yoast SEO plugin. -->

RAPPEL &#8211; APPEL PUBLICConstitution de la commission consultative communale d’aménagement du territoire et de mobilité (C.C.A.T.M.) Le Collège communal de Modave annonce la constitution de la commission consultative communale d’aménagement du territoire et de mobilité en exécution de l’article 7 du Code wallon de l’aménagement du territoire, de l’urbanisme, du patrimoine et de l’énergie.Le présent&hellip;
