{"id":11851,"date":"2023-01-07T17:04:42","date_gmt":"2023-01-07T16:04:42","guid":{"rendered":"http:\/\/217.182.142.226\/?post_type=services_communaux&#038;p=11851"},"modified":"2023-03-10T10:07:31","modified_gmt":"2023-03-10T09:07:31","slug":"la-voie-de-leffort-hiit-abdos-fessiers","status":"publish","type":"services_communaux","link":"https:\/\/www.modave.be\/index.php\/services_communaux\/la-voie-de-leffort-hiit-abdos-fessiers\/","title":{"rendered":"La Voie de l&rsquo;Effort &#8211; hiit \/ abdos fessiers"},"content":{"rendered":"\n<p class=\"has-medium-font-size\"><strong>Jeudis de 19h30 \u00e0 20h30 :&nbsp;Abdos fessiers&nbsp;&nbsp;<\/strong>de 16 ans \u00e0 65 ans.<br><strong>Jeudis de 20h30 \u00e0 21h00 :&nbsp;HIIT (cardio intensive),&nbsp;<\/strong>de 14 ans \u00e0 65 ans.<\/p>\n\n\n\n<p class=\"has-medium-font-size\">Pour plus d&rsquo;infos et inscriptions, merci de contacter&nbsp;Ga\u00ebtan Di Bartolom\u00e9o, secr\u00e9taire de l&rsquo;asbl La Voie de l&rsquo;Effort&nbsp;au&nbsp;0476\/67 44 58 &#8211;&nbsp;<a href=\"mailto:gaetan@lavoiedeleffort.be\">gaetan.<\/a><a href=\"mailto:dibartolomeo@hotmail.com\">dibartolomeo@hotmail.com<\/a>&nbsp; &#8211;&nbsp;<a href=\"http:\/\/www.lavoiedeleffort.be\/\">www.lavoiedeleffort.be<\/a><\/p>\n","protected":false},"excerpt":{"rendered":"<p>Jeudis de 19h30 \u00e0 20h30 :&nbsp;Abdos fessiers&nbsp;&nbsp;de 16 ans \u00e0 65 ans.Jeudis de 20h30 \u00e0 21h00 :&nbsp;HIIT (cardio intensive),&nbsp;de 14 ans \u00e0 65 ans. Pour plus d&rsquo;infos et inscriptions, merci de contacter&nbsp;Ga\u00ebtan Di Bartolom\u00e9o, secr\u00e9taire de l&rsquo;asbl La Voie de l&rsquo;Effort&nbsp;au&nbsp;0476\/67 44 58 &#8211;&nbsp;gaetan.dibartolomeo@hotmail.com&nbsp; &#8211;&nbsp;www.lavoiedeleffort.be<\/p>\n","protected":false},"author":1,"featured_media":11852,"menu_order":0,"template":"","categories":[221],"class_list":["post-11851","services_communaux","type-services_communaux","status-publish","has-post-thumbnail","hentry","category-clubs_sportifs","description-off"],"yoast_head":"<!-- This site is optimized with the Yoast SEO plugin v27.4 - https:\/\/yoast.com\/product\/yoast-seo-wordpress\/ -->\n<title>La Voie de l&#039;Effort - hiit \/ abdos fessiers - Commune de Modave<\/title>\n<meta name=\"robots\" content=\"index, follow, max-snippet:-1, max-image-preview:large, max-video-preview:-1\" \/>\n<link rel=\"canonical\" href=\"https:\/\/www.modave.be\/index.php\/services_communaux\/la-voie-de-leffort-hiit-abdos-fessiers\/\" \/>\n<meta property=\"og:locale\" content=\"fr_FR\" \/>\n<meta property=\"og:type\" content=\"article\" \/>\n<meta property=\"og:title\" content=\"La Voie de l&#039;Effort - hiit \/ abdos fessiers - Commune de Modave\" \/>\n<meta property=\"og:description\" content=\"Jeudis de 19h30 \u00e0 20h30 :&nbsp;Abdos fessiers&nbsp;&nbsp;de 16 ans \u00e0 65 ans.Jeudis de 20h30 \u00e0 21h00 :&nbsp;HIIT (cardio intensive),&nbsp;de 14 ans \u00e0 65 ans. Pour plus d&rsquo;infos et inscriptions, merci de contacter&nbsp;Ga\u00ebtan Di Bartolom\u00e9o, secr\u00e9taire de l&rsquo;asbl La Voie de l&rsquo;Effort&nbsp;au&nbsp;0476\/67 44 58 &#8211;&nbsp;gaetan.dibartolomeo@hotmail.com&nbsp; &#8211;&nbsp;www.lavoiedeleffort.be\" \/>\n<meta property=\"og:url\" content=\"https:\/\/www.modave.be\/index.php\/services_communaux\/la-voie-de-leffort-hiit-abdos-fessiers\/\" \/>\n<meta property=\"og:site_name\" content=\"Commune de Modave\" \/>\n<meta property=\"article:modified_time\" content=\"2023-03-10T09:07:31+00:00\" \/>\n<meta property=\"og:image\" content=\"https:\/\/www.modave.be\/wp-content\/uploads\/2023\/03\/abdos_fessiers-scaled.jpg\" \/>\n\t<meta property=\"og:image:width\" content=\"2560\" \/>\n\t<meta property=\"og:image:height\" content=\"1474\" \/>\n\t<meta property=\"og:image:type\" content=\"image\/jpeg\" \/>\n<meta name=\"twitter:card\" content=\"summary_large_image\" \/>\n<script type=\"application\/ld+json\" class=\"yoast-schema-graph\">{\"@context\":\"https:\\\/\\\/schema.org\",\"@graph\":[{\"@type\":\"WebPage\",\"@id\":\"https:\\\/\\\/www.modave.be\\\/index.php\\\/services_communaux\\\/la-voie-de-leffort-hiit-abdos-fessiers\\\/\",\"url\":\"https:\\\/\\\/www.modave.be\\\/index.php\\\/services_communaux\\\/la-voie-de-leffort-hiit-abdos-fessiers\\\/\",\"name\":\"La Voie de l'Effort - hiit \\\/ abdos fessiers - Commune de Modave\",\"isPartOf\":{\"@id\":\"https:\\\/\\\/www.modave.be\\\/#website\"},\"primaryImageOfPage\":{\"@id\":\"https:\\\/\\\/www.modave.be\\\/index.php\\\/services_communaux\\\/la-voie-de-leffort-hiit-abdos-fessiers\\\/#primaryimage\"},\"image\":{\"@id\":\"https:\\\/\\\/www.modave.be\\\/index.php\\\/services_communaux\\\/la-voie-de-leffort-hiit-abdos-fessiers\\\/#primaryimage\"},\"thumbnailUrl\":\"https:\\\/\\\/www.modave.be\\\/wp-content\\\/uploads\\\/2023\\\/03\\\/abdos_fessiers-scaled.jpg\",\"datePublished\":\"2023-01-07T16:04:42+00:00\",\"dateModified\":\"2023-03-10T09:07:31+00:00\",\"breadcrumb\":{\"@id\":\"https:\\\/\\\/www.modave.be\\\/index.php\\\/services_communaux\\\/la-voie-de-leffort-hiit-abdos-fessiers\\\/#breadcrumb\"},\"inLanguage\":\"fr-FR\",\"potentialAction\":[{\"@type\":\"ReadAction\",\"target\":[\"https:\\\/\\\/www.modave.be\\\/index.php\\\/services_communaux\\\/la-voie-de-leffort-hiit-abdos-fessiers\\\/\"]}]},{\"@type\":\"ImageObject\",\"inLanguage\":\"fr-FR\",\"@id\":\"https:\\\/\\\/www.modave.be\\\/index.php\\\/services_communaux\\\/la-voie-de-leffort-hiit-abdos-fessiers\\\/#primaryimage\",\"url\":\"https:\\\/\\\/www.modave.be\\\/wp-content\\\/uploads\\\/2023\\\/03\\\/abdos_fessiers-scaled.jpg\",\"contentUrl\":\"https:\\\/\\\/www.modave.be\\\/wp-content\\\/uploads\\\/2023\\\/03\\\/abdos_fessiers-scaled.jpg\",\"width\":2560,\"height\":1474,\"caption\":\"View of attractive fit girl exercising with ball on floor of modern gym\"},{\"@type\":\"BreadcrumbList\",\"@id\":\"https:\\\/\\\/www.modave.be\\\/index.php\\\/services_communaux\\\/la-voie-de-leffort-hiit-abdos-fessiers\\\/#breadcrumb\",\"itemListElement\":[{\"@type\":\"ListItem\",\"position\":1,\"name\":\"Accueil\",\"item\":\"https:\\\/\\\/www.modave.be\\\/\"},{\"@type\":\"ListItem\",\"position\":2,\"name\":\"La Voie de l&rsquo;Effort &#8211; hiit \\\/ abdos fessiers\"}]},{\"@type\":\"WebSite\",\"@id\":\"https:\\\/\\\/www.modave.be\\\/#website\",\"url\":\"https:\\\/\\\/www.modave.be\\\/\",\"name\":\"Commune de Modave\",\"description\":\"Commune de Modave\",\"publisher\":{\"@id\":\"https:\\\/\\\/www.modave.be\\\/#organization\"},\"potentialAction\":[{\"@type\":\"SearchAction\",\"target\":{\"@type\":\"EntryPoint\",\"urlTemplate\":\"https:\\\/\\\/www.modave.be\\\/?s={search_term_string}\"},\"query-input\":{\"@type\":\"PropertyValueSpecification\",\"valueRequired\":true,\"valueName\":\"search_term_string\"}}],\"inLanguage\":\"fr-FR\"},{\"@type\":\"Organization\",\"@id\":\"https:\\\/\\\/www.modave.be\\\/#organization\",\"name\":\"Commune de Modave\",\"url\":\"https:\\\/\\\/www.modave.be\\\/\",\"logo\":{\"@type\":\"ImageObject\",\"inLanguage\":\"fr-FR\",\"@id\":\"https:\\\/\\\/www.modave.be\\\/#\\\/schema\\\/logo\\\/image\\\/\",\"url\":\"https:\\\/\\\/www.modave.be\\\/wp-content\\\/uploads\\\/2021\\\/12\\\/MODAVE_LOGO_HORIZONTAL_QUADRI_RVB.png\",\"contentUrl\":\"https:\\\/\\\/www.modave.be\\\/wp-content\\\/uploads\\\/2021\\\/12\\\/MODAVE_LOGO_HORIZONTAL_QUADRI_RVB.png\",\"width\":1200,\"height\":501,\"caption\":\"Commune de Modave\"},\"image\":{\"@id\":\"https:\\\/\\\/www.modave.be\\\/#\\\/schema\\\/logo\\\/image\\\/\"}}]}<\/script>\n<!-- \/ Yoast SEO plugin. -->","yoast_head_json":{"title":"La Voie de l'Effort - hiit \/ abdos fessiers - Commune de Modave","robots":{"index":"index","follow":"follow","max-snippet":"max-snippet:-1","max-image-preview":"max-image-preview:large","max-video-preview":"max-video-preview:-1"},"canonical":"https:\/\/www.modave.be\/index.php\/services_communaux\/la-voie-de-leffort-hiit-abdos-fessiers\/","og_locale":"fr_FR","og_type":"article","og_title":"La Voie de l'Effort - hiit \/ abdos fessiers - Commune de Modave","og_description":"Jeudis de 19h30 \u00e0 20h30 :&nbsp;Abdos fessiers&nbsp;&nbsp;de 16 ans \u00e0 65 ans.Jeudis de 20h30 \u00e0 21h00 :&nbsp;HIIT (cardio intensive),&nbsp;de 14 ans \u00e0 65 ans. Pour plus d&rsquo;infos et inscriptions, merci de contacter&nbsp;Ga\u00ebtan Di Bartolom\u00e9o, secr\u00e9taire de l&rsquo;asbl La Voie de l&rsquo;Effort&nbsp;au&nbsp;0476\/67 44 58 &#8211;&nbsp;gaetan.dibartolomeo@hotmail.com&nbsp; &#8211;&nbsp;www.lavoiedeleffort.be","og_url":"https:\/\/www.modave.be\/index.php\/services_communaux\/la-voie-de-leffort-hiit-abdos-fessiers\/","og_site_name":"Commune de Modave","article_modified_time":"2023-03-10T09:07:31+00:00","og_image":[{"width":2560,"height":1474,"url":"https:\/\/www.modave.be\/wp-content\/uploads\/2023\/03\/abdos_fessiers-scaled.jpg","type":"image\/jpeg"}],"twitter_card":"summary_large_image","schema":{"@context":"https:\/\/schema.org","@graph":[{"@type":"WebPage","@id":"https:\/\/www.modave.be\/index.php\/services_communaux\/la-voie-de-leffort-hiit-abdos-fessiers\/","url":"https:\/\/www.modave.be\/index.php\/services_communaux\/la-voie-de-leffort-hiit-abdos-fessiers\/","name":"La Voie de l'Effort - hiit \/ abdos fessiers - Commune de Modave","isPartOf":{"@id":"https:\/\/www.modave.be\/#website"},"primaryImageOfPage":{"@id":"https:\/\/www.modave.be\/index.php\/services_communaux\/la-voie-de-leffort-hiit-abdos-fessiers\/#primaryimage"},"image":{"@id":"https:\/\/www.modave.be\/index.php\/services_communaux\/la-voie-de-leffort-hiit-abdos-fessiers\/#primaryimage"},"thumbnailUrl":"https:\/\/www.modave.be\/wp-content\/uploads\/2023\/03\/abdos_fessiers-scaled.jpg","datePublished":"2023-01-07T16:04:42+00:00","dateModified":"2023-03-10T09:07:31+00:00","breadcrumb":{"@id":"https:\/\/www.modave.be\/index.php\/services_communaux\/la-voie-de-leffort-hiit-abdos-fessiers\/#breadcrumb"},"inLanguage":"fr-FR","potentialAction":[{"@type":"ReadAction","target":["https:\/\/www.modave.be\/index.php\/services_communaux\/la-voie-de-leffort-hiit-abdos-fessiers\/"]}]},{"@type":"ImageObject","inLanguage":"fr-FR","@id":"https:\/\/www.modave.be\/index.php\/services_communaux\/la-voie-de-leffort-hiit-abdos-fessiers\/#primaryimage","url":"https:\/\/www.modave.be\/wp-content\/uploads\/2023\/03\/abdos_fessiers-scaled.jpg","contentUrl":"https:\/\/www.modave.be\/wp-content\/uploads\/2023\/03\/abdos_fessiers-scaled.jpg","width":2560,"height":1474,"caption":"View of attractive fit girl exercising with ball on floor of modern gym"},{"@type":"BreadcrumbList","@id":"https:\/\/www.modave.be\/index.php\/services_communaux\/la-voie-de-leffort-hiit-abdos-fessiers\/#breadcrumb","itemListElement":[{"@type":"ListItem","position":1,"name":"Accueil","item":"https:\/\/www.modave.be\/"},{"@type":"ListItem","position":2,"name":"La Voie de l&rsquo;Effort &#8211; hiit \/ abdos fessiers"}]},{"@type":"WebSite","@id":"https:\/\/www.modave.be\/#website","url":"https:\/\/www.modave.be\/","name":"Commune de Modave","description":"Commune de Modave","publisher":{"@id":"https:\/\/www.modave.be\/#organization"},"potentialAction":[{"@type":"SearchAction","target":{"@type":"EntryPoint","urlTemplate":"https:\/\/www.modave.be\/?s={search_term_string}"},"query-input":{"@type":"PropertyValueSpecification","valueRequired":true,"valueName":"search_term_string"}}],"inLanguage":"fr-FR"},{"@type":"Organization","@id":"https:\/\/www.modave.be\/#organization","name":"Commune de Modave","url":"https:\/\/www.modave.be\/","logo":{"@type":"ImageObject","inLanguage":"fr-FR","@id":"https:\/\/www.modave.be\/#\/schema\/logo\/image\/","url":"https:\/\/www.modave.be\/wp-content\/uploads\/2021\/12\/MODAVE_LOGO_HORIZONTAL_QUADRI_RVB.png","contentUrl":"https:\/\/www.modave.be\/wp-content\/uploads\/2021\/12\/MODAVE_LOGO_HORIZONTAL_QUADRI_RVB.png","width":1200,"height":501,"caption":"Commune de Modave"},"image":{"@id":"https:\/\/www.modave.be\/#\/schema\/logo\/image\/"}}]}},"_links":{"self":[{"href":"https:\/\/www.modave.be\/index.php\/wp-json\/wp\/v2\/services_communaux\/11851","targetHints":{"allow":["GET"]}}],"collection":[{"href":"https:\/\/www.modave.be\/index.php\/wp-json\/wp\/v2\/services_communaux"}],"about":[{"href":"https:\/\/www.modave.be\/index.php\/wp-json\/wp\/v2\/types\/services_communaux"}],"author":[{"embeddable":true,"href":"https:\/\/www.modave.be\/index.php\/wp-json\/wp\/v2\/users\/1"}],"wp:featuredmedia":[{"embeddable":true,"href":"https:\/\/www.modave.be\/index.php\/wp-json\/wp\/v2\/media\/11852"}],"wp:attachment":[{"href":"https:\/\/www.modave.be\/index.php\/wp-json\/wp\/v2\/media?parent=11851"}],"wp:term":[{"taxonomy":"category","embeddable":true,"href":"https:\/\/www.modave.be\/index.php\/wp-json\/wp\/v2\/categories?post=11851"}],"curies":[{"name":"wp","href":"https:\/\/api.w.org\/{rel}","templated":true}]}}

<p class="has-medium-font-size"><strong>Jeudis de 19h30 à 20h30 :&nbsp;Abdos fessiers&nbsp;&nbsp;</strong>de 16 ans à 65 ans.<br><strong>Jeudis de 20h30 à 21h00 :&nbsp;HIIT (cardio intensive),&nbsp;</strong>de 14 ans à 65 ans.</p>



<p class="has-medium-font-size">Pour plus d&rsquo;infos et inscriptions, merci de contacter&nbsp;Gaëtan Di Bartoloméo, secrétaire de l&rsquo;asbl La Voie de l&rsquo;Effort&nbsp;au&nbsp;0476/67 44 58 &#8211;&nbsp;<a href="mailto:gaetan@lavoiedeleffort.be">gaetan.</a><a href="mailto:dibartolomeo@hotmail.com">dibartolomeo@hotmail.com</a>&nbsp; &#8211;&nbsp;<a href="http://www.lavoiedeleffort.be/">www.lavoiedeleffort.be</a></p>

<p>Jeudis de 19h30 à 20h30 :&nbsp;Abdos fessiers&nbsp;&nbsp;de 16 ans à 65 ans.Jeudis de 20h30 à 21h00 :&nbsp;HIIT (cardio intensive),&nbsp;de 14 ans à 65 ans. Pour plus d&rsquo;infos et inscriptions, merci de contacter&nbsp;Gaëtan Di Bartoloméo, secrétaire de l&rsquo;asbl La Voie de l&rsquo;Effort&nbsp;au&nbsp;0476/67 44 58 &#8211;&nbsp;gaetan.dibartolomeo@hotmail.com&nbsp; &#8211;&nbsp;www.lavoiedeleffort.be</p>

<!-- This site is optimized with the Yoast SEO plugin v27.4 - https://yoast.com/product/yoast-seo-wordpress/ -->
<title>La Voie de l&#039;Effort - hiit / abdos fessiers - Commune de Modave</title>
<meta name="robots" content="index, follow, max-snippet:-1, max-image-preview:large, max-video-preview:-1" />
<link rel="canonical" href="https://www.modave.be/index.php/services_communaux/la-voie-de-leffort-hiit-abdos-fessiers/" />
<meta property="og:locale" content="fr_FR" />
<meta property="og:type" content="article" />
<meta property="og:title" content="La Voie de l&#039;Effort - hiit / abdos fessiers - Commune de Modave" />
<meta property="og:description" content="Jeudis de 19h30 à 20h30 :&nbsp;Abdos fessiers&nbsp;&nbsp;de 16 ans à 65 ans.Jeudis de 20h30 à 21h00 :&nbsp;HIIT (cardio intensive),&nbsp;de 14 ans à 65 ans. Pour plus d&rsquo;infos et inscriptions, merci de contacter&nbsp;Gaëtan Di Bartoloméo, secrétaire de l&rsquo;asbl La Voie de l&rsquo;Effort&nbsp;au&nbsp;0476/67 44 58 &#8211;&nbsp;gaetan.dibartolomeo@hotmail.com&nbsp; &#8211;&nbsp;www.lavoiedeleffort.be" />
<meta property="og:url" content="https://www.modave.be/index.php/services_communaux/la-voie-de-leffort-hiit-abdos-fessiers/" />
<meta property="og:site_name" content="Commune de Modave" />
<meta property="article:modified_time" content="2023-03-10T09:07:31+00:00" />
<meta property="og:image" content="https://www.modave.be/wp-content/uploads/2023/03/abdos_fessiers-scaled.jpg" />
	<meta property="og:image:width" content="2560" />
	<meta property="og:image:height" content="1474" />
	<meta property="og:image:type" content="image/jpeg" />
<meta name="twitter:card" content="summary_large_image" />
<script type="application/ld+json" class="yoast-schema-graph">{"@context":"https:\/\/schema.org","@graph":[{"@type":"WebPage","@id":"https:\/\/www.modave.be\/index.php\/services_communaux\/la-voie-de-leffort-hiit-abdos-fessiers\/","url":"https:\/\/www.modave.be\/index.php\/services_communaux\/la-voie-de-leffort-hiit-abdos-fessiers\/","name":"La Voie de l'Effort - hiit \/ abdos fessiers - Commune de Modave","isPartOf":{"@id":"https:\/\/www.modave.be\/#website"},"primaryImageOfPage":{"@id":"https:\/\/www.modave.be\/index.php\/services_communaux\/la-voie-de-leffort-hiit-abdos-fessiers\/#primaryimage"},"image":{"@id":"https:\/\/www.modave.be\/index.php\/services_communaux\/la-voie-de-leffort-hiit-abdos-fessiers\/#primaryimage"},"thumbnailUrl":"https:\/\/www.modave.be\/wp-content\/uploads\/2023\/03\/abdos_fessiers-scaled.jpg","datePublished":"2023-01-07T16:04:42+00:00","dateModified":"2023-03-10T09:07:31+00:00","breadcrumb":{"@id":"https:\/\/www.modave.be\/index.php\/services_communaux\/la-voie-de-leffort-hiit-abdos-fessiers\/#breadcrumb"},"inLanguage":"fr-FR","potentialAction":[{"@type":"ReadAction","target":["https:\/\/www.modave.be\/index.php\/services_communaux\/la-voie-de-leffort-hiit-abdos-fessiers\/"]}]},{"@type":"ImageObject","inLanguage":"fr-FR","@id":"https:\/\/www.modave.be\/index.php\/services_communaux\/la-voie-de-leffort-hiit-abdos-fessiers\/#primaryimage","url":"https:\/\/www.modave.be\/wp-content\/uploads\/2023\/03\/abdos_fessiers-scaled.jpg","contentUrl":"https:\/\/www.modave.be\/wp-content\/uploads\/2023\/03\/abdos_fessiers-scaled.jpg","width":2560,"height":1474,"caption":"View of attractive fit girl exercising with ball on floor of modern gym"},{"@type":"BreadcrumbList","@id":"https:\/\/www.modave.be\/index.php\/services_communaux\/la-voie-de-leffort-hiit-abdos-fessiers\/#breadcrumb","itemListElement":[{"@type":"ListItem","position":1,"name":"Accueil","item":"https:\/\/www.modave.be\/"},{"@type":"ListItem","position":2,"name":"La Voie de l&rsquo;Effort &#8211; hiit \/ abdos fessiers"}]},{"@type":"WebSite","@id":"https:\/\/www.modave.be\/#website","url":"https:\/\/www.modave.be\/","name":"Commune de Modave","description":"Commune de Modave","publisher":{"@id":"https:\/\/www.modave.be\/#organization"},"potentialAction":[{"@type":"SearchAction","target":{"@type":"EntryPoint","urlTemplate":"https:\/\/www.modave.be\/?s={search_term_string}"},"query-input":{"@type":"PropertyValueSpecification","valueRequired":true,"valueName":"search_term_string"}}],"inLanguage":"fr-FR"},{"@type":"Organization","@id":"https:\/\/www.modave.be\/#organization","name":"Commune de Modave","url":"https:\/\/www.modave.be\/","logo":{"@type":"ImageObject","inLanguage":"fr-FR","@id":"https:\/\/www.modave.be\/#\/schema\/logo\/image\/","url":"https:\/\/www.modave.be\/wp-content\/uploads\/2021\/12\/MODAVE_LOGO_HORIZONTAL_QUADRI_RVB.png","contentUrl":"https:\/\/www.modave.be\/wp-content\/uploads\/2021\/12\/MODAVE_LOGO_HORIZONTAL_QUADRI_RVB.png","width":1200,"height":501,"caption":"Commune de Modave"},"image":{"@id":"https:\/\/www.modave.be\/#\/schema\/logo\/image\/"}}]}</script>
<!-- / Yoast SEO plugin. -->

Jeudis de 19h30 à 20h30 :&nbsp;Abdos fessiers&nbsp;&nbsp;de 16 ans à 65 ans.Jeudis de 20h30 à 21h00 :&nbsp;HIIT (cardio intensive),&nbsp;de 14 ans à 65 ans. Pour plus d&rsquo;infos et inscriptions, merci de contacter&nbsp;Gaëtan Di Bartoloméo, secrétaire de l&rsquo;asbl La Voie de l&rsquo;Effort&nbsp;au&nbsp;0476/67 44 58 &#8211;&nbsp;gaetan.dibartolomeo@hotmail.com&nbsp; &#8211;&nbsp;www.lavoiedeleffort.be
