{"id":12114,"date":"2023-03-02T10:17:18","date_gmt":"2023-03-02T09:17:18","guid":{"rendered":"http:\/\/217.182.142.226\/?post_type=services_communaux&#038;p=12114"},"modified":"2023-04-11T08:25:16","modified_gmt":"2023-04-11T06:25:16","slug":"chantier-mobile-a-vierset-jusque-fin-avril","status":"publish","type":"services_communaux","link":"https:\/\/www.modave.be\/index.php\/services_communaux\/chantier-mobile-a-vierset-jusque-fin-avril\/","title":{"rendered":"Chantier mobile \u00e0 Vierset jusque fin avril"},"content":{"rendered":"\n<p>Le chantier d\u2019enfouissement de c\u00e2bles \u00e9lectriques actuellement Ruelle des Messes et La Coul\u00e9e, sera suivi aux rues Surroyseux, Taillis et Haie de Barse,&nbsp;<strong>entre le 13 mars et le 30 avril 2023<\/strong><\/p>\n\n\n\n<p><a href=\"http:\/\/217.182.142.226\/wp-content\/uploads\/2023\/03\/Ordonnance-de-police-vierset.pdf\" data-type=\"URL\" data-id=\"http:\/\/217.182.142.226\/wp-content\/uploads\/2023\/03\/Ordonnance-de-police-vierset.pdf\" target=\"_blank\" rel=\"noreferrer noopener\">Ordonnance de police<\/a><\/p>\n\n\n\n<figure class=\"wp-block-image size-full\"><img decoding=\"async\" width=\"82\" height=\"65\" src=\"http:\/\/217.182.142.226\/wp-content\/uploads\/2023\/03\/ico-Travaux.jpg\" alt=\"\" class=\"wp-image-12107\"\/><\/figure>\n","protected":false},"excerpt":{"rendered":"<p>Le chantier d\u2019enfouissement de c\u00e2bles \u00e9lectriques actuellement Ruelle des Messes et La Coul\u00e9e, sera suivi aux rues Surroyseux, Taillis et Haie de Barse,&nbsp;entre le 13 mars et le 30 avril 2023 Ordonnance de police<\/p>\n","protected":false},"author":1,"featured_media":12395,"menu_order":0,"template":"","categories":[208],"class_list":["post-12114","services_communaux","type-services_communaux","status-publish","has-post-thumbnail","hentry","category-travaux","description-off"],"yoast_head":"<!-- This site is optimized with the Yoast SEO plugin v27.5 - https:\/\/yoast.com\/product\/yoast-seo-wordpress\/ -->\n<title>Chantier mobile \u00e0 Vierset jusque fin avril - Commune de Modave<\/title>\n<meta name=\"robots\" content=\"index, follow, max-snippet:-1, max-image-preview:large, max-video-preview:-1\" \/>\n<link rel=\"canonical\" href=\"https:\/\/www.modave.be\/index.php\/services_communaux\/chantier-mobile-a-vierset-jusque-fin-avril\/\" \/>\n<meta property=\"og:locale\" content=\"fr_FR\" \/>\n<meta property=\"og:type\" content=\"article\" \/>\n<meta property=\"og:title\" content=\"Chantier mobile \u00e0 Vierset jusque fin avril - Commune de Modave\" \/>\n<meta property=\"og:description\" content=\"Le chantier d\u2019enfouissement de c\u00e2bles \u00e9lectriques actuellement Ruelle des Messes et La Coul\u00e9e, sera suivi aux rues Surroyseux, Taillis et Haie de Barse,&nbsp;entre le 13 mars et le 30 avril 2023 Ordonnance de police\" \/>\n<meta property=\"og:url\" content=\"https:\/\/www.modave.be\/index.php\/services_communaux\/chantier-mobile-a-vierset-jusque-fin-avril\/\" \/>\n<meta property=\"og:site_name\" content=\"Commune de Modave\" \/>\n<meta property=\"article:modified_time\" content=\"2023-04-11T06:25:16+00:00\" \/>\n<meta property=\"og:image\" content=\"https:\/\/www.modave.be\/wp-content\/uploads\/2023\/04\/chantier-v2-e1727685320454.jpg\" \/>\n\t<meta property=\"og:image:width\" content=\"1280\" \/>\n\t<meta property=\"og:image:height\" content=\"640\" \/>\n\t<meta property=\"og:image:type\" content=\"image\/jpeg\" \/>\n<meta name=\"twitter:card\" content=\"summary_large_image\" \/>\n<script type=\"application\/ld+json\" class=\"yoast-schema-graph\">{\"@context\":\"https:\\\/\\\/schema.org\",\"@graph\":[{\"@type\":\"WebPage\",\"@id\":\"https:\\\/\\\/www.modave.be\\\/index.php\\\/services_communaux\\\/chantier-mobile-a-vierset-jusque-fin-avril\\\/\",\"url\":\"https:\\\/\\\/www.modave.be\\\/index.php\\\/services_communaux\\\/chantier-mobile-a-vierset-jusque-fin-avril\\\/\",\"name\":\"Chantier mobile \u00e0 Vierset jusque fin avril - Commune de Modave\",\"isPartOf\":{\"@id\":\"https:\\\/\\\/www.modave.be\\\/#website\"},\"primaryImageOfPage\":{\"@id\":\"https:\\\/\\\/www.modave.be\\\/index.php\\\/services_communaux\\\/chantier-mobile-a-vierset-jusque-fin-avril\\\/#primaryimage\"},\"image\":{\"@id\":\"https:\\\/\\\/www.modave.be\\\/index.php\\\/services_communaux\\\/chantier-mobile-a-vierset-jusque-fin-avril\\\/#primaryimage\"},\"thumbnailUrl\":\"https:\\\/\\\/www.modave.be\\\/wp-content\\\/uploads\\\/2023\\\/04\\\/chantier-v2-e1727685320454.jpg\",\"datePublished\":\"2023-03-02T09:17:18+00:00\",\"dateModified\":\"2023-04-11T06:25:16+00:00\",\"breadcrumb\":{\"@id\":\"https:\\\/\\\/www.modave.be\\\/index.php\\\/services_communaux\\\/chantier-mobile-a-vierset-jusque-fin-avril\\\/#breadcrumb\"},\"inLanguage\":\"fr-FR\",\"potentialAction\":[{\"@type\":\"ReadAction\",\"target\":[\"https:\\\/\\\/www.modave.be\\\/index.php\\\/services_communaux\\\/chantier-mobile-a-vierset-jusque-fin-avril\\\/\"]}]},{\"@type\":\"ImageObject\",\"inLanguage\":\"fr-FR\",\"@id\":\"https:\\\/\\\/www.modave.be\\\/index.php\\\/services_communaux\\\/chantier-mobile-a-vierset-jusque-fin-avril\\\/#primaryimage\",\"url\":\"https:\\\/\\\/www.modave.be\\\/wp-content\\\/uploads\\\/2023\\\/04\\\/chantier-v2-e1727685320454.jpg\",\"contentUrl\":\"https:\\\/\\\/www.modave.be\\\/wp-content\\\/uploads\\\/2023\\\/04\\\/chantier-v2-e1727685320454.jpg\",\"width\":1280,\"height\":640},{\"@type\":\"BreadcrumbList\",\"@id\":\"https:\\\/\\\/www.modave.be\\\/index.php\\\/services_communaux\\\/chantier-mobile-a-vierset-jusque-fin-avril\\\/#breadcrumb\",\"itemListElement\":[{\"@type\":\"ListItem\",\"position\":1,\"name\":\"Accueil\",\"item\":\"https:\\\/\\\/www.modave.be\\\/\"},{\"@type\":\"ListItem\",\"position\":2,\"name\":\"Chantier mobile \u00e0 Vierset jusque fin avril\"}]},{\"@type\":\"WebSite\",\"@id\":\"https:\\\/\\\/www.modave.be\\\/#website\",\"url\":\"https:\\\/\\\/www.modave.be\\\/\",\"name\":\"Commune de Modave\",\"description\":\"Commune de Modave\",\"publisher\":{\"@id\":\"https:\\\/\\\/www.modave.be\\\/#organization\"},\"potentialAction\":[{\"@type\":\"SearchAction\",\"target\":{\"@type\":\"EntryPoint\",\"urlTemplate\":\"https:\\\/\\\/www.modave.be\\\/?s={search_term_string}\"},\"query-input\":{\"@type\":\"PropertyValueSpecification\",\"valueRequired\":true,\"valueName\":\"search_term_string\"}}],\"inLanguage\":\"fr-FR\"},{\"@type\":\"Organization\",\"@id\":\"https:\\\/\\\/www.modave.be\\\/#organization\",\"name\":\"Commune de Modave\",\"url\":\"https:\\\/\\\/www.modave.be\\\/\",\"logo\":{\"@type\":\"ImageObject\",\"inLanguage\":\"fr-FR\",\"@id\":\"https:\\\/\\\/www.modave.be\\\/#\\\/schema\\\/logo\\\/image\\\/\",\"url\":\"https:\\\/\\\/www.modave.be\\\/wp-content\\\/uploads\\\/2021\\\/12\\\/MODAVE_LOGO_HORIZONTAL_QUADRI_RVB.png\",\"contentUrl\":\"https:\\\/\\\/www.modave.be\\\/wp-content\\\/uploads\\\/2021\\\/12\\\/MODAVE_LOGO_HORIZONTAL_QUADRI_RVB.png\",\"width\":1200,\"height\":501,\"caption\":\"Commune de Modave\"},\"image\":{\"@id\":\"https:\\\/\\\/www.modave.be\\\/#\\\/schema\\\/logo\\\/image\\\/\"}}]}<\/script>\n<!-- \/ Yoast SEO plugin. -->","yoast_head_json":{"title":"Chantier mobile \u00e0 Vierset jusque fin avril - Commune de Modave","robots":{"index":"index","follow":"follow","max-snippet":"max-snippet:-1","max-image-preview":"max-image-preview:large","max-video-preview":"max-video-preview:-1"},"canonical":"https:\/\/www.modave.be\/index.php\/services_communaux\/chantier-mobile-a-vierset-jusque-fin-avril\/","og_locale":"fr_FR","og_type":"article","og_title":"Chantier mobile \u00e0 Vierset jusque fin avril - Commune de Modave","og_description":"Le chantier d\u2019enfouissement de c\u00e2bles \u00e9lectriques actuellement Ruelle des Messes et La Coul\u00e9e, sera suivi aux rues Surroyseux, Taillis et Haie de Barse,&nbsp;entre le 13 mars et le 30 avril 2023 Ordonnance de police","og_url":"https:\/\/www.modave.be\/index.php\/services_communaux\/chantier-mobile-a-vierset-jusque-fin-avril\/","og_site_name":"Commune de Modave","article_modified_time":"2023-04-11T06:25:16+00:00","og_image":[{"width":1280,"height":640,"url":"https:\/\/www.modave.be\/wp-content\/uploads\/2023\/04\/chantier-v2-e1727685320454.jpg","type":"image\/jpeg"}],"twitter_card":"summary_large_image","schema":{"@context":"https:\/\/schema.org","@graph":[{"@type":"WebPage","@id":"https:\/\/www.modave.be\/index.php\/services_communaux\/chantier-mobile-a-vierset-jusque-fin-avril\/","url":"https:\/\/www.modave.be\/index.php\/services_communaux\/chantier-mobile-a-vierset-jusque-fin-avril\/","name":"Chantier mobile \u00e0 Vierset jusque fin avril - Commune de Modave","isPartOf":{"@id":"https:\/\/www.modave.be\/#website"},"primaryImageOfPage":{"@id":"https:\/\/www.modave.be\/index.php\/services_communaux\/chantier-mobile-a-vierset-jusque-fin-avril\/#primaryimage"},"image":{"@id":"https:\/\/www.modave.be\/index.php\/services_communaux\/chantier-mobile-a-vierset-jusque-fin-avril\/#primaryimage"},"thumbnailUrl":"https:\/\/www.modave.be\/wp-content\/uploads\/2023\/04\/chantier-v2-e1727685320454.jpg","datePublished":"2023-03-02T09:17:18+00:00","dateModified":"2023-04-11T06:25:16+00:00","breadcrumb":{"@id":"https:\/\/www.modave.be\/index.php\/services_communaux\/chantier-mobile-a-vierset-jusque-fin-avril\/#breadcrumb"},"inLanguage":"fr-FR","potentialAction":[{"@type":"ReadAction","target":["https:\/\/www.modave.be\/index.php\/services_communaux\/chantier-mobile-a-vierset-jusque-fin-avril\/"]}]},{"@type":"ImageObject","inLanguage":"fr-FR","@id":"https:\/\/www.modave.be\/index.php\/services_communaux\/chantier-mobile-a-vierset-jusque-fin-avril\/#primaryimage","url":"https:\/\/www.modave.be\/wp-content\/uploads\/2023\/04\/chantier-v2-e1727685320454.jpg","contentUrl":"https:\/\/www.modave.be\/wp-content\/uploads\/2023\/04\/chantier-v2-e1727685320454.jpg","width":1280,"height":640},{"@type":"BreadcrumbList","@id":"https:\/\/www.modave.be\/index.php\/services_communaux\/chantier-mobile-a-vierset-jusque-fin-avril\/#breadcrumb","itemListElement":[{"@type":"ListItem","position":1,"name":"Accueil","item":"https:\/\/www.modave.be\/"},{"@type":"ListItem","position":2,"name":"Chantier mobile \u00e0 Vierset jusque fin avril"}]},{"@type":"WebSite","@id":"https:\/\/www.modave.be\/#website","url":"https:\/\/www.modave.be\/","name":"Commune de Modave","description":"Commune de Modave","publisher":{"@id":"https:\/\/www.modave.be\/#organization"},"potentialAction":[{"@type":"SearchAction","target":{"@type":"EntryPoint","urlTemplate":"https:\/\/www.modave.be\/?s={search_term_string}"},"query-input":{"@type":"PropertyValueSpecification","valueRequired":true,"valueName":"search_term_string"}}],"inLanguage":"fr-FR"},{"@type":"Organization","@id":"https:\/\/www.modave.be\/#organization","name":"Commune de Modave","url":"https:\/\/www.modave.be\/","logo":{"@type":"ImageObject","inLanguage":"fr-FR","@id":"https:\/\/www.modave.be\/#\/schema\/logo\/image\/","url":"https:\/\/www.modave.be\/wp-content\/uploads\/2021\/12\/MODAVE_LOGO_HORIZONTAL_QUADRI_RVB.png","contentUrl":"https:\/\/www.modave.be\/wp-content\/uploads\/2021\/12\/MODAVE_LOGO_HORIZONTAL_QUADRI_RVB.png","width":1200,"height":501,"caption":"Commune de Modave"},"image":{"@id":"https:\/\/www.modave.be\/#\/schema\/logo\/image\/"}}]}},"_links":{"self":[{"href":"https:\/\/www.modave.be\/index.php\/wp-json\/wp\/v2\/services_communaux\/12114","targetHints":{"allow":["GET"]}}],"collection":[{"href":"https:\/\/www.modave.be\/index.php\/wp-json\/wp\/v2\/services_communaux"}],"about":[{"href":"https:\/\/www.modave.be\/index.php\/wp-json\/wp\/v2\/types\/services_communaux"}],"author":[{"embeddable":true,"href":"https:\/\/www.modave.be\/index.php\/wp-json\/wp\/v2\/users\/1"}],"wp:featuredmedia":[{"embeddable":true,"href":"https:\/\/www.modave.be\/index.php\/wp-json\/wp\/v2\/media\/12395"}],"wp:attachment":[{"href":"https:\/\/www.modave.be\/index.php\/wp-json\/wp\/v2\/media?parent=12114"}],"wp:term":[{"taxonomy":"category","embeddable":true,"href":"https:\/\/www.modave.be\/index.php\/wp-json\/wp\/v2\/categories?post=12114"}],"curies":[{"name":"wp","href":"https:\/\/api.w.org\/{rel}","templated":true}]}}

Chantier mobile à Vierset jusque fin avril

<p>Le chantier d’enfouissement de câbles électriques actuellement Ruelle des Messes et La Coulée, sera suivi aux rues Surroyseux, Taillis et Haie de Barse,&nbsp;<strong>entre le 13 mars et le 30 avril 2023</strong></p>



<p><a href="http://217.182.142.226/wp-content/uploads/2023/03/Ordonnance-de-police-vierset.pdf" data-type="URL" data-id="http://217.182.142.226/wp-content/uploads/2023/03/Ordonnance-de-police-vierset.pdf" target="_blank" rel="noreferrer noopener">Ordonnance de police</a></p>



<figure class="wp-block-image size-full"><img decoding="async" width="82" height="65" src="http://217.182.142.226/wp-content/uploads/2023/03/ico-Travaux.jpg" alt="" class="wp-image-12107"/></figure>

<p>Le chantier d’enfouissement de câbles électriques actuellement Ruelle des Messes et La Coulée, sera suivi aux rues Surroyseux, Taillis et Haie de Barse,&nbsp;entre le 13 mars et le 30 avril 2023 Ordonnance de police</p>

<!-- This site is optimized with the Yoast SEO plugin v27.5 - https://yoast.com/product/yoast-seo-wordpress/ -->
<title>Chantier mobile à Vierset jusque fin avril - Commune de Modave</title>
<meta name="robots" content="index, follow, max-snippet:-1, max-image-preview:large, max-video-preview:-1" />
<link rel="canonical" href="https://www.modave.be/index.php/services_communaux/chantier-mobile-a-vierset-jusque-fin-avril/" />
<meta property="og:locale" content="fr_FR" />
<meta property="og:type" content="article" />
<meta property="og:title" content="Chantier mobile à Vierset jusque fin avril - Commune de Modave" />
<meta property="og:description" content="Le chantier d’enfouissement de câbles électriques actuellement Ruelle des Messes et La Coulée, sera suivi aux rues Surroyseux, Taillis et Haie de Barse,&nbsp;entre le 13 mars et le 30 avril 2023 Ordonnance de police" />
<meta property="og:url" content="https://www.modave.be/index.php/services_communaux/chantier-mobile-a-vierset-jusque-fin-avril/" />
<meta property="og:site_name" content="Commune de Modave" />
<meta property="article:modified_time" content="2023-04-11T06:25:16+00:00" />
<meta property="og:image" content="https://www.modave.be/wp-content/uploads/2023/04/chantier-v2-e1727685320454.jpg" />
	<meta property="og:image:width" content="1280" />
	<meta property="og:image:height" content="640" />
	<meta property="og:image:type" content="image/jpeg" />
<meta name="twitter:card" content="summary_large_image" />
<script type="application/ld+json" class="yoast-schema-graph">{"@context":"https:\/\/schema.org","@graph":[{"@type":"WebPage","@id":"https:\/\/www.modave.be\/index.php\/services_communaux\/chantier-mobile-a-vierset-jusque-fin-avril\/","url":"https:\/\/www.modave.be\/index.php\/services_communaux\/chantier-mobile-a-vierset-jusque-fin-avril\/","name":"Chantier mobile à Vierset jusque fin avril - Commune de Modave","isPartOf":{"@id":"https:\/\/www.modave.be\/#website"},"primaryImageOfPage":{"@id":"https:\/\/www.modave.be\/index.php\/services_communaux\/chantier-mobile-a-vierset-jusque-fin-avril\/#primaryimage"},"image":{"@id":"https:\/\/www.modave.be\/index.php\/services_communaux\/chantier-mobile-a-vierset-jusque-fin-avril\/#primaryimage"},"thumbnailUrl":"https:\/\/www.modave.be\/wp-content\/uploads\/2023\/04\/chantier-v2-e1727685320454.jpg","datePublished":"2023-03-02T09:17:18+00:00","dateModified":"2023-04-11T06:25:16+00:00","breadcrumb":{"@id":"https:\/\/www.modave.be\/index.php\/services_communaux\/chantier-mobile-a-vierset-jusque-fin-avril\/#breadcrumb"},"inLanguage":"fr-FR","potentialAction":[{"@type":"ReadAction","target":["https:\/\/www.modave.be\/index.php\/services_communaux\/chantier-mobile-a-vierset-jusque-fin-avril\/"]}]},{"@type":"ImageObject","inLanguage":"fr-FR","@id":"https:\/\/www.modave.be\/index.php\/services_communaux\/chantier-mobile-a-vierset-jusque-fin-avril\/#primaryimage","url":"https:\/\/www.modave.be\/wp-content\/uploads\/2023\/04\/chantier-v2-e1727685320454.jpg","contentUrl":"https:\/\/www.modave.be\/wp-content\/uploads\/2023\/04\/chantier-v2-e1727685320454.jpg","width":1280,"height":640},{"@type":"BreadcrumbList","@id":"https:\/\/www.modave.be\/index.php\/services_communaux\/chantier-mobile-a-vierset-jusque-fin-avril\/#breadcrumb","itemListElement":[{"@type":"ListItem","position":1,"name":"Accueil","item":"https:\/\/www.modave.be\/"},{"@type":"ListItem","position":2,"name":"Chantier mobile à Vierset jusque fin avril"}]},{"@type":"WebSite","@id":"https:\/\/www.modave.be\/#website","url":"https:\/\/www.modave.be\/","name":"Commune de Modave","description":"Commune de Modave","publisher":{"@id":"https:\/\/www.modave.be\/#organization"},"potentialAction":[{"@type":"SearchAction","target":{"@type":"EntryPoint","urlTemplate":"https:\/\/www.modave.be\/?s={search_term_string}"},"query-input":{"@type":"PropertyValueSpecification","valueRequired":true,"valueName":"search_term_string"}}],"inLanguage":"fr-FR"},{"@type":"Organization","@id":"https:\/\/www.modave.be\/#organization","name":"Commune de Modave","url":"https:\/\/www.modave.be\/","logo":{"@type":"ImageObject","inLanguage":"fr-FR","@id":"https:\/\/www.modave.be\/#\/schema\/logo\/image\/","url":"https:\/\/www.modave.be\/wp-content\/uploads\/2021\/12\/MODAVE_LOGO_HORIZONTAL_QUADRI_RVB.png","contentUrl":"https:\/\/www.modave.be\/wp-content\/uploads\/2021\/12\/MODAVE_LOGO_HORIZONTAL_QUADRI_RVB.png","width":1200,"height":501,"caption":"Commune de Modave"},"image":{"@id":"https:\/\/www.modave.be\/#\/schema\/logo\/image\/"}}]}</script>
<!-- / Yoast SEO plugin. -->

Chantier mobile à Vierset jusque fin avril - Commune de Modave

Le chantier d’enfouissement de câbles électriques actuellement Ruelle des Messes et La Coulée, sera suivi aux rues Surroyseux, Taillis et Haie de Barse,&nbsp;entre le 13 mars et le 30 avril 2023 Ordonnance de police
