{"id":12860,"date":"2024-01-31T12:58:32","date_gmt":"2024-01-31T11:58:32","guid":{"rendered":"https:\/\/www.modave.be\/?post_type=services_communaux&#038;p=12860"},"modified":"2024-01-31T12:58:33","modified_gmt":"2024-01-31T11:58:33","slug":"campagne-de-deratisation","status":"publish","type":"services_communaux","link":"https:\/\/www.modave.be\/index.php\/services_communaux\/campagne-de-deratisation\/","title":{"rendered":"Campagne de d\u00e9ratisation"},"content":{"rendered":"\n<p>Anticimex effectuera une campagne de d\u00e9ratisation le lundi 04 et mardi 05 mars 2024 sur la Commune de Modave.<\/p>\n\n\n\n<p>Vous pouvez en b\u00e9n\u00e9ficier gratuitement, mais uniquement avec inscription pr\u00e9alable avant le 23\/02.<\/p>\n\n\n\n<p>Par t\u00e9l\u00e9phone : 085\/51.30.35 les lundi, mardi et vendredi matin ou<\/p>\n\n\n\n<p>Par mail : agenttechnique@modave.be<\/p>\n\n\n\n<p>La composition des app\u00e2ts que nous mettons en \u0153uvre dans le cadre de cette campagne est telle que les risques d\u2019intoxication pour l\u2019homme et les animaux domestiques sont nuls, pour autant que les conditions normales d\u2019utilisation puissent \u00eatre respect\u00e9es.<\/p>\n\n\n\n<p>Le rat, ce fl\u00e9au social, est maintenant vaincu par la science. Il appartient \u00e0 chacun d\u2019apporter son concours \u00e0 l\u2019administration communale ; la d\u00e9ratisation sera d\u2019autant plus efficace que les efforts seront plus nombreux et bien coordonn\u00e9s.<\/p>\n","protected":false},"excerpt":{"rendered":"<p>Anticimex effectuera une campagne de d\u00e9ratisation le lundi 04 et mardi 05 mars 2024 sur la Commune de Modave. Vous pouvez en b\u00e9n\u00e9ficier gratuitement, mais uniquement avec inscription pr\u00e9alable avant le 23\/02. Par t\u00e9l\u00e9phone : 085\/51.30.35 les lundi, mardi et vendredi matin ou Par mail : agenttechnique@modave.be La composition des app\u00e2ts que nous mettons en&hellip;<\/p>\n","protected":false},"author":9,"featured_media":12861,"menu_order":0,"template":"","categories":[199,208],"class_list":["post-12860","services_communaux","type-services_communaux","status-publish","has-post-thumbnail","hentry","category-environnement","category-travaux","description-off"],"yoast_head":"<!-- This site is optimized with the Yoast SEO plugin v27.4 - https:\/\/yoast.com\/product\/yoast-seo-wordpress\/ -->\n<title>Campagne de d\u00e9ratisation - Commune de Modave<\/title>\n<meta name=\"robots\" content=\"index, follow, max-snippet:-1, max-image-preview:large, max-video-preview:-1\" \/>\n<link rel=\"canonical\" href=\"https:\/\/www.modave.be\/index.php\/services_communaux\/campagne-de-deratisation\/\" \/>\n<meta property=\"og:locale\" content=\"fr_FR\" \/>\n<meta property=\"og:type\" content=\"article\" \/>\n<meta property=\"og:title\" content=\"Campagne de d\u00e9ratisation - Commune de Modave\" \/>\n<meta property=\"og:description\" content=\"Anticimex effectuera une campagne de d\u00e9ratisation le lundi 04 et mardi 05 mars 2024 sur la Commune de Modave. Vous pouvez en b\u00e9n\u00e9ficier gratuitement, mais uniquement avec inscription pr\u00e9alable avant le 23\/02. Par t\u00e9l\u00e9phone : 085\/51.30.35 les lundi, mardi et vendredi matin ou Par mail : agenttechnique@modave.be La composition des app\u00e2ts que nous mettons en&hellip;\" \/>\n<meta property=\"og:url\" content=\"https:\/\/www.modave.be\/index.php\/services_communaux\/campagne-de-deratisation\/\" \/>\n<meta property=\"og:site_name\" content=\"Commune de Modave\" \/>\n<meta property=\"article:modified_time\" content=\"2024-01-31T11:58:33+00:00\" \/>\n<meta property=\"og:image\" content=\"https:\/\/www.modave.be\/wp-content\/uploads\/2024\/01\/faire-appel-a-deratiseur-professionnel-pour-eliminer-rongeurs-5061-l750-h512-1-396x400-1.jpg\" \/>\n\t<meta property=\"og:image:width\" content=\"396\" \/>\n\t<meta property=\"og:image:height\" content=\"400\" \/>\n\t<meta property=\"og:image:type\" content=\"image\/jpeg\" \/>\n<meta name=\"twitter:card\" content=\"summary_large_image\" \/>\n<meta name=\"twitter:label1\" content=\"Dur\u00e9e de lecture estim\u00e9e\" \/>\n\t<meta name=\"twitter:data1\" content=\"1 minute\" \/>\n<script type=\"application\/ld+json\" class=\"yoast-schema-graph\">{\"@context\":\"https:\\\/\\\/schema.org\",\"@graph\":[{\"@type\":\"WebPage\",\"@id\":\"https:\\\/\\\/www.modave.be\\\/index.php\\\/services_communaux\\\/campagne-de-deratisation\\\/\",\"url\":\"https:\\\/\\\/www.modave.be\\\/index.php\\\/services_communaux\\\/campagne-de-deratisation\\\/\",\"name\":\"Campagne de d\u00e9ratisation - Commune de Modave\",\"isPartOf\":{\"@id\":\"https:\\\/\\\/www.modave.be\\\/#website\"},\"primaryImageOfPage\":{\"@id\":\"https:\\\/\\\/www.modave.be\\\/index.php\\\/services_communaux\\\/campagne-de-deratisation\\\/#primaryimage\"},\"image\":{\"@id\":\"https:\\\/\\\/www.modave.be\\\/index.php\\\/services_communaux\\\/campagne-de-deratisation\\\/#primaryimage\"},\"thumbnailUrl\":\"https:\\\/\\\/www.modave.be\\\/wp-content\\\/uploads\\\/2024\\\/01\\\/faire-appel-a-deratiseur-professionnel-pour-eliminer-rongeurs-5061-l750-h512-1-396x400-1.jpg\",\"datePublished\":\"2024-01-31T11:58:32+00:00\",\"dateModified\":\"2024-01-31T11:58:33+00:00\",\"breadcrumb\":{\"@id\":\"https:\\\/\\\/www.modave.be\\\/index.php\\\/services_communaux\\\/campagne-de-deratisation\\\/#breadcrumb\"},\"inLanguage\":\"fr-FR\",\"potentialAction\":[{\"@type\":\"ReadAction\",\"target\":[\"https:\\\/\\\/www.modave.be\\\/index.php\\\/services_communaux\\\/campagne-de-deratisation\\\/\"]}]},{\"@type\":\"ImageObject\",\"inLanguage\":\"fr-FR\",\"@id\":\"https:\\\/\\\/www.modave.be\\\/index.php\\\/services_communaux\\\/campagne-de-deratisation\\\/#primaryimage\",\"url\":\"https:\\\/\\\/www.modave.be\\\/wp-content\\\/uploads\\\/2024\\\/01\\\/faire-appel-a-deratiseur-professionnel-pour-eliminer-rongeurs-5061-l750-h512-1-396x400-1.jpg\",\"contentUrl\":\"https:\\\/\\\/www.modave.be\\\/wp-content\\\/uploads\\\/2024\\\/01\\\/faire-appel-a-deratiseur-professionnel-pour-eliminer-rongeurs-5061-l750-h512-1-396x400-1.jpg\",\"width\":396,\"height\":400},{\"@type\":\"BreadcrumbList\",\"@id\":\"https:\\\/\\\/www.modave.be\\\/index.php\\\/services_communaux\\\/campagne-de-deratisation\\\/#breadcrumb\",\"itemListElement\":[{\"@type\":\"ListItem\",\"position\":1,\"name\":\"Accueil\",\"item\":\"https:\\\/\\\/www.modave.be\\\/\"},{\"@type\":\"ListItem\",\"position\":2,\"name\":\"Campagne de d\u00e9ratisation\"}]},{\"@type\":\"WebSite\",\"@id\":\"https:\\\/\\\/www.modave.be\\\/#website\",\"url\":\"https:\\\/\\\/www.modave.be\\\/\",\"name\":\"Commune de Modave\",\"description\":\"Commune de Modave\",\"publisher\":{\"@id\":\"https:\\\/\\\/www.modave.be\\\/#organization\"},\"potentialAction\":[{\"@type\":\"SearchAction\",\"target\":{\"@type\":\"EntryPoint\",\"urlTemplate\":\"https:\\\/\\\/www.modave.be\\\/?s={search_term_string}\"},\"query-input\":{\"@type\":\"PropertyValueSpecification\",\"valueRequired\":true,\"valueName\":\"search_term_string\"}}],\"inLanguage\":\"fr-FR\"},{\"@type\":\"Organization\",\"@id\":\"https:\\\/\\\/www.modave.be\\\/#organization\",\"name\":\"Commune de Modave\",\"url\":\"https:\\\/\\\/www.modave.be\\\/\",\"logo\":{\"@type\":\"ImageObject\",\"inLanguage\":\"fr-FR\",\"@id\":\"https:\\\/\\\/www.modave.be\\\/#\\\/schema\\\/logo\\\/image\\\/\",\"url\":\"https:\\\/\\\/www.modave.be\\\/wp-content\\\/uploads\\\/2021\\\/12\\\/MODAVE_LOGO_HORIZONTAL_QUADRI_RVB.png\",\"contentUrl\":\"https:\\\/\\\/www.modave.be\\\/wp-content\\\/uploads\\\/2021\\\/12\\\/MODAVE_LOGO_HORIZONTAL_QUADRI_RVB.png\",\"width\":1200,\"height\":501,\"caption\":\"Commune de Modave\"},\"image\":{\"@id\":\"https:\\\/\\\/www.modave.be\\\/#\\\/schema\\\/logo\\\/image\\\/\"}}]}<\/script>\n<!-- \/ Yoast SEO plugin. -->","yoast_head_json":{"title":"Campagne de d\u00e9ratisation - Commune de Modave","robots":{"index":"index","follow":"follow","max-snippet":"max-snippet:-1","max-image-preview":"max-image-preview:large","max-video-preview":"max-video-preview:-1"},"canonical":"https:\/\/www.modave.be\/index.php\/services_communaux\/campagne-de-deratisation\/","og_locale":"fr_FR","og_type":"article","og_title":"Campagne de d\u00e9ratisation - Commune de Modave","og_description":"Anticimex effectuera une campagne de d\u00e9ratisation le lundi 04 et mardi 05 mars 2024 sur la Commune de Modave. Vous pouvez en b\u00e9n\u00e9ficier gratuitement, mais uniquement avec inscription pr\u00e9alable avant le 23\/02. Par t\u00e9l\u00e9phone : 085\/51.30.35 les lundi, mardi et vendredi matin ou Par mail : agenttechnique@modave.be La composition des app\u00e2ts que nous mettons en&hellip;","og_url":"https:\/\/www.modave.be\/index.php\/services_communaux\/campagne-de-deratisation\/","og_site_name":"Commune de Modave","article_modified_time":"2024-01-31T11:58:33+00:00","og_image":[{"width":396,"height":400,"url":"https:\/\/www.modave.be\/wp-content\/uploads\/2024\/01\/faire-appel-a-deratiseur-professionnel-pour-eliminer-rongeurs-5061-l750-h512-1-396x400-1.jpg","type":"image\/jpeg"}],"twitter_card":"summary_large_image","twitter_misc":{"Dur\u00e9e de lecture estim\u00e9e":"1 minute"},"schema":{"@context":"https:\/\/schema.org","@graph":[{"@type":"WebPage","@id":"https:\/\/www.modave.be\/index.php\/services_communaux\/campagne-de-deratisation\/","url":"https:\/\/www.modave.be\/index.php\/services_communaux\/campagne-de-deratisation\/","name":"Campagne de d\u00e9ratisation - Commune de Modave","isPartOf":{"@id":"https:\/\/www.modave.be\/#website"},"primaryImageOfPage":{"@id":"https:\/\/www.modave.be\/index.php\/services_communaux\/campagne-de-deratisation\/#primaryimage"},"image":{"@id":"https:\/\/www.modave.be\/index.php\/services_communaux\/campagne-de-deratisation\/#primaryimage"},"thumbnailUrl":"https:\/\/www.modave.be\/wp-content\/uploads\/2024\/01\/faire-appel-a-deratiseur-professionnel-pour-eliminer-rongeurs-5061-l750-h512-1-396x400-1.jpg","datePublished":"2024-01-31T11:58:32+00:00","dateModified":"2024-01-31T11:58:33+00:00","breadcrumb":{"@id":"https:\/\/www.modave.be\/index.php\/services_communaux\/campagne-de-deratisation\/#breadcrumb"},"inLanguage":"fr-FR","potentialAction":[{"@type":"ReadAction","target":["https:\/\/www.modave.be\/index.php\/services_communaux\/campagne-de-deratisation\/"]}]},{"@type":"ImageObject","inLanguage":"fr-FR","@id":"https:\/\/www.modave.be\/index.php\/services_communaux\/campagne-de-deratisation\/#primaryimage","url":"https:\/\/www.modave.be\/wp-content\/uploads\/2024\/01\/faire-appel-a-deratiseur-professionnel-pour-eliminer-rongeurs-5061-l750-h512-1-396x400-1.jpg","contentUrl":"https:\/\/www.modave.be\/wp-content\/uploads\/2024\/01\/faire-appel-a-deratiseur-professionnel-pour-eliminer-rongeurs-5061-l750-h512-1-396x400-1.jpg","width":396,"height":400},{"@type":"BreadcrumbList","@id":"https:\/\/www.modave.be\/index.php\/services_communaux\/campagne-de-deratisation\/#breadcrumb","itemListElement":[{"@type":"ListItem","position":1,"name":"Accueil","item":"https:\/\/www.modave.be\/"},{"@type":"ListItem","position":2,"name":"Campagne de d\u00e9ratisation"}]},{"@type":"WebSite","@id":"https:\/\/www.modave.be\/#website","url":"https:\/\/www.modave.be\/","name":"Commune de Modave","description":"Commune de Modave","publisher":{"@id":"https:\/\/www.modave.be\/#organization"},"potentialAction":[{"@type":"SearchAction","target":{"@type":"EntryPoint","urlTemplate":"https:\/\/www.modave.be\/?s={search_term_string}"},"query-input":{"@type":"PropertyValueSpecification","valueRequired":true,"valueName":"search_term_string"}}],"inLanguage":"fr-FR"},{"@type":"Organization","@id":"https:\/\/www.modave.be\/#organization","name":"Commune de Modave","url":"https:\/\/www.modave.be\/","logo":{"@type":"ImageObject","inLanguage":"fr-FR","@id":"https:\/\/www.modave.be\/#\/schema\/logo\/image\/","url":"https:\/\/www.modave.be\/wp-content\/uploads\/2021\/12\/MODAVE_LOGO_HORIZONTAL_QUADRI_RVB.png","contentUrl":"https:\/\/www.modave.be\/wp-content\/uploads\/2021\/12\/MODAVE_LOGO_HORIZONTAL_QUADRI_RVB.png","width":1200,"height":501,"caption":"Commune de Modave"},"image":{"@id":"https:\/\/www.modave.be\/#\/schema\/logo\/image\/"}}]}},"_links":{"self":[{"href":"https:\/\/www.modave.be\/index.php\/wp-json\/wp\/v2\/services_communaux\/12860","targetHints":{"allow":["GET"]}}],"collection":[{"href":"https:\/\/www.modave.be\/index.php\/wp-json\/wp\/v2\/services_communaux"}],"about":[{"href":"https:\/\/www.modave.be\/index.php\/wp-json\/wp\/v2\/types\/services_communaux"}],"author":[{"embeddable":true,"href":"https:\/\/www.modave.be\/index.php\/wp-json\/wp\/v2\/users\/9"}],"wp:featuredmedia":[{"embeddable":true,"href":"https:\/\/www.modave.be\/index.php\/wp-json\/wp\/v2\/media\/12861"}],"wp:attachment":[{"href":"https:\/\/www.modave.be\/index.php\/wp-json\/wp\/v2\/media?parent=12860"}],"wp:term":[{"taxonomy":"category","embeddable":true,"href":"https:\/\/www.modave.be\/index.php\/wp-json\/wp\/v2\/categories?post=12860"}],"curies":[{"name":"wp","href":"https:\/\/api.w.org\/{rel}","templated":true}]}}

Campagne de dératisation

<p>Anticimex effectuera une campagne de dératisation le lundi 04 et mardi 05 mars 2024 sur la Commune de Modave.</p>



<p>Vous pouvez en bénéficier gratuitement, mais uniquement avec inscription préalable avant le 23/02.</p>



<p>Par téléphone : 085/51.30.35 les lundi, mardi et vendredi matin ou</p>



<p>Par mail : agenttechnique@modave.be</p>



<p>La composition des appâts que nous mettons en œuvre dans le cadre de cette campagne est telle que les risques d’intoxication pour l’homme et les animaux domestiques sont nuls, pour autant que les conditions normales d’utilisation puissent être respectées.</p>



<p>Le rat, ce fléau social, est maintenant vaincu par la science. Il appartient à chacun d’apporter son concours à l’administration communale ; la dératisation sera d’autant plus efficace que les efforts seront plus nombreux et bien coordonnés.</p>

<p>Anticimex effectuera une campagne de dératisation le lundi 04 et mardi 05 mars 2024 sur la Commune de Modave. Vous pouvez en bénéficier gratuitement, mais uniquement avec inscription préalable avant le 23/02. Par téléphone : 085/51.30.35 les lundi, mardi et vendredi matin ou Par mail : agenttechnique@modave.be La composition des appâts que nous mettons en&hellip;</p>

<!-- This site is optimized with the Yoast SEO plugin v27.4 - https://yoast.com/product/yoast-seo-wordpress/ -->
<title>Campagne de dératisation - Commune de Modave</title>
<meta name="robots" content="index, follow, max-snippet:-1, max-image-preview:large, max-video-preview:-1" />
<link rel="canonical" href="https://www.modave.be/index.php/services_communaux/campagne-de-deratisation/" />
<meta property="og:locale" content="fr_FR" />
<meta property="og:type" content="article" />
<meta property="og:title" content="Campagne de dératisation - Commune de Modave" />
<meta property="og:description" content="Anticimex effectuera une campagne de dératisation le lundi 04 et mardi 05 mars 2024 sur la Commune de Modave. Vous pouvez en bénéficier gratuitement, mais uniquement avec inscription préalable avant le 23/02. Par téléphone : 085/51.30.35 les lundi, mardi et vendredi matin ou Par mail : agenttechnique@modave.be La composition des appâts que nous mettons en&hellip;" />
<meta property="og:url" content="https://www.modave.be/index.php/services_communaux/campagne-de-deratisation/" />
<meta property="og:site_name" content="Commune de Modave" />
<meta property="article:modified_time" content="2024-01-31T11:58:33+00:00" />
<meta property="og:image" content="https://www.modave.be/wp-content/uploads/2024/01/faire-appel-a-deratiseur-professionnel-pour-eliminer-rongeurs-5061-l750-h512-1-396x400-1.jpg" />
	<meta property="og:image:width" content="396" />
	<meta property="og:image:height" content="400" />
	<meta property="og:image:type" content="image/jpeg" />
<meta name="twitter:card" content="summary_large_image" />
<meta name="twitter:label1" content="Durée de lecture estimée" />
	<meta name="twitter:data1" content="1 minute" />
<script type="application/ld+json" class="yoast-schema-graph">{"@context":"https:\/\/schema.org","@graph":[{"@type":"WebPage","@id":"https:\/\/www.modave.be\/index.php\/services_communaux\/campagne-de-deratisation\/","url":"https:\/\/www.modave.be\/index.php\/services_communaux\/campagne-de-deratisation\/","name":"Campagne de dératisation - Commune de Modave","isPartOf":{"@id":"https:\/\/www.modave.be\/#website"},"primaryImageOfPage":{"@id":"https:\/\/www.modave.be\/index.php\/services_communaux\/campagne-de-deratisation\/#primaryimage"},"image":{"@id":"https:\/\/www.modave.be\/index.php\/services_communaux\/campagne-de-deratisation\/#primaryimage"},"thumbnailUrl":"https:\/\/www.modave.be\/wp-content\/uploads\/2024\/01\/faire-appel-a-deratiseur-professionnel-pour-eliminer-rongeurs-5061-l750-h512-1-396x400-1.jpg","datePublished":"2024-01-31T11:58:32+00:00","dateModified":"2024-01-31T11:58:33+00:00","breadcrumb":{"@id":"https:\/\/www.modave.be\/index.php\/services_communaux\/campagne-de-deratisation\/#breadcrumb"},"inLanguage":"fr-FR","potentialAction":[{"@type":"ReadAction","target":["https:\/\/www.modave.be\/index.php\/services_communaux\/campagne-de-deratisation\/"]}]},{"@type":"ImageObject","inLanguage":"fr-FR","@id":"https:\/\/www.modave.be\/index.php\/services_communaux\/campagne-de-deratisation\/#primaryimage","url":"https:\/\/www.modave.be\/wp-content\/uploads\/2024\/01\/faire-appel-a-deratiseur-professionnel-pour-eliminer-rongeurs-5061-l750-h512-1-396x400-1.jpg","contentUrl":"https:\/\/www.modave.be\/wp-content\/uploads\/2024\/01\/faire-appel-a-deratiseur-professionnel-pour-eliminer-rongeurs-5061-l750-h512-1-396x400-1.jpg","width":396,"height":400},{"@type":"BreadcrumbList","@id":"https:\/\/www.modave.be\/index.php\/services_communaux\/campagne-de-deratisation\/#breadcrumb","itemListElement":[{"@type":"ListItem","position":1,"name":"Accueil","item":"https:\/\/www.modave.be\/"},{"@type":"ListItem","position":2,"name":"Campagne de dératisation"}]},{"@type":"WebSite","@id":"https:\/\/www.modave.be\/#website","url":"https:\/\/www.modave.be\/","name":"Commune de Modave","description":"Commune de Modave","publisher":{"@id":"https:\/\/www.modave.be\/#organization"},"potentialAction":[{"@type":"SearchAction","target":{"@type":"EntryPoint","urlTemplate":"https:\/\/www.modave.be\/?s={search_term_string}"},"query-input":{"@type":"PropertyValueSpecification","valueRequired":true,"valueName":"search_term_string"}}],"inLanguage":"fr-FR"},{"@type":"Organization","@id":"https:\/\/www.modave.be\/#organization","name":"Commune de Modave","url":"https:\/\/www.modave.be\/","logo":{"@type":"ImageObject","inLanguage":"fr-FR","@id":"https:\/\/www.modave.be\/#\/schema\/logo\/image\/","url":"https:\/\/www.modave.be\/wp-content\/uploads\/2021\/12\/MODAVE_LOGO_HORIZONTAL_QUADRI_RVB.png","contentUrl":"https:\/\/www.modave.be\/wp-content\/uploads\/2021\/12\/MODAVE_LOGO_HORIZONTAL_QUADRI_RVB.png","width":1200,"height":501,"caption":"Commune de Modave"},"image":{"@id":"https:\/\/www.modave.be\/#\/schema\/logo\/image\/"}}]}</script>
<!-- / Yoast SEO plugin. -->

Campagne de dératisation - Commune de Modave

Anticimex effectuera une campagne de dératisation le lundi 04 et mardi 05 mars 2024 sur la Commune de Modave. Vous pouvez en bénéficier gratuitement, mais uniquement avec inscription préalable avant le 23/02. Par téléphone : 085/51.30.35 les lundi, mardi et vendredi matin ou Par mail : agenttechnique@modave.be La composition des appâts que nous mettons en&hellip;
