{"id":13030,"date":"2024-04-18T12:32:40","date_gmt":"2024-04-18T10:32:40","guid":{"rendered":"https:\/\/www.modave.be\/?post_type=services_communaux&#038;p=13030"},"modified":"2024-12-31T10:35:10","modified_gmt":"2024-12-31T09:35:10","slug":"seance-dinformation-aux-seniors","status":"publish","type":"services_communaux","link":"https:\/\/www.modave.be\/index.php\/services_communaux\/seance-dinformation-aux-seniors\/","title":{"rendered":"S\u00e9ance d&rsquo;information aux S\u00e9niors"},"content":{"rendered":"\n<p><strong>Vous (ou l\u2019un de vos proches) \u00eates \u00e2g\u00e9 de 65 ou plus ?&nbsp; Vous avez besoin d\u2019informations, d\u2019une \u00e9coute, d\u2019un soutien, d\u2019un accompagnement administratif pour toutes difficult\u00e9s li\u00e9es \u00e0 la vie quotidienne ?<\/strong><\/p>\n\n\n\n<p><strong>Cette invitation est alors faite pour vous&nbsp;!<\/strong><\/p>\n\n\n\n<p>Nous avons le plaisir de vous inviter \u00e0 une s\u00e9ance d\u2019informations sur le service \u00ab&nbsp;Jamais Seul&nbsp;\u00bb anim\u00e9e par Madame Stommelinck C\u00e9line et Madame Schroeders Coralie, toutes deux assistantes sociales au CPAS de Modave.<\/p>\n\n\n\n<p>Ce service de proximit\u00e9 est d\u00e9di\u00e9 aux ain\u00e9s r\u00e9sidant sur notre commune ainsi qu\u2019\u00e0 leurs aidants proches.<\/p>\n\n\n\n<p>Lors de cette s\u00e9ance, nous parlerons de nos missions, des services propos\u00e9s (repas livr\u00e9s \u00e0 domicile, la bo\u00eete d\u2019urgence,\u2026) l\u2019\u00e9mergence de notre service, les constats fait face au vieillissement de la population, notre parcours ainsi que nos projets actuels et \u00e0 venir.<\/p>\n\n\n\n<p>C\u2019est l\u2019occasion de nous rencontrer, d\u2019\u00e9changer et de partager un moment convivial, mais \u00e9galement de nous faire part de vos attentes.<\/p>\n\n\n\n<p><strong>Nous vous attendons le <u>jeudi 25 avril 2024, \u00e0 14 h 00 \u00e0 la salle Bois Rosine de Str\u00e9e<\/u>.<\/strong><br>\u00c0 la fin de la s\u00e9ance, nous vous invitons \u00e0 partager une collation.<\/p>\n\n\n\n<p>Pour une meilleure organisation, merci de vous inscrire au 085\/27.03.40 ou 085\/27.03.42.&nbsp; Sachez que si vous rencontrez un probl\u00e8me de transport, nous pouvons vous v\u00e9hiculer sur simple demande.<\/p>\n\n\n\n<p>En esp\u00e9rant vous y retrouver nombreux.<\/p>\n\n\n\n<p>L\u2019\u00e9quipe du CPAS de Modave.<\/p>\n\n\n\n<p><\/p>\n","protected":false},"excerpt":{"rendered":"<p>Vous (ou l\u2019un de vos proches) \u00eates \u00e2g\u00e9 de 65 ou plus ?&nbsp; Vous avez besoin d\u2019informations, d\u2019une \u00e9coute, d\u2019un soutien, d\u2019un accompagnement administratif pour toutes difficult\u00e9s li\u00e9es \u00e0 la vie quotidienne ? Cette invitation est alors faite pour vous&nbsp;! Nous avons le plaisir de vous inviter \u00e0 une s\u00e9ance d\u2019informations sur le service \u00ab&nbsp;Jamais&hellip;<\/p>\n","protected":false},"author":2,"featured_media":13032,"menu_order":0,"template":"","categories":[169,205],"class_list":["post-13030","services_communaux","type-services_communaux","status-publish","has-post-thumbnail","hentry","category-cpas","category-population","description-off"],"yoast_head":"<!-- This site is optimized with the Yoast SEO plugin v27.4 - https:\/\/yoast.com\/product\/yoast-seo-wordpress\/ -->\n<title>S\u00e9ance d&#039;information aux S\u00e9niors - Commune de Modave<\/title>\n<meta name=\"robots\" content=\"index, follow, max-snippet:-1, max-image-preview:large, max-video-preview:-1\" \/>\n<link rel=\"canonical\" href=\"https:\/\/www.modave.be\/index.php\/services_communaux\/seance-dinformation-aux-seniors\/\" \/>\n<meta property=\"og:locale\" content=\"fr_FR\" \/>\n<meta property=\"og:type\" content=\"article\" \/>\n<meta property=\"og:title\" content=\"S\u00e9ance d&#039;information aux S\u00e9niors - Commune de Modave\" \/>\n<meta property=\"og:description\" content=\"Vous (ou l\u2019un de vos proches) \u00eates \u00e2g\u00e9 de 65 ou plus ?&nbsp; Vous avez besoin d\u2019informations, d\u2019une \u00e9coute, d\u2019un soutien, d\u2019un accompagnement administratif pour toutes difficult\u00e9s li\u00e9es \u00e0 la vie quotidienne ? Cette invitation est alors faite pour vous&nbsp;! Nous avons le plaisir de vous inviter \u00e0 une s\u00e9ance d\u2019informations sur le service \u00ab&nbsp;Jamais&hellip;\" \/>\n<meta property=\"og:url\" content=\"https:\/\/www.modave.be\/index.php\/services_communaux\/seance-dinformation-aux-seniors\/\" \/>\n<meta property=\"og:site_name\" content=\"Commune de Modave\" \/>\n<meta property=\"article:modified_time\" content=\"2024-12-31T09:35:10+00:00\" \/>\n<meta property=\"og:image\" content=\"https:\/\/www.modave.be\/wp-content\/uploads\/2024\/04\/Cpas-original-e1735637705429.jpg\" \/>\n\t<meta property=\"og:image:width\" content=\"505\" \/>\n\t<meta property=\"og:image:height\" content=\"253\" \/>\n\t<meta property=\"og:image:type\" content=\"image\/jpeg\" \/>\n<meta name=\"twitter:card\" content=\"summary_large_image\" \/>\n<meta name=\"twitter:label1\" content=\"Dur\u00e9e de lecture estim\u00e9e\" \/>\n\t<meta name=\"twitter:data1\" content=\"1 minute\" \/>\n<script type=\"application\/ld+json\" class=\"yoast-schema-graph\">{\"@context\":\"https:\\\/\\\/schema.org\",\"@graph\":[{\"@type\":\"WebPage\",\"@id\":\"https:\\\/\\\/www.modave.be\\\/index.php\\\/services_communaux\\\/seance-dinformation-aux-seniors\\\/\",\"url\":\"https:\\\/\\\/www.modave.be\\\/index.php\\\/services_communaux\\\/seance-dinformation-aux-seniors\\\/\",\"name\":\"S\u00e9ance d'information aux S\u00e9niors - Commune de Modave\",\"isPartOf\":{\"@id\":\"https:\\\/\\\/www.modave.be\\\/#website\"},\"primaryImageOfPage\":{\"@id\":\"https:\\\/\\\/www.modave.be\\\/index.php\\\/services_communaux\\\/seance-dinformation-aux-seniors\\\/#primaryimage\"},\"image\":{\"@id\":\"https:\\\/\\\/www.modave.be\\\/index.php\\\/services_communaux\\\/seance-dinformation-aux-seniors\\\/#primaryimage\"},\"thumbnailUrl\":\"https:\\\/\\\/www.modave.be\\\/wp-content\\\/uploads\\\/2024\\\/04\\\/Cpas-original-e1735637705429.jpg\",\"datePublished\":\"2024-04-18T10:32:40+00:00\",\"dateModified\":\"2024-12-31T09:35:10+00:00\",\"breadcrumb\":{\"@id\":\"https:\\\/\\\/www.modave.be\\\/index.php\\\/services_communaux\\\/seance-dinformation-aux-seniors\\\/#breadcrumb\"},\"inLanguage\":\"fr-FR\",\"potentialAction\":[{\"@type\":\"ReadAction\",\"target\":[\"https:\\\/\\\/www.modave.be\\\/index.php\\\/services_communaux\\\/seance-dinformation-aux-seniors\\\/\"]}]},{\"@type\":\"ImageObject\",\"inLanguage\":\"fr-FR\",\"@id\":\"https:\\\/\\\/www.modave.be\\\/index.php\\\/services_communaux\\\/seance-dinformation-aux-seniors\\\/#primaryimage\",\"url\":\"https:\\\/\\\/www.modave.be\\\/wp-content\\\/uploads\\\/2024\\\/04\\\/Cpas-original-e1735637705429.jpg\",\"contentUrl\":\"https:\\\/\\\/www.modave.be\\\/wp-content\\\/uploads\\\/2024\\\/04\\\/Cpas-original-e1735637705429.jpg\",\"width\":505,\"height\":253},{\"@type\":\"BreadcrumbList\",\"@id\":\"https:\\\/\\\/www.modave.be\\\/index.php\\\/services_communaux\\\/seance-dinformation-aux-seniors\\\/#breadcrumb\",\"itemListElement\":[{\"@type\":\"ListItem\",\"position\":1,\"name\":\"Accueil\",\"item\":\"https:\\\/\\\/www.modave.be\\\/\"},{\"@type\":\"ListItem\",\"position\":2,\"name\":\"S\u00e9ance d&rsquo;information aux S\u00e9niors\"}]},{\"@type\":\"WebSite\",\"@id\":\"https:\\\/\\\/www.modave.be\\\/#website\",\"url\":\"https:\\\/\\\/www.modave.be\\\/\",\"name\":\"Commune de Modave\",\"description\":\"Commune de Modave\",\"publisher\":{\"@id\":\"https:\\\/\\\/www.modave.be\\\/#organization\"},\"potentialAction\":[{\"@type\":\"SearchAction\",\"target\":{\"@type\":\"EntryPoint\",\"urlTemplate\":\"https:\\\/\\\/www.modave.be\\\/?s={search_term_string}\"},\"query-input\":{\"@type\":\"PropertyValueSpecification\",\"valueRequired\":true,\"valueName\":\"search_term_string\"}}],\"inLanguage\":\"fr-FR\"},{\"@type\":\"Organization\",\"@id\":\"https:\\\/\\\/www.modave.be\\\/#organization\",\"name\":\"Commune de Modave\",\"url\":\"https:\\\/\\\/www.modave.be\\\/\",\"logo\":{\"@type\":\"ImageObject\",\"inLanguage\":\"fr-FR\",\"@id\":\"https:\\\/\\\/www.modave.be\\\/#\\\/schema\\\/logo\\\/image\\\/\",\"url\":\"https:\\\/\\\/www.modave.be\\\/wp-content\\\/uploads\\\/2021\\\/12\\\/MODAVE_LOGO_HORIZONTAL_QUADRI_RVB.png\",\"contentUrl\":\"https:\\\/\\\/www.modave.be\\\/wp-content\\\/uploads\\\/2021\\\/12\\\/MODAVE_LOGO_HORIZONTAL_QUADRI_RVB.png\",\"width\":1200,\"height\":501,\"caption\":\"Commune de Modave\"},\"image\":{\"@id\":\"https:\\\/\\\/www.modave.be\\\/#\\\/schema\\\/logo\\\/image\\\/\"}}]}<\/script>\n<!-- \/ Yoast SEO plugin. -->","yoast_head_json":{"title":"S\u00e9ance d'information aux S\u00e9niors - Commune de Modave","robots":{"index":"index","follow":"follow","max-snippet":"max-snippet:-1","max-image-preview":"max-image-preview:large","max-video-preview":"max-video-preview:-1"},"canonical":"https:\/\/www.modave.be\/index.php\/services_communaux\/seance-dinformation-aux-seniors\/","og_locale":"fr_FR","og_type":"article","og_title":"S\u00e9ance d'information aux S\u00e9niors - Commune de Modave","og_description":"Vous (ou l\u2019un de vos proches) \u00eates \u00e2g\u00e9 de 65 ou plus ?&nbsp; Vous avez besoin d\u2019informations, d\u2019une \u00e9coute, d\u2019un soutien, d\u2019un accompagnement administratif pour toutes difficult\u00e9s li\u00e9es \u00e0 la vie quotidienne ? Cette invitation est alors faite pour vous&nbsp;! Nous avons le plaisir de vous inviter \u00e0 une s\u00e9ance d\u2019informations sur le service \u00ab&nbsp;Jamais&hellip;","og_url":"https:\/\/www.modave.be\/index.php\/services_communaux\/seance-dinformation-aux-seniors\/","og_site_name":"Commune de Modave","article_modified_time":"2024-12-31T09:35:10+00:00","og_image":[{"width":505,"height":253,"url":"https:\/\/www.modave.be\/wp-content\/uploads\/2024\/04\/Cpas-original-e1735637705429.jpg","type":"image\/jpeg"}],"twitter_card":"summary_large_image","twitter_misc":{"Dur\u00e9e de lecture estim\u00e9e":"1 minute"},"schema":{"@context":"https:\/\/schema.org","@graph":[{"@type":"WebPage","@id":"https:\/\/www.modave.be\/index.php\/services_communaux\/seance-dinformation-aux-seniors\/","url":"https:\/\/www.modave.be\/index.php\/services_communaux\/seance-dinformation-aux-seniors\/","name":"S\u00e9ance d'information aux S\u00e9niors - Commune de Modave","isPartOf":{"@id":"https:\/\/www.modave.be\/#website"},"primaryImageOfPage":{"@id":"https:\/\/www.modave.be\/index.php\/services_communaux\/seance-dinformation-aux-seniors\/#primaryimage"},"image":{"@id":"https:\/\/www.modave.be\/index.php\/services_communaux\/seance-dinformation-aux-seniors\/#primaryimage"},"thumbnailUrl":"https:\/\/www.modave.be\/wp-content\/uploads\/2024\/04\/Cpas-original-e1735637705429.jpg","datePublished":"2024-04-18T10:32:40+00:00","dateModified":"2024-12-31T09:35:10+00:00","breadcrumb":{"@id":"https:\/\/www.modave.be\/index.php\/services_communaux\/seance-dinformation-aux-seniors\/#breadcrumb"},"inLanguage":"fr-FR","potentialAction":[{"@type":"ReadAction","target":["https:\/\/www.modave.be\/index.php\/services_communaux\/seance-dinformation-aux-seniors\/"]}]},{"@type":"ImageObject","inLanguage":"fr-FR","@id":"https:\/\/www.modave.be\/index.php\/services_communaux\/seance-dinformation-aux-seniors\/#primaryimage","url":"https:\/\/www.modave.be\/wp-content\/uploads\/2024\/04\/Cpas-original-e1735637705429.jpg","contentUrl":"https:\/\/www.modave.be\/wp-content\/uploads\/2024\/04\/Cpas-original-e1735637705429.jpg","width":505,"height":253},{"@type":"BreadcrumbList","@id":"https:\/\/www.modave.be\/index.php\/services_communaux\/seance-dinformation-aux-seniors\/#breadcrumb","itemListElement":[{"@type":"ListItem","position":1,"name":"Accueil","item":"https:\/\/www.modave.be\/"},{"@type":"ListItem","position":2,"name":"S\u00e9ance d&rsquo;information aux S\u00e9niors"}]},{"@type":"WebSite","@id":"https:\/\/www.modave.be\/#website","url":"https:\/\/www.modave.be\/","name":"Commune de Modave","description":"Commune de Modave","publisher":{"@id":"https:\/\/www.modave.be\/#organization"},"potentialAction":[{"@type":"SearchAction","target":{"@type":"EntryPoint","urlTemplate":"https:\/\/www.modave.be\/?s={search_term_string}"},"query-input":{"@type":"PropertyValueSpecification","valueRequired":true,"valueName":"search_term_string"}}],"inLanguage":"fr-FR"},{"@type":"Organization","@id":"https:\/\/www.modave.be\/#organization","name":"Commune de Modave","url":"https:\/\/www.modave.be\/","logo":{"@type":"ImageObject","inLanguage":"fr-FR","@id":"https:\/\/www.modave.be\/#\/schema\/logo\/image\/","url":"https:\/\/www.modave.be\/wp-content\/uploads\/2021\/12\/MODAVE_LOGO_HORIZONTAL_QUADRI_RVB.png","contentUrl":"https:\/\/www.modave.be\/wp-content\/uploads\/2021\/12\/MODAVE_LOGO_HORIZONTAL_QUADRI_RVB.png","width":1200,"height":501,"caption":"Commune de Modave"},"image":{"@id":"https:\/\/www.modave.be\/#\/schema\/logo\/image\/"}}]}},"_links":{"self":[{"href":"https:\/\/www.modave.be\/index.php\/wp-json\/wp\/v2\/services_communaux\/13030","targetHints":{"allow":["GET"]}}],"collection":[{"href":"https:\/\/www.modave.be\/index.php\/wp-json\/wp\/v2\/services_communaux"}],"about":[{"href":"https:\/\/www.modave.be\/index.php\/wp-json\/wp\/v2\/types\/services_communaux"}],"author":[{"embeddable":true,"href":"https:\/\/www.modave.be\/index.php\/wp-json\/wp\/v2\/users\/2"}],"wp:featuredmedia":[{"embeddable":true,"href":"https:\/\/www.modave.be\/index.php\/wp-json\/wp\/v2\/media\/13032"}],"wp:attachment":[{"href":"https:\/\/www.modave.be\/index.php\/wp-json\/wp\/v2\/media?parent=13030"}],"wp:term":[{"taxonomy":"category","embeddable":true,"href":"https:\/\/www.modave.be\/index.php\/wp-json\/wp\/v2\/categories?post=13030"}],"curies":[{"name":"wp","href":"https:\/\/api.w.org\/{rel}","templated":true}]}}

Séance d&rsquo;information aux Séniors

<p><strong>Vous (ou l’un de vos proches) êtes âgé de 65 ou plus ?&nbsp; Vous avez besoin d’informations, d’une écoute, d’un soutien, d’un accompagnement administratif pour toutes difficultés liées à la vie quotidienne ?</strong></p>



<p><strong>Cette invitation est alors faite pour vous&nbsp;!</strong></p>



<p>Nous avons le plaisir de vous inviter à une séance d’informations sur le service «&nbsp;Jamais Seul&nbsp;» animée par Madame Stommelinck Céline et Madame Schroeders Coralie, toutes deux assistantes sociales au CPAS de Modave.</p>



<p>Ce service de proximité est dédié aux ainés résidant sur notre commune ainsi qu’à leurs aidants proches.</p>



<p>Lors de cette séance, nous parlerons de nos missions, des services proposés (repas livrés à domicile, la boîte d’urgence,…) l’émergence de notre service, les constats fait face au vieillissement de la population, notre parcours ainsi que nos projets actuels et à venir.</p>



<p>C’est l’occasion de nous rencontrer, d’échanger et de partager un moment convivial, mais également de nous faire part de vos attentes.</p>



<p><strong>Nous vous attendons le <u>jeudi 25 avril 2024, à 14 h 00 à la salle Bois Rosine de Strée</u>.</strong><br>À la fin de la séance, nous vous invitons à partager une collation.</p>



<p>Pour une meilleure organisation, merci de vous inscrire au 085/27.03.40 ou 085/27.03.42.&nbsp; Sachez que si vous rencontrez un problème de transport, nous pouvons vous véhiculer sur simple demande.</p>



<p>En espérant vous y retrouver nombreux.</p>



<p>L’équipe du CPAS de Modave.</p>



<p></p>

<p>Vous (ou l’un de vos proches) êtes âgé de 65 ou plus ?&nbsp; Vous avez besoin d’informations, d’une écoute, d’un soutien, d’un accompagnement administratif pour toutes difficultés liées à la vie quotidienne ? Cette invitation est alors faite pour vous&nbsp;! Nous avons le plaisir de vous inviter à une séance d’informations sur le service «&nbsp;Jamais&hellip;</p>

<!-- This site is optimized with the Yoast SEO plugin v27.4 - https://yoast.com/product/yoast-seo-wordpress/ -->
<title>Séance d&#039;information aux Séniors - Commune de Modave</title>
<meta name="robots" content="index, follow, max-snippet:-1, max-image-preview:large, max-video-preview:-1" />
<link rel="canonical" href="https://www.modave.be/index.php/services_communaux/seance-dinformation-aux-seniors/" />
<meta property="og:locale" content="fr_FR" />
<meta property="og:type" content="article" />
<meta property="og:title" content="Séance d&#039;information aux Séniors - Commune de Modave" />
<meta property="og:description" content="Vous (ou l’un de vos proches) êtes âgé de 65 ou plus ?&nbsp; Vous avez besoin d’informations, d’une écoute, d’un soutien, d’un accompagnement administratif pour toutes difficultés liées à la vie quotidienne ? Cette invitation est alors faite pour vous&nbsp;! Nous avons le plaisir de vous inviter à une séance d’informations sur le service «&nbsp;Jamais&hellip;" />
<meta property="og:url" content="https://www.modave.be/index.php/services_communaux/seance-dinformation-aux-seniors/" />
<meta property="og:site_name" content="Commune de Modave" />
<meta property="article:modified_time" content="2024-12-31T09:35:10+00:00" />
<meta property="og:image" content="https://www.modave.be/wp-content/uploads/2024/04/Cpas-original-e1735637705429.jpg" />
	<meta property="og:image:width" content="505" />
	<meta property="og:image:height" content="253" />
	<meta property="og:image:type" content="image/jpeg" />
<meta name="twitter:card" content="summary_large_image" />
<meta name="twitter:label1" content="Durée de lecture estimée" />
	<meta name="twitter:data1" content="1 minute" />
<script type="application/ld+json" class="yoast-schema-graph">{"@context":"https:\/\/schema.org","@graph":[{"@type":"WebPage","@id":"https:\/\/www.modave.be\/index.php\/services_communaux\/seance-dinformation-aux-seniors\/","url":"https:\/\/www.modave.be\/index.php\/services_communaux\/seance-dinformation-aux-seniors\/","name":"Séance d'information aux Séniors - Commune de Modave","isPartOf":{"@id":"https:\/\/www.modave.be\/#website"},"primaryImageOfPage":{"@id":"https:\/\/www.modave.be\/index.php\/services_communaux\/seance-dinformation-aux-seniors\/#primaryimage"},"image":{"@id":"https:\/\/www.modave.be\/index.php\/services_communaux\/seance-dinformation-aux-seniors\/#primaryimage"},"thumbnailUrl":"https:\/\/www.modave.be\/wp-content\/uploads\/2024\/04\/Cpas-original-e1735637705429.jpg","datePublished":"2024-04-18T10:32:40+00:00","dateModified":"2024-12-31T09:35:10+00:00","breadcrumb":{"@id":"https:\/\/www.modave.be\/index.php\/services_communaux\/seance-dinformation-aux-seniors\/#breadcrumb"},"inLanguage":"fr-FR","potentialAction":[{"@type":"ReadAction","target":["https:\/\/www.modave.be\/index.php\/services_communaux\/seance-dinformation-aux-seniors\/"]}]},{"@type":"ImageObject","inLanguage":"fr-FR","@id":"https:\/\/www.modave.be\/index.php\/services_communaux\/seance-dinformation-aux-seniors\/#primaryimage","url":"https:\/\/www.modave.be\/wp-content\/uploads\/2024\/04\/Cpas-original-e1735637705429.jpg","contentUrl":"https:\/\/www.modave.be\/wp-content\/uploads\/2024\/04\/Cpas-original-e1735637705429.jpg","width":505,"height":253},{"@type":"BreadcrumbList","@id":"https:\/\/www.modave.be\/index.php\/services_communaux\/seance-dinformation-aux-seniors\/#breadcrumb","itemListElement":[{"@type":"ListItem","position":1,"name":"Accueil","item":"https:\/\/www.modave.be\/"},{"@type":"ListItem","position":2,"name":"Séance d&rsquo;information aux Séniors"}]},{"@type":"WebSite","@id":"https:\/\/www.modave.be\/#website","url":"https:\/\/www.modave.be\/","name":"Commune de Modave","description":"Commune de Modave","publisher":{"@id":"https:\/\/www.modave.be\/#organization"},"potentialAction":[{"@type":"SearchAction","target":{"@type":"EntryPoint","urlTemplate":"https:\/\/www.modave.be\/?s={search_term_string}"},"query-input":{"@type":"PropertyValueSpecification","valueRequired":true,"valueName":"search_term_string"}}],"inLanguage":"fr-FR"},{"@type":"Organization","@id":"https:\/\/www.modave.be\/#organization","name":"Commune de Modave","url":"https:\/\/www.modave.be\/","logo":{"@type":"ImageObject","inLanguage":"fr-FR","@id":"https:\/\/www.modave.be\/#\/schema\/logo\/image\/","url":"https:\/\/www.modave.be\/wp-content\/uploads\/2021\/12\/MODAVE_LOGO_HORIZONTAL_QUADRI_RVB.png","contentUrl":"https:\/\/www.modave.be\/wp-content\/uploads\/2021\/12\/MODAVE_LOGO_HORIZONTAL_QUADRI_RVB.png","width":1200,"height":501,"caption":"Commune de Modave"},"image":{"@id":"https:\/\/www.modave.be\/#\/schema\/logo\/image\/"}}]}</script>
<!-- / Yoast SEO plugin. -->

Séance d'information aux Séniors - Commune de Modave

Vous (ou l’un de vos proches) êtes âgé de 65 ou plus ?&nbsp; Vous avez besoin d’informations, d’une écoute, d’un soutien, d’un accompagnement administratif pour toutes difficultés liées à la vie quotidienne ? Cette invitation est alors faite pour vous&nbsp;! Nous avons le plaisir de vous inviter à une séance d’informations sur le service «&nbsp;Jamais&hellip;
