{"id":13321,"date":"2024-09-20T11:02:05","date_gmt":"2024-09-20T09:02:05","guid":{"rendered":"https:\/\/www.modave.be\/?post_type=services_communaux&#038;p=13321"},"modified":"2024-09-20T11:02:29","modified_gmt":"2024-09-20T09:02:29","slug":"traversee-de-vierset-marquage-au-sol-et-signalisation","status":"publish","type":"services_communaux","link":"https:\/\/www.modave.be\/index.php\/services_communaux\/traversee-de-vierset-marquage-au-sol-et-signalisation\/","title":{"rendered":"Travers\u00e9e de Vierset | Marquage au sol et signalisation | 25.09.24"},"content":{"rendered":"\n<p><strong>Ce mercredi 25 septembre<\/strong>, les travaux de la travers\u00e9e de Vierset se poursuivent avec le marquage au sol et la signalisation. Il s&rsquo;agit de la 3\u00e8me et derni\u00e8re phase de ce chantier.<\/p>\n\n\n\n<p style=\"text-decoration:underline\">Bonne nouvelle, la circulation ne sera pas interrompue pendant ces travaux.<\/p>\n\n\n\n<p>\ud835\udc00\ud835\udc2d\ud835\udc2d\ud835\udc1e\ud835\udc27\ud835\udc2d\ud835\udc22\ud835\udc28\ud835\udc27 : les zones de marquage devront \u00eatre lib\u00e9r\u00e9es. L&rsquo;entrepreneur prendra contact avec les propri\u00e9taires des \u00e9ventuels v\u00e9hicules se trouvant sur le passage des travaux.<\/p>\n\n\n\n<p>Nous vous remercions pour votre compr\u00e9hension et votre vigilance lors de vos d\u00e9placements dans cette zone.<\/p>\n\n\n\n<p><\/p>\n","protected":false},"excerpt":{"rendered":"<p>Ce mercredi 25 septembre, les travaux de la travers\u00e9e de Vierset se poursuivent avec le marquage au sol et la signalisation. Il s&rsquo;agit de la 3\u00e8me et derni\u00e8re phase de ce chantier. Bonne nouvelle, la circulation ne sera pas interrompue pendant ces travaux. \ud835\udc00\ud835\udc2d\ud835\udc2d\ud835\udc1e\ud835\udc27\ud835\udc2d\ud835\udc22\ud835\udc28\ud835\udc27 : les zones de marquage devront \u00eatre lib\u00e9r\u00e9es. L&rsquo;entrepreneur prendra contact&hellip;<\/p>\n","protected":false},"author":9,"featured_media":13070,"menu_order":0,"template":"","categories":[208],"class_list":["post-13321","services_communaux","type-services_communaux","status-publish","has-post-thumbnail","hentry","category-travaux","description-off"],"yoast_head":"<!-- This site is optimized with the Yoast SEO plugin v27.4 - https:\/\/yoast.com\/product\/yoast-seo-wordpress\/ -->\n<title>Travers\u00e9e de Vierset | Marquage au sol et signalisation | 25.09.24 - Commune de Modave<\/title>\n<meta name=\"robots\" content=\"index, follow, max-snippet:-1, max-image-preview:large, max-video-preview:-1\" \/>\n<link rel=\"canonical\" href=\"https:\/\/www.modave.be\/index.php\/services_communaux\/traversee-de-vierset-marquage-au-sol-et-signalisation\/\" \/>\n<meta property=\"og:locale\" content=\"fr_FR\" \/>\n<meta property=\"og:type\" content=\"article\" \/>\n<meta property=\"og:title\" content=\"Travers\u00e9e de Vierset | Marquage au sol et signalisation | 25.09.24 - Commune de Modave\" \/>\n<meta property=\"og:description\" content=\"Ce mercredi 25 septembre, les travaux de la travers\u00e9e de Vierset se poursuivent avec le marquage au sol et la signalisation. Il s&rsquo;agit de la 3\u00e8me et derni\u00e8re phase de ce chantier. Bonne nouvelle, la circulation ne sera pas interrompue pendant ces travaux. \ud835\udc00\ud835\udc2d\ud835\udc2d\ud835\udc1e\ud835\udc27\ud835\udc2d\ud835\udc22\ud835\udc28\ud835\udc27 : les zones de marquage devront \u00eatre lib\u00e9r\u00e9es. L&rsquo;entrepreneur prendra contact&hellip;\" \/>\n<meta property=\"og:url\" content=\"https:\/\/www.modave.be\/index.php\/services_communaux\/traversee-de-vierset-marquage-au-sol-et-signalisation\/\" \/>\n<meta property=\"og:site_name\" content=\"Commune de Modave\" \/>\n<meta property=\"article:modified_time\" content=\"2024-09-20T09:02:29+00:00\" \/>\n<meta property=\"og:image\" content=\"https:\/\/www.modave.be\/wp-content\/uploads\/2024\/05\/travaux-1-e1726816427568.jpg\" \/>\n\t<meta property=\"og:image:width\" content=\"540\" \/>\n\t<meta property=\"og:image:height\" content=\"270\" \/>\n\t<meta property=\"og:image:type\" content=\"image\/jpeg\" \/>\n<meta name=\"twitter:card\" content=\"summary_large_image\" \/>\n<script type=\"application\/ld+json\" class=\"yoast-schema-graph\">{\"@context\":\"https:\\\/\\\/schema.org\",\"@graph\":[{\"@type\":\"WebPage\",\"@id\":\"https:\\\/\\\/www.modave.be\\\/index.php\\\/services_communaux\\\/traversee-de-vierset-marquage-au-sol-et-signalisation\\\/\",\"url\":\"https:\\\/\\\/www.modave.be\\\/index.php\\\/services_communaux\\\/traversee-de-vierset-marquage-au-sol-et-signalisation\\\/\",\"name\":\"Travers\u00e9e de Vierset | Marquage au sol et signalisation | 25.09.24 - Commune de Modave\",\"isPartOf\":{\"@id\":\"https:\\\/\\\/www.modave.be\\\/#website\"},\"primaryImageOfPage\":{\"@id\":\"https:\\\/\\\/www.modave.be\\\/index.php\\\/services_communaux\\\/traversee-de-vierset-marquage-au-sol-et-signalisation\\\/#primaryimage\"},\"image\":{\"@id\":\"https:\\\/\\\/www.modave.be\\\/index.php\\\/services_communaux\\\/traversee-de-vierset-marquage-au-sol-et-signalisation\\\/#primaryimage\"},\"thumbnailUrl\":\"https:\\\/\\\/www.modave.be\\\/wp-content\\\/uploads\\\/2024\\\/05\\\/travaux-1-e1726816427568.jpg\",\"datePublished\":\"2024-09-20T09:02:05+00:00\",\"dateModified\":\"2024-09-20T09:02:29+00:00\",\"breadcrumb\":{\"@id\":\"https:\\\/\\\/www.modave.be\\\/index.php\\\/services_communaux\\\/traversee-de-vierset-marquage-au-sol-et-signalisation\\\/#breadcrumb\"},\"inLanguage\":\"fr-FR\",\"potentialAction\":[{\"@type\":\"ReadAction\",\"target\":[\"https:\\\/\\\/www.modave.be\\\/index.php\\\/services_communaux\\\/traversee-de-vierset-marquage-au-sol-et-signalisation\\\/\"]}]},{\"@type\":\"ImageObject\",\"inLanguage\":\"fr-FR\",\"@id\":\"https:\\\/\\\/www.modave.be\\\/index.php\\\/services_communaux\\\/traversee-de-vierset-marquage-au-sol-et-signalisation\\\/#primaryimage\",\"url\":\"https:\\\/\\\/www.modave.be\\\/wp-content\\\/uploads\\\/2024\\\/05\\\/travaux-1-e1726816427568.jpg\",\"contentUrl\":\"https:\\\/\\\/www.modave.be\\\/wp-content\\\/uploads\\\/2024\\\/05\\\/travaux-1-e1726816427568.jpg\",\"width\":540,\"height\":270},{\"@type\":\"BreadcrumbList\",\"@id\":\"https:\\\/\\\/www.modave.be\\\/index.php\\\/services_communaux\\\/traversee-de-vierset-marquage-au-sol-et-signalisation\\\/#breadcrumb\",\"itemListElement\":[{\"@type\":\"ListItem\",\"position\":1,\"name\":\"Accueil\",\"item\":\"https:\\\/\\\/www.modave.be\\\/\"},{\"@type\":\"ListItem\",\"position\":2,\"name\":\"Travers\u00e9e de Vierset | Marquage au sol et signalisation | 25.09.24\"}]},{\"@type\":\"WebSite\",\"@id\":\"https:\\\/\\\/www.modave.be\\\/#website\",\"url\":\"https:\\\/\\\/www.modave.be\\\/\",\"name\":\"Commune de Modave\",\"description\":\"Commune de Modave\",\"publisher\":{\"@id\":\"https:\\\/\\\/www.modave.be\\\/#organization\"},\"potentialAction\":[{\"@type\":\"SearchAction\",\"target\":{\"@type\":\"EntryPoint\",\"urlTemplate\":\"https:\\\/\\\/www.modave.be\\\/?s={search_term_string}\"},\"query-input\":{\"@type\":\"PropertyValueSpecification\",\"valueRequired\":true,\"valueName\":\"search_term_string\"}}],\"inLanguage\":\"fr-FR\"},{\"@type\":\"Organization\",\"@id\":\"https:\\\/\\\/www.modave.be\\\/#organization\",\"name\":\"Commune de Modave\",\"url\":\"https:\\\/\\\/www.modave.be\\\/\",\"logo\":{\"@type\":\"ImageObject\",\"inLanguage\":\"fr-FR\",\"@id\":\"https:\\\/\\\/www.modave.be\\\/#\\\/schema\\\/logo\\\/image\\\/\",\"url\":\"https:\\\/\\\/www.modave.be\\\/wp-content\\\/uploads\\\/2021\\\/12\\\/MODAVE_LOGO_HORIZONTAL_QUADRI_RVB.png\",\"contentUrl\":\"https:\\\/\\\/www.modave.be\\\/wp-content\\\/uploads\\\/2021\\\/12\\\/MODAVE_LOGO_HORIZONTAL_QUADRI_RVB.png\",\"width\":1200,\"height\":501,\"caption\":\"Commune de Modave\"},\"image\":{\"@id\":\"https:\\\/\\\/www.modave.be\\\/#\\\/schema\\\/logo\\\/image\\\/\"}}]}<\/script>\n<!-- \/ Yoast SEO plugin. -->","yoast_head_json":{"title":"Travers\u00e9e de Vierset | Marquage au sol et signalisation | 25.09.24 - Commune de Modave","robots":{"index":"index","follow":"follow","max-snippet":"max-snippet:-1","max-image-preview":"max-image-preview:large","max-video-preview":"max-video-preview:-1"},"canonical":"https:\/\/www.modave.be\/index.php\/services_communaux\/traversee-de-vierset-marquage-au-sol-et-signalisation\/","og_locale":"fr_FR","og_type":"article","og_title":"Travers\u00e9e de Vierset | Marquage au sol et signalisation | 25.09.24 - Commune de Modave","og_description":"Ce mercredi 25 septembre, les travaux de la travers\u00e9e de Vierset se poursuivent avec le marquage au sol et la signalisation. Il s&rsquo;agit de la 3\u00e8me et derni\u00e8re phase de ce chantier. Bonne nouvelle, la circulation ne sera pas interrompue pendant ces travaux. \ud835\udc00\ud835\udc2d\ud835\udc2d\ud835\udc1e\ud835\udc27\ud835\udc2d\ud835\udc22\ud835\udc28\ud835\udc27 : les zones de marquage devront \u00eatre lib\u00e9r\u00e9es. L&rsquo;entrepreneur prendra contact&hellip;","og_url":"https:\/\/www.modave.be\/index.php\/services_communaux\/traversee-de-vierset-marquage-au-sol-et-signalisation\/","og_site_name":"Commune de Modave","article_modified_time":"2024-09-20T09:02:29+00:00","og_image":[{"width":540,"height":270,"url":"https:\/\/www.modave.be\/wp-content\/uploads\/2024\/05\/travaux-1-e1726816427568.jpg","type":"image\/jpeg"}],"twitter_card":"summary_large_image","schema":{"@context":"https:\/\/schema.org","@graph":[{"@type":"WebPage","@id":"https:\/\/www.modave.be\/index.php\/services_communaux\/traversee-de-vierset-marquage-au-sol-et-signalisation\/","url":"https:\/\/www.modave.be\/index.php\/services_communaux\/traversee-de-vierset-marquage-au-sol-et-signalisation\/","name":"Travers\u00e9e de Vierset | Marquage au sol et signalisation | 25.09.24 - Commune de Modave","isPartOf":{"@id":"https:\/\/www.modave.be\/#website"},"primaryImageOfPage":{"@id":"https:\/\/www.modave.be\/index.php\/services_communaux\/traversee-de-vierset-marquage-au-sol-et-signalisation\/#primaryimage"},"image":{"@id":"https:\/\/www.modave.be\/index.php\/services_communaux\/traversee-de-vierset-marquage-au-sol-et-signalisation\/#primaryimage"},"thumbnailUrl":"https:\/\/www.modave.be\/wp-content\/uploads\/2024\/05\/travaux-1-e1726816427568.jpg","datePublished":"2024-09-20T09:02:05+00:00","dateModified":"2024-09-20T09:02:29+00:00","breadcrumb":{"@id":"https:\/\/www.modave.be\/index.php\/services_communaux\/traversee-de-vierset-marquage-au-sol-et-signalisation\/#breadcrumb"},"inLanguage":"fr-FR","potentialAction":[{"@type":"ReadAction","target":["https:\/\/www.modave.be\/index.php\/services_communaux\/traversee-de-vierset-marquage-au-sol-et-signalisation\/"]}]},{"@type":"ImageObject","inLanguage":"fr-FR","@id":"https:\/\/www.modave.be\/index.php\/services_communaux\/traversee-de-vierset-marquage-au-sol-et-signalisation\/#primaryimage","url":"https:\/\/www.modave.be\/wp-content\/uploads\/2024\/05\/travaux-1-e1726816427568.jpg","contentUrl":"https:\/\/www.modave.be\/wp-content\/uploads\/2024\/05\/travaux-1-e1726816427568.jpg","width":540,"height":270},{"@type":"BreadcrumbList","@id":"https:\/\/www.modave.be\/index.php\/services_communaux\/traversee-de-vierset-marquage-au-sol-et-signalisation\/#breadcrumb","itemListElement":[{"@type":"ListItem","position":1,"name":"Accueil","item":"https:\/\/www.modave.be\/"},{"@type":"ListItem","position":2,"name":"Travers\u00e9e de Vierset | Marquage au sol et signalisation | 25.09.24"}]},{"@type":"WebSite","@id":"https:\/\/www.modave.be\/#website","url":"https:\/\/www.modave.be\/","name":"Commune de Modave","description":"Commune de Modave","publisher":{"@id":"https:\/\/www.modave.be\/#organization"},"potentialAction":[{"@type":"SearchAction","target":{"@type":"EntryPoint","urlTemplate":"https:\/\/www.modave.be\/?s={search_term_string}"},"query-input":{"@type":"PropertyValueSpecification","valueRequired":true,"valueName":"search_term_string"}}],"inLanguage":"fr-FR"},{"@type":"Organization","@id":"https:\/\/www.modave.be\/#organization","name":"Commune de Modave","url":"https:\/\/www.modave.be\/","logo":{"@type":"ImageObject","inLanguage":"fr-FR","@id":"https:\/\/www.modave.be\/#\/schema\/logo\/image\/","url":"https:\/\/www.modave.be\/wp-content\/uploads\/2021\/12\/MODAVE_LOGO_HORIZONTAL_QUADRI_RVB.png","contentUrl":"https:\/\/www.modave.be\/wp-content\/uploads\/2021\/12\/MODAVE_LOGO_HORIZONTAL_QUADRI_RVB.png","width":1200,"height":501,"caption":"Commune de Modave"},"image":{"@id":"https:\/\/www.modave.be\/#\/schema\/logo\/image\/"}}]}},"_links":{"self":[{"href":"https:\/\/www.modave.be\/index.php\/wp-json\/wp\/v2\/services_communaux\/13321","targetHints":{"allow":["GET"]}}],"collection":[{"href":"https:\/\/www.modave.be\/index.php\/wp-json\/wp\/v2\/services_communaux"}],"about":[{"href":"https:\/\/www.modave.be\/index.php\/wp-json\/wp\/v2\/types\/services_communaux"}],"author":[{"embeddable":true,"href":"https:\/\/www.modave.be\/index.php\/wp-json\/wp\/v2\/users\/9"}],"wp:featuredmedia":[{"embeddable":true,"href":"https:\/\/www.modave.be\/index.php\/wp-json\/wp\/v2\/media\/13070"}],"wp:attachment":[{"href":"https:\/\/www.modave.be\/index.php\/wp-json\/wp\/v2\/media?parent=13321"}],"wp:term":[{"taxonomy":"category","embeddable":true,"href":"https:\/\/www.modave.be\/index.php\/wp-json\/wp\/v2\/categories?post=13321"}],"curies":[{"name":"wp","href":"https:\/\/api.w.org\/{rel}","templated":true}]}}

Traversée de Vierset | Marquage au sol et signalisation | 25.09.24

<p><strong>Ce mercredi 25 septembre</strong>, les travaux de la traversée de Vierset se poursuivent avec le marquage au sol et la signalisation. Il s&rsquo;agit de la 3ème et dernière phase de ce chantier.</p>



<p style="text-decoration:underline">Bonne nouvelle, la circulation ne sera pas interrompue pendant ces travaux.</p>



<p>𝐀𝐭𝐭𝐞𝐧𝐭𝐢𝐨𝐧 : les zones de marquage devront être libérées. L&rsquo;entrepreneur prendra contact avec les propriétaires des éventuels véhicules se trouvant sur le passage des travaux.</p>



<p>Nous vous remercions pour votre compréhension et votre vigilance lors de vos déplacements dans cette zone.</p>



<p></p>

<p>Ce mercredi 25 septembre, les travaux de la traversée de Vierset se poursuivent avec le marquage au sol et la signalisation. Il s&rsquo;agit de la 3ème et dernière phase de ce chantier. Bonne nouvelle, la circulation ne sera pas interrompue pendant ces travaux. 𝐀𝐭𝐭𝐞𝐧𝐭𝐢𝐨𝐧 : les zones de marquage devront être libérées. L&rsquo;entrepreneur prendra contact&hellip;</p>

<!-- This site is optimized with the Yoast SEO plugin v27.4 - https://yoast.com/product/yoast-seo-wordpress/ -->
<title>Traversée de Vierset | Marquage au sol et signalisation | 25.09.24 - Commune de Modave</title>
<meta name="robots" content="index, follow, max-snippet:-1, max-image-preview:large, max-video-preview:-1" />
<link rel="canonical" href="https://www.modave.be/index.php/services_communaux/traversee-de-vierset-marquage-au-sol-et-signalisation/" />
<meta property="og:locale" content="fr_FR" />
<meta property="og:type" content="article" />
<meta property="og:title" content="Traversée de Vierset | Marquage au sol et signalisation | 25.09.24 - Commune de Modave" />
<meta property="og:description" content="Ce mercredi 25 septembre, les travaux de la traversée de Vierset se poursuivent avec le marquage au sol et la signalisation. Il s&rsquo;agit de la 3ème et dernière phase de ce chantier. Bonne nouvelle, la circulation ne sera pas interrompue pendant ces travaux. 𝐀𝐭𝐭𝐞𝐧𝐭𝐢𝐨𝐧 : les zones de marquage devront être libérées. L&rsquo;entrepreneur prendra contact&hellip;" />
<meta property="og:url" content="https://www.modave.be/index.php/services_communaux/traversee-de-vierset-marquage-au-sol-et-signalisation/" />
<meta property="og:site_name" content="Commune de Modave" />
<meta property="article:modified_time" content="2024-09-20T09:02:29+00:00" />
<meta property="og:image" content="https://www.modave.be/wp-content/uploads/2024/05/travaux-1-e1726816427568.jpg" />
	<meta property="og:image:width" content="540" />
	<meta property="og:image:height" content="270" />
	<meta property="og:image:type" content="image/jpeg" />
<meta name="twitter:card" content="summary_large_image" />
<script type="application/ld+json" class="yoast-schema-graph">{"@context":"https:\/\/schema.org","@graph":[{"@type":"WebPage","@id":"https:\/\/www.modave.be\/index.php\/services_communaux\/traversee-de-vierset-marquage-au-sol-et-signalisation\/","url":"https:\/\/www.modave.be\/index.php\/services_communaux\/traversee-de-vierset-marquage-au-sol-et-signalisation\/","name":"Traversée de Vierset | Marquage au sol et signalisation | 25.09.24 - Commune de Modave","isPartOf":{"@id":"https:\/\/www.modave.be\/#website"},"primaryImageOfPage":{"@id":"https:\/\/www.modave.be\/index.php\/services_communaux\/traversee-de-vierset-marquage-au-sol-et-signalisation\/#primaryimage"},"image":{"@id":"https:\/\/www.modave.be\/index.php\/services_communaux\/traversee-de-vierset-marquage-au-sol-et-signalisation\/#primaryimage"},"thumbnailUrl":"https:\/\/www.modave.be\/wp-content\/uploads\/2024\/05\/travaux-1-e1726816427568.jpg","datePublished":"2024-09-20T09:02:05+00:00","dateModified":"2024-09-20T09:02:29+00:00","breadcrumb":{"@id":"https:\/\/www.modave.be\/index.php\/services_communaux\/traversee-de-vierset-marquage-au-sol-et-signalisation\/#breadcrumb"},"inLanguage":"fr-FR","potentialAction":[{"@type":"ReadAction","target":["https:\/\/www.modave.be\/index.php\/services_communaux\/traversee-de-vierset-marquage-au-sol-et-signalisation\/"]}]},{"@type":"ImageObject","inLanguage":"fr-FR","@id":"https:\/\/www.modave.be\/index.php\/services_communaux\/traversee-de-vierset-marquage-au-sol-et-signalisation\/#primaryimage","url":"https:\/\/www.modave.be\/wp-content\/uploads\/2024\/05\/travaux-1-e1726816427568.jpg","contentUrl":"https:\/\/www.modave.be\/wp-content\/uploads\/2024\/05\/travaux-1-e1726816427568.jpg","width":540,"height":270},{"@type":"BreadcrumbList","@id":"https:\/\/www.modave.be\/index.php\/services_communaux\/traversee-de-vierset-marquage-au-sol-et-signalisation\/#breadcrumb","itemListElement":[{"@type":"ListItem","position":1,"name":"Accueil","item":"https:\/\/www.modave.be\/"},{"@type":"ListItem","position":2,"name":"Traversée de Vierset | Marquage au sol et signalisation | 25.09.24"}]},{"@type":"WebSite","@id":"https:\/\/www.modave.be\/#website","url":"https:\/\/www.modave.be\/","name":"Commune de Modave","description":"Commune de Modave","publisher":{"@id":"https:\/\/www.modave.be\/#organization"},"potentialAction":[{"@type":"SearchAction","target":{"@type":"EntryPoint","urlTemplate":"https:\/\/www.modave.be\/?s={search_term_string}"},"query-input":{"@type":"PropertyValueSpecification","valueRequired":true,"valueName":"search_term_string"}}],"inLanguage":"fr-FR"},{"@type":"Organization","@id":"https:\/\/www.modave.be\/#organization","name":"Commune de Modave","url":"https:\/\/www.modave.be\/","logo":{"@type":"ImageObject","inLanguage":"fr-FR","@id":"https:\/\/www.modave.be\/#\/schema\/logo\/image\/","url":"https:\/\/www.modave.be\/wp-content\/uploads\/2021\/12\/MODAVE_LOGO_HORIZONTAL_QUADRI_RVB.png","contentUrl":"https:\/\/www.modave.be\/wp-content\/uploads\/2021\/12\/MODAVE_LOGO_HORIZONTAL_QUADRI_RVB.png","width":1200,"height":501,"caption":"Commune de Modave"},"image":{"@id":"https:\/\/www.modave.be\/#\/schema\/logo\/image\/"}}]}</script>
<!-- / Yoast SEO plugin. -->

Traversée de Vierset | Marquage au sol et signalisation | 25.09.24 - Commune de Modave

Ce mercredi 25 septembre, les travaux de la traversée de Vierset se poursuivent avec le marquage au sol et la signalisation. Il s&rsquo;agit de la 3ème et dernière phase de ce chantier. Bonne nouvelle, la circulation ne sera pas interrompue pendant ces travaux. 𝐀𝐭𝐭𝐞𝐧𝐭𝐢𝐨𝐧 : les zones de marquage devront être libérées. L&rsquo;entrepreneur prendra contact&hellip;
