{"id":14945,"date":"2025-02-10T11:11:32","date_gmt":"2025-02-10T10:11:32","guid":{"rendered":"https:\/\/www.modave.be\/?post_type=services_communaux&#038;p=14945"},"modified":"2025-02-10T11:11:32","modified_gmt":"2025-02-10T10:11:32","slug":"travaux-de-refection-n66","status":"publish","type":"services_communaux","link":"https:\/\/www.modave.be\/index.php\/services_communaux\/travaux-de-refection-n66\/","title":{"rendered":"TRAVAUX DE REFECTION | N66"},"content":{"rendered":"\n<h2 class=\"wp-block-heading\">Avis aux usagers \u2013 Travaux de r\u00e9fection sur la N66<\/h2>\n\n\n\n<p>\ud83d\udcc5 P\u00e9riode des travaux<br>Les interventions se d\u00e9rouleront du 24 f\u00e9vrier au 7 mars 2025.<\/p>\n\n\n\n<p>\ud83d\udea6 Impact sur la circulation<br>Un plan de signalisation sera mis en place afin d\u2019assurer la s\u00e9curit\u00e9 des usagers et des \u00e9quipes sur le terrain. Nous vous invitons \u00e0 redoubler de prudence \u00e0 l\u2019approche du chantier.<\/p>\n\n\n\n<p>Nous vous remercions pour votre compr\u00e9hension et votre coop\u00e9ration durant ces travaux d\u2019am\u00e9lioration de la voirie.<\/p>\n\n\n\n<figure class=\"wp-block-image size-large\"><img fetchpriority=\"high\" decoding=\"async\" width=\"1024\" height=\"1024\" src=\"https:\/\/www.modave.be\/wp-content\/uploads\/2025\/02\/N66-pagedegarde-1024x1024.jpg\" alt=\"\" class=\"wp-image-14947\" srcset=\"https:\/\/www.modave.be\/wp-content\/uploads\/2025\/02\/N66-pagedegarde-1024x1024.jpg 1024w, https:\/\/www.modave.be\/wp-content\/uploads\/2025\/02\/N66-pagedegarde-300x300.jpg 300w, https:\/\/www.modave.be\/wp-content\/uploads\/2025\/02\/N66-pagedegarde-150x150.jpg 150w, https:\/\/www.modave.be\/wp-content\/uploads\/2025\/02\/N66-pagedegarde-768x768.jpg 768w, https:\/\/www.modave.be\/wp-content\/uploads\/2025\/02\/N66-pagedegarde.jpg 1080w\" sizes=\"(max-width: 1024px) 100vw, 1024px\" \/><\/figure>\n","protected":false},"excerpt":{"rendered":"<p>Avis aux usagers \u2013 Travaux de r\u00e9fection sur la N66 \ud83d\udcc5 P\u00e9riode des travauxLes interventions se d\u00e9rouleront du 24 f\u00e9vrier au 7 mars 2025. \ud83d\udea6 Impact sur la circulationUn plan de signalisation sera mis en place afin d\u2019assurer la s\u00e9curit\u00e9 des usagers et des \u00e9quipes sur le terrain. Nous vous invitons \u00e0 redoubler de prudence&hellip;<\/p>\n","protected":false},"author":9,"featured_media":14894,"menu_order":0,"template":"","categories":[208],"class_list":["post-14945","services_communaux","type-services_communaux","status-publish","has-post-thumbnail","hentry","category-travaux","description-off"],"yoast_head":"<!-- This site is optimized with the Yoast SEO plugin v27.5 - https:\/\/yoast.com\/product\/yoast-seo-wordpress\/ -->\n<title>TRAVAUX DE REFECTION | N66 - Commune de Modave<\/title>\n<meta name=\"robots\" content=\"index, follow, max-snippet:-1, max-image-preview:large, max-video-preview:-1\" \/>\n<link rel=\"canonical\" href=\"https:\/\/www.modave.be\/index.php\/services_communaux\/travaux-de-refection-n66\/\" \/>\n<meta property=\"og:locale\" content=\"fr_FR\" \/>\n<meta property=\"og:type\" content=\"article\" \/>\n<meta property=\"og:title\" content=\"TRAVAUX DE REFECTION | N66 - Commune de Modave\" \/>\n<meta property=\"og:description\" content=\"Avis aux usagers \u2013 Travaux de r\u00e9fection sur la N66 \ud83d\udcc5 P\u00e9riode des travauxLes interventions se d\u00e9rouleront du 24 f\u00e9vrier au 7 mars 2025. \ud83d\udea6 Impact sur la circulationUn plan de signalisation sera mis en place afin d\u2019assurer la s\u00e9curit\u00e9 des usagers et des \u00e9quipes sur le terrain. Nous vous invitons \u00e0 redoubler de prudence&hellip;\" \/>\n<meta property=\"og:url\" content=\"https:\/\/www.modave.be\/index.php\/services_communaux\/travaux-de-refection-n66\/\" \/>\n<meta property=\"og:site_name\" content=\"Commune de Modave\" \/>\n<meta property=\"og:image\" content=\"https:\/\/www.modave.be\/wp-content\/uploads\/2025\/01\/Copie-de-Copie-de-Copie-de-communedemodave-e1738227258645.jpg\" \/>\n\t<meta property=\"og:image:width\" content=\"986\" \/>\n\t<meta property=\"og:image:height\" content=\"493\" \/>\n\t<meta property=\"og:image:type\" content=\"image\/jpeg\" \/>\n<meta name=\"twitter:card\" content=\"summary_large_image\" \/>\n<script type=\"application\/ld+json\" class=\"yoast-schema-graph\">{\"@context\":\"https:\\\/\\\/schema.org\",\"@graph\":[{\"@type\":\"WebPage\",\"@id\":\"https:\\\/\\\/www.modave.be\\\/index.php\\\/services_communaux\\\/travaux-de-refection-n66\\\/\",\"url\":\"https:\\\/\\\/www.modave.be\\\/index.php\\\/services_communaux\\\/travaux-de-refection-n66\\\/\",\"name\":\"TRAVAUX DE REFECTION | N66 - Commune de Modave\",\"isPartOf\":{\"@id\":\"https:\\\/\\\/www.modave.be\\\/#website\"},\"primaryImageOfPage\":{\"@id\":\"https:\\\/\\\/www.modave.be\\\/index.php\\\/services_communaux\\\/travaux-de-refection-n66\\\/#primaryimage\"},\"image\":{\"@id\":\"https:\\\/\\\/www.modave.be\\\/index.php\\\/services_communaux\\\/travaux-de-refection-n66\\\/#primaryimage\"},\"thumbnailUrl\":\"https:\\\/\\\/www.modave.be\\\/wp-content\\\/uploads\\\/2025\\\/01\\\/Copie-de-Copie-de-Copie-de-communedemodave-e1738227258645.jpg\",\"datePublished\":\"2025-02-10T10:11:32+00:00\",\"breadcrumb\":{\"@id\":\"https:\\\/\\\/www.modave.be\\\/index.php\\\/services_communaux\\\/travaux-de-refection-n66\\\/#breadcrumb\"},\"inLanguage\":\"fr-FR\",\"potentialAction\":[{\"@type\":\"ReadAction\",\"target\":[\"https:\\\/\\\/www.modave.be\\\/index.php\\\/services_communaux\\\/travaux-de-refection-n66\\\/\"]}]},{\"@type\":\"ImageObject\",\"inLanguage\":\"fr-FR\",\"@id\":\"https:\\\/\\\/www.modave.be\\\/index.php\\\/services_communaux\\\/travaux-de-refection-n66\\\/#primaryimage\",\"url\":\"https:\\\/\\\/www.modave.be\\\/wp-content\\\/uploads\\\/2025\\\/01\\\/Copie-de-Copie-de-Copie-de-communedemodave-e1738227258645.jpg\",\"contentUrl\":\"https:\\\/\\\/www.modave.be\\\/wp-content\\\/uploads\\\/2025\\\/01\\\/Copie-de-Copie-de-Copie-de-communedemodave-e1738227258645.jpg\",\"width\":986,\"height\":493},{\"@type\":\"BreadcrumbList\",\"@id\":\"https:\\\/\\\/www.modave.be\\\/index.php\\\/services_communaux\\\/travaux-de-refection-n66\\\/#breadcrumb\",\"itemListElement\":[{\"@type\":\"ListItem\",\"position\":1,\"name\":\"Accueil\",\"item\":\"https:\\\/\\\/www.modave.be\\\/\"},{\"@type\":\"ListItem\",\"position\":2,\"name\":\"TRAVAUX DE REFECTION | N66\"}]},{\"@type\":\"WebSite\",\"@id\":\"https:\\\/\\\/www.modave.be\\\/#website\",\"url\":\"https:\\\/\\\/www.modave.be\\\/\",\"name\":\"Commune de Modave\",\"description\":\"Commune de Modave\",\"publisher\":{\"@id\":\"https:\\\/\\\/www.modave.be\\\/#organization\"},\"potentialAction\":[{\"@type\":\"SearchAction\",\"target\":{\"@type\":\"EntryPoint\",\"urlTemplate\":\"https:\\\/\\\/www.modave.be\\\/?s={search_term_string}\"},\"query-input\":{\"@type\":\"PropertyValueSpecification\",\"valueRequired\":true,\"valueName\":\"search_term_string\"}}],\"inLanguage\":\"fr-FR\"},{\"@type\":\"Organization\",\"@id\":\"https:\\\/\\\/www.modave.be\\\/#organization\",\"name\":\"Commune de Modave\",\"url\":\"https:\\\/\\\/www.modave.be\\\/\",\"logo\":{\"@type\":\"ImageObject\",\"inLanguage\":\"fr-FR\",\"@id\":\"https:\\\/\\\/www.modave.be\\\/#\\\/schema\\\/logo\\\/image\\\/\",\"url\":\"https:\\\/\\\/www.modave.be\\\/wp-content\\\/uploads\\\/2021\\\/12\\\/MODAVE_LOGO_HORIZONTAL_QUADRI_RVB.png\",\"contentUrl\":\"https:\\\/\\\/www.modave.be\\\/wp-content\\\/uploads\\\/2021\\\/12\\\/MODAVE_LOGO_HORIZONTAL_QUADRI_RVB.png\",\"width\":1200,\"height\":501,\"caption\":\"Commune de Modave\"},\"image\":{\"@id\":\"https:\\\/\\\/www.modave.be\\\/#\\\/schema\\\/logo\\\/image\\\/\"}}]}<\/script>\n<!-- \/ Yoast SEO plugin. -->","yoast_head_json":{"title":"TRAVAUX DE REFECTION | N66 - Commune de Modave","robots":{"index":"index","follow":"follow","max-snippet":"max-snippet:-1","max-image-preview":"max-image-preview:large","max-video-preview":"max-video-preview:-1"},"canonical":"https:\/\/www.modave.be\/index.php\/services_communaux\/travaux-de-refection-n66\/","og_locale":"fr_FR","og_type":"article","og_title":"TRAVAUX DE REFECTION | N66 - Commune de Modave","og_description":"Avis aux usagers \u2013 Travaux de r\u00e9fection sur la N66 \ud83d\udcc5 P\u00e9riode des travauxLes interventions se d\u00e9rouleront du 24 f\u00e9vrier au 7 mars 2025. \ud83d\udea6 Impact sur la circulationUn plan de signalisation sera mis en place afin d\u2019assurer la s\u00e9curit\u00e9 des usagers et des \u00e9quipes sur le terrain. Nous vous invitons \u00e0 redoubler de prudence&hellip;","og_url":"https:\/\/www.modave.be\/index.php\/services_communaux\/travaux-de-refection-n66\/","og_site_name":"Commune de Modave","og_image":[{"width":986,"height":493,"url":"https:\/\/www.modave.be\/wp-content\/uploads\/2025\/01\/Copie-de-Copie-de-Copie-de-communedemodave-e1738227258645.jpg","type":"image\/jpeg"}],"twitter_card":"summary_large_image","schema":{"@context":"https:\/\/schema.org","@graph":[{"@type":"WebPage","@id":"https:\/\/www.modave.be\/index.php\/services_communaux\/travaux-de-refection-n66\/","url":"https:\/\/www.modave.be\/index.php\/services_communaux\/travaux-de-refection-n66\/","name":"TRAVAUX DE REFECTION | N66 - Commune de Modave","isPartOf":{"@id":"https:\/\/www.modave.be\/#website"},"primaryImageOfPage":{"@id":"https:\/\/www.modave.be\/index.php\/services_communaux\/travaux-de-refection-n66\/#primaryimage"},"image":{"@id":"https:\/\/www.modave.be\/index.php\/services_communaux\/travaux-de-refection-n66\/#primaryimage"},"thumbnailUrl":"https:\/\/www.modave.be\/wp-content\/uploads\/2025\/01\/Copie-de-Copie-de-Copie-de-communedemodave-e1738227258645.jpg","datePublished":"2025-02-10T10:11:32+00:00","breadcrumb":{"@id":"https:\/\/www.modave.be\/index.php\/services_communaux\/travaux-de-refection-n66\/#breadcrumb"},"inLanguage":"fr-FR","potentialAction":[{"@type":"ReadAction","target":["https:\/\/www.modave.be\/index.php\/services_communaux\/travaux-de-refection-n66\/"]}]},{"@type":"ImageObject","inLanguage":"fr-FR","@id":"https:\/\/www.modave.be\/index.php\/services_communaux\/travaux-de-refection-n66\/#primaryimage","url":"https:\/\/www.modave.be\/wp-content\/uploads\/2025\/01\/Copie-de-Copie-de-Copie-de-communedemodave-e1738227258645.jpg","contentUrl":"https:\/\/www.modave.be\/wp-content\/uploads\/2025\/01\/Copie-de-Copie-de-Copie-de-communedemodave-e1738227258645.jpg","width":986,"height":493},{"@type":"BreadcrumbList","@id":"https:\/\/www.modave.be\/index.php\/services_communaux\/travaux-de-refection-n66\/#breadcrumb","itemListElement":[{"@type":"ListItem","position":1,"name":"Accueil","item":"https:\/\/www.modave.be\/"},{"@type":"ListItem","position":2,"name":"TRAVAUX DE REFECTION | N66"}]},{"@type":"WebSite","@id":"https:\/\/www.modave.be\/#website","url":"https:\/\/www.modave.be\/","name":"Commune de Modave","description":"Commune de Modave","publisher":{"@id":"https:\/\/www.modave.be\/#organization"},"potentialAction":[{"@type":"SearchAction","target":{"@type":"EntryPoint","urlTemplate":"https:\/\/www.modave.be\/?s={search_term_string}"},"query-input":{"@type":"PropertyValueSpecification","valueRequired":true,"valueName":"search_term_string"}}],"inLanguage":"fr-FR"},{"@type":"Organization","@id":"https:\/\/www.modave.be\/#organization","name":"Commune de Modave","url":"https:\/\/www.modave.be\/","logo":{"@type":"ImageObject","inLanguage":"fr-FR","@id":"https:\/\/www.modave.be\/#\/schema\/logo\/image\/","url":"https:\/\/www.modave.be\/wp-content\/uploads\/2021\/12\/MODAVE_LOGO_HORIZONTAL_QUADRI_RVB.png","contentUrl":"https:\/\/www.modave.be\/wp-content\/uploads\/2021\/12\/MODAVE_LOGO_HORIZONTAL_QUADRI_RVB.png","width":1200,"height":501,"caption":"Commune de Modave"},"image":{"@id":"https:\/\/www.modave.be\/#\/schema\/logo\/image\/"}}]}},"_links":{"self":[{"href":"https:\/\/www.modave.be\/index.php\/wp-json\/wp\/v2\/services_communaux\/14945","targetHints":{"allow":["GET"]}}],"collection":[{"href":"https:\/\/www.modave.be\/index.php\/wp-json\/wp\/v2\/services_communaux"}],"about":[{"href":"https:\/\/www.modave.be\/index.php\/wp-json\/wp\/v2\/types\/services_communaux"}],"author":[{"embeddable":true,"href":"https:\/\/www.modave.be\/index.php\/wp-json\/wp\/v2\/users\/9"}],"wp:featuredmedia":[{"embeddable":true,"href":"https:\/\/www.modave.be\/index.php\/wp-json\/wp\/v2\/media\/14894"}],"wp:attachment":[{"href":"https:\/\/www.modave.be\/index.php\/wp-json\/wp\/v2\/media?parent=14945"}],"wp:term":[{"taxonomy":"category","embeddable":true,"href":"https:\/\/www.modave.be\/index.php\/wp-json\/wp\/v2\/categories?post=14945"}],"curies":[{"name":"wp","href":"https:\/\/api.w.org\/{rel}","templated":true}]}}

<h2 class="wp-block-heading">Avis aux usagers – Travaux de réfection sur la N66</h2>



<p>📅 Période des travaux<br>Les interventions se dérouleront du 24 février au 7 mars 2025.</p>



<p>🚦 Impact sur la circulation<br>Un plan de signalisation sera mis en place afin d’assurer la sécurité des usagers et des équipes sur le terrain. Nous vous invitons à redoubler de prudence à l’approche du chantier.</p>



<p>Nous vous remercions pour votre compréhension et votre coopération durant ces travaux d’amélioration de la voirie.</p>



<figure class="wp-block-image size-large"><img fetchpriority="high" decoding="async" width="1024" height="1024" src="https://www.modave.be/wp-content/uploads/2025/02/N66-pagedegarde-1024x1024.jpg" alt="" class="wp-image-14947" srcset="https://www.modave.be/wp-content/uploads/2025/02/N66-pagedegarde-1024x1024.jpg 1024w, https://www.modave.be/wp-content/uploads/2025/02/N66-pagedegarde-300x300.jpg 300w, https://www.modave.be/wp-content/uploads/2025/02/N66-pagedegarde-150x150.jpg 150w, https://www.modave.be/wp-content/uploads/2025/02/N66-pagedegarde-768x768.jpg 768w, https://www.modave.be/wp-content/uploads/2025/02/N66-pagedegarde.jpg 1080w" sizes="(max-width: 1024px) 100vw, 1024px" /></figure>

<p>Avis aux usagers – Travaux de réfection sur la N66 📅 Période des travauxLes interventions se dérouleront du 24 février au 7 mars 2025. 🚦 Impact sur la circulationUn plan de signalisation sera mis en place afin d’assurer la sécurité des usagers et des équipes sur le terrain. Nous vous invitons à redoubler de prudence&hellip;</p>

<!-- This site is optimized with the Yoast SEO plugin v27.5 - https://yoast.com/product/yoast-seo-wordpress/ -->
<title>TRAVAUX DE REFECTION | N66 - Commune de Modave</title>
<meta name="robots" content="index, follow, max-snippet:-1, max-image-preview:large, max-video-preview:-1" />
<link rel="canonical" href="https://www.modave.be/index.php/services_communaux/travaux-de-refection-n66/" />
<meta property="og:locale" content="fr_FR" />
<meta property="og:type" content="article" />
<meta property="og:title" content="TRAVAUX DE REFECTION | N66 - Commune de Modave" />
<meta property="og:description" content="Avis aux usagers – Travaux de réfection sur la N66 📅 Période des travauxLes interventions se dérouleront du 24 février au 7 mars 2025. 🚦 Impact sur la circulationUn plan de signalisation sera mis en place afin d’assurer la sécurité des usagers et des équipes sur le terrain. Nous vous invitons à redoubler de prudence&hellip;" />
<meta property="og:url" content="https://www.modave.be/index.php/services_communaux/travaux-de-refection-n66/" />
<meta property="og:site_name" content="Commune de Modave" />
<meta property="og:image" content="https://www.modave.be/wp-content/uploads/2025/01/Copie-de-Copie-de-Copie-de-communedemodave-e1738227258645.jpg" />
	<meta property="og:image:width" content="986" />
	<meta property="og:image:height" content="493" />
	<meta property="og:image:type" content="image/jpeg" />
<meta name="twitter:card" content="summary_large_image" />
<script type="application/ld+json" class="yoast-schema-graph">{"@context":"https:\/\/schema.org","@graph":[{"@type":"WebPage","@id":"https:\/\/www.modave.be\/index.php\/services_communaux\/travaux-de-refection-n66\/","url":"https:\/\/www.modave.be\/index.php\/services_communaux\/travaux-de-refection-n66\/","name":"TRAVAUX DE REFECTION | N66 - Commune de Modave","isPartOf":{"@id":"https:\/\/www.modave.be\/#website"},"primaryImageOfPage":{"@id":"https:\/\/www.modave.be\/index.php\/services_communaux\/travaux-de-refection-n66\/#primaryimage"},"image":{"@id":"https:\/\/www.modave.be\/index.php\/services_communaux\/travaux-de-refection-n66\/#primaryimage"},"thumbnailUrl":"https:\/\/www.modave.be\/wp-content\/uploads\/2025\/01\/Copie-de-Copie-de-Copie-de-communedemodave-e1738227258645.jpg","datePublished":"2025-02-10T10:11:32+00:00","breadcrumb":{"@id":"https:\/\/www.modave.be\/index.php\/services_communaux\/travaux-de-refection-n66\/#breadcrumb"},"inLanguage":"fr-FR","potentialAction":[{"@type":"ReadAction","target":["https:\/\/www.modave.be\/index.php\/services_communaux\/travaux-de-refection-n66\/"]}]},{"@type":"ImageObject","inLanguage":"fr-FR","@id":"https:\/\/www.modave.be\/index.php\/services_communaux\/travaux-de-refection-n66\/#primaryimage","url":"https:\/\/www.modave.be\/wp-content\/uploads\/2025\/01\/Copie-de-Copie-de-Copie-de-communedemodave-e1738227258645.jpg","contentUrl":"https:\/\/www.modave.be\/wp-content\/uploads\/2025\/01\/Copie-de-Copie-de-Copie-de-communedemodave-e1738227258645.jpg","width":986,"height":493},{"@type":"BreadcrumbList","@id":"https:\/\/www.modave.be\/index.php\/services_communaux\/travaux-de-refection-n66\/#breadcrumb","itemListElement":[{"@type":"ListItem","position":1,"name":"Accueil","item":"https:\/\/www.modave.be\/"},{"@type":"ListItem","position":2,"name":"TRAVAUX DE REFECTION | N66"}]},{"@type":"WebSite","@id":"https:\/\/www.modave.be\/#website","url":"https:\/\/www.modave.be\/","name":"Commune de Modave","description":"Commune de Modave","publisher":{"@id":"https:\/\/www.modave.be\/#organization"},"potentialAction":[{"@type":"SearchAction","target":{"@type":"EntryPoint","urlTemplate":"https:\/\/www.modave.be\/?s={search_term_string}"},"query-input":{"@type":"PropertyValueSpecification","valueRequired":true,"valueName":"search_term_string"}}],"inLanguage":"fr-FR"},{"@type":"Organization","@id":"https:\/\/www.modave.be\/#organization","name":"Commune de Modave","url":"https:\/\/www.modave.be\/","logo":{"@type":"ImageObject","inLanguage":"fr-FR","@id":"https:\/\/www.modave.be\/#\/schema\/logo\/image\/","url":"https:\/\/www.modave.be\/wp-content\/uploads\/2021\/12\/MODAVE_LOGO_HORIZONTAL_QUADRI_RVB.png","contentUrl":"https:\/\/www.modave.be\/wp-content\/uploads\/2021\/12\/MODAVE_LOGO_HORIZONTAL_QUADRI_RVB.png","width":1200,"height":501,"caption":"Commune de Modave"},"image":{"@id":"https:\/\/www.modave.be\/#\/schema\/logo\/image\/"}}]}</script>
<!-- / Yoast SEO plugin. -->

Avis aux usagers – Travaux de réfection sur la N66 📅 Période des travauxLes interventions se dérouleront du 24 février au 7 mars 2025. 🚦 Impact sur la circulationUn plan de signalisation sera mis en place afin d’assurer la sécurité des usagers et des équipes sur le terrain. Nous vous invitons à redoubler de prudence&hellip;
