{"id":15013,"date":"2025-02-18T09:11:10","date_gmt":"2025-02-18T08:11:10","guid":{"rendered":"https:\/\/www.modave.be\/?post_type=services_communaux&#038;p=15013"},"modified":"2025-02-20T11:24:04","modified_gmt":"2025-02-20T10:24:04","slug":"accueil-centralise-mercredis-de-12h30-a-17h30","status":"publish","type":"services_communaux","link":"https:\/\/www.modave.be\/index.php\/services_communaux\/accueil-centralise-mercredis-de-12h30-a-17h30\/","title":{"rendered":"Accueil Centralis\u00e9 | Mercredis de 12h30 \u00e0 17h30"},"content":{"rendered":"\n<h2 class=\"wp-block-heading\">\ud835\uddd4\ud835\uddf0\ud835\uddf0\ud835\ude02\ud835\uddf2\ud835\uddf6\ud835\uddf9 Centralis\u00e9<\/h2>\n\n\n\n<p>En raison de travaux au hall omnisports, <strong>l\u2019accueil centralis\u00e9<\/strong> du mercredi apr\u00e8s-midi se fera <strong>\u00e0 l\u2019\u00e9cole des Gottes<\/strong> (Rue Freddy Terwagne 1, Modave) <strong>de 12h30 \u00e0 17h30 pour toutes les \u00e9coles<\/strong>.<\/p>\n\n\n\n<blockquote class=\"wp-block-quote is-layout-flow wp-block-quote-is-layout-flow\">\n<p>\ud83d\udcc5 <strong>P\u00e9riode concern\u00e9e : du mercredi 28 mai au mercredi 2 juillet 2025 inclus.<\/strong><\/p>\n<\/blockquote>\n\n\n\n<p>Merci de prendre note de ces changements et de vous organiser en cons\u00e9quence. <\/p>\n\n\n\n<figure class=\"wp-block-image size-large\"><img fetchpriority=\"high\" decoding=\"async\" width=\"1024\" height=\"1024\" src=\"https:\/\/www.modave.be\/wp-content\/uploads\/2025\/02\/Accueil-2-1024x1024.jpg\" alt=\"\" class=\"wp-image-15014\" srcset=\"https:\/\/www.modave.be\/wp-content\/uploads\/2025\/02\/Accueil-2-1024x1024.jpg 1024w, https:\/\/www.modave.be\/wp-content\/uploads\/2025\/02\/Accueil-2-300x300.jpg 300w, https:\/\/www.modave.be\/wp-content\/uploads\/2025\/02\/Accueil-2-150x150.jpg 150w, https:\/\/www.modave.be\/wp-content\/uploads\/2025\/02\/Accueil-2-768x768.jpg 768w, https:\/\/www.modave.be\/wp-content\/uploads\/2025\/02\/Accueil-2.jpg 1080w\" sizes=\"(max-width: 1024px) 100vw, 1024px\" \/><\/figure>\n","protected":false},"excerpt":{"rendered":"<p>\ud835\uddd4\ud835\uddf0\ud835\uddf0\ud835\ude02\ud835\uddf2\ud835\uddf6\ud835\uddf9 Centralis\u00e9 En raison de travaux au hall omnisports, l\u2019accueil centralis\u00e9 du mercredi apr\u00e8s-midi se fera \u00e0 l\u2019\u00e9cole des Gottes (Rue Freddy Terwagne 1, Modave) de 12h30 \u00e0 17h30 pour toutes les \u00e9coles. \ud83d\udcc5 P\u00e9riode concern\u00e9e : du mercredi 28 mai au mercredi 2 juillet 2025 inclus. Merci de prendre note de ces changements et&hellip;<\/p>\n","protected":false},"author":9,"featured_media":13345,"menu_order":0,"template":"","categories":[210],"class_list":["post-15013","services_communaux","type-services_communaux","status-publish","has-post-thumbnail","hentry","category-ecole_communale","description-off"],"yoast_head":"<!-- This site is optimized with the Yoast SEO plugin v27.5 - https:\/\/yoast.com\/product\/yoast-seo-wordpress\/ -->\n<title>Accueil Centralis\u00e9 | Mercredis de 12h30 \u00e0 17h30 - Commune de Modave<\/title>\n<meta name=\"robots\" content=\"index, follow, max-snippet:-1, max-image-preview:large, max-video-preview:-1\" \/>\n<link rel=\"canonical\" href=\"https:\/\/www.modave.be\/index.php\/services_communaux\/accueil-centralise-mercredis-de-12h30-a-17h30\/\" \/>\n<meta property=\"og:locale\" content=\"fr_FR\" \/>\n<meta property=\"og:type\" content=\"article\" \/>\n<meta property=\"og:title\" content=\"Accueil Centralis\u00e9 | Mercredis de 12h30 \u00e0 17h30 - Commune de Modave\" \/>\n<meta property=\"og:description\" content=\"\ud835\uddd4\ud835\uddf0\ud835\uddf0\ud835\ude02\ud835\uddf2\ud835\uddf6\ud835\uddf9 Centralis\u00e9 En raison de travaux au hall omnisports, l\u2019accueil centralis\u00e9 du mercredi apr\u00e8s-midi se fera \u00e0 l\u2019\u00e9cole des Gottes (Rue Freddy Terwagne 1, Modave) de 12h30 \u00e0 17h30 pour toutes les \u00e9coles. \ud83d\udcc5 P\u00e9riode concern\u00e9e : du mercredi 28 mai au mercredi 2 juillet 2025 inclus. Merci de prendre note de ces changements et&hellip;\" \/>\n<meta property=\"og:url\" content=\"https:\/\/www.modave.be\/index.php\/services_communaux\/accueil-centralise-mercredis-de-12h30-a-17h30\/\" \/>\n<meta property=\"og:site_name\" content=\"Commune de Modave\" \/>\n<meta property=\"article:modified_time\" content=\"2025-02-20T10:24:04+00:00\" \/>\n<meta property=\"og:image\" content=\"https:\/\/www.modave.be\/wp-content\/uploads\/2024\/09\/20240923_134031-scaled-e1739866260327.jpg\" \/>\n\t<meta property=\"og:image:width\" content=\"2560\" \/>\n\t<meta property=\"og:image:height\" content=\"1280\" \/>\n\t<meta property=\"og:image:type\" content=\"image\/jpeg\" \/>\n<meta name=\"twitter:card\" content=\"summary_large_image\" \/>\n<script type=\"application\/ld+json\" class=\"yoast-schema-graph\">{\"@context\":\"https:\\\/\\\/schema.org\",\"@graph\":[{\"@type\":\"WebPage\",\"@id\":\"https:\\\/\\\/www.modave.be\\\/index.php\\\/services_communaux\\\/accueil-centralise-mercredis-de-12h30-a-17h30\\\/\",\"url\":\"https:\\\/\\\/www.modave.be\\\/index.php\\\/services_communaux\\\/accueil-centralise-mercredis-de-12h30-a-17h30\\\/\",\"name\":\"Accueil Centralis\u00e9 | Mercredis de 12h30 \u00e0 17h30 - Commune de Modave\",\"isPartOf\":{\"@id\":\"https:\\\/\\\/www.modave.be\\\/#website\"},\"primaryImageOfPage\":{\"@id\":\"https:\\\/\\\/www.modave.be\\\/index.php\\\/services_communaux\\\/accueil-centralise-mercredis-de-12h30-a-17h30\\\/#primaryimage\"},\"image\":{\"@id\":\"https:\\\/\\\/www.modave.be\\\/index.php\\\/services_communaux\\\/accueil-centralise-mercredis-de-12h30-a-17h30\\\/#primaryimage\"},\"thumbnailUrl\":\"https:\\\/\\\/www.modave.be\\\/wp-content\\\/uploads\\\/2024\\\/09\\\/20240923_134031-scaled-e1739866260327.jpg\",\"datePublished\":\"2025-02-18T08:11:10+00:00\",\"dateModified\":\"2025-02-20T10:24:04+00:00\",\"breadcrumb\":{\"@id\":\"https:\\\/\\\/www.modave.be\\\/index.php\\\/services_communaux\\\/accueil-centralise-mercredis-de-12h30-a-17h30\\\/#breadcrumb\"},\"inLanguage\":\"fr-FR\",\"potentialAction\":[{\"@type\":\"ReadAction\",\"target\":[\"https:\\\/\\\/www.modave.be\\\/index.php\\\/services_communaux\\\/accueil-centralise-mercredis-de-12h30-a-17h30\\\/\"]}]},{\"@type\":\"ImageObject\",\"inLanguage\":\"fr-FR\",\"@id\":\"https:\\\/\\\/www.modave.be\\\/index.php\\\/services_communaux\\\/accueil-centralise-mercredis-de-12h30-a-17h30\\\/#primaryimage\",\"url\":\"https:\\\/\\\/www.modave.be\\\/wp-content\\\/uploads\\\/2024\\\/09\\\/20240923_134031-scaled-e1739866260327.jpg\",\"contentUrl\":\"https:\\\/\\\/www.modave.be\\\/wp-content\\\/uploads\\\/2024\\\/09\\\/20240923_134031-scaled-e1739866260327.jpg\",\"width\":2560,\"height\":1280},{\"@type\":\"BreadcrumbList\",\"@id\":\"https:\\\/\\\/www.modave.be\\\/index.php\\\/services_communaux\\\/accueil-centralise-mercredis-de-12h30-a-17h30\\\/#breadcrumb\",\"itemListElement\":[{\"@type\":\"ListItem\",\"position\":1,\"name\":\"Accueil\",\"item\":\"https:\\\/\\\/www.modave.be\\\/\"},{\"@type\":\"ListItem\",\"position\":2,\"name\":\"Accueil Centralis\u00e9 | Mercredis de 12h30 \u00e0 17h30\"}]},{\"@type\":\"WebSite\",\"@id\":\"https:\\\/\\\/www.modave.be\\\/#website\",\"url\":\"https:\\\/\\\/www.modave.be\\\/\",\"name\":\"Commune de Modave\",\"description\":\"Commune de Modave\",\"publisher\":{\"@id\":\"https:\\\/\\\/www.modave.be\\\/#organization\"},\"potentialAction\":[{\"@type\":\"SearchAction\",\"target\":{\"@type\":\"EntryPoint\",\"urlTemplate\":\"https:\\\/\\\/www.modave.be\\\/?s={search_term_string}\"},\"query-input\":{\"@type\":\"PropertyValueSpecification\",\"valueRequired\":true,\"valueName\":\"search_term_string\"}}],\"inLanguage\":\"fr-FR\"},{\"@type\":\"Organization\",\"@id\":\"https:\\\/\\\/www.modave.be\\\/#organization\",\"name\":\"Commune de Modave\",\"url\":\"https:\\\/\\\/www.modave.be\\\/\",\"logo\":{\"@type\":\"ImageObject\",\"inLanguage\":\"fr-FR\",\"@id\":\"https:\\\/\\\/www.modave.be\\\/#\\\/schema\\\/logo\\\/image\\\/\",\"url\":\"https:\\\/\\\/www.modave.be\\\/wp-content\\\/uploads\\\/2021\\\/12\\\/MODAVE_LOGO_HORIZONTAL_QUADRI_RVB.png\",\"contentUrl\":\"https:\\\/\\\/www.modave.be\\\/wp-content\\\/uploads\\\/2021\\\/12\\\/MODAVE_LOGO_HORIZONTAL_QUADRI_RVB.png\",\"width\":1200,\"height\":501,\"caption\":\"Commune de Modave\"},\"image\":{\"@id\":\"https:\\\/\\\/www.modave.be\\\/#\\\/schema\\\/logo\\\/image\\\/\"}}]}<\/script>\n<!-- \/ Yoast SEO plugin. -->","yoast_head_json":{"title":"Accueil Centralis\u00e9 | Mercredis de 12h30 \u00e0 17h30 - Commune de Modave","robots":{"index":"index","follow":"follow","max-snippet":"max-snippet:-1","max-image-preview":"max-image-preview:large","max-video-preview":"max-video-preview:-1"},"canonical":"https:\/\/www.modave.be\/index.php\/services_communaux\/accueil-centralise-mercredis-de-12h30-a-17h30\/","og_locale":"fr_FR","og_type":"article","og_title":"Accueil Centralis\u00e9 | Mercredis de 12h30 \u00e0 17h30 - Commune de Modave","og_description":"\ud835\uddd4\ud835\uddf0\ud835\uddf0\ud835\ude02\ud835\uddf2\ud835\uddf6\ud835\uddf9 Centralis\u00e9 En raison de travaux au hall omnisports, l\u2019accueil centralis\u00e9 du mercredi apr\u00e8s-midi se fera \u00e0 l\u2019\u00e9cole des Gottes (Rue Freddy Terwagne 1, Modave) de 12h30 \u00e0 17h30 pour toutes les \u00e9coles. \ud83d\udcc5 P\u00e9riode concern\u00e9e : du mercredi 28 mai au mercredi 2 juillet 2025 inclus. Merci de prendre note de ces changements et&hellip;","og_url":"https:\/\/www.modave.be\/index.php\/services_communaux\/accueil-centralise-mercredis-de-12h30-a-17h30\/","og_site_name":"Commune de Modave","article_modified_time":"2025-02-20T10:24:04+00:00","og_image":[{"width":2560,"height":1280,"url":"https:\/\/www.modave.be\/wp-content\/uploads\/2024\/09\/20240923_134031-scaled-e1739866260327.jpg","type":"image\/jpeg"}],"twitter_card":"summary_large_image","schema":{"@context":"https:\/\/schema.org","@graph":[{"@type":"WebPage","@id":"https:\/\/www.modave.be\/index.php\/services_communaux\/accueil-centralise-mercredis-de-12h30-a-17h30\/","url":"https:\/\/www.modave.be\/index.php\/services_communaux\/accueil-centralise-mercredis-de-12h30-a-17h30\/","name":"Accueil Centralis\u00e9 | Mercredis de 12h30 \u00e0 17h30 - Commune de Modave","isPartOf":{"@id":"https:\/\/www.modave.be\/#website"},"primaryImageOfPage":{"@id":"https:\/\/www.modave.be\/index.php\/services_communaux\/accueil-centralise-mercredis-de-12h30-a-17h30\/#primaryimage"},"image":{"@id":"https:\/\/www.modave.be\/index.php\/services_communaux\/accueil-centralise-mercredis-de-12h30-a-17h30\/#primaryimage"},"thumbnailUrl":"https:\/\/www.modave.be\/wp-content\/uploads\/2024\/09\/20240923_134031-scaled-e1739866260327.jpg","datePublished":"2025-02-18T08:11:10+00:00","dateModified":"2025-02-20T10:24:04+00:00","breadcrumb":{"@id":"https:\/\/www.modave.be\/index.php\/services_communaux\/accueil-centralise-mercredis-de-12h30-a-17h30\/#breadcrumb"},"inLanguage":"fr-FR","potentialAction":[{"@type":"ReadAction","target":["https:\/\/www.modave.be\/index.php\/services_communaux\/accueil-centralise-mercredis-de-12h30-a-17h30\/"]}]},{"@type":"ImageObject","inLanguage":"fr-FR","@id":"https:\/\/www.modave.be\/index.php\/services_communaux\/accueil-centralise-mercredis-de-12h30-a-17h30\/#primaryimage","url":"https:\/\/www.modave.be\/wp-content\/uploads\/2024\/09\/20240923_134031-scaled-e1739866260327.jpg","contentUrl":"https:\/\/www.modave.be\/wp-content\/uploads\/2024\/09\/20240923_134031-scaled-e1739866260327.jpg","width":2560,"height":1280},{"@type":"BreadcrumbList","@id":"https:\/\/www.modave.be\/index.php\/services_communaux\/accueil-centralise-mercredis-de-12h30-a-17h30\/#breadcrumb","itemListElement":[{"@type":"ListItem","position":1,"name":"Accueil","item":"https:\/\/www.modave.be\/"},{"@type":"ListItem","position":2,"name":"Accueil Centralis\u00e9 | Mercredis de 12h30 \u00e0 17h30"}]},{"@type":"WebSite","@id":"https:\/\/www.modave.be\/#website","url":"https:\/\/www.modave.be\/","name":"Commune de Modave","description":"Commune de Modave","publisher":{"@id":"https:\/\/www.modave.be\/#organization"},"potentialAction":[{"@type":"SearchAction","target":{"@type":"EntryPoint","urlTemplate":"https:\/\/www.modave.be\/?s={search_term_string}"},"query-input":{"@type":"PropertyValueSpecification","valueRequired":true,"valueName":"search_term_string"}}],"inLanguage":"fr-FR"},{"@type":"Organization","@id":"https:\/\/www.modave.be\/#organization","name":"Commune de Modave","url":"https:\/\/www.modave.be\/","logo":{"@type":"ImageObject","inLanguage":"fr-FR","@id":"https:\/\/www.modave.be\/#\/schema\/logo\/image\/","url":"https:\/\/www.modave.be\/wp-content\/uploads\/2021\/12\/MODAVE_LOGO_HORIZONTAL_QUADRI_RVB.png","contentUrl":"https:\/\/www.modave.be\/wp-content\/uploads\/2021\/12\/MODAVE_LOGO_HORIZONTAL_QUADRI_RVB.png","width":1200,"height":501,"caption":"Commune de Modave"},"image":{"@id":"https:\/\/www.modave.be\/#\/schema\/logo\/image\/"}}]}},"_links":{"self":[{"href":"https:\/\/www.modave.be\/index.php\/wp-json\/wp\/v2\/services_communaux\/15013","targetHints":{"allow":["GET"]}}],"collection":[{"href":"https:\/\/www.modave.be\/index.php\/wp-json\/wp\/v2\/services_communaux"}],"about":[{"href":"https:\/\/www.modave.be\/index.php\/wp-json\/wp\/v2\/types\/services_communaux"}],"author":[{"embeddable":true,"href":"https:\/\/www.modave.be\/index.php\/wp-json\/wp\/v2\/users\/9"}],"wp:featuredmedia":[{"embeddable":true,"href":"https:\/\/www.modave.be\/index.php\/wp-json\/wp\/v2\/media\/13345"}],"wp:attachment":[{"href":"https:\/\/www.modave.be\/index.php\/wp-json\/wp\/v2\/media?parent=15013"}],"wp:term":[{"taxonomy":"category","embeddable":true,"href":"https:\/\/www.modave.be\/index.php\/wp-json\/wp\/v2\/categories?post=15013"}],"curies":[{"name":"wp","href":"https:\/\/api.w.org\/{rel}","templated":true}]}}

Accueil Centralisé | Mercredis de 12h30 à 17h30

<h2 class="wp-block-heading">𝗔𝗰𝗰𝘂𝗲𝗶𝗹 Centralisé</h2>



<p>En raison de travaux au hall omnisports, <strong>l’accueil centralisé</strong> du mercredi après-midi se fera <strong>à l’école des Gottes</strong> (Rue Freddy Terwagne 1, Modave) <strong>de 12h30 à 17h30 pour toutes les écoles</strong>.</p>



<blockquote class="wp-block-quote is-layout-flow wp-block-quote-is-layout-flow">
<p>📅 <strong>Période concernée : du mercredi 28 mai au mercredi 2 juillet 2025 inclus.</strong></p>
</blockquote>



<p>Merci de prendre note de ces changements et de vous organiser en conséquence. </p>



<figure class="wp-block-image size-large"><img fetchpriority="high" decoding="async" width="1024" height="1024" src="https://www.modave.be/wp-content/uploads/2025/02/Accueil-2-1024x1024.jpg" alt="" class="wp-image-15014" srcset="https://www.modave.be/wp-content/uploads/2025/02/Accueil-2-1024x1024.jpg 1024w, https://www.modave.be/wp-content/uploads/2025/02/Accueil-2-300x300.jpg 300w, https://www.modave.be/wp-content/uploads/2025/02/Accueil-2-150x150.jpg 150w, https://www.modave.be/wp-content/uploads/2025/02/Accueil-2-768x768.jpg 768w, https://www.modave.be/wp-content/uploads/2025/02/Accueil-2.jpg 1080w" sizes="(max-width: 1024px) 100vw, 1024px" /></figure>

<p>𝗔𝗰𝗰𝘂𝗲𝗶𝗹 Centralisé En raison de travaux au hall omnisports, l’accueil centralisé du mercredi après-midi se fera à l’école des Gottes (Rue Freddy Terwagne 1, Modave) de 12h30 à 17h30 pour toutes les écoles. 📅 Période concernée : du mercredi 28 mai au mercredi 2 juillet 2025 inclus. Merci de prendre note de ces changements et&hellip;</p>

<!-- This site is optimized with the Yoast SEO plugin v27.5 - https://yoast.com/product/yoast-seo-wordpress/ -->
<title>Accueil Centralisé | Mercredis de 12h30 à 17h30 - Commune de Modave</title>
<meta name="robots" content="index, follow, max-snippet:-1, max-image-preview:large, max-video-preview:-1" />
<link rel="canonical" href="https://www.modave.be/index.php/services_communaux/accueil-centralise-mercredis-de-12h30-a-17h30/" />
<meta property="og:locale" content="fr_FR" />
<meta property="og:type" content="article" />
<meta property="og:title" content="Accueil Centralisé | Mercredis de 12h30 à 17h30 - Commune de Modave" />
<meta property="og:description" content="𝗔𝗰𝗰𝘂𝗲𝗶𝗹 Centralisé En raison de travaux au hall omnisports, l’accueil centralisé du mercredi après-midi se fera à l’école des Gottes (Rue Freddy Terwagne 1, Modave) de 12h30 à 17h30 pour toutes les écoles. 📅 Période concernée : du mercredi 28 mai au mercredi 2 juillet 2025 inclus. Merci de prendre note de ces changements et&hellip;" />
<meta property="og:url" content="https://www.modave.be/index.php/services_communaux/accueil-centralise-mercredis-de-12h30-a-17h30/" />
<meta property="og:site_name" content="Commune de Modave" />
<meta property="article:modified_time" content="2025-02-20T10:24:04+00:00" />
<meta property="og:image" content="https://www.modave.be/wp-content/uploads/2024/09/20240923_134031-scaled-e1739866260327.jpg" />
	<meta property="og:image:width" content="2560" />
	<meta property="og:image:height" content="1280" />
	<meta property="og:image:type" content="image/jpeg" />
<meta name="twitter:card" content="summary_large_image" />
<script type="application/ld+json" class="yoast-schema-graph">{"@context":"https:\/\/schema.org","@graph":[{"@type":"WebPage","@id":"https:\/\/www.modave.be\/index.php\/services_communaux\/accueil-centralise-mercredis-de-12h30-a-17h30\/","url":"https:\/\/www.modave.be\/index.php\/services_communaux\/accueil-centralise-mercredis-de-12h30-a-17h30\/","name":"Accueil Centralisé | Mercredis de 12h30 à 17h30 - Commune de Modave","isPartOf":{"@id":"https:\/\/www.modave.be\/#website"},"primaryImageOfPage":{"@id":"https:\/\/www.modave.be\/index.php\/services_communaux\/accueil-centralise-mercredis-de-12h30-a-17h30\/#primaryimage"},"image":{"@id":"https:\/\/www.modave.be\/index.php\/services_communaux\/accueil-centralise-mercredis-de-12h30-a-17h30\/#primaryimage"},"thumbnailUrl":"https:\/\/www.modave.be\/wp-content\/uploads\/2024\/09\/20240923_134031-scaled-e1739866260327.jpg","datePublished":"2025-02-18T08:11:10+00:00","dateModified":"2025-02-20T10:24:04+00:00","breadcrumb":{"@id":"https:\/\/www.modave.be\/index.php\/services_communaux\/accueil-centralise-mercredis-de-12h30-a-17h30\/#breadcrumb"},"inLanguage":"fr-FR","potentialAction":[{"@type":"ReadAction","target":["https:\/\/www.modave.be\/index.php\/services_communaux\/accueil-centralise-mercredis-de-12h30-a-17h30\/"]}]},{"@type":"ImageObject","inLanguage":"fr-FR","@id":"https:\/\/www.modave.be\/index.php\/services_communaux\/accueil-centralise-mercredis-de-12h30-a-17h30\/#primaryimage","url":"https:\/\/www.modave.be\/wp-content\/uploads\/2024\/09\/20240923_134031-scaled-e1739866260327.jpg","contentUrl":"https:\/\/www.modave.be\/wp-content\/uploads\/2024\/09\/20240923_134031-scaled-e1739866260327.jpg","width":2560,"height":1280},{"@type":"BreadcrumbList","@id":"https:\/\/www.modave.be\/index.php\/services_communaux\/accueil-centralise-mercredis-de-12h30-a-17h30\/#breadcrumb","itemListElement":[{"@type":"ListItem","position":1,"name":"Accueil","item":"https:\/\/www.modave.be\/"},{"@type":"ListItem","position":2,"name":"Accueil Centralisé | Mercredis de 12h30 à 17h30"}]},{"@type":"WebSite","@id":"https:\/\/www.modave.be\/#website","url":"https:\/\/www.modave.be\/","name":"Commune de Modave","description":"Commune de Modave","publisher":{"@id":"https:\/\/www.modave.be\/#organization"},"potentialAction":[{"@type":"SearchAction","target":{"@type":"EntryPoint","urlTemplate":"https:\/\/www.modave.be\/?s={search_term_string}"},"query-input":{"@type":"PropertyValueSpecification","valueRequired":true,"valueName":"search_term_string"}}],"inLanguage":"fr-FR"},{"@type":"Organization","@id":"https:\/\/www.modave.be\/#organization","name":"Commune de Modave","url":"https:\/\/www.modave.be\/","logo":{"@type":"ImageObject","inLanguage":"fr-FR","@id":"https:\/\/www.modave.be\/#\/schema\/logo\/image\/","url":"https:\/\/www.modave.be\/wp-content\/uploads\/2021\/12\/MODAVE_LOGO_HORIZONTAL_QUADRI_RVB.png","contentUrl":"https:\/\/www.modave.be\/wp-content\/uploads\/2021\/12\/MODAVE_LOGO_HORIZONTAL_QUADRI_RVB.png","width":1200,"height":501,"caption":"Commune de Modave"},"image":{"@id":"https:\/\/www.modave.be\/#\/schema\/logo\/image\/"}}]}</script>
<!-- / Yoast SEO plugin. -->

Accueil Centralisé | Mercredis de 12h30 à 17h30 - Commune de Modave

𝗔𝗰𝗰𝘂𝗲𝗶𝗹 Centralisé En raison de travaux au hall omnisports, l’accueil centralisé du mercredi après-midi se fera à l’école des Gottes (Rue Freddy Terwagne 1, Modave) de 12h30 à 17h30 pour toutes les écoles. 📅 Période concernée : du mercredi 28 mai au mercredi 2 juillet 2025 inclus. Merci de prendre note de ces changements et&hellip;
