{"id":15384,"date":"2025-03-27T11:39:37","date_gmt":"2025-03-27T10:39:37","guid":{"rendered":"https:\/\/www.modave.be\/?post_type=services_communaux&#038;p=15384"},"modified":"2025-03-27T11:39:38","modified_gmt":"2025-03-27T10:39:38","slug":"cpas-information-importante-rappel-mise-a-jour","status":"publish","type":"services_communaux","link":"https:\/\/www.modave.be\/index.php\/services_communaux\/cpas-information-importante-rappel-mise-a-jour\/","title":{"rendered":"CPAS | Information importante (rappel &amp; mise-\u00e0-jour)"},"content":{"rendered":"\n<h1 class=\"wp-block-heading\">D\u00e9m\u00e9nagement provisoire du CPAS<\/h1>\n\n\n\n<p>Comme vous le savez, le CPAS de Modave adapte temporairement son organisation en raison de travaux importants.<\/p>\n\n\n\n<p>L\u2019accueil se fera donc prochainement \u00e0 une <strong>nouvelle adresse<\/strong> (rue Florichamps 2, 4577 Vierset-Barse).<\/p>\n\n\n\n<p>Les <strong>jeudi 27 <\/strong>et vendredi <strong>28 mars<\/strong>, les bureaux sont ferm\u00e9s et le personnel totalement injoignable. <\/p>\n\n\n\n<p>Le <strong>lundi 31 mars<\/strong>, le service ne sera pas accessible par t\u00e9l\u00e9phone (en raison des op\u00e9rations techniques li\u00e9es \u00e0 l&rsquo;installation sur le nouveau site).<\/p>\n\n\n\n<p>Merci pour votre compr\u00e9hension et votre patience pendant cette p\u00e9riode de transition !<\/p>\n\n\n\n<p>N&rsquo;h\u00e9sitez pas \u00e0 partager l&rsquo;information autour de vous.<\/p>\n\n\n\n<figure class=\"wp-block-image size-large\"><img fetchpriority=\"high\" decoding=\"async\" width=\"1024\" height=\"1024\" src=\"https:\/\/www.modave.be\/wp-content\/uploads\/2025\/03\/CPAS-Demenagement-1024x1024.png\" alt=\"\" class=\"wp-image-15386\" srcset=\"https:\/\/www.modave.be\/wp-content\/uploads\/2025\/03\/CPAS-Demenagement-1024x1024.png 1024w, https:\/\/www.modave.be\/wp-content\/uploads\/2025\/03\/CPAS-Demenagement-300x300.png 300w, https:\/\/www.modave.be\/wp-content\/uploads\/2025\/03\/CPAS-Demenagement-150x150.png 150w, https:\/\/www.modave.be\/wp-content\/uploads\/2025\/03\/CPAS-Demenagement-768x768.png 768w, https:\/\/www.modave.be\/wp-content\/uploads\/2025\/03\/CPAS-Demenagement.png 1080w\" sizes=\"(max-width: 1024px) 100vw, 1024px\" \/><\/figure>\n","protected":false},"excerpt":{"rendered":"<p>D\u00e9m\u00e9nagement provisoire du CPAS Comme vous le savez, le CPAS de Modave adapte temporairement son organisation en raison de travaux importants. L\u2019accueil se fera donc prochainement \u00e0 une nouvelle adresse (rue Florichamps 2, 4577 Vierset-Barse). Les jeudi 27 et vendredi 28 mars, les bureaux sont ferm\u00e9s et le personnel totalement injoignable. Le lundi 31 mars,&hellip;<\/p>\n","protected":false},"author":9,"featured_media":15292,"menu_order":0,"template":"","categories":[169],"class_list":["post-15384","services_communaux","type-services_communaux","status-publish","has-post-thumbnail","hentry","category-cpas","description-off"],"yoast_head":"<!-- This site is optimized with the Yoast SEO plugin v27.4 - https:\/\/yoast.com\/product\/yoast-seo-wordpress\/ -->\n<title>CPAS | Information importante (rappel &amp; mise-\u00e0-jour) - Commune de Modave<\/title>\n<meta name=\"robots\" content=\"index, follow, max-snippet:-1, max-image-preview:large, max-video-preview:-1\" \/>\n<link rel=\"canonical\" href=\"https:\/\/www.modave.be\/index.php\/services_communaux\/cpas-information-importante-rappel-mise-a-jour\/\" \/>\n<meta property=\"og:locale\" content=\"fr_FR\" \/>\n<meta property=\"og:type\" content=\"article\" \/>\n<meta property=\"og:title\" content=\"CPAS | Information importante (rappel &amp; mise-\u00e0-jour) - Commune de Modave\" \/>\n<meta property=\"og:description\" content=\"D\u00e9m\u00e9nagement provisoire du CPAS Comme vous le savez, le CPAS de Modave adapte temporairement son organisation en raison de travaux importants. L\u2019accueil se fera donc prochainement \u00e0 une nouvelle adresse (rue Florichamps 2, 4577 Vierset-Barse). Les jeudi 27 et vendredi 28 mars, les bureaux sont ferm\u00e9s et le personnel totalement injoignable. Le lundi 31 mars,&hellip;\" \/>\n<meta property=\"og:url\" content=\"https:\/\/www.modave.be\/index.php\/services_communaux\/cpas-information-importante-rappel-mise-a-jour\/\" \/>\n<meta property=\"og:site_name\" content=\"Commune de Modave\" \/>\n<meta property=\"article:modified_time\" content=\"2025-03-27T10:39:38+00:00\" \/>\n<meta property=\"og:image\" content=\"https:\/\/www.modave.be\/wp-content\/uploads\/2025\/03\/CPAS-Demenagement-temporaire-1-e1742469565442.png\" \/>\n\t<meta property=\"og:image:width\" content=\"1080\" \/>\n\t<meta property=\"og:image:height\" content=\"540\" \/>\n\t<meta property=\"og:image:type\" content=\"image\/png\" \/>\n<meta name=\"twitter:card\" content=\"summary_large_image\" \/>\n<script type=\"application\/ld+json\" class=\"yoast-schema-graph\">{\"@context\":\"https:\\\/\\\/schema.org\",\"@graph\":[{\"@type\":\"WebPage\",\"@id\":\"https:\\\/\\\/www.modave.be\\\/index.php\\\/services_communaux\\\/cpas-information-importante-rappel-mise-a-jour\\\/\",\"url\":\"https:\\\/\\\/www.modave.be\\\/index.php\\\/services_communaux\\\/cpas-information-importante-rappel-mise-a-jour\\\/\",\"name\":\"CPAS | Information importante (rappel &amp; mise-\u00e0-jour) - Commune de Modave\",\"isPartOf\":{\"@id\":\"https:\\\/\\\/www.modave.be\\\/#website\"},\"primaryImageOfPage\":{\"@id\":\"https:\\\/\\\/www.modave.be\\\/index.php\\\/services_communaux\\\/cpas-information-importante-rappel-mise-a-jour\\\/#primaryimage\"},\"image\":{\"@id\":\"https:\\\/\\\/www.modave.be\\\/index.php\\\/services_communaux\\\/cpas-information-importante-rappel-mise-a-jour\\\/#primaryimage\"},\"thumbnailUrl\":\"https:\\\/\\\/www.modave.be\\\/wp-content\\\/uploads\\\/2025\\\/03\\\/CPAS-Demenagement-temporaire-1-e1742469565442.png\",\"datePublished\":\"2025-03-27T10:39:37+00:00\",\"dateModified\":\"2025-03-27T10:39:38+00:00\",\"breadcrumb\":{\"@id\":\"https:\\\/\\\/www.modave.be\\\/index.php\\\/services_communaux\\\/cpas-information-importante-rappel-mise-a-jour\\\/#breadcrumb\"},\"inLanguage\":\"fr-FR\",\"potentialAction\":[{\"@type\":\"ReadAction\",\"target\":[\"https:\\\/\\\/www.modave.be\\\/index.php\\\/services_communaux\\\/cpas-information-importante-rappel-mise-a-jour\\\/\"]}]},{\"@type\":\"ImageObject\",\"inLanguage\":\"fr-FR\",\"@id\":\"https:\\\/\\\/www.modave.be\\\/index.php\\\/services_communaux\\\/cpas-information-importante-rappel-mise-a-jour\\\/#primaryimage\",\"url\":\"https:\\\/\\\/www.modave.be\\\/wp-content\\\/uploads\\\/2025\\\/03\\\/CPAS-Demenagement-temporaire-1-e1742469565442.png\",\"contentUrl\":\"https:\\\/\\\/www.modave.be\\\/wp-content\\\/uploads\\\/2025\\\/03\\\/CPAS-Demenagement-temporaire-1-e1742469565442.png\",\"width\":1080,\"height\":540},{\"@type\":\"BreadcrumbList\",\"@id\":\"https:\\\/\\\/www.modave.be\\\/index.php\\\/services_communaux\\\/cpas-information-importante-rappel-mise-a-jour\\\/#breadcrumb\",\"itemListElement\":[{\"@type\":\"ListItem\",\"position\":1,\"name\":\"Accueil\",\"item\":\"https:\\\/\\\/www.modave.be\\\/\"},{\"@type\":\"ListItem\",\"position\":2,\"name\":\"CPAS | Information importante (rappel &amp; mise-\u00e0-jour)\"}]},{\"@type\":\"WebSite\",\"@id\":\"https:\\\/\\\/www.modave.be\\\/#website\",\"url\":\"https:\\\/\\\/www.modave.be\\\/\",\"name\":\"Commune de Modave\",\"description\":\"Commune de Modave\",\"publisher\":{\"@id\":\"https:\\\/\\\/www.modave.be\\\/#organization\"},\"potentialAction\":[{\"@type\":\"SearchAction\",\"target\":{\"@type\":\"EntryPoint\",\"urlTemplate\":\"https:\\\/\\\/www.modave.be\\\/?s={search_term_string}\"},\"query-input\":{\"@type\":\"PropertyValueSpecification\",\"valueRequired\":true,\"valueName\":\"search_term_string\"}}],\"inLanguage\":\"fr-FR\"},{\"@type\":\"Organization\",\"@id\":\"https:\\\/\\\/www.modave.be\\\/#organization\",\"name\":\"Commune de Modave\",\"url\":\"https:\\\/\\\/www.modave.be\\\/\",\"logo\":{\"@type\":\"ImageObject\",\"inLanguage\":\"fr-FR\",\"@id\":\"https:\\\/\\\/www.modave.be\\\/#\\\/schema\\\/logo\\\/image\\\/\",\"url\":\"https:\\\/\\\/www.modave.be\\\/wp-content\\\/uploads\\\/2021\\\/12\\\/MODAVE_LOGO_HORIZONTAL_QUADRI_RVB.png\",\"contentUrl\":\"https:\\\/\\\/www.modave.be\\\/wp-content\\\/uploads\\\/2021\\\/12\\\/MODAVE_LOGO_HORIZONTAL_QUADRI_RVB.png\",\"width\":1200,\"height\":501,\"caption\":\"Commune de Modave\"},\"image\":{\"@id\":\"https:\\\/\\\/www.modave.be\\\/#\\\/schema\\\/logo\\\/image\\\/\"}}]}<\/script>\n<!-- \/ Yoast SEO plugin. -->","yoast_head_json":{"title":"CPAS | Information importante (rappel &amp; mise-\u00e0-jour) - Commune de Modave","robots":{"index":"index","follow":"follow","max-snippet":"max-snippet:-1","max-image-preview":"max-image-preview:large","max-video-preview":"max-video-preview:-1"},"canonical":"https:\/\/www.modave.be\/index.php\/services_communaux\/cpas-information-importante-rappel-mise-a-jour\/","og_locale":"fr_FR","og_type":"article","og_title":"CPAS | Information importante (rappel &amp; mise-\u00e0-jour) - Commune de Modave","og_description":"D\u00e9m\u00e9nagement provisoire du CPAS Comme vous le savez, le CPAS de Modave adapte temporairement son organisation en raison de travaux importants. L\u2019accueil se fera donc prochainement \u00e0 une nouvelle adresse (rue Florichamps 2, 4577 Vierset-Barse). Les jeudi 27 et vendredi 28 mars, les bureaux sont ferm\u00e9s et le personnel totalement injoignable. Le lundi 31 mars,&hellip;","og_url":"https:\/\/www.modave.be\/index.php\/services_communaux\/cpas-information-importante-rappel-mise-a-jour\/","og_site_name":"Commune de Modave","article_modified_time":"2025-03-27T10:39:38+00:00","og_image":[{"width":1080,"height":540,"url":"https:\/\/www.modave.be\/wp-content\/uploads\/2025\/03\/CPAS-Demenagement-temporaire-1-e1742469565442.png","type":"image\/png"}],"twitter_card":"summary_large_image","schema":{"@context":"https:\/\/schema.org","@graph":[{"@type":"WebPage","@id":"https:\/\/www.modave.be\/index.php\/services_communaux\/cpas-information-importante-rappel-mise-a-jour\/","url":"https:\/\/www.modave.be\/index.php\/services_communaux\/cpas-information-importante-rappel-mise-a-jour\/","name":"CPAS | Information importante (rappel &amp; mise-\u00e0-jour) - Commune de Modave","isPartOf":{"@id":"https:\/\/www.modave.be\/#website"},"primaryImageOfPage":{"@id":"https:\/\/www.modave.be\/index.php\/services_communaux\/cpas-information-importante-rappel-mise-a-jour\/#primaryimage"},"image":{"@id":"https:\/\/www.modave.be\/index.php\/services_communaux\/cpas-information-importante-rappel-mise-a-jour\/#primaryimage"},"thumbnailUrl":"https:\/\/www.modave.be\/wp-content\/uploads\/2025\/03\/CPAS-Demenagement-temporaire-1-e1742469565442.png","datePublished":"2025-03-27T10:39:37+00:00","dateModified":"2025-03-27T10:39:38+00:00","breadcrumb":{"@id":"https:\/\/www.modave.be\/index.php\/services_communaux\/cpas-information-importante-rappel-mise-a-jour\/#breadcrumb"},"inLanguage":"fr-FR","potentialAction":[{"@type":"ReadAction","target":["https:\/\/www.modave.be\/index.php\/services_communaux\/cpas-information-importante-rappel-mise-a-jour\/"]}]},{"@type":"ImageObject","inLanguage":"fr-FR","@id":"https:\/\/www.modave.be\/index.php\/services_communaux\/cpas-information-importante-rappel-mise-a-jour\/#primaryimage","url":"https:\/\/www.modave.be\/wp-content\/uploads\/2025\/03\/CPAS-Demenagement-temporaire-1-e1742469565442.png","contentUrl":"https:\/\/www.modave.be\/wp-content\/uploads\/2025\/03\/CPAS-Demenagement-temporaire-1-e1742469565442.png","width":1080,"height":540},{"@type":"BreadcrumbList","@id":"https:\/\/www.modave.be\/index.php\/services_communaux\/cpas-information-importante-rappel-mise-a-jour\/#breadcrumb","itemListElement":[{"@type":"ListItem","position":1,"name":"Accueil","item":"https:\/\/www.modave.be\/"},{"@type":"ListItem","position":2,"name":"CPAS | Information importante (rappel &amp; mise-\u00e0-jour)"}]},{"@type":"WebSite","@id":"https:\/\/www.modave.be\/#website","url":"https:\/\/www.modave.be\/","name":"Commune de Modave","description":"Commune de Modave","publisher":{"@id":"https:\/\/www.modave.be\/#organization"},"potentialAction":[{"@type":"SearchAction","target":{"@type":"EntryPoint","urlTemplate":"https:\/\/www.modave.be\/?s={search_term_string}"},"query-input":{"@type":"PropertyValueSpecification","valueRequired":true,"valueName":"search_term_string"}}],"inLanguage":"fr-FR"},{"@type":"Organization","@id":"https:\/\/www.modave.be\/#organization","name":"Commune de Modave","url":"https:\/\/www.modave.be\/","logo":{"@type":"ImageObject","inLanguage":"fr-FR","@id":"https:\/\/www.modave.be\/#\/schema\/logo\/image\/","url":"https:\/\/www.modave.be\/wp-content\/uploads\/2021\/12\/MODAVE_LOGO_HORIZONTAL_QUADRI_RVB.png","contentUrl":"https:\/\/www.modave.be\/wp-content\/uploads\/2021\/12\/MODAVE_LOGO_HORIZONTAL_QUADRI_RVB.png","width":1200,"height":501,"caption":"Commune de Modave"},"image":{"@id":"https:\/\/www.modave.be\/#\/schema\/logo\/image\/"}}]}},"_links":{"self":[{"href":"https:\/\/www.modave.be\/index.php\/wp-json\/wp\/v2\/services_communaux\/15384","targetHints":{"allow":["GET"]}}],"collection":[{"href":"https:\/\/www.modave.be\/index.php\/wp-json\/wp\/v2\/services_communaux"}],"about":[{"href":"https:\/\/www.modave.be\/index.php\/wp-json\/wp\/v2\/types\/services_communaux"}],"author":[{"embeddable":true,"href":"https:\/\/www.modave.be\/index.php\/wp-json\/wp\/v2\/users\/9"}],"wp:featuredmedia":[{"embeddable":true,"href":"https:\/\/www.modave.be\/index.php\/wp-json\/wp\/v2\/media\/15292"}],"wp:attachment":[{"href":"https:\/\/www.modave.be\/index.php\/wp-json\/wp\/v2\/media?parent=15384"}],"wp:term":[{"taxonomy":"category","embeddable":true,"href":"https:\/\/www.modave.be\/index.php\/wp-json\/wp\/v2\/categories?post=15384"}],"curies":[{"name":"wp","href":"https:\/\/api.w.org\/{rel}","templated":true}]}}

CPAS | Information importante (rappel &amp; mise-à-jour)

<h1 class="wp-block-heading">Déménagement provisoire du CPAS</h1>



<p>Comme vous le savez, le CPAS de Modave adapte temporairement son organisation en raison de travaux importants.</p>



<p>L’accueil se fera donc prochainement à une <strong>nouvelle adresse</strong> (rue Florichamps 2, 4577 Vierset-Barse).</p>



<p>Les <strong>jeudi 27 </strong>et vendredi <strong>28 mars</strong>, les bureaux sont fermés et le personnel totalement injoignable. </p>



<p>Le <strong>lundi 31 mars</strong>, le service ne sera pas accessible par téléphone (en raison des opérations techniques liées à l&rsquo;installation sur le nouveau site).</p>



<p>Merci pour votre compréhension et votre patience pendant cette période de transition !</p>



<p>N&rsquo;hésitez pas à partager l&rsquo;information autour de vous.</p>



<figure class="wp-block-image size-large"><img fetchpriority="high" decoding="async" width="1024" height="1024" src="https://www.modave.be/wp-content/uploads/2025/03/CPAS-Demenagement-1024x1024.png" alt="" class="wp-image-15386" srcset="https://www.modave.be/wp-content/uploads/2025/03/CPAS-Demenagement-1024x1024.png 1024w, https://www.modave.be/wp-content/uploads/2025/03/CPAS-Demenagement-300x300.png 300w, https://www.modave.be/wp-content/uploads/2025/03/CPAS-Demenagement-150x150.png 150w, https://www.modave.be/wp-content/uploads/2025/03/CPAS-Demenagement-768x768.png 768w, https://www.modave.be/wp-content/uploads/2025/03/CPAS-Demenagement.png 1080w" sizes="(max-width: 1024px) 100vw, 1024px" /></figure>

<p>Déménagement provisoire du CPAS Comme vous le savez, le CPAS de Modave adapte temporairement son organisation en raison de travaux importants. L’accueil se fera donc prochainement à une nouvelle adresse (rue Florichamps 2, 4577 Vierset-Barse). Les jeudi 27 et vendredi 28 mars, les bureaux sont fermés et le personnel totalement injoignable. Le lundi 31 mars,&hellip;</p>

<!-- This site is optimized with the Yoast SEO plugin v27.4 - https://yoast.com/product/yoast-seo-wordpress/ -->
<title>CPAS | Information importante (rappel &amp; mise-à-jour) - Commune de Modave</title>
<meta name="robots" content="index, follow, max-snippet:-1, max-image-preview:large, max-video-preview:-1" />
<link rel="canonical" href="https://www.modave.be/index.php/services_communaux/cpas-information-importante-rappel-mise-a-jour/" />
<meta property="og:locale" content="fr_FR" />
<meta property="og:type" content="article" />
<meta property="og:title" content="CPAS | Information importante (rappel &amp; mise-à-jour) - Commune de Modave" />
<meta property="og:description" content="Déménagement provisoire du CPAS Comme vous le savez, le CPAS de Modave adapte temporairement son organisation en raison de travaux importants. L’accueil se fera donc prochainement à une nouvelle adresse (rue Florichamps 2, 4577 Vierset-Barse). Les jeudi 27 et vendredi 28 mars, les bureaux sont fermés et le personnel totalement injoignable. Le lundi 31 mars,&hellip;" />
<meta property="og:url" content="https://www.modave.be/index.php/services_communaux/cpas-information-importante-rappel-mise-a-jour/" />
<meta property="og:site_name" content="Commune de Modave" />
<meta property="article:modified_time" content="2025-03-27T10:39:38+00:00" />
<meta property="og:image" content="https://www.modave.be/wp-content/uploads/2025/03/CPAS-Demenagement-temporaire-1-e1742469565442.png" />
	<meta property="og:image:width" content="1080" />
	<meta property="og:image:height" content="540" />
	<meta property="og:image:type" content="image/png" />
<meta name="twitter:card" content="summary_large_image" />
<script type="application/ld+json" class="yoast-schema-graph">{"@context":"https:\/\/schema.org","@graph":[{"@type":"WebPage","@id":"https:\/\/www.modave.be\/index.php\/services_communaux\/cpas-information-importante-rappel-mise-a-jour\/","url":"https:\/\/www.modave.be\/index.php\/services_communaux\/cpas-information-importante-rappel-mise-a-jour\/","name":"CPAS | Information importante (rappel &amp; mise-à-jour) - Commune de Modave","isPartOf":{"@id":"https:\/\/www.modave.be\/#website"},"primaryImageOfPage":{"@id":"https:\/\/www.modave.be\/index.php\/services_communaux\/cpas-information-importante-rappel-mise-a-jour\/#primaryimage"},"image":{"@id":"https:\/\/www.modave.be\/index.php\/services_communaux\/cpas-information-importante-rappel-mise-a-jour\/#primaryimage"},"thumbnailUrl":"https:\/\/www.modave.be\/wp-content\/uploads\/2025\/03\/CPAS-Demenagement-temporaire-1-e1742469565442.png","datePublished":"2025-03-27T10:39:37+00:00","dateModified":"2025-03-27T10:39:38+00:00","breadcrumb":{"@id":"https:\/\/www.modave.be\/index.php\/services_communaux\/cpas-information-importante-rappel-mise-a-jour\/#breadcrumb"},"inLanguage":"fr-FR","potentialAction":[{"@type":"ReadAction","target":["https:\/\/www.modave.be\/index.php\/services_communaux\/cpas-information-importante-rappel-mise-a-jour\/"]}]},{"@type":"ImageObject","inLanguage":"fr-FR","@id":"https:\/\/www.modave.be\/index.php\/services_communaux\/cpas-information-importante-rappel-mise-a-jour\/#primaryimage","url":"https:\/\/www.modave.be\/wp-content\/uploads\/2025\/03\/CPAS-Demenagement-temporaire-1-e1742469565442.png","contentUrl":"https:\/\/www.modave.be\/wp-content\/uploads\/2025\/03\/CPAS-Demenagement-temporaire-1-e1742469565442.png","width":1080,"height":540},{"@type":"BreadcrumbList","@id":"https:\/\/www.modave.be\/index.php\/services_communaux\/cpas-information-importante-rappel-mise-a-jour\/#breadcrumb","itemListElement":[{"@type":"ListItem","position":1,"name":"Accueil","item":"https:\/\/www.modave.be\/"},{"@type":"ListItem","position":2,"name":"CPAS | Information importante (rappel &amp; mise-à-jour)"}]},{"@type":"WebSite","@id":"https:\/\/www.modave.be\/#website","url":"https:\/\/www.modave.be\/","name":"Commune de Modave","description":"Commune de Modave","publisher":{"@id":"https:\/\/www.modave.be\/#organization"},"potentialAction":[{"@type":"SearchAction","target":{"@type":"EntryPoint","urlTemplate":"https:\/\/www.modave.be\/?s={search_term_string}"},"query-input":{"@type":"PropertyValueSpecification","valueRequired":true,"valueName":"search_term_string"}}],"inLanguage":"fr-FR"},{"@type":"Organization","@id":"https:\/\/www.modave.be\/#organization","name":"Commune de Modave","url":"https:\/\/www.modave.be\/","logo":{"@type":"ImageObject","inLanguage":"fr-FR","@id":"https:\/\/www.modave.be\/#\/schema\/logo\/image\/","url":"https:\/\/www.modave.be\/wp-content\/uploads\/2021\/12\/MODAVE_LOGO_HORIZONTAL_QUADRI_RVB.png","contentUrl":"https:\/\/www.modave.be\/wp-content\/uploads\/2021\/12\/MODAVE_LOGO_HORIZONTAL_QUADRI_RVB.png","width":1200,"height":501,"caption":"Commune de Modave"},"image":{"@id":"https:\/\/www.modave.be\/#\/schema\/logo\/image\/"}}]}</script>
<!-- / Yoast SEO plugin. -->

CPAS | Information importante (rappel &amp; mise-à-jour) - Commune de Modave

Déménagement provisoire du CPAS Comme vous le savez, le CPAS de Modave adapte temporairement son organisation en raison de travaux importants. L’accueil se fera donc prochainement à une nouvelle adresse (rue Florichamps 2, 4577 Vierset-Barse). Les jeudi 27 et vendredi 28 mars, les bureaux sont fermés et le personnel totalement injoignable. Le lundi 31 mars,&hellip;
