{"id":15606,"date":"2025-05-07T08:53:49","date_gmt":"2025-05-07T06:53:49","guid":{"rendered":"https:\/\/www.modave.be\/?post_type=services_communaux&#038;p=15606"},"modified":"2025-05-07T12:00:22","modified_gmt":"2025-05-07T10:00:22","slug":"8-mai-administration-communale-fermee","status":"publish","type":"services_communaux","link":"https:\/\/www.modave.be\/index.php\/services_communaux\/8-mai-administration-communale-fermee\/","title":{"rendered":"8 mai | Administration Communale ferm\u00e9e"},"content":{"rendered":"\n<p><strong>Nous vous informons que les bureaux de l&rsquo;administration communale seront exceptionnellement ferm\u00e9s ce jeudi 8 mai.<\/strong> Nous vous remercions pour votre compr\u00e9hension et vous accueillerons \u00e0 nouveau avec plaisir d\u00e8s le vendredi 9 mai sur rendez-vous.<\/p>\n\n\n\n<p>Belle journ\u00e9e \u00e0 toutes et tous !<\/p>\n\n\n\n<figure class=\"wp-block-image size-large\"><img fetchpriority=\"high\" decoding=\"async\" width=\"1024\" height=\"1024\" src=\"https:\/\/www.modave.be\/wp-content\/uploads\/2025\/05\/8mai-1024x1024.png\" alt=\"\" class=\"wp-image-15607\" srcset=\"https:\/\/www.modave.be\/wp-content\/uploads\/2025\/05\/8mai-1024x1024.png 1024w, https:\/\/www.modave.be\/wp-content\/uploads\/2025\/05\/8mai-300x300.png 300w, https:\/\/www.modave.be\/wp-content\/uploads\/2025\/05\/8mai-150x150.png 150w, https:\/\/www.modave.be\/wp-content\/uploads\/2025\/05\/8mai-768x768.png 768w, https:\/\/www.modave.be\/wp-content\/uploads\/2025\/05\/8mai.png 1080w\" sizes=\"(max-width: 1024px) 100vw, 1024px\" \/><\/figure>\n","protected":false},"excerpt":{"rendered":"<p>Nous vous informons que les bureaux de l&rsquo;administration communale seront exceptionnellement ferm\u00e9s ce jeudi 8 mai. Nous vous remercions pour votre compr\u00e9hension et vous accueillerons \u00e0 nouveau avec plaisir d\u00e8s le vendredi 9 mai sur rendez-vous. Belle journ\u00e9e \u00e0 toutes et tous !<\/p>\n","protected":false},"author":9,"featured_media":15561,"menu_order":0,"template":"","categories":[205],"class_list":["post-15606","services_communaux","type-services_communaux","status-publish","has-post-thumbnail","hentry","category-population","description-off"],"yoast_head":"<!-- This site is optimized with the Yoast SEO plugin v27.5 - https:\/\/yoast.com\/product\/yoast-seo-wordpress\/ -->\n<title>8 mai | Administration Communale ferm\u00e9e - Commune de Modave<\/title>\n<meta name=\"robots\" content=\"index, follow, max-snippet:-1, max-image-preview:large, max-video-preview:-1\" \/>\n<link rel=\"canonical\" href=\"https:\/\/www.modave.be\/index.php\/services_communaux\/8-mai-administration-communale-fermee\/\" \/>\n<meta property=\"og:locale\" content=\"fr_FR\" \/>\n<meta property=\"og:type\" content=\"article\" \/>\n<meta property=\"og:title\" content=\"8 mai | Administration Communale ferm\u00e9e - Commune de Modave\" \/>\n<meta property=\"og:description\" content=\"Nous vous informons que les bureaux de l&rsquo;administration communale seront exceptionnellement ferm\u00e9s ce jeudi 8 mai. Nous vous remercions pour votre compr\u00e9hension et vous accueillerons \u00e0 nouveau avec plaisir d\u00e8s le vendredi 9 mai sur rendez-vous. Belle journ\u00e9e \u00e0 toutes et tous !\" \/>\n<meta property=\"og:url\" content=\"https:\/\/www.modave.be\/index.php\/services_communaux\/8-mai-administration-communale-fermee\/\" \/>\n<meta property=\"og:site_name\" content=\"Commune de Modave\" \/>\n<meta property=\"article:modified_time\" content=\"2025-05-07T10:00:22+00:00\" \/>\n<meta property=\"og:image\" content=\"https:\/\/www.modave.be\/wp-content\/uploads\/2025\/04\/1er-mai-1-e1745994776977.png\" \/>\n\t<meta property=\"og:image:width\" content=\"1080\" \/>\n\t<meta property=\"og:image:height\" content=\"540\" \/>\n\t<meta property=\"og:image:type\" content=\"image\/png\" \/>\n<meta name=\"twitter:card\" content=\"summary_large_image\" \/>\n<script type=\"application\/ld+json\" class=\"yoast-schema-graph\">{\"@context\":\"https:\\\/\\\/schema.org\",\"@graph\":[{\"@type\":\"WebPage\",\"@id\":\"https:\\\/\\\/www.modave.be\\\/index.php\\\/services_communaux\\\/8-mai-administration-communale-fermee\\\/\",\"url\":\"https:\\\/\\\/www.modave.be\\\/index.php\\\/services_communaux\\\/8-mai-administration-communale-fermee\\\/\",\"name\":\"8 mai | Administration Communale ferm\u00e9e - Commune de Modave\",\"isPartOf\":{\"@id\":\"https:\\\/\\\/www.modave.be\\\/#website\"},\"primaryImageOfPage\":{\"@id\":\"https:\\\/\\\/www.modave.be\\\/index.php\\\/services_communaux\\\/8-mai-administration-communale-fermee\\\/#primaryimage\"},\"image\":{\"@id\":\"https:\\\/\\\/www.modave.be\\\/index.php\\\/services_communaux\\\/8-mai-administration-communale-fermee\\\/#primaryimage\"},\"thumbnailUrl\":\"https:\\\/\\\/www.modave.be\\\/wp-content\\\/uploads\\\/2025\\\/04\\\/1er-mai-1-e1745994776977.png\",\"datePublished\":\"2025-05-07T06:53:49+00:00\",\"dateModified\":\"2025-05-07T10:00:22+00:00\",\"breadcrumb\":{\"@id\":\"https:\\\/\\\/www.modave.be\\\/index.php\\\/services_communaux\\\/8-mai-administration-communale-fermee\\\/#breadcrumb\"},\"inLanguage\":\"fr-FR\",\"potentialAction\":[{\"@type\":\"ReadAction\",\"target\":[\"https:\\\/\\\/www.modave.be\\\/index.php\\\/services_communaux\\\/8-mai-administration-communale-fermee\\\/\"]}]},{\"@type\":\"ImageObject\",\"inLanguage\":\"fr-FR\",\"@id\":\"https:\\\/\\\/www.modave.be\\\/index.php\\\/services_communaux\\\/8-mai-administration-communale-fermee\\\/#primaryimage\",\"url\":\"https:\\\/\\\/www.modave.be\\\/wp-content\\\/uploads\\\/2025\\\/04\\\/1er-mai-1-e1745994776977.png\",\"contentUrl\":\"https:\\\/\\\/www.modave.be\\\/wp-content\\\/uploads\\\/2025\\\/04\\\/1er-mai-1-e1745994776977.png\",\"width\":1080,\"height\":540},{\"@type\":\"BreadcrumbList\",\"@id\":\"https:\\\/\\\/www.modave.be\\\/index.php\\\/services_communaux\\\/8-mai-administration-communale-fermee\\\/#breadcrumb\",\"itemListElement\":[{\"@type\":\"ListItem\",\"position\":1,\"name\":\"Accueil\",\"item\":\"https:\\\/\\\/www.modave.be\\\/\"},{\"@type\":\"ListItem\",\"position\":2,\"name\":\"8 mai | Administration Communale ferm\u00e9e\"}]},{\"@type\":\"WebSite\",\"@id\":\"https:\\\/\\\/www.modave.be\\\/#website\",\"url\":\"https:\\\/\\\/www.modave.be\\\/\",\"name\":\"Commune de Modave\",\"description\":\"Commune de Modave\",\"publisher\":{\"@id\":\"https:\\\/\\\/www.modave.be\\\/#organization\"},\"potentialAction\":[{\"@type\":\"SearchAction\",\"target\":{\"@type\":\"EntryPoint\",\"urlTemplate\":\"https:\\\/\\\/www.modave.be\\\/?s={search_term_string}\"},\"query-input\":{\"@type\":\"PropertyValueSpecification\",\"valueRequired\":true,\"valueName\":\"search_term_string\"}}],\"inLanguage\":\"fr-FR\"},{\"@type\":\"Organization\",\"@id\":\"https:\\\/\\\/www.modave.be\\\/#organization\",\"name\":\"Commune de Modave\",\"url\":\"https:\\\/\\\/www.modave.be\\\/\",\"logo\":{\"@type\":\"ImageObject\",\"inLanguage\":\"fr-FR\",\"@id\":\"https:\\\/\\\/www.modave.be\\\/#\\\/schema\\\/logo\\\/image\\\/\",\"url\":\"https:\\\/\\\/www.modave.be\\\/wp-content\\\/uploads\\\/2021\\\/12\\\/MODAVE_LOGO_HORIZONTAL_QUADRI_RVB.png\",\"contentUrl\":\"https:\\\/\\\/www.modave.be\\\/wp-content\\\/uploads\\\/2021\\\/12\\\/MODAVE_LOGO_HORIZONTAL_QUADRI_RVB.png\",\"width\":1200,\"height\":501,\"caption\":\"Commune de Modave\"},\"image\":{\"@id\":\"https:\\\/\\\/www.modave.be\\\/#\\\/schema\\\/logo\\\/image\\\/\"}}]}<\/script>\n<!-- \/ Yoast SEO plugin. -->","yoast_head_json":{"title":"8 mai | Administration Communale ferm\u00e9e - Commune de Modave","robots":{"index":"index","follow":"follow","max-snippet":"max-snippet:-1","max-image-preview":"max-image-preview:large","max-video-preview":"max-video-preview:-1"},"canonical":"https:\/\/www.modave.be\/index.php\/services_communaux\/8-mai-administration-communale-fermee\/","og_locale":"fr_FR","og_type":"article","og_title":"8 mai | Administration Communale ferm\u00e9e - Commune de Modave","og_description":"Nous vous informons que les bureaux de l&rsquo;administration communale seront exceptionnellement ferm\u00e9s ce jeudi 8 mai. Nous vous remercions pour votre compr\u00e9hension et vous accueillerons \u00e0 nouveau avec plaisir d\u00e8s le vendredi 9 mai sur rendez-vous. Belle journ\u00e9e \u00e0 toutes et tous !","og_url":"https:\/\/www.modave.be\/index.php\/services_communaux\/8-mai-administration-communale-fermee\/","og_site_name":"Commune de Modave","article_modified_time":"2025-05-07T10:00:22+00:00","og_image":[{"width":1080,"height":540,"url":"https:\/\/www.modave.be\/wp-content\/uploads\/2025\/04\/1er-mai-1-e1745994776977.png","type":"image\/png"}],"twitter_card":"summary_large_image","schema":{"@context":"https:\/\/schema.org","@graph":[{"@type":"WebPage","@id":"https:\/\/www.modave.be\/index.php\/services_communaux\/8-mai-administration-communale-fermee\/","url":"https:\/\/www.modave.be\/index.php\/services_communaux\/8-mai-administration-communale-fermee\/","name":"8 mai | Administration Communale ferm\u00e9e - Commune de Modave","isPartOf":{"@id":"https:\/\/www.modave.be\/#website"},"primaryImageOfPage":{"@id":"https:\/\/www.modave.be\/index.php\/services_communaux\/8-mai-administration-communale-fermee\/#primaryimage"},"image":{"@id":"https:\/\/www.modave.be\/index.php\/services_communaux\/8-mai-administration-communale-fermee\/#primaryimage"},"thumbnailUrl":"https:\/\/www.modave.be\/wp-content\/uploads\/2025\/04\/1er-mai-1-e1745994776977.png","datePublished":"2025-05-07T06:53:49+00:00","dateModified":"2025-05-07T10:00:22+00:00","breadcrumb":{"@id":"https:\/\/www.modave.be\/index.php\/services_communaux\/8-mai-administration-communale-fermee\/#breadcrumb"},"inLanguage":"fr-FR","potentialAction":[{"@type":"ReadAction","target":["https:\/\/www.modave.be\/index.php\/services_communaux\/8-mai-administration-communale-fermee\/"]}]},{"@type":"ImageObject","inLanguage":"fr-FR","@id":"https:\/\/www.modave.be\/index.php\/services_communaux\/8-mai-administration-communale-fermee\/#primaryimage","url":"https:\/\/www.modave.be\/wp-content\/uploads\/2025\/04\/1er-mai-1-e1745994776977.png","contentUrl":"https:\/\/www.modave.be\/wp-content\/uploads\/2025\/04\/1er-mai-1-e1745994776977.png","width":1080,"height":540},{"@type":"BreadcrumbList","@id":"https:\/\/www.modave.be\/index.php\/services_communaux\/8-mai-administration-communale-fermee\/#breadcrumb","itemListElement":[{"@type":"ListItem","position":1,"name":"Accueil","item":"https:\/\/www.modave.be\/"},{"@type":"ListItem","position":2,"name":"8 mai | Administration Communale ferm\u00e9e"}]},{"@type":"WebSite","@id":"https:\/\/www.modave.be\/#website","url":"https:\/\/www.modave.be\/","name":"Commune de Modave","description":"Commune de Modave","publisher":{"@id":"https:\/\/www.modave.be\/#organization"},"potentialAction":[{"@type":"SearchAction","target":{"@type":"EntryPoint","urlTemplate":"https:\/\/www.modave.be\/?s={search_term_string}"},"query-input":{"@type":"PropertyValueSpecification","valueRequired":true,"valueName":"search_term_string"}}],"inLanguage":"fr-FR"},{"@type":"Organization","@id":"https:\/\/www.modave.be\/#organization","name":"Commune de Modave","url":"https:\/\/www.modave.be\/","logo":{"@type":"ImageObject","inLanguage":"fr-FR","@id":"https:\/\/www.modave.be\/#\/schema\/logo\/image\/","url":"https:\/\/www.modave.be\/wp-content\/uploads\/2021\/12\/MODAVE_LOGO_HORIZONTAL_QUADRI_RVB.png","contentUrl":"https:\/\/www.modave.be\/wp-content\/uploads\/2021\/12\/MODAVE_LOGO_HORIZONTAL_QUADRI_RVB.png","width":1200,"height":501,"caption":"Commune de Modave"},"image":{"@id":"https:\/\/www.modave.be\/#\/schema\/logo\/image\/"}}]}},"_links":{"self":[{"href":"https:\/\/www.modave.be\/index.php\/wp-json\/wp\/v2\/services_communaux\/15606","targetHints":{"allow":["GET"]}}],"collection":[{"href":"https:\/\/www.modave.be\/index.php\/wp-json\/wp\/v2\/services_communaux"}],"about":[{"href":"https:\/\/www.modave.be\/index.php\/wp-json\/wp\/v2\/types\/services_communaux"}],"author":[{"embeddable":true,"href":"https:\/\/www.modave.be\/index.php\/wp-json\/wp\/v2\/users\/9"}],"wp:featuredmedia":[{"embeddable":true,"href":"https:\/\/www.modave.be\/index.php\/wp-json\/wp\/v2\/media\/15561"}],"wp:attachment":[{"href":"https:\/\/www.modave.be\/index.php\/wp-json\/wp\/v2\/media?parent=15606"}],"wp:term":[{"taxonomy":"category","embeddable":true,"href":"https:\/\/www.modave.be\/index.php\/wp-json\/wp\/v2\/categories?post=15606"}],"curies":[{"name":"wp","href":"https:\/\/api.w.org\/{rel}","templated":true}]}}

8 mai | Administration Communale fermée

<p><strong>Nous vous informons que les bureaux de l&rsquo;administration communale seront exceptionnellement fermés ce jeudi 8 mai.</strong> Nous vous remercions pour votre compréhension et vous accueillerons à nouveau avec plaisir dès le vendredi 9 mai sur rendez-vous.</p>



<p>Belle journée à toutes et tous !</p>



<figure class="wp-block-image size-large"><img fetchpriority="high" decoding="async" width="1024" height="1024" src="https://www.modave.be/wp-content/uploads/2025/05/8mai-1024x1024.png" alt="" class="wp-image-15607" srcset="https://www.modave.be/wp-content/uploads/2025/05/8mai-1024x1024.png 1024w, https://www.modave.be/wp-content/uploads/2025/05/8mai-300x300.png 300w, https://www.modave.be/wp-content/uploads/2025/05/8mai-150x150.png 150w, https://www.modave.be/wp-content/uploads/2025/05/8mai-768x768.png 768w, https://www.modave.be/wp-content/uploads/2025/05/8mai.png 1080w" sizes="(max-width: 1024px) 100vw, 1024px" /></figure>

<p>Nous vous informons que les bureaux de l&rsquo;administration communale seront exceptionnellement fermés ce jeudi 8 mai. Nous vous remercions pour votre compréhension et vous accueillerons à nouveau avec plaisir dès le vendredi 9 mai sur rendez-vous. Belle journée à toutes et tous !</p>

<!-- This site is optimized with the Yoast SEO plugin v27.5 - https://yoast.com/product/yoast-seo-wordpress/ -->
<title>8 mai | Administration Communale fermée - Commune de Modave</title>
<meta name="robots" content="index, follow, max-snippet:-1, max-image-preview:large, max-video-preview:-1" />
<link rel="canonical" href="https://www.modave.be/index.php/services_communaux/8-mai-administration-communale-fermee/" />
<meta property="og:locale" content="fr_FR" />
<meta property="og:type" content="article" />
<meta property="og:title" content="8 mai | Administration Communale fermée - Commune de Modave" />
<meta property="og:description" content="Nous vous informons que les bureaux de l&rsquo;administration communale seront exceptionnellement fermés ce jeudi 8 mai. Nous vous remercions pour votre compréhension et vous accueillerons à nouveau avec plaisir dès le vendredi 9 mai sur rendez-vous. Belle journée à toutes et tous !" />
<meta property="og:url" content="https://www.modave.be/index.php/services_communaux/8-mai-administration-communale-fermee/" />
<meta property="og:site_name" content="Commune de Modave" />
<meta property="article:modified_time" content="2025-05-07T10:00:22+00:00" />
<meta property="og:image" content="https://www.modave.be/wp-content/uploads/2025/04/1er-mai-1-e1745994776977.png" />
	<meta property="og:image:width" content="1080" />
	<meta property="og:image:height" content="540" />
	<meta property="og:image:type" content="image/png" />
<meta name="twitter:card" content="summary_large_image" />
<script type="application/ld+json" class="yoast-schema-graph">{"@context":"https:\/\/schema.org","@graph":[{"@type":"WebPage","@id":"https:\/\/www.modave.be\/index.php\/services_communaux\/8-mai-administration-communale-fermee\/","url":"https:\/\/www.modave.be\/index.php\/services_communaux\/8-mai-administration-communale-fermee\/","name":"8 mai | Administration Communale fermée - Commune de Modave","isPartOf":{"@id":"https:\/\/www.modave.be\/#website"},"primaryImageOfPage":{"@id":"https:\/\/www.modave.be\/index.php\/services_communaux\/8-mai-administration-communale-fermee\/#primaryimage"},"image":{"@id":"https:\/\/www.modave.be\/index.php\/services_communaux\/8-mai-administration-communale-fermee\/#primaryimage"},"thumbnailUrl":"https:\/\/www.modave.be\/wp-content\/uploads\/2025\/04\/1er-mai-1-e1745994776977.png","datePublished":"2025-05-07T06:53:49+00:00","dateModified":"2025-05-07T10:00:22+00:00","breadcrumb":{"@id":"https:\/\/www.modave.be\/index.php\/services_communaux\/8-mai-administration-communale-fermee\/#breadcrumb"},"inLanguage":"fr-FR","potentialAction":[{"@type":"ReadAction","target":["https:\/\/www.modave.be\/index.php\/services_communaux\/8-mai-administration-communale-fermee\/"]}]},{"@type":"ImageObject","inLanguage":"fr-FR","@id":"https:\/\/www.modave.be\/index.php\/services_communaux\/8-mai-administration-communale-fermee\/#primaryimage","url":"https:\/\/www.modave.be\/wp-content\/uploads\/2025\/04\/1er-mai-1-e1745994776977.png","contentUrl":"https:\/\/www.modave.be\/wp-content\/uploads\/2025\/04\/1er-mai-1-e1745994776977.png","width":1080,"height":540},{"@type":"BreadcrumbList","@id":"https:\/\/www.modave.be\/index.php\/services_communaux\/8-mai-administration-communale-fermee\/#breadcrumb","itemListElement":[{"@type":"ListItem","position":1,"name":"Accueil","item":"https:\/\/www.modave.be\/"},{"@type":"ListItem","position":2,"name":"8 mai | Administration Communale fermée"}]},{"@type":"WebSite","@id":"https:\/\/www.modave.be\/#website","url":"https:\/\/www.modave.be\/","name":"Commune de Modave","description":"Commune de Modave","publisher":{"@id":"https:\/\/www.modave.be\/#organization"},"potentialAction":[{"@type":"SearchAction","target":{"@type":"EntryPoint","urlTemplate":"https:\/\/www.modave.be\/?s={search_term_string}"},"query-input":{"@type":"PropertyValueSpecification","valueRequired":true,"valueName":"search_term_string"}}],"inLanguage":"fr-FR"},{"@type":"Organization","@id":"https:\/\/www.modave.be\/#organization","name":"Commune de Modave","url":"https:\/\/www.modave.be\/","logo":{"@type":"ImageObject","inLanguage":"fr-FR","@id":"https:\/\/www.modave.be\/#\/schema\/logo\/image\/","url":"https:\/\/www.modave.be\/wp-content\/uploads\/2021\/12\/MODAVE_LOGO_HORIZONTAL_QUADRI_RVB.png","contentUrl":"https:\/\/www.modave.be\/wp-content\/uploads\/2021\/12\/MODAVE_LOGO_HORIZONTAL_QUADRI_RVB.png","width":1200,"height":501,"caption":"Commune de Modave"},"image":{"@id":"https:\/\/www.modave.be\/#\/schema\/logo\/image\/"}}]}</script>
<!-- / Yoast SEO plugin. -->

8 mai | Administration Communale fermée - Commune de Modave

Nous vous informons que les bureaux de l&rsquo;administration communale seront exceptionnellement fermés ce jeudi 8 mai. Nous vous remercions pour votre compréhension et vous accueillerons à nouveau avec plaisir dès le vendredi 9 mai sur rendez-vous. Belle journée à toutes et tous !
