{"id":15642,"date":"2025-05-19T15:31:28","date_gmt":"2025-05-19T13:31:28","guid":{"rendered":"https:\/\/www.modave.be\/?post_type=services_communaux&#038;p=15642"},"modified":"2025-05-19T15:36:10","modified_gmt":"2025-05-19T13:36:10","slug":"greve-nationale-impact-sur-les-recyparcs","status":"publish","type":"services_communaux","link":"https:\/\/www.modave.be\/index.php\/services_communaux\/greve-nationale-impact-sur-les-recyparcs\/","title":{"rendered":"Gr\u00e8ve nationale | Impact sur les recyparcs"},"content":{"rendered":"\n<h2 class=\"wp-block-heading\"><strong>Les r\u00e9cyparcs seront ferm\u00e9s<\/strong><\/h2>\n\n\n\n<p>Ce mardi 20 mai, une gr\u00e8ve g\u00e9n\u00e9rale touche l\u2019ensemble des services publics, ce qui pourrait perturber certains services en Wallonie. \u00c0 Modave, aucune collecte des d\u00e9chets n\u2019\u00e9tait pr\u00e9vue ce jour-l\u00e0. La prochaine collecte aura donc bien lieu le mardi 27 mai, comme indiqu\u00e9 dans votre calendrier.<\/p>\n\n\n\n<p>En revanche, les recyparcs seront ferm\u00e9s toute la journ\u00e9e.<\/p>\n\n\n\n<p>Merci pour votre compr\u00e9hension face \u00e0 cette situation ind\u00e9pendante de notre volont\u00e9.<\/p>\n\n\n\n<figure class=\"wp-block-image size-large\"><img fetchpriority=\"high\" decoding=\"async\" width=\"1024\" height=\"1024\" src=\"https:\/\/www.modave.be\/wp-content\/uploads\/2025\/05\/Greve-3-1024x1024.png\" alt=\"\" class=\"wp-image-15645\" srcset=\"https:\/\/www.modave.be\/wp-content\/uploads\/2025\/05\/Greve-3-1024x1024.png 1024w, https:\/\/www.modave.be\/wp-content\/uploads\/2025\/05\/Greve-3-300x300.png 300w, https:\/\/www.modave.be\/wp-content\/uploads\/2025\/05\/Greve-3-150x150.png 150w, https:\/\/www.modave.be\/wp-content\/uploads\/2025\/05\/Greve-3-768x768.png 768w, https:\/\/www.modave.be\/wp-content\/uploads\/2025\/05\/Greve-3.png 1080w\" sizes=\"(max-width: 1024px) 100vw, 1024px\" \/><\/figure>\n","protected":false},"excerpt":{"rendered":"<p>Les r\u00e9cyparcs seront ferm\u00e9s Ce mardi 20 mai, une gr\u00e8ve g\u00e9n\u00e9rale touche l\u2019ensemble des services publics, ce qui pourrait perturber certains services en Wallonie. \u00c0 Modave, aucune collecte des d\u00e9chets n\u2019\u00e9tait pr\u00e9vue ce jour-l\u00e0. La prochaine collecte aura donc bien lieu le mardi 27 mai, comme indiqu\u00e9 dans votre calendrier. En revanche, les recyparcs seront&hellip;<\/p>\n","protected":false},"author":9,"featured_media":15643,"menu_order":0,"template":"","categories":[224],"class_list":["post-15642","services_communaux","type-services_communaux","status-publish","has-post-thumbnail","hentry","category-intradel","description-off"],"yoast_head":"<!-- This site is optimized with the Yoast SEO plugin v27.5 - https:\/\/yoast.com\/product\/yoast-seo-wordpress\/ -->\n<title>Gr\u00e8ve nationale | Impact sur les recyparcs - Commune de Modave<\/title>\n<meta name=\"robots\" content=\"index, follow, max-snippet:-1, max-image-preview:large, max-video-preview:-1\" \/>\n<link rel=\"canonical\" href=\"https:\/\/www.modave.be\/index.php\/services_communaux\/greve-nationale-impact-sur-les-recyparcs\/\" \/>\n<meta property=\"og:locale\" content=\"fr_FR\" \/>\n<meta property=\"og:type\" content=\"article\" \/>\n<meta property=\"og:title\" content=\"Gr\u00e8ve nationale | Impact sur les recyparcs - Commune de Modave\" \/>\n<meta property=\"og:description\" content=\"Les r\u00e9cyparcs seront ferm\u00e9s Ce mardi 20 mai, une gr\u00e8ve g\u00e9n\u00e9rale touche l\u2019ensemble des services publics, ce qui pourrait perturber certains services en Wallonie. \u00c0 Modave, aucune collecte des d\u00e9chets n\u2019\u00e9tait pr\u00e9vue ce jour-l\u00e0. La prochaine collecte aura donc bien lieu le mardi 27 mai, comme indiqu\u00e9 dans votre calendrier. En revanche, les recyparcs seront&hellip;\" \/>\n<meta property=\"og:url\" content=\"https:\/\/www.modave.be\/index.php\/services_communaux\/greve-nationale-impact-sur-les-recyparcs\/\" \/>\n<meta property=\"og:site_name\" content=\"Commune de Modave\" \/>\n<meta property=\"article:modified_time\" content=\"2025-05-19T13:36:10+00:00\" \/>\n<meta property=\"og:image\" content=\"https:\/\/www.modave.be\/wp-content\/uploads\/2025\/05\/Greve-1-e1747661430105.png\" \/>\n\t<meta property=\"og:image:width\" content=\"1080\" \/>\n\t<meta property=\"og:image:height\" content=\"540\" \/>\n\t<meta property=\"og:image:type\" content=\"image\/png\" \/>\n<meta name=\"twitter:card\" content=\"summary_large_image\" \/>\n<script type=\"application\/ld+json\" class=\"yoast-schema-graph\">{\"@context\":\"https:\\\/\\\/schema.org\",\"@graph\":[{\"@type\":\"WebPage\",\"@id\":\"https:\\\/\\\/www.modave.be\\\/index.php\\\/services_communaux\\\/greve-nationale-impact-sur-les-recyparcs\\\/\",\"url\":\"https:\\\/\\\/www.modave.be\\\/index.php\\\/services_communaux\\\/greve-nationale-impact-sur-les-recyparcs\\\/\",\"name\":\"Gr\u00e8ve nationale | Impact sur les recyparcs - Commune de Modave\",\"isPartOf\":{\"@id\":\"https:\\\/\\\/www.modave.be\\\/#website\"},\"primaryImageOfPage\":{\"@id\":\"https:\\\/\\\/www.modave.be\\\/index.php\\\/services_communaux\\\/greve-nationale-impact-sur-les-recyparcs\\\/#primaryimage\"},\"image\":{\"@id\":\"https:\\\/\\\/www.modave.be\\\/index.php\\\/services_communaux\\\/greve-nationale-impact-sur-les-recyparcs\\\/#primaryimage\"},\"thumbnailUrl\":\"https:\\\/\\\/www.modave.be\\\/wp-content\\\/uploads\\\/2025\\\/05\\\/Greve-1-e1747661430105.png\",\"datePublished\":\"2025-05-19T13:31:28+00:00\",\"dateModified\":\"2025-05-19T13:36:10+00:00\",\"breadcrumb\":{\"@id\":\"https:\\\/\\\/www.modave.be\\\/index.php\\\/services_communaux\\\/greve-nationale-impact-sur-les-recyparcs\\\/#breadcrumb\"},\"inLanguage\":\"fr-FR\",\"potentialAction\":[{\"@type\":\"ReadAction\",\"target\":[\"https:\\\/\\\/www.modave.be\\\/index.php\\\/services_communaux\\\/greve-nationale-impact-sur-les-recyparcs\\\/\"]}]},{\"@type\":\"ImageObject\",\"inLanguage\":\"fr-FR\",\"@id\":\"https:\\\/\\\/www.modave.be\\\/index.php\\\/services_communaux\\\/greve-nationale-impact-sur-les-recyparcs\\\/#primaryimage\",\"url\":\"https:\\\/\\\/www.modave.be\\\/wp-content\\\/uploads\\\/2025\\\/05\\\/Greve-1-e1747661430105.png\",\"contentUrl\":\"https:\\\/\\\/www.modave.be\\\/wp-content\\\/uploads\\\/2025\\\/05\\\/Greve-1-e1747661430105.png\",\"width\":1080,\"height\":540},{\"@type\":\"BreadcrumbList\",\"@id\":\"https:\\\/\\\/www.modave.be\\\/index.php\\\/services_communaux\\\/greve-nationale-impact-sur-les-recyparcs\\\/#breadcrumb\",\"itemListElement\":[{\"@type\":\"ListItem\",\"position\":1,\"name\":\"Accueil\",\"item\":\"https:\\\/\\\/www.modave.be\\\/\"},{\"@type\":\"ListItem\",\"position\":2,\"name\":\"Gr\u00e8ve nationale | Impact sur les recyparcs\"}]},{\"@type\":\"WebSite\",\"@id\":\"https:\\\/\\\/www.modave.be\\\/#website\",\"url\":\"https:\\\/\\\/www.modave.be\\\/\",\"name\":\"Commune de Modave\",\"description\":\"Commune de Modave\",\"publisher\":{\"@id\":\"https:\\\/\\\/www.modave.be\\\/#organization\"},\"potentialAction\":[{\"@type\":\"SearchAction\",\"target\":{\"@type\":\"EntryPoint\",\"urlTemplate\":\"https:\\\/\\\/www.modave.be\\\/?s={search_term_string}\"},\"query-input\":{\"@type\":\"PropertyValueSpecification\",\"valueRequired\":true,\"valueName\":\"search_term_string\"}}],\"inLanguage\":\"fr-FR\"},{\"@type\":\"Organization\",\"@id\":\"https:\\\/\\\/www.modave.be\\\/#organization\",\"name\":\"Commune de Modave\",\"url\":\"https:\\\/\\\/www.modave.be\\\/\",\"logo\":{\"@type\":\"ImageObject\",\"inLanguage\":\"fr-FR\",\"@id\":\"https:\\\/\\\/www.modave.be\\\/#\\\/schema\\\/logo\\\/image\\\/\",\"url\":\"https:\\\/\\\/www.modave.be\\\/wp-content\\\/uploads\\\/2021\\\/12\\\/MODAVE_LOGO_HORIZONTAL_QUADRI_RVB.png\",\"contentUrl\":\"https:\\\/\\\/www.modave.be\\\/wp-content\\\/uploads\\\/2021\\\/12\\\/MODAVE_LOGO_HORIZONTAL_QUADRI_RVB.png\",\"width\":1200,\"height\":501,\"caption\":\"Commune de Modave\"},\"image\":{\"@id\":\"https:\\\/\\\/www.modave.be\\\/#\\\/schema\\\/logo\\\/image\\\/\"}}]}<\/script>\n<!-- \/ Yoast SEO plugin. -->","yoast_head_json":{"title":"Gr\u00e8ve nationale | Impact sur les recyparcs - Commune de Modave","robots":{"index":"index","follow":"follow","max-snippet":"max-snippet:-1","max-image-preview":"max-image-preview:large","max-video-preview":"max-video-preview:-1"},"canonical":"https:\/\/www.modave.be\/index.php\/services_communaux\/greve-nationale-impact-sur-les-recyparcs\/","og_locale":"fr_FR","og_type":"article","og_title":"Gr\u00e8ve nationale | Impact sur les recyparcs - Commune de Modave","og_description":"Les r\u00e9cyparcs seront ferm\u00e9s Ce mardi 20 mai, une gr\u00e8ve g\u00e9n\u00e9rale touche l\u2019ensemble des services publics, ce qui pourrait perturber certains services en Wallonie. \u00c0 Modave, aucune collecte des d\u00e9chets n\u2019\u00e9tait pr\u00e9vue ce jour-l\u00e0. La prochaine collecte aura donc bien lieu le mardi 27 mai, comme indiqu\u00e9 dans votre calendrier. En revanche, les recyparcs seront&hellip;","og_url":"https:\/\/www.modave.be\/index.php\/services_communaux\/greve-nationale-impact-sur-les-recyparcs\/","og_site_name":"Commune de Modave","article_modified_time":"2025-05-19T13:36:10+00:00","og_image":[{"width":1080,"height":540,"url":"https:\/\/www.modave.be\/wp-content\/uploads\/2025\/05\/Greve-1-e1747661430105.png","type":"image\/png"}],"twitter_card":"summary_large_image","schema":{"@context":"https:\/\/schema.org","@graph":[{"@type":"WebPage","@id":"https:\/\/www.modave.be\/index.php\/services_communaux\/greve-nationale-impact-sur-les-recyparcs\/","url":"https:\/\/www.modave.be\/index.php\/services_communaux\/greve-nationale-impact-sur-les-recyparcs\/","name":"Gr\u00e8ve nationale | Impact sur les recyparcs - Commune de Modave","isPartOf":{"@id":"https:\/\/www.modave.be\/#website"},"primaryImageOfPage":{"@id":"https:\/\/www.modave.be\/index.php\/services_communaux\/greve-nationale-impact-sur-les-recyparcs\/#primaryimage"},"image":{"@id":"https:\/\/www.modave.be\/index.php\/services_communaux\/greve-nationale-impact-sur-les-recyparcs\/#primaryimage"},"thumbnailUrl":"https:\/\/www.modave.be\/wp-content\/uploads\/2025\/05\/Greve-1-e1747661430105.png","datePublished":"2025-05-19T13:31:28+00:00","dateModified":"2025-05-19T13:36:10+00:00","breadcrumb":{"@id":"https:\/\/www.modave.be\/index.php\/services_communaux\/greve-nationale-impact-sur-les-recyparcs\/#breadcrumb"},"inLanguage":"fr-FR","potentialAction":[{"@type":"ReadAction","target":["https:\/\/www.modave.be\/index.php\/services_communaux\/greve-nationale-impact-sur-les-recyparcs\/"]}]},{"@type":"ImageObject","inLanguage":"fr-FR","@id":"https:\/\/www.modave.be\/index.php\/services_communaux\/greve-nationale-impact-sur-les-recyparcs\/#primaryimage","url":"https:\/\/www.modave.be\/wp-content\/uploads\/2025\/05\/Greve-1-e1747661430105.png","contentUrl":"https:\/\/www.modave.be\/wp-content\/uploads\/2025\/05\/Greve-1-e1747661430105.png","width":1080,"height":540},{"@type":"BreadcrumbList","@id":"https:\/\/www.modave.be\/index.php\/services_communaux\/greve-nationale-impact-sur-les-recyparcs\/#breadcrumb","itemListElement":[{"@type":"ListItem","position":1,"name":"Accueil","item":"https:\/\/www.modave.be\/"},{"@type":"ListItem","position":2,"name":"Gr\u00e8ve nationale | Impact sur les recyparcs"}]},{"@type":"WebSite","@id":"https:\/\/www.modave.be\/#website","url":"https:\/\/www.modave.be\/","name":"Commune de Modave","description":"Commune de Modave","publisher":{"@id":"https:\/\/www.modave.be\/#organization"},"potentialAction":[{"@type":"SearchAction","target":{"@type":"EntryPoint","urlTemplate":"https:\/\/www.modave.be\/?s={search_term_string}"},"query-input":{"@type":"PropertyValueSpecification","valueRequired":true,"valueName":"search_term_string"}}],"inLanguage":"fr-FR"},{"@type":"Organization","@id":"https:\/\/www.modave.be\/#organization","name":"Commune de Modave","url":"https:\/\/www.modave.be\/","logo":{"@type":"ImageObject","inLanguage":"fr-FR","@id":"https:\/\/www.modave.be\/#\/schema\/logo\/image\/","url":"https:\/\/www.modave.be\/wp-content\/uploads\/2021\/12\/MODAVE_LOGO_HORIZONTAL_QUADRI_RVB.png","contentUrl":"https:\/\/www.modave.be\/wp-content\/uploads\/2021\/12\/MODAVE_LOGO_HORIZONTAL_QUADRI_RVB.png","width":1200,"height":501,"caption":"Commune de Modave"},"image":{"@id":"https:\/\/www.modave.be\/#\/schema\/logo\/image\/"}}]}},"_links":{"self":[{"href":"https:\/\/www.modave.be\/index.php\/wp-json\/wp\/v2\/services_communaux\/15642","targetHints":{"allow":["GET"]}}],"collection":[{"href":"https:\/\/www.modave.be\/index.php\/wp-json\/wp\/v2\/services_communaux"}],"about":[{"href":"https:\/\/www.modave.be\/index.php\/wp-json\/wp\/v2\/types\/services_communaux"}],"author":[{"embeddable":true,"href":"https:\/\/www.modave.be\/index.php\/wp-json\/wp\/v2\/users\/9"}],"wp:featuredmedia":[{"embeddable":true,"href":"https:\/\/www.modave.be\/index.php\/wp-json\/wp\/v2\/media\/15643"}],"wp:attachment":[{"href":"https:\/\/www.modave.be\/index.php\/wp-json\/wp\/v2\/media?parent=15642"}],"wp:term":[{"taxonomy":"category","embeddable":true,"href":"https:\/\/www.modave.be\/index.php\/wp-json\/wp\/v2\/categories?post=15642"}],"curies":[{"name":"wp","href":"https:\/\/api.w.org\/{rel}","templated":true}]}}

Grève nationale | Impact sur les recyparcs

<h2 class="wp-block-heading"><strong>Les récyparcs seront fermés</strong></h2>



<p>Ce mardi 20 mai, une grève générale touche l’ensemble des services publics, ce qui pourrait perturber certains services en Wallonie. À Modave, aucune collecte des déchets n’était prévue ce jour-là. La prochaine collecte aura donc bien lieu le mardi 27 mai, comme indiqué dans votre calendrier.</p>



<p>En revanche, les recyparcs seront fermés toute la journée.</p>



<p>Merci pour votre compréhension face à cette situation indépendante de notre volonté.</p>



<figure class="wp-block-image size-large"><img fetchpriority="high" decoding="async" width="1024" height="1024" src="https://www.modave.be/wp-content/uploads/2025/05/Greve-3-1024x1024.png" alt="" class="wp-image-15645" srcset="https://www.modave.be/wp-content/uploads/2025/05/Greve-3-1024x1024.png 1024w, https://www.modave.be/wp-content/uploads/2025/05/Greve-3-300x300.png 300w, https://www.modave.be/wp-content/uploads/2025/05/Greve-3-150x150.png 150w, https://www.modave.be/wp-content/uploads/2025/05/Greve-3-768x768.png 768w, https://www.modave.be/wp-content/uploads/2025/05/Greve-3.png 1080w" sizes="(max-width: 1024px) 100vw, 1024px" /></figure>

<p>Les récyparcs seront fermés Ce mardi 20 mai, une grève générale touche l’ensemble des services publics, ce qui pourrait perturber certains services en Wallonie. À Modave, aucune collecte des déchets n’était prévue ce jour-là. La prochaine collecte aura donc bien lieu le mardi 27 mai, comme indiqué dans votre calendrier. En revanche, les recyparcs seront&hellip;</p>

<!-- This site is optimized with the Yoast SEO plugin v27.5 - https://yoast.com/product/yoast-seo-wordpress/ -->
<title>Grève nationale | Impact sur les recyparcs - Commune de Modave</title>
<meta name="robots" content="index, follow, max-snippet:-1, max-image-preview:large, max-video-preview:-1" />
<link rel="canonical" href="https://www.modave.be/index.php/services_communaux/greve-nationale-impact-sur-les-recyparcs/" />
<meta property="og:locale" content="fr_FR" />
<meta property="og:type" content="article" />
<meta property="og:title" content="Grève nationale | Impact sur les recyparcs - Commune de Modave" />
<meta property="og:description" content="Les récyparcs seront fermés Ce mardi 20 mai, une grève générale touche l’ensemble des services publics, ce qui pourrait perturber certains services en Wallonie. À Modave, aucune collecte des déchets n’était prévue ce jour-là. La prochaine collecte aura donc bien lieu le mardi 27 mai, comme indiqué dans votre calendrier. En revanche, les recyparcs seront&hellip;" />
<meta property="og:url" content="https://www.modave.be/index.php/services_communaux/greve-nationale-impact-sur-les-recyparcs/" />
<meta property="og:site_name" content="Commune de Modave" />
<meta property="article:modified_time" content="2025-05-19T13:36:10+00:00" />
<meta property="og:image" content="https://www.modave.be/wp-content/uploads/2025/05/Greve-1-e1747661430105.png" />
	<meta property="og:image:width" content="1080" />
	<meta property="og:image:height" content="540" />
	<meta property="og:image:type" content="image/png" />
<meta name="twitter:card" content="summary_large_image" />
<script type="application/ld+json" class="yoast-schema-graph">{"@context":"https:\/\/schema.org","@graph":[{"@type":"WebPage","@id":"https:\/\/www.modave.be\/index.php\/services_communaux\/greve-nationale-impact-sur-les-recyparcs\/","url":"https:\/\/www.modave.be\/index.php\/services_communaux\/greve-nationale-impact-sur-les-recyparcs\/","name":"Grève nationale | Impact sur les recyparcs - Commune de Modave","isPartOf":{"@id":"https:\/\/www.modave.be\/#website"},"primaryImageOfPage":{"@id":"https:\/\/www.modave.be\/index.php\/services_communaux\/greve-nationale-impact-sur-les-recyparcs\/#primaryimage"},"image":{"@id":"https:\/\/www.modave.be\/index.php\/services_communaux\/greve-nationale-impact-sur-les-recyparcs\/#primaryimage"},"thumbnailUrl":"https:\/\/www.modave.be\/wp-content\/uploads\/2025\/05\/Greve-1-e1747661430105.png","datePublished":"2025-05-19T13:31:28+00:00","dateModified":"2025-05-19T13:36:10+00:00","breadcrumb":{"@id":"https:\/\/www.modave.be\/index.php\/services_communaux\/greve-nationale-impact-sur-les-recyparcs\/#breadcrumb"},"inLanguage":"fr-FR","potentialAction":[{"@type":"ReadAction","target":["https:\/\/www.modave.be\/index.php\/services_communaux\/greve-nationale-impact-sur-les-recyparcs\/"]}]},{"@type":"ImageObject","inLanguage":"fr-FR","@id":"https:\/\/www.modave.be\/index.php\/services_communaux\/greve-nationale-impact-sur-les-recyparcs\/#primaryimage","url":"https:\/\/www.modave.be\/wp-content\/uploads\/2025\/05\/Greve-1-e1747661430105.png","contentUrl":"https:\/\/www.modave.be\/wp-content\/uploads\/2025\/05\/Greve-1-e1747661430105.png","width":1080,"height":540},{"@type":"BreadcrumbList","@id":"https:\/\/www.modave.be\/index.php\/services_communaux\/greve-nationale-impact-sur-les-recyparcs\/#breadcrumb","itemListElement":[{"@type":"ListItem","position":1,"name":"Accueil","item":"https:\/\/www.modave.be\/"},{"@type":"ListItem","position":2,"name":"Grève nationale | Impact sur les recyparcs"}]},{"@type":"WebSite","@id":"https:\/\/www.modave.be\/#website","url":"https:\/\/www.modave.be\/","name":"Commune de Modave","description":"Commune de Modave","publisher":{"@id":"https:\/\/www.modave.be\/#organization"},"potentialAction":[{"@type":"SearchAction","target":{"@type":"EntryPoint","urlTemplate":"https:\/\/www.modave.be\/?s={search_term_string}"},"query-input":{"@type":"PropertyValueSpecification","valueRequired":true,"valueName":"search_term_string"}}],"inLanguage":"fr-FR"},{"@type":"Organization","@id":"https:\/\/www.modave.be\/#organization","name":"Commune de Modave","url":"https:\/\/www.modave.be\/","logo":{"@type":"ImageObject","inLanguage":"fr-FR","@id":"https:\/\/www.modave.be\/#\/schema\/logo\/image\/","url":"https:\/\/www.modave.be\/wp-content\/uploads\/2021\/12\/MODAVE_LOGO_HORIZONTAL_QUADRI_RVB.png","contentUrl":"https:\/\/www.modave.be\/wp-content\/uploads\/2021\/12\/MODAVE_LOGO_HORIZONTAL_QUADRI_RVB.png","width":1200,"height":501,"caption":"Commune de Modave"},"image":{"@id":"https:\/\/www.modave.be\/#\/schema\/logo\/image\/"}}]}</script>
<!-- / Yoast SEO plugin. -->

Grève nationale | Impact sur les recyparcs - Commune de Modave

Les récyparcs seront fermés Ce mardi 20 mai, une grève générale touche l’ensemble des services publics, ce qui pourrait perturber certains services en Wallonie. À Modave, aucune collecte des déchets n’était prévue ce jour-là. La prochaine collecte aura donc bien lieu le mardi 27 mai, comme indiqué dans votre calendrier. En revanche, les recyparcs seront&hellip;
