{"id":15659,"date":"2025-05-23T10:42:48","date_gmt":"2025-05-23T08:42:48","guid":{"rendered":"https:\/\/www.modave.be\/?post_type=services_communaux&#038;p=15659"},"modified":"2025-05-23T11:12:04","modified_gmt":"2025-05-23T09:12:04","slug":"fin-du-chantier-sur-la-n66","status":"publish","type":"services_communaux","link":"https:\/\/www.modave.be\/index.php\/services_communaux\/fin-du-chantier-sur-la-n66\/","title":{"rendered":"Fin du chantier sur la N66"},"content":{"rendered":"\n<h2 class=\"wp-block-heading\"><strong>Flash info \u2013 Le chantier de la N66 est termin\u00e9<\/strong><br><\/h2>\n\n\n\n<p>Une bonne nouvelle \u00e0 partager sur la route : les travaux ont fil\u00e9 plus vite que pr\u00e9vu.<\/p>\n\n\n\n<p>La r\u00e9fection du rev\u00eatement de la Route de Str\u00e9e \u00e9tait annonc\u00e9e jusqu\u2019au 26 mai\u2026 et pourtant, surprise : c\u2019est d\u00e9j\u00e0 termin\u00e9 ! <strong>Deux jours seulement auront suffi aux \u00e9quipes du SPW pour rendre la voirie plus s\u00fbre.<\/strong> Un grand bravo \u00e0 elles pour cette efficacit\u00e9.<\/p>\n\n\n\n<blockquote class=\"wp-block-quote is-layout-flow wp-block-quote-is-layout-flow\">\n<p>La circulation est donc r\u00e9tablie.<br>Plus de d\u00e9viation, ni de restriction de stationnement devant l\u2019\u00e9cole.<\/p>\n<\/blockquote>\n\n\n\n<p>Pour rappel : ces travaux rel\u00e8vent du Service Public de Wallonie, et non de l\u2019Administration communale de Modave.<\/p>\n\n\n\n<p>Merci pour votre bienveillance envers les ouvriers et votre prudence \u00e0 l\u2019approche des zones de chantier.<\/p>\n\n\n\n<figure class=\"wp-block-image size-large\"><img fetchpriority=\"high\" decoding=\"async\" width=\"1024\" height=\"1024\" src=\"https:\/\/www.modave.be\/wp-content\/uploads\/2025\/05\/Travaux-1024x1024.png\" alt=\"\" class=\"wp-image-15660\" srcset=\"https:\/\/www.modave.be\/wp-content\/uploads\/2025\/05\/Travaux-1024x1024.png 1024w, https:\/\/www.modave.be\/wp-content\/uploads\/2025\/05\/Travaux-300x300.png 300w, https:\/\/www.modave.be\/wp-content\/uploads\/2025\/05\/Travaux-150x150.png 150w, https:\/\/www.modave.be\/wp-content\/uploads\/2025\/05\/Travaux-768x768.png 768w, https:\/\/www.modave.be\/wp-content\/uploads\/2025\/05\/Travaux.png 1080w\" sizes=\"(max-width: 1024px) 100vw, 1024px\" \/><\/figure>\n\n\n\n<p><\/p>\n","protected":false},"excerpt":{"rendered":"<p>Flash info \u2013 Le chantier de la N66 est termin\u00e9 Une bonne nouvelle \u00e0 partager sur la route : les travaux ont fil\u00e9 plus vite que pr\u00e9vu. La r\u00e9fection du rev\u00eatement de la Route de Str\u00e9e \u00e9tait annonc\u00e9e jusqu\u2019au 26 mai\u2026 et pourtant, surprise : c\u2019est d\u00e9j\u00e0 termin\u00e9 ! Deux jours seulement auront suffi aux&hellip;<\/p>\n","protected":false},"author":9,"featured_media":15651,"menu_order":0,"template":"","categories":[208],"class_list":["post-15659","services_communaux","type-services_communaux","status-publish","has-post-thumbnail","hentry","category-travaux","description-off"],"yoast_head":"<!-- This site is optimized with the Yoast SEO plugin v27.5 - https:\/\/yoast.com\/product\/yoast-seo-wordpress\/ -->\n<title>Fin du chantier sur la N66 - Commune de Modave<\/title>\n<meta name=\"robots\" content=\"index, follow, max-snippet:-1, max-image-preview:large, max-video-preview:-1\" \/>\n<link rel=\"canonical\" href=\"https:\/\/www.modave.be\/index.php\/services_communaux\/fin-du-chantier-sur-la-n66\/\" \/>\n<meta property=\"og:locale\" content=\"fr_FR\" \/>\n<meta property=\"og:type\" content=\"article\" \/>\n<meta property=\"og:title\" content=\"Fin du chantier sur la N66 - Commune de Modave\" \/>\n<meta property=\"og:description\" content=\"Flash info \u2013 Le chantier de la N66 est termin\u00e9 Une bonne nouvelle \u00e0 partager sur la route : les travaux ont fil\u00e9 plus vite que pr\u00e9vu. La r\u00e9fection du rev\u00eatement de la Route de Str\u00e9e \u00e9tait annonc\u00e9e jusqu\u2019au 26 mai\u2026 et pourtant, surprise : c\u2019est d\u00e9j\u00e0 termin\u00e9 ! Deux jours seulement auront suffi aux&hellip;\" \/>\n<meta property=\"og:url\" content=\"https:\/\/www.modave.be\/index.php\/services_communaux\/fin-du-chantier-sur-la-n66\/\" \/>\n<meta property=\"og:site_name\" content=\"Commune de Modave\" \/>\n<meta property=\"article:modified_time\" content=\"2025-05-23T09:12:04+00:00\" \/>\n<meta property=\"og:image\" content=\"https:\/\/www.modave.be\/wp-content\/uploads\/2025\/05\/Travaux-illustration-e1747735044257.png\" \/>\n\t<meta property=\"og:image:width\" content=\"1080\" \/>\n\t<meta property=\"og:image:height\" content=\"540\" \/>\n\t<meta property=\"og:image:type\" content=\"image\/png\" \/>\n<meta name=\"twitter:card\" content=\"summary_large_image\" \/>\n<meta name=\"twitter:label1\" content=\"Dur\u00e9e de lecture estim\u00e9e\" \/>\n\t<meta name=\"twitter:data1\" content=\"1 minute\" \/>\n<script type=\"application\/ld+json\" class=\"yoast-schema-graph\">{\"@context\":\"https:\\\/\\\/schema.org\",\"@graph\":[{\"@type\":\"WebPage\",\"@id\":\"https:\\\/\\\/www.modave.be\\\/index.php\\\/services_communaux\\\/fin-du-chantier-sur-la-n66\\\/\",\"url\":\"https:\\\/\\\/www.modave.be\\\/index.php\\\/services_communaux\\\/fin-du-chantier-sur-la-n66\\\/\",\"name\":\"Fin du chantier sur la N66 - Commune de Modave\",\"isPartOf\":{\"@id\":\"https:\\\/\\\/www.modave.be\\\/#website\"},\"primaryImageOfPage\":{\"@id\":\"https:\\\/\\\/www.modave.be\\\/index.php\\\/services_communaux\\\/fin-du-chantier-sur-la-n66\\\/#primaryimage\"},\"image\":{\"@id\":\"https:\\\/\\\/www.modave.be\\\/index.php\\\/services_communaux\\\/fin-du-chantier-sur-la-n66\\\/#primaryimage\"},\"thumbnailUrl\":\"https:\\\/\\\/www.modave.be\\\/wp-content\\\/uploads\\\/2025\\\/05\\\/Travaux-illustration-e1747735044257.png\",\"datePublished\":\"2025-05-23T08:42:48+00:00\",\"dateModified\":\"2025-05-23T09:12:04+00:00\",\"breadcrumb\":{\"@id\":\"https:\\\/\\\/www.modave.be\\\/index.php\\\/services_communaux\\\/fin-du-chantier-sur-la-n66\\\/#breadcrumb\"},\"inLanguage\":\"fr-FR\",\"potentialAction\":[{\"@type\":\"ReadAction\",\"target\":[\"https:\\\/\\\/www.modave.be\\\/index.php\\\/services_communaux\\\/fin-du-chantier-sur-la-n66\\\/\"]}]},{\"@type\":\"ImageObject\",\"inLanguage\":\"fr-FR\",\"@id\":\"https:\\\/\\\/www.modave.be\\\/index.php\\\/services_communaux\\\/fin-du-chantier-sur-la-n66\\\/#primaryimage\",\"url\":\"https:\\\/\\\/www.modave.be\\\/wp-content\\\/uploads\\\/2025\\\/05\\\/Travaux-illustration-e1747735044257.png\",\"contentUrl\":\"https:\\\/\\\/www.modave.be\\\/wp-content\\\/uploads\\\/2025\\\/05\\\/Travaux-illustration-e1747735044257.png\",\"width\":1080,\"height\":540},{\"@type\":\"BreadcrumbList\",\"@id\":\"https:\\\/\\\/www.modave.be\\\/index.php\\\/services_communaux\\\/fin-du-chantier-sur-la-n66\\\/#breadcrumb\",\"itemListElement\":[{\"@type\":\"ListItem\",\"position\":1,\"name\":\"Accueil\",\"item\":\"https:\\\/\\\/www.modave.be\\\/\"},{\"@type\":\"ListItem\",\"position\":2,\"name\":\"Fin du chantier sur la N66\"}]},{\"@type\":\"WebSite\",\"@id\":\"https:\\\/\\\/www.modave.be\\\/#website\",\"url\":\"https:\\\/\\\/www.modave.be\\\/\",\"name\":\"Commune de Modave\",\"description\":\"Commune de Modave\",\"publisher\":{\"@id\":\"https:\\\/\\\/www.modave.be\\\/#organization\"},\"potentialAction\":[{\"@type\":\"SearchAction\",\"target\":{\"@type\":\"EntryPoint\",\"urlTemplate\":\"https:\\\/\\\/www.modave.be\\\/?s={search_term_string}\"},\"query-input\":{\"@type\":\"PropertyValueSpecification\",\"valueRequired\":true,\"valueName\":\"search_term_string\"}}],\"inLanguage\":\"fr-FR\"},{\"@type\":\"Organization\",\"@id\":\"https:\\\/\\\/www.modave.be\\\/#organization\",\"name\":\"Commune de Modave\",\"url\":\"https:\\\/\\\/www.modave.be\\\/\",\"logo\":{\"@type\":\"ImageObject\",\"inLanguage\":\"fr-FR\",\"@id\":\"https:\\\/\\\/www.modave.be\\\/#\\\/schema\\\/logo\\\/image\\\/\",\"url\":\"https:\\\/\\\/www.modave.be\\\/wp-content\\\/uploads\\\/2021\\\/12\\\/MODAVE_LOGO_HORIZONTAL_QUADRI_RVB.png\",\"contentUrl\":\"https:\\\/\\\/www.modave.be\\\/wp-content\\\/uploads\\\/2021\\\/12\\\/MODAVE_LOGO_HORIZONTAL_QUADRI_RVB.png\",\"width\":1200,\"height\":501,\"caption\":\"Commune de Modave\"},\"image\":{\"@id\":\"https:\\\/\\\/www.modave.be\\\/#\\\/schema\\\/logo\\\/image\\\/\"}}]}<\/script>\n<!-- \/ Yoast SEO plugin. -->","yoast_head_json":{"title":"Fin du chantier sur la N66 - Commune de Modave","robots":{"index":"index","follow":"follow","max-snippet":"max-snippet:-1","max-image-preview":"max-image-preview:large","max-video-preview":"max-video-preview:-1"},"canonical":"https:\/\/www.modave.be\/index.php\/services_communaux\/fin-du-chantier-sur-la-n66\/","og_locale":"fr_FR","og_type":"article","og_title":"Fin du chantier sur la N66 - Commune de Modave","og_description":"Flash info \u2013 Le chantier de la N66 est termin\u00e9 Une bonne nouvelle \u00e0 partager sur la route : les travaux ont fil\u00e9 plus vite que pr\u00e9vu. La r\u00e9fection du rev\u00eatement de la Route de Str\u00e9e \u00e9tait annonc\u00e9e jusqu\u2019au 26 mai\u2026 et pourtant, surprise : c\u2019est d\u00e9j\u00e0 termin\u00e9 ! Deux jours seulement auront suffi aux&hellip;","og_url":"https:\/\/www.modave.be\/index.php\/services_communaux\/fin-du-chantier-sur-la-n66\/","og_site_name":"Commune de Modave","article_modified_time":"2025-05-23T09:12:04+00:00","og_image":[{"width":1080,"height":540,"url":"https:\/\/www.modave.be\/wp-content\/uploads\/2025\/05\/Travaux-illustration-e1747735044257.png","type":"image\/png"}],"twitter_card":"summary_large_image","twitter_misc":{"Dur\u00e9e de lecture estim\u00e9e":"1 minute"},"schema":{"@context":"https:\/\/schema.org","@graph":[{"@type":"WebPage","@id":"https:\/\/www.modave.be\/index.php\/services_communaux\/fin-du-chantier-sur-la-n66\/","url":"https:\/\/www.modave.be\/index.php\/services_communaux\/fin-du-chantier-sur-la-n66\/","name":"Fin du chantier sur la N66 - Commune de Modave","isPartOf":{"@id":"https:\/\/www.modave.be\/#website"},"primaryImageOfPage":{"@id":"https:\/\/www.modave.be\/index.php\/services_communaux\/fin-du-chantier-sur-la-n66\/#primaryimage"},"image":{"@id":"https:\/\/www.modave.be\/index.php\/services_communaux\/fin-du-chantier-sur-la-n66\/#primaryimage"},"thumbnailUrl":"https:\/\/www.modave.be\/wp-content\/uploads\/2025\/05\/Travaux-illustration-e1747735044257.png","datePublished":"2025-05-23T08:42:48+00:00","dateModified":"2025-05-23T09:12:04+00:00","breadcrumb":{"@id":"https:\/\/www.modave.be\/index.php\/services_communaux\/fin-du-chantier-sur-la-n66\/#breadcrumb"},"inLanguage":"fr-FR","potentialAction":[{"@type":"ReadAction","target":["https:\/\/www.modave.be\/index.php\/services_communaux\/fin-du-chantier-sur-la-n66\/"]}]},{"@type":"ImageObject","inLanguage":"fr-FR","@id":"https:\/\/www.modave.be\/index.php\/services_communaux\/fin-du-chantier-sur-la-n66\/#primaryimage","url":"https:\/\/www.modave.be\/wp-content\/uploads\/2025\/05\/Travaux-illustration-e1747735044257.png","contentUrl":"https:\/\/www.modave.be\/wp-content\/uploads\/2025\/05\/Travaux-illustration-e1747735044257.png","width":1080,"height":540},{"@type":"BreadcrumbList","@id":"https:\/\/www.modave.be\/index.php\/services_communaux\/fin-du-chantier-sur-la-n66\/#breadcrumb","itemListElement":[{"@type":"ListItem","position":1,"name":"Accueil","item":"https:\/\/www.modave.be\/"},{"@type":"ListItem","position":2,"name":"Fin du chantier sur la N66"}]},{"@type":"WebSite","@id":"https:\/\/www.modave.be\/#website","url":"https:\/\/www.modave.be\/","name":"Commune de Modave","description":"Commune de Modave","publisher":{"@id":"https:\/\/www.modave.be\/#organization"},"potentialAction":[{"@type":"SearchAction","target":{"@type":"EntryPoint","urlTemplate":"https:\/\/www.modave.be\/?s={search_term_string}"},"query-input":{"@type":"PropertyValueSpecification","valueRequired":true,"valueName":"search_term_string"}}],"inLanguage":"fr-FR"},{"@type":"Organization","@id":"https:\/\/www.modave.be\/#organization","name":"Commune de Modave","url":"https:\/\/www.modave.be\/","logo":{"@type":"ImageObject","inLanguage":"fr-FR","@id":"https:\/\/www.modave.be\/#\/schema\/logo\/image\/","url":"https:\/\/www.modave.be\/wp-content\/uploads\/2021\/12\/MODAVE_LOGO_HORIZONTAL_QUADRI_RVB.png","contentUrl":"https:\/\/www.modave.be\/wp-content\/uploads\/2021\/12\/MODAVE_LOGO_HORIZONTAL_QUADRI_RVB.png","width":1200,"height":501,"caption":"Commune de Modave"},"image":{"@id":"https:\/\/www.modave.be\/#\/schema\/logo\/image\/"}}]}},"_links":{"self":[{"href":"https:\/\/www.modave.be\/index.php\/wp-json\/wp\/v2\/services_communaux\/15659","targetHints":{"allow":["GET"]}}],"collection":[{"href":"https:\/\/www.modave.be\/index.php\/wp-json\/wp\/v2\/services_communaux"}],"about":[{"href":"https:\/\/www.modave.be\/index.php\/wp-json\/wp\/v2\/types\/services_communaux"}],"author":[{"embeddable":true,"href":"https:\/\/www.modave.be\/index.php\/wp-json\/wp\/v2\/users\/9"}],"wp:featuredmedia":[{"embeddable":true,"href":"https:\/\/www.modave.be\/index.php\/wp-json\/wp\/v2\/media\/15651"}],"wp:attachment":[{"href":"https:\/\/www.modave.be\/index.php\/wp-json\/wp\/v2\/media?parent=15659"}],"wp:term":[{"taxonomy":"category","embeddable":true,"href":"https:\/\/www.modave.be\/index.php\/wp-json\/wp\/v2\/categories?post=15659"}],"curies":[{"name":"wp","href":"https:\/\/api.w.org\/{rel}","templated":true}]}}

<h2 class="wp-block-heading"><strong>Flash info – Le chantier de la N66 est terminé</strong><br></h2>



<p>Une bonne nouvelle à partager sur la route : les travaux ont filé plus vite que prévu.</p>



<p>La réfection du revêtement de la Route de Strée était annoncée jusqu’au 26 mai… et pourtant, surprise : c’est déjà terminé ! <strong>Deux jours seulement auront suffi aux équipes du SPW pour rendre la voirie plus sûre.</strong> Un grand bravo à elles pour cette efficacité.</p>



<blockquote class="wp-block-quote is-layout-flow wp-block-quote-is-layout-flow">
<p>La circulation est donc rétablie.<br>Plus de déviation, ni de restriction de stationnement devant l’école.</p>
</blockquote>



<p>Pour rappel : ces travaux relèvent du Service Public de Wallonie, et non de l’Administration communale de Modave.</p>



<p>Merci pour votre bienveillance envers les ouvriers et votre prudence à l’approche des zones de chantier.</p>



<figure class="wp-block-image size-large"><img fetchpriority="high" decoding="async" width="1024" height="1024" src="https://www.modave.be/wp-content/uploads/2025/05/Travaux-1024x1024.png" alt="" class="wp-image-15660" srcset="https://www.modave.be/wp-content/uploads/2025/05/Travaux-1024x1024.png 1024w, https://www.modave.be/wp-content/uploads/2025/05/Travaux-300x300.png 300w, https://www.modave.be/wp-content/uploads/2025/05/Travaux-150x150.png 150w, https://www.modave.be/wp-content/uploads/2025/05/Travaux-768x768.png 768w, https://www.modave.be/wp-content/uploads/2025/05/Travaux.png 1080w" sizes="(max-width: 1024px) 100vw, 1024px" /></figure>



<p></p>

<p>Flash info – Le chantier de la N66 est terminé Une bonne nouvelle à partager sur la route : les travaux ont filé plus vite que prévu. La réfection du revêtement de la Route de Strée était annoncée jusqu’au 26 mai… et pourtant, surprise : c’est déjà terminé ! Deux jours seulement auront suffi aux&hellip;</p>

<!-- This site is optimized with the Yoast SEO plugin v27.5 - https://yoast.com/product/yoast-seo-wordpress/ -->
<title>Fin du chantier sur la N66 - Commune de Modave</title>
<meta name="robots" content="index, follow, max-snippet:-1, max-image-preview:large, max-video-preview:-1" />
<link rel="canonical" href="https://www.modave.be/index.php/services_communaux/fin-du-chantier-sur-la-n66/" />
<meta property="og:locale" content="fr_FR" />
<meta property="og:type" content="article" />
<meta property="og:title" content="Fin du chantier sur la N66 - Commune de Modave" />
<meta property="og:description" content="Flash info – Le chantier de la N66 est terminé Une bonne nouvelle à partager sur la route : les travaux ont filé plus vite que prévu. La réfection du revêtement de la Route de Strée était annoncée jusqu’au 26 mai… et pourtant, surprise : c’est déjà terminé ! Deux jours seulement auront suffi aux&hellip;" />
<meta property="og:url" content="https://www.modave.be/index.php/services_communaux/fin-du-chantier-sur-la-n66/" />
<meta property="og:site_name" content="Commune de Modave" />
<meta property="article:modified_time" content="2025-05-23T09:12:04+00:00" />
<meta property="og:image" content="https://www.modave.be/wp-content/uploads/2025/05/Travaux-illustration-e1747735044257.png" />
	<meta property="og:image:width" content="1080" />
	<meta property="og:image:height" content="540" />
	<meta property="og:image:type" content="image/png" />
<meta name="twitter:card" content="summary_large_image" />
<meta name="twitter:label1" content="Durée de lecture estimée" />
	<meta name="twitter:data1" content="1 minute" />
<script type="application/ld+json" class="yoast-schema-graph">{"@context":"https:\/\/schema.org","@graph":[{"@type":"WebPage","@id":"https:\/\/www.modave.be\/index.php\/services_communaux\/fin-du-chantier-sur-la-n66\/","url":"https:\/\/www.modave.be\/index.php\/services_communaux\/fin-du-chantier-sur-la-n66\/","name":"Fin du chantier sur la N66 - Commune de Modave","isPartOf":{"@id":"https:\/\/www.modave.be\/#website"},"primaryImageOfPage":{"@id":"https:\/\/www.modave.be\/index.php\/services_communaux\/fin-du-chantier-sur-la-n66\/#primaryimage"},"image":{"@id":"https:\/\/www.modave.be\/index.php\/services_communaux\/fin-du-chantier-sur-la-n66\/#primaryimage"},"thumbnailUrl":"https:\/\/www.modave.be\/wp-content\/uploads\/2025\/05\/Travaux-illustration-e1747735044257.png","datePublished":"2025-05-23T08:42:48+00:00","dateModified":"2025-05-23T09:12:04+00:00","breadcrumb":{"@id":"https:\/\/www.modave.be\/index.php\/services_communaux\/fin-du-chantier-sur-la-n66\/#breadcrumb"},"inLanguage":"fr-FR","potentialAction":[{"@type":"ReadAction","target":["https:\/\/www.modave.be\/index.php\/services_communaux\/fin-du-chantier-sur-la-n66\/"]}]},{"@type":"ImageObject","inLanguage":"fr-FR","@id":"https:\/\/www.modave.be\/index.php\/services_communaux\/fin-du-chantier-sur-la-n66\/#primaryimage","url":"https:\/\/www.modave.be\/wp-content\/uploads\/2025\/05\/Travaux-illustration-e1747735044257.png","contentUrl":"https:\/\/www.modave.be\/wp-content\/uploads\/2025\/05\/Travaux-illustration-e1747735044257.png","width":1080,"height":540},{"@type":"BreadcrumbList","@id":"https:\/\/www.modave.be\/index.php\/services_communaux\/fin-du-chantier-sur-la-n66\/#breadcrumb","itemListElement":[{"@type":"ListItem","position":1,"name":"Accueil","item":"https:\/\/www.modave.be\/"},{"@type":"ListItem","position":2,"name":"Fin du chantier sur la N66"}]},{"@type":"WebSite","@id":"https:\/\/www.modave.be\/#website","url":"https:\/\/www.modave.be\/","name":"Commune de Modave","description":"Commune de Modave","publisher":{"@id":"https:\/\/www.modave.be\/#organization"},"potentialAction":[{"@type":"SearchAction","target":{"@type":"EntryPoint","urlTemplate":"https:\/\/www.modave.be\/?s={search_term_string}"},"query-input":{"@type":"PropertyValueSpecification","valueRequired":true,"valueName":"search_term_string"}}],"inLanguage":"fr-FR"},{"@type":"Organization","@id":"https:\/\/www.modave.be\/#organization","name":"Commune de Modave","url":"https:\/\/www.modave.be\/","logo":{"@type":"ImageObject","inLanguage":"fr-FR","@id":"https:\/\/www.modave.be\/#\/schema\/logo\/image\/","url":"https:\/\/www.modave.be\/wp-content\/uploads\/2021\/12\/MODAVE_LOGO_HORIZONTAL_QUADRI_RVB.png","contentUrl":"https:\/\/www.modave.be\/wp-content\/uploads\/2021\/12\/MODAVE_LOGO_HORIZONTAL_QUADRI_RVB.png","width":1200,"height":501,"caption":"Commune de Modave"},"image":{"@id":"https:\/\/www.modave.be\/#\/schema\/logo\/image\/"}}]}</script>
<!-- / Yoast SEO plugin. -->

Flash info – Le chantier de la N66 est terminé Une bonne nouvelle à partager sur la route : les travaux ont filé plus vite que prévu. La réfection du revêtement de la Route de Strée était annoncée jusqu’au 26 mai… et pourtant, surprise : c’est déjà terminé ! Deux jours seulement auront suffi aux&hellip;
