{"id":15826,"date":"2025-06-11T15:16:34","date_gmt":"2025-06-11T13:16:34","guid":{"rendered":"https:\/\/www.modave.be\/?post_type=services_communaux&#038;p=15826"},"modified":"2025-06-11T15:16:34","modified_gmt":"2025-06-11T13:16:34","slug":"travaux-rue-fond-doxhe","status":"publish","type":"services_communaux","link":"https:\/\/www.modave.be\/index.php\/services_communaux\/travaux-rue-fond-doxhe\/","title":{"rendered":"Travaux | Rue Fond d&rsquo;Oxhe"},"content":{"rendered":"\n<h2 class=\"wp-block-heading\"><strong>Travaux en cours | Rue Fond d\u2019Oxhe (Commune d\u2019Amay)<\/strong><\/h2>\n\n\n\n<p>Depuis le 10 juin et <strong>jusqu\u2019au 4 juillet<\/strong>, des travaux de terrassement et de pose de filets d\u2019eau sont en cours rue Fond d\u2019Oxhe, sur le territoire de la commune d\u2019Amay.<\/p>\n\n\n\n<p>Ce chantier, bien qu\u2019initi\u00e9 par la commune voisine d\u2019Amay, a des r\u00e9percussions directes sur la circulation locale.<\/p>\n\n\n\n<ul class=\"wp-block-list\">\n<li><strong>La voirie est actuellement ferm\u00e9e \u00e0 la circulation<\/strong>,<strong> sauf pour les riverains<\/strong>.<\/li>\n\n\n\n<li>Le stationnement est interdit entre le n\u00b04 et la limite communale avec Modave.<\/li>\n\n\n\n<li><strong>Une d\u00e9viation est en place<\/strong> via la Route du Bois des Dames et la rue Lovine.<\/li>\n<\/ul>\n\n\n\n<p>Si vous le pouvez, pensez \u00e0 adapter vos trajets. Ces travaux, bien que temporaires, permettront \u00e0 terme d\u2019am\u00e9liorer l\u2019\u00e9vacuation des eaux et la s\u00e9curit\u00e9 de la voirie.<\/p>\n\n\n\n<figure class=\"wp-block-image size-large\"><img fetchpriority=\"high\" decoding=\"async\" width=\"1024\" height=\"1024\" src=\"https:\/\/www.modave.be\/wp-content\/uploads\/2025\/06\/carte-Oxhe-1024x1024.png\" alt=\"\" class=\"wp-image-15827\" srcset=\"https:\/\/www.modave.be\/wp-content\/uploads\/2025\/06\/carte-Oxhe-1024x1024.png 1024w, https:\/\/www.modave.be\/wp-content\/uploads\/2025\/06\/carte-Oxhe-300x300.png 300w, https:\/\/www.modave.be\/wp-content\/uploads\/2025\/06\/carte-Oxhe-150x150.png 150w, https:\/\/www.modave.be\/wp-content\/uploads\/2025\/06\/carte-Oxhe-768x768.png 768w, https:\/\/www.modave.be\/wp-content\/uploads\/2025\/06\/carte-Oxhe.png 1080w\" sizes=\"(max-width: 1024px) 100vw, 1024px\" \/><\/figure>\n\n\n\n<p><\/p>\n","protected":false},"excerpt":{"rendered":"<p>Travaux en cours | Rue Fond d\u2019Oxhe (Commune d\u2019Amay) Depuis le 10 juin et jusqu\u2019au 4 juillet, des travaux de terrassement et de pose de filets d\u2019eau sont en cours rue Fond d\u2019Oxhe, sur le territoire de la commune d\u2019Amay. Ce chantier, bien qu\u2019initi\u00e9 par la commune voisine d\u2019Amay, a des r\u00e9percussions directes sur la&hellip;<\/p>\n","protected":false},"author":9,"featured_media":15651,"menu_order":0,"template":"","categories":[208],"class_list":["post-15826","services_communaux","type-services_communaux","status-publish","has-post-thumbnail","hentry","category-travaux","description-off"],"yoast_head":"<!-- This site is optimized with the Yoast SEO plugin v27.5 - https:\/\/yoast.com\/product\/yoast-seo-wordpress\/ -->\n<title>Travaux | Rue Fond d&#039;Oxhe - Commune de Modave<\/title>\n<meta name=\"robots\" content=\"index, follow, max-snippet:-1, max-image-preview:large, max-video-preview:-1\" \/>\n<link rel=\"canonical\" href=\"https:\/\/www.modave.be\/index.php\/services_communaux\/travaux-rue-fond-doxhe\/\" \/>\n<meta property=\"og:locale\" content=\"fr_FR\" \/>\n<meta property=\"og:type\" content=\"article\" \/>\n<meta property=\"og:title\" content=\"Travaux | Rue Fond d&#039;Oxhe - Commune de Modave\" \/>\n<meta property=\"og:description\" content=\"Travaux en cours | Rue Fond d\u2019Oxhe (Commune d\u2019Amay) Depuis le 10 juin et jusqu\u2019au 4 juillet, des travaux de terrassement et de pose de filets d\u2019eau sont en cours rue Fond d\u2019Oxhe, sur le territoire de la commune d\u2019Amay. Ce chantier, bien qu\u2019initi\u00e9 par la commune voisine d\u2019Amay, a des r\u00e9percussions directes sur la&hellip;\" \/>\n<meta property=\"og:url\" content=\"https:\/\/www.modave.be\/index.php\/services_communaux\/travaux-rue-fond-doxhe\/\" \/>\n<meta property=\"og:site_name\" content=\"Commune de Modave\" \/>\n<meta property=\"og:image\" content=\"https:\/\/www.modave.be\/wp-content\/uploads\/2025\/05\/Travaux-illustration-e1747735044257.png\" \/>\n\t<meta property=\"og:image:width\" content=\"1080\" \/>\n\t<meta property=\"og:image:height\" content=\"540\" \/>\n\t<meta property=\"og:image:type\" content=\"image\/png\" \/>\n<meta name=\"twitter:card\" content=\"summary_large_image\" \/>\n<meta name=\"twitter:label1\" content=\"Dur\u00e9e de lecture estim\u00e9e\" \/>\n\t<meta name=\"twitter:data1\" content=\"1 minute\" \/>\n<script type=\"application\/ld+json\" class=\"yoast-schema-graph\">{\"@context\":\"https:\\\/\\\/schema.org\",\"@graph\":[{\"@type\":\"WebPage\",\"@id\":\"https:\\\/\\\/www.modave.be\\\/index.php\\\/services_communaux\\\/travaux-rue-fond-doxhe\\\/\",\"url\":\"https:\\\/\\\/www.modave.be\\\/index.php\\\/services_communaux\\\/travaux-rue-fond-doxhe\\\/\",\"name\":\"Travaux | Rue Fond d'Oxhe - Commune de Modave\",\"isPartOf\":{\"@id\":\"https:\\\/\\\/www.modave.be\\\/#website\"},\"primaryImageOfPage\":{\"@id\":\"https:\\\/\\\/www.modave.be\\\/index.php\\\/services_communaux\\\/travaux-rue-fond-doxhe\\\/#primaryimage\"},\"image\":{\"@id\":\"https:\\\/\\\/www.modave.be\\\/index.php\\\/services_communaux\\\/travaux-rue-fond-doxhe\\\/#primaryimage\"},\"thumbnailUrl\":\"https:\\\/\\\/www.modave.be\\\/wp-content\\\/uploads\\\/2025\\\/05\\\/Travaux-illustration-e1747735044257.png\",\"datePublished\":\"2025-06-11T13:16:34+00:00\",\"breadcrumb\":{\"@id\":\"https:\\\/\\\/www.modave.be\\\/index.php\\\/services_communaux\\\/travaux-rue-fond-doxhe\\\/#breadcrumb\"},\"inLanguage\":\"fr-FR\",\"potentialAction\":[{\"@type\":\"ReadAction\",\"target\":[\"https:\\\/\\\/www.modave.be\\\/index.php\\\/services_communaux\\\/travaux-rue-fond-doxhe\\\/\"]}]},{\"@type\":\"ImageObject\",\"inLanguage\":\"fr-FR\",\"@id\":\"https:\\\/\\\/www.modave.be\\\/index.php\\\/services_communaux\\\/travaux-rue-fond-doxhe\\\/#primaryimage\",\"url\":\"https:\\\/\\\/www.modave.be\\\/wp-content\\\/uploads\\\/2025\\\/05\\\/Travaux-illustration-e1747735044257.png\",\"contentUrl\":\"https:\\\/\\\/www.modave.be\\\/wp-content\\\/uploads\\\/2025\\\/05\\\/Travaux-illustration-e1747735044257.png\",\"width\":1080,\"height\":540},{\"@type\":\"BreadcrumbList\",\"@id\":\"https:\\\/\\\/www.modave.be\\\/index.php\\\/services_communaux\\\/travaux-rue-fond-doxhe\\\/#breadcrumb\",\"itemListElement\":[{\"@type\":\"ListItem\",\"position\":1,\"name\":\"Accueil\",\"item\":\"https:\\\/\\\/www.modave.be\\\/\"},{\"@type\":\"ListItem\",\"position\":2,\"name\":\"Travaux | Rue Fond d&rsquo;Oxhe\"}]},{\"@type\":\"WebSite\",\"@id\":\"https:\\\/\\\/www.modave.be\\\/#website\",\"url\":\"https:\\\/\\\/www.modave.be\\\/\",\"name\":\"Commune de Modave\",\"description\":\"Commune de Modave\",\"publisher\":{\"@id\":\"https:\\\/\\\/www.modave.be\\\/#organization\"},\"potentialAction\":[{\"@type\":\"SearchAction\",\"target\":{\"@type\":\"EntryPoint\",\"urlTemplate\":\"https:\\\/\\\/www.modave.be\\\/?s={search_term_string}\"},\"query-input\":{\"@type\":\"PropertyValueSpecification\",\"valueRequired\":true,\"valueName\":\"search_term_string\"}}],\"inLanguage\":\"fr-FR\"},{\"@type\":\"Organization\",\"@id\":\"https:\\\/\\\/www.modave.be\\\/#organization\",\"name\":\"Commune de Modave\",\"url\":\"https:\\\/\\\/www.modave.be\\\/\",\"logo\":{\"@type\":\"ImageObject\",\"inLanguage\":\"fr-FR\",\"@id\":\"https:\\\/\\\/www.modave.be\\\/#\\\/schema\\\/logo\\\/image\\\/\",\"url\":\"https:\\\/\\\/www.modave.be\\\/wp-content\\\/uploads\\\/2021\\\/12\\\/MODAVE_LOGO_HORIZONTAL_QUADRI_RVB.png\",\"contentUrl\":\"https:\\\/\\\/www.modave.be\\\/wp-content\\\/uploads\\\/2021\\\/12\\\/MODAVE_LOGO_HORIZONTAL_QUADRI_RVB.png\",\"width\":1200,\"height\":501,\"caption\":\"Commune de Modave\"},\"image\":{\"@id\":\"https:\\\/\\\/www.modave.be\\\/#\\\/schema\\\/logo\\\/image\\\/\"}}]}<\/script>\n<!-- \/ Yoast SEO plugin. -->","yoast_head_json":{"title":"Travaux | Rue Fond d'Oxhe - Commune de Modave","robots":{"index":"index","follow":"follow","max-snippet":"max-snippet:-1","max-image-preview":"max-image-preview:large","max-video-preview":"max-video-preview:-1"},"canonical":"https:\/\/www.modave.be\/index.php\/services_communaux\/travaux-rue-fond-doxhe\/","og_locale":"fr_FR","og_type":"article","og_title":"Travaux | Rue Fond d'Oxhe - Commune de Modave","og_description":"Travaux en cours | Rue Fond d\u2019Oxhe (Commune d\u2019Amay) Depuis le 10 juin et jusqu\u2019au 4 juillet, des travaux de terrassement et de pose de filets d\u2019eau sont en cours rue Fond d\u2019Oxhe, sur le territoire de la commune d\u2019Amay. Ce chantier, bien qu\u2019initi\u00e9 par la commune voisine d\u2019Amay, a des r\u00e9percussions directes sur la&hellip;","og_url":"https:\/\/www.modave.be\/index.php\/services_communaux\/travaux-rue-fond-doxhe\/","og_site_name":"Commune de Modave","og_image":[{"width":1080,"height":540,"url":"https:\/\/www.modave.be\/wp-content\/uploads\/2025\/05\/Travaux-illustration-e1747735044257.png","type":"image\/png"}],"twitter_card":"summary_large_image","twitter_misc":{"Dur\u00e9e de lecture estim\u00e9e":"1 minute"},"schema":{"@context":"https:\/\/schema.org","@graph":[{"@type":"WebPage","@id":"https:\/\/www.modave.be\/index.php\/services_communaux\/travaux-rue-fond-doxhe\/","url":"https:\/\/www.modave.be\/index.php\/services_communaux\/travaux-rue-fond-doxhe\/","name":"Travaux | Rue Fond d'Oxhe - Commune de Modave","isPartOf":{"@id":"https:\/\/www.modave.be\/#website"},"primaryImageOfPage":{"@id":"https:\/\/www.modave.be\/index.php\/services_communaux\/travaux-rue-fond-doxhe\/#primaryimage"},"image":{"@id":"https:\/\/www.modave.be\/index.php\/services_communaux\/travaux-rue-fond-doxhe\/#primaryimage"},"thumbnailUrl":"https:\/\/www.modave.be\/wp-content\/uploads\/2025\/05\/Travaux-illustration-e1747735044257.png","datePublished":"2025-06-11T13:16:34+00:00","breadcrumb":{"@id":"https:\/\/www.modave.be\/index.php\/services_communaux\/travaux-rue-fond-doxhe\/#breadcrumb"},"inLanguage":"fr-FR","potentialAction":[{"@type":"ReadAction","target":["https:\/\/www.modave.be\/index.php\/services_communaux\/travaux-rue-fond-doxhe\/"]}]},{"@type":"ImageObject","inLanguage":"fr-FR","@id":"https:\/\/www.modave.be\/index.php\/services_communaux\/travaux-rue-fond-doxhe\/#primaryimage","url":"https:\/\/www.modave.be\/wp-content\/uploads\/2025\/05\/Travaux-illustration-e1747735044257.png","contentUrl":"https:\/\/www.modave.be\/wp-content\/uploads\/2025\/05\/Travaux-illustration-e1747735044257.png","width":1080,"height":540},{"@type":"BreadcrumbList","@id":"https:\/\/www.modave.be\/index.php\/services_communaux\/travaux-rue-fond-doxhe\/#breadcrumb","itemListElement":[{"@type":"ListItem","position":1,"name":"Accueil","item":"https:\/\/www.modave.be\/"},{"@type":"ListItem","position":2,"name":"Travaux | Rue Fond d&rsquo;Oxhe"}]},{"@type":"WebSite","@id":"https:\/\/www.modave.be\/#website","url":"https:\/\/www.modave.be\/","name":"Commune de Modave","description":"Commune de Modave","publisher":{"@id":"https:\/\/www.modave.be\/#organization"},"potentialAction":[{"@type":"SearchAction","target":{"@type":"EntryPoint","urlTemplate":"https:\/\/www.modave.be\/?s={search_term_string}"},"query-input":{"@type":"PropertyValueSpecification","valueRequired":true,"valueName":"search_term_string"}}],"inLanguage":"fr-FR"},{"@type":"Organization","@id":"https:\/\/www.modave.be\/#organization","name":"Commune de Modave","url":"https:\/\/www.modave.be\/","logo":{"@type":"ImageObject","inLanguage":"fr-FR","@id":"https:\/\/www.modave.be\/#\/schema\/logo\/image\/","url":"https:\/\/www.modave.be\/wp-content\/uploads\/2021\/12\/MODAVE_LOGO_HORIZONTAL_QUADRI_RVB.png","contentUrl":"https:\/\/www.modave.be\/wp-content\/uploads\/2021\/12\/MODAVE_LOGO_HORIZONTAL_QUADRI_RVB.png","width":1200,"height":501,"caption":"Commune de Modave"},"image":{"@id":"https:\/\/www.modave.be\/#\/schema\/logo\/image\/"}}]}},"_links":{"self":[{"href":"https:\/\/www.modave.be\/index.php\/wp-json\/wp\/v2\/services_communaux\/15826","targetHints":{"allow":["GET"]}}],"collection":[{"href":"https:\/\/www.modave.be\/index.php\/wp-json\/wp\/v2\/services_communaux"}],"about":[{"href":"https:\/\/www.modave.be\/index.php\/wp-json\/wp\/v2\/types\/services_communaux"}],"author":[{"embeddable":true,"href":"https:\/\/www.modave.be\/index.php\/wp-json\/wp\/v2\/users\/9"}],"wp:featuredmedia":[{"embeddable":true,"href":"https:\/\/www.modave.be\/index.php\/wp-json\/wp\/v2\/media\/15651"}],"wp:attachment":[{"href":"https:\/\/www.modave.be\/index.php\/wp-json\/wp\/v2\/media?parent=15826"}],"wp:term":[{"taxonomy":"category","embeddable":true,"href":"https:\/\/www.modave.be\/index.php\/wp-json\/wp\/v2\/categories?post=15826"}],"curies":[{"name":"wp","href":"https:\/\/api.w.org\/{rel}","templated":true}]}}

<h2 class="wp-block-heading"><strong>Travaux en cours | Rue Fond d’Oxhe (Commune d’Amay)</strong></h2>



<p>Depuis le 10 juin et <strong>jusqu’au 4 juillet</strong>, des travaux de terrassement et de pose de filets d’eau sont en cours rue Fond d’Oxhe, sur le territoire de la commune d’Amay.</p>



<p>Ce chantier, bien qu’initié par la commune voisine d’Amay, a des répercussions directes sur la circulation locale.</p>



<ul class="wp-block-list">
<li><strong>La voirie est actuellement fermée à la circulation</strong>,<strong> sauf pour les riverains</strong>.</li>



<li>Le stationnement est interdit entre le n°4 et la limite communale avec Modave.</li>



<li><strong>Une déviation est en place</strong> via la Route du Bois des Dames et la rue Lovine.</li>
</ul>



<p>Si vous le pouvez, pensez à adapter vos trajets. Ces travaux, bien que temporaires, permettront à terme d’améliorer l’évacuation des eaux et la sécurité de la voirie.</p>



<figure class="wp-block-image size-large"><img fetchpriority="high" decoding="async" width="1024" height="1024" src="https://www.modave.be/wp-content/uploads/2025/06/carte-Oxhe-1024x1024.png" alt="" class="wp-image-15827" srcset="https://www.modave.be/wp-content/uploads/2025/06/carte-Oxhe-1024x1024.png 1024w, https://www.modave.be/wp-content/uploads/2025/06/carte-Oxhe-300x300.png 300w, https://www.modave.be/wp-content/uploads/2025/06/carte-Oxhe-150x150.png 150w, https://www.modave.be/wp-content/uploads/2025/06/carte-Oxhe-768x768.png 768w, https://www.modave.be/wp-content/uploads/2025/06/carte-Oxhe.png 1080w" sizes="(max-width: 1024px) 100vw, 1024px" /></figure>



<p></p>

<p>Travaux en cours | Rue Fond d’Oxhe (Commune d’Amay) Depuis le 10 juin et jusqu’au 4 juillet, des travaux de terrassement et de pose de filets d’eau sont en cours rue Fond d’Oxhe, sur le territoire de la commune d’Amay. Ce chantier, bien qu’initié par la commune voisine d’Amay, a des répercussions directes sur la&hellip;</p>

<!-- This site is optimized with the Yoast SEO plugin v27.5 - https://yoast.com/product/yoast-seo-wordpress/ -->
<title>Travaux | Rue Fond d&#039;Oxhe - Commune de Modave</title>
<meta name="robots" content="index, follow, max-snippet:-1, max-image-preview:large, max-video-preview:-1" />
<link rel="canonical" href="https://www.modave.be/index.php/services_communaux/travaux-rue-fond-doxhe/" />
<meta property="og:locale" content="fr_FR" />
<meta property="og:type" content="article" />
<meta property="og:title" content="Travaux | Rue Fond d&#039;Oxhe - Commune de Modave" />
<meta property="og:description" content="Travaux en cours | Rue Fond d’Oxhe (Commune d’Amay) Depuis le 10 juin et jusqu’au 4 juillet, des travaux de terrassement et de pose de filets d’eau sont en cours rue Fond d’Oxhe, sur le territoire de la commune d’Amay. Ce chantier, bien qu’initié par la commune voisine d’Amay, a des répercussions directes sur la&hellip;" />
<meta property="og:url" content="https://www.modave.be/index.php/services_communaux/travaux-rue-fond-doxhe/" />
<meta property="og:site_name" content="Commune de Modave" />
<meta property="og:image" content="https://www.modave.be/wp-content/uploads/2025/05/Travaux-illustration-e1747735044257.png" />
	<meta property="og:image:width" content="1080" />
	<meta property="og:image:height" content="540" />
	<meta property="og:image:type" content="image/png" />
<meta name="twitter:card" content="summary_large_image" />
<meta name="twitter:label1" content="Durée de lecture estimée" />
	<meta name="twitter:data1" content="1 minute" />
<script type="application/ld+json" class="yoast-schema-graph">{"@context":"https:\/\/schema.org","@graph":[{"@type":"WebPage","@id":"https:\/\/www.modave.be\/index.php\/services_communaux\/travaux-rue-fond-doxhe\/","url":"https:\/\/www.modave.be\/index.php\/services_communaux\/travaux-rue-fond-doxhe\/","name":"Travaux | Rue Fond d'Oxhe - Commune de Modave","isPartOf":{"@id":"https:\/\/www.modave.be\/#website"},"primaryImageOfPage":{"@id":"https:\/\/www.modave.be\/index.php\/services_communaux\/travaux-rue-fond-doxhe\/#primaryimage"},"image":{"@id":"https:\/\/www.modave.be\/index.php\/services_communaux\/travaux-rue-fond-doxhe\/#primaryimage"},"thumbnailUrl":"https:\/\/www.modave.be\/wp-content\/uploads\/2025\/05\/Travaux-illustration-e1747735044257.png","datePublished":"2025-06-11T13:16:34+00:00","breadcrumb":{"@id":"https:\/\/www.modave.be\/index.php\/services_communaux\/travaux-rue-fond-doxhe\/#breadcrumb"},"inLanguage":"fr-FR","potentialAction":[{"@type":"ReadAction","target":["https:\/\/www.modave.be\/index.php\/services_communaux\/travaux-rue-fond-doxhe\/"]}]},{"@type":"ImageObject","inLanguage":"fr-FR","@id":"https:\/\/www.modave.be\/index.php\/services_communaux\/travaux-rue-fond-doxhe\/#primaryimage","url":"https:\/\/www.modave.be\/wp-content\/uploads\/2025\/05\/Travaux-illustration-e1747735044257.png","contentUrl":"https:\/\/www.modave.be\/wp-content\/uploads\/2025\/05\/Travaux-illustration-e1747735044257.png","width":1080,"height":540},{"@type":"BreadcrumbList","@id":"https:\/\/www.modave.be\/index.php\/services_communaux\/travaux-rue-fond-doxhe\/#breadcrumb","itemListElement":[{"@type":"ListItem","position":1,"name":"Accueil","item":"https:\/\/www.modave.be\/"},{"@type":"ListItem","position":2,"name":"Travaux | Rue Fond d&rsquo;Oxhe"}]},{"@type":"WebSite","@id":"https:\/\/www.modave.be\/#website","url":"https:\/\/www.modave.be\/","name":"Commune de Modave","description":"Commune de Modave","publisher":{"@id":"https:\/\/www.modave.be\/#organization"},"potentialAction":[{"@type":"SearchAction","target":{"@type":"EntryPoint","urlTemplate":"https:\/\/www.modave.be\/?s={search_term_string}"},"query-input":{"@type":"PropertyValueSpecification","valueRequired":true,"valueName":"search_term_string"}}],"inLanguage":"fr-FR"},{"@type":"Organization","@id":"https:\/\/www.modave.be\/#organization","name":"Commune de Modave","url":"https:\/\/www.modave.be\/","logo":{"@type":"ImageObject","inLanguage":"fr-FR","@id":"https:\/\/www.modave.be\/#\/schema\/logo\/image\/","url":"https:\/\/www.modave.be\/wp-content\/uploads\/2021\/12\/MODAVE_LOGO_HORIZONTAL_QUADRI_RVB.png","contentUrl":"https:\/\/www.modave.be\/wp-content\/uploads\/2021\/12\/MODAVE_LOGO_HORIZONTAL_QUADRI_RVB.png","width":1200,"height":501,"caption":"Commune de Modave"},"image":{"@id":"https:\/\/www.modave.be\/#\/schema\/logo\/image\/"}}]}</script>
<!-- / Yoast SEO plugin. -->

Travaux en cours | Rue Fond d’Oxhe (Commune d’Amay) Depuis le 10 juin et jusqu’au 4 juillet, des travaux de terrassement et de pose de filets d’eau sont en cours rue Fond d’Oxhe, sur le territoire de la commune d’Amay. Ce chantier, bien qu’initié par la commune voisine d’Amay, a des répercussions directes sur la&hellip;
