{"id":15838,"date":"2025-06-13T11:35:08","date_gmt":"2025-06-13T09:35:08","guid":{"rendered":"https:\/\/www.modave.be\/?post_type=services_communaux&#038;p=15838"},"modified":"2025-06-13T11:35:09","modified_gmt":"2025-06-13T09:35:09","slug":"exercice-militaire-du-14-au-16-juillet-2025","status":"publish","type":"services_communaux","link":"https:\/\/www.modave.be\/index.php\/services_communaux\/exercice-militaire-du-14-au-16-juillet-2025\/","title":{"rendered":"Exercice militaire | du 14 au 16 juillet 2025"},"content":{"rendered":"\n<h2 class=\"wp-block-heading\">Un petit mot pour vous informer<\/h2>\n\n\n\n<p><strong>Du 14 juillet \u00e0 16h au 16 juillet \u00e0 15h<\/strong>, des militaires s\u2019entra\u00eeneront dans notre r\u00e9gion (Marchin \/ Modave) dans le cadre d\u2019un exercice planifi\u00e9.<\/p>\n\n\n\n<blockquote class=\"wp-block-quote is-layout-flow wp-block-quote-is-layout-flow\">\n<p>Des tirs \u00e0 blanc sont pr\u00e9vus :<\/p>\n\n\n\n<ul class=\"wp-block-list\">\n<li>Le 15 juillet de 17h \u00e0 19h<\/li>\n\n\n\n<li>Le 16 juillet de 12h \u00e0 14h<\/li>\n<\/ul>\n<\/blockquote>\n\n\n\n<p>Quelques v\u00e9hicules militaires circuleront \u00e9galement dans la zone.<\/p>\n\n\n\n<p>Merci de votre compr\u00e9hension et de l\u2019accueil respectueux que vous r\u00e9serverez aux \u00e9quipes pr\u00e9sentes sur le terrain. Ces man\u0153uvres contribuent \u00e0 leur pr\u00e9paration\u2026 et \u00e0 notre s\u00e9curit\u00e9.<\/p>\n\n\n\n<figure class=\"wp-block-image size-full\"><img fetchpriority=\"high\" decoding=\"async\" width=\"1080\" height=\"1080\" src=\"https:\/\/www.modave.be\/wp-content\/uploads\/2025\/06\/Exercice.png\" alt=\"\" class=\"wp-image-15839\" srcset=\"https:\/\/www.modave.be\/wp-content\/uploads\/2025\/06\/Exercice.png 1080w, https:\/\/www.modave.be\/wp-content\/uploads\/2025\/06\/Exercice-300x300.png 300w, https:\/\/www.modave.be\/wp-content\/uploads\/2025\/06\/Exercice-1024x1024.png 1024w, https:\/\/www.modave.be\/wp-content\/uploads\/2025\/06\/Exercice-150x150.png 150w, https:\/\/www.modave.be\/wp-content\/uploads\/2025\/06\/Exercice-768x768.png 768w\" sizes=\"(max-width: 1080px) 100vw, 1080px\" \/><\/figure>\n","protected":false},"excerpt":{"rendered":"<p>Un petit mot pour vous informer Du 14 juillet \u00e0 16h au 16 juillet \u00e0 15h, des militaires s\u2019entra\u00eeneront dans notre r\u00e9gion (Marchin \/ Modave) dans le cadre d\u2019un exercice planifi\u00e9. Quelques v\u00e9hicules militaires circuleront \u00e9galement dans la zone. Merci de votre compr\u00e9hension et de l\u2019accueil respectueux que vous r\u00e9serverez aux \u00e9quipes pr\u00e9sentes sur le&hellip;<\/p>\n","protected":false},"author":9,"featured_media":15840,"menu_order":1,"template":"","categories":[1],"class_list":["post-15838","services_communaux","type-services_communaux","status-publish","has-post-thumbnail","hentry","category-non-classe","description-off"],"yoast_head":"<!-- This site is optimized with the Yoast SEO plugin v27.5 - https:\/\/yoast.com\/product\/yoast-seo-wordpress\/ -->\n<title>Exercice militaire | du 14 au 16 juillet 2025 - Commune de Modave<\/title>\n<meta name=\"robots\" content=\"index, follow, max-snippet:-1, max-image-preview:large, max-video-preview:-1\" \/>\n<link rel=\"canonical\" href=\"https:\/\/www.modave.be\/index.php\/services_communaux\/exercice-militaire-du-14-au-16-juillet-2025\/\" \/>\n<meta property=\"og:locale\" content=\"fr_FR\" \/>\n<meta property=\"og:type\" content=\"article\" \/>\n<meta property=\"og:title\" content=\"Exercice militaire | du 14 au 16 juillet 2025 - Commune de Modave\" \/>\n<meta property=\"og:description\" content=\"Un petit mot pour vous informer Du 14 juillet \u00e0 16h au 16 juillet \u00e0 15h, des militaires s\u2019entra\u00eeneront dans notre r\u00e9gion (Marchin \/ Modave) dans le cadre d\u2019un exercice planifi\u00e9. Quelques v\u00e9hicules militaires circuleront \u00e9galement dans la zone. Merci de votre compr\u00e9hension et de l\u2019accueil respectueux que vous r\u00e9serverez aux \u00e9quipes pr\u00e9sentes sur le&hellip;\" \/>\n<meta property=\"og:url\" content=\"https:\/\/www.modave.be\/index.php\/services_communaux\/exercice-militaire-du-14-au-16-juillet-2025\/\" \/>\n<meta property=\"og:site_name\" content=\"Commune de Modave\" \/>\n<meta property=\"article:modified_time\" content=\"2025-06-13T09:35:09+00:00\" \/>\n<meta property=\"og:image\" content=\"https:\/\/www.modave.be\/wp-content\/uploads\/2025\/06\/Exercice-1-e1749807275488.png\" \/>\n\t<meta property=\"og:image:width\" content=\"1080\" \/>\n\t<meta property=\"og:image:height\" content=\"540\" \/>\n\t<meta property=\"og:image:type\" content=\"image\/png\" \/>\n<meta name=\"twitter:card\" content=\"summary_large_image\" \/>\n<script type=\"application\/ld+json\" class=\"yoast-schema-graph\">{\"@context\":\"https:\\\/\\\/schema.org\",\"@graph\":[{\"@type\":\"WebPage\",\"@id\":\"https:\\\/\\\/www.modave.be\\\/index.php\\\/services_communaux\\\/exercice-militaire-du-14-au-16-juillet-2025\\\/\",\"url\":\"https:\\\/\\\/www.modave.be\\\/index.php\\\/services_communaux\\\/exercice-militaire-du-14-au-16-juillet-2025\\\/\",\"name\":\"Exercice militaire | du 14 au 16 juillet 2025 - Commune de Modave\",\"isPartOf\":{\"@id\":\"https:\\\/\\\/www.modave.be\\\/#website\"},\"primaryImageOfPage\":{\"@id\":\"https:\\\/\\\/www.modave.be\\\/index.php\\\/services_communaux\\\/exercice-militaire-du-14-au-16-juillet-2025\\\/#primaryimage\"},\"image\":{\"@id\":\"https:\\\/\\\/www.modave.be\\\/index.php\\\/services_communaux\\\/exercice-militaire-du-14-au-16-juillet-2025\\\/#primaryimage\"},\"thumbnailUrl\":\"https:\\\/\\\/www.modave.be\\\/wp-content\\\/uploads\\\/2025\\\/06\\\/Exercice-1-e1749807275488.png\",\"datePublished\":\"2025-06-13T09:35:08+00:00\",\"dateModified\":\"2025-06-13T09:35:09+00:00\",\"breadcrumb\":{\"@id\":\"https:\\\/\\\/www.modave.be\\\/index.php\\\/services_communaux\\\/exercice-militaire-du-14-au-16-juillet-2025\\\/#breadcrumb\"},\"inLanguage\":\"fr-FR\",\"potentialAction\":[{\"@type\":\"ReadAction\",\"target\":[\"https:\\\/\\\/www.modave.be\\\/index.php\\\/services_communaux\\\/exercice-militaire-du-14-au-16-juillet-2025\\\/\"]}]},{\"@type\":\"ImageObject\",\"inLanguage\":\"fr-FR\",\"@id\":\"https:\\\/\\\/www.modave.be\\\/index.php\\\/services_communaux\\\/exercice-militaire-du-14-au-16-juillet-2025\\\/#primaryimage\",\"url\":\"https:\\\/\\\/www.modave.be\\\/wp-content\\\/uploads\\\/2025\\\/06\\\/Exercice-1-e1749807275488.png\",\"contentUrl\":\"https:\\\/\\\/www.modave.be\\\/wp-content\\\/uploads\\\/2025\\\/06\\\/Exercice-1-e1749807275488.png\",\"width\":1080,\"height\":540},{\"@type\":\"BreadcrumbList\",\"@id\":\"https:\\\/\\\/www.modave.be\\\/index.php\\\/services_communaux\\\/exercice-militaire-du-14-au-16-juillet-2025\\\/#breadcrumb\",\"itemListElement\":[{\"@type\":\"ListItem\",\"position\":1,\"name\":\"Accueil\",\"item\":\"https:\\\/\\\/www.modave.be\\\/\"},{\"@type\":\"ListItem\",\"position\":2,\"name\":\"Exercice militaire | du 14 au 16 juillet 2025\"}]},{\"@type\":\"WebSite\",\"@id\":\"https:\\\/\\\/www.modave.be\\\/#website\",\"url\":\"https:\\\/\\\/www.modave.be\\\/\",\"name\":\"Commune de Modave\",\"description\":\"Commune de Modave\",\"publisher\":{\"@id\":\"https:\\\/\\\/www.modave.be\\\/#organization\"},\"potentialAction\":[{\"@type\":\"SearchAction\",\"target\":{\"@type\":\"EntryPoint\",\"urlTemplate\":\"https:\\\/\\\/www.modave.be\\\/?s={search_term_string}\"},\"query-input\":{\"@type\":\"PropertyValueSpecification\",\"valueRequired\":true,\"valueName\":\"search_term_string\"}}],\"inLanguage\":\"fr-FR\"},{\"@type\":\"Organization\",\"@id\":\"https:\\\/\\\/www.modave.be\\\/#organization\",\"name\":\"Commune de Modave\",\"url\":\"https:\\\/\\\/www.modave.be\\\/\",\"logo\":{\"@type\":\"ImageObject\",\"inLanguage\":\"fr-FR\",\"@id\":\"https:\\\/\\\/www.modave.be\\\/#\\\/schema\\\/logo\\\/image\\\/\",\"url\":\"https:\\\/\\\/www.modave.be\\\/wp-content\\\/uploads\\\/2021\\\/12\\\/MODAVE_LOGO_HORIZONTAL_QUADRI_RVB.png\",\"contentUrl\":\"https:\\\/\\\/www.modave.be\\\/wp-content\\\/uploads\\\/2021\\\/12\\\/MODAVE_LOGO_HORIZONTAL_QUADRI_RVB.png\",\"width\":1200,\"height\":501,\"caption\":\"Commune de Modave\"},\"image\":{\"@id\":\"https:\\\/\\\/www.modave.be\\\/#\\\/schema\\\/logo\\\/image\\\/\"}}]}<\/script>\n<!-- \/ Yoast SEO plugin. -->","yoast_head_json":{"title":"Exercice militaire | du 14 au 16 juillet 2025 - Commune de Modave","robots":{"index":"index","follow":"follow","max-snippet":"max-snippet:-1","max-image-preview":"max-image-preview:large","max-video-preview":"max-video-preview:-1"},"canonical":"https:\/\/www.modave.be\/index.php\/services_communaux\/exercice-militaire-du-14-au-16-juillet-2025\/","og_locale":"fr_FR","og_type":"article","og_title":"Exercice militaire | du 14 au 16 juillet 2025 - Commune de Modave","og_description":"Un petit mot pour vous informer Du 14 juillet \u00e0 16h au 16 juillet \u00e0 15h, des militaires s\u2019entra\u00eeneront dans notre r\u00e9gion (Marchin \/ Modave) dans le cadre d\u2019un exercice planifi\u00e9. Quelques v\u00e9hicules militaires circuleront \u00e9galement dans la zone. Merci de votre compr\u00e9hension et de l\u2019accueil respectueux que vous r\u00e9serverez aux \u00e9quipes pr\u00e9sentes sur le&hellip;","og_url":"https:\/\/www.modave.be\/index.php\/services_communaux\/exercice-militaire-du-14-au-16-juillet-2025\/","og_site_name":"Commune de Modave","article_modified_time":"2025-06-13T09:35:09+00:00","og_image":[{"width":1080,"height":540,"url":"https:\/\/www.modave.be\/wp-content\/uploads\/2025\/06\/Exercice-1-e1749807275488.png","type":"image\/png"}],"twitter_card":"summary_large_image","schema":{"@context":"https:\/\/schema.org","@graph":[{"@type":"WebPage","@id":"https:\/\/www.modave.be\/index.php\/services_communaux\/exercice-militaire-du-14-au-16-juillet-2025\/","url":"https:\/\/www.modave.be\/index.php\/services_communaux\/exercice-militaire-du-14-au-16-juillet-2025\/","name":"Exercice militaire | du 14 au 16 juillet 2025 - Commune de Modave","isPartOf":{"@id":"https:\/\/www.modave.be\/#website"},"primaryImageOfPage":{"@id":"https:\/\/www.modave.be\/index.php\/services_communaux\/exercice-militaire-du-14-au-16-juillet-2025\/#primaryimage"},"image":{"@id":"https:\/\/www.modave.be\/index.php\/services_communaux\/exercice-militaire-du-14-au-16-juillet-2025\/#primaryimage"},"thumbnailUrl":"https:\/\/www.modave.be\/wp-content\/uploads\/2025\/06\/Exercice-1-e1749807275488.png","datePublished":"2025-06-13T09:35:08+00:00","dateModified":"2025-06-13T09:35:09+00:00","breadcrumb":{"@id":"https:\/\/www.modave.be\/index.php\/services_communaux\/exercice-militaire-du-14-au-16-juillet-2025\/#breadcrumb"},"inLanguage":"fr-FR","potentialAction":[{"@type":"ReadAction","target":["https:\/\/www.modave.be\/index.php\/services_communaux\/exercice-militaire-du-14-au-16-juillet-2025\/"]}]},{"@type":"ImageObject","inLanguage":"fr-FR","@id":"https:\/\/www.modave.be\/index.php\/services_communaux\/exercice-militaire-du-14-au-16-juillet-2025\/#primaryimage","url":"https:\/\/www.modave.be\/wp-content\/uploads\/2025\/06\/Exercice-1-e1749807275488.png","contentUrl":"https:\/\/www.modave.be\/wp-content\/uploads\/2025\/06\/Exercice-1-e1749807275488.png","width":1080,"height":540},{"@type":"BreadcrumbList","@id":"https:\/\/www.modave.be\/index.php\/services_communaux\/exercice-militaire-du-14-au-16-juillet-2025\/#breadcrumb","itemListElement":[{"@type":"ListItem","position":1,"name":"Accueil","item":"https:\/\/www.modave.be\/"},{"@type":"ListItem","position":2,"name":"Exercice militaire | du 14 au 16 juillet 2025"}]},{"@type":"WebSite","@id":"https:\/\/www.modave.be\/#website","url":"https:\/\/www.modave.be\/","name":"Commune de Modave","description":"Commune de Modave","publisher":{"@id":"https:\/\/www.modave.be\/#organization"},"potentialAction":[{"@type":"SearchAction","target":{"@type":"EntryPoint","urlTemplate":"https:\/\/www.modave.be\/?s={search_term_string}"},"query-input":{"@type":"PropertyValueSpecification","valueRequired":true,"valueName":"search_term_string"}}],"inLanguage":"fr-FR"},{"@type":"Organization","@id":"https:\/\/www.modave.be\/#organization","name":"Commune de Modave","url":"https:\/\/www.modave.be\/","logo":{"@type":"ImageObject","inLanguage":"fr-FR","@id":"https:\/\/www.modave.be\/#\/schema\/logo\/image\/","url":"https:\/\/www.modave.be\/wp-content\/uploads\/2021\/12\/MODAVE_LOGO_HORIZONTAL_QUADRI_RVB.png","contentUrl":"https:\/\/www.modave.be\/wp-content\/uploads\/2021\/12\/MODAVE_LOGO_HORIZONTAL_QUADRI_RVB.png","width":1200,"height":501,"caption":"Commune de Modave"},"image":{"@id":"https:\/\/www.modave.be\/#\/schema\/logo\/image\/"}}]}},"_links":{"self":[{"href":"https:\/\/www.modave.be\/index.php\/wp-json\/wp\/v2\/services_communaux\/15838","targetHints":{"allow":["GET"]}}],"collection":[{"href":"https:\/\/www.modave.be\/index.php\/wp-json\/wp\/v2\/services_communaux"}],"about":[{"href":"https:\/\/www.modave.be\/index.php\/wp-json\/wp\/v2\/types\/services_communaux"}],"author":[{"embeddable":true,"href":"https:\/\/www.modave.be\/index.php\/wp-json\/wp\/v2\/users\/9"}],"wp:featuredmedia":[{"embeddable":true,"href":"https:\/\/www.modave.be\/index.php\/wp-json\/wp\/v2\/media\/15840"}],"wp:attachment":[{"href":"https:\/\/www.modave.be\/index.php\/wp-json\/wp\/v2\/media?parent=15838"}],"wp:term":[{"taxonomy":"category","embeddable":true,"href":"https:\/\/www.modave.be\/index.php\/wp-json\/wp\/v2\/categories?post=15838"}],"curies":[{"name":"wp","href":"https:\/\/api.w.org\/{rel}","templated":true}]}}

<h2 class="wp-block-heading">Un petit mot pour vous informer</h2>



<p><strong>Du 14 juillet à 16h au 16 juillet à 15h</strong>, des militaires s’entraîneront dans notre région (Marchin / Modave) dans le cadre d’un exercice planifié.</p>



<blockquote class="wp-block-quote is-layout-flow wp-block-quote-is-layout-flow">
<p>Des tirs à blanc sont prévus :</p>



<ul class="wp-block-list">
<li>Le 15 juillet de 17h à 19h</li>



<li>Le 16 juillet de 12h à 14h</li>
</ul>
</blockquote>



<p>Quelques véhicules militaires circuleront également dans la zone.</p>



<p>Merci de votre compréhension et de l’accueil respectueux que vous réserverez aux équipes présentes sur le terrain. Ces manœuvres contribuent à leur préparation… et à notre sécurité.</p>



<figure class="wp-block-image size-full"><img fetchpriority="high" decoding="async" width="1080" height="1080" src="https://www.modave.be/wp-content/uploads/2025/06/Exercice.png" alt="" class="wp-image-15839" srcset="https://www.modave.be/wp-content/uploads/2025/06/Exercice.png 1080w, https://www.modave.be/wp-content/uploads/2025/06/Exercice-300x300.png 300w, https://www.modave.be/wp-content/uploads/2025/06/Exercice-1024x1024.png 1024w, https://www.modave.be/wp-content/uploads/2025/06/Exercice-150x150.png 150w, https://www.modave.be/wp-content/uploads/2025/06/Exercice-768x768.png 768w" sizes="(max-width: 1080px) 100vw, 1080px" /></figure>

<p>Un petit mot pour vous informer Du 14 juillet à 16h au 16 juillet à 15h, des militaires s’entraîneront dans notre région (Marchin / Modave) dans le cadre d’un exercice planifié. Quelques véhicules militaires circuleront également dans la zone. Merci de votre compréhension et de l’accueil respectueux que vous réserverez aux équipes présentes sur le&hellip;</p>

<!-- This site is optimized with the Yoast SEO plugin v27.5 - https://yoast.com/product/yoast-seo-wordpress/ -->
<title>Exercice militaire | du 14 au 16 juillet 2025 - Commune de Modave</title>
<meta name="robots" content="index, follow, max-snippet:-1, max-image-preview:large, max-video-preview:-1" />
<link rel="canonical" href="https://www.modave.be/index.php/services_communaux/exercice-militaire-du-14-au-16-juillet-2025/" />
<meta property="og:locale" content="fr_FR" />
<meta property="og:type" content="article" />
<meta property="og:title" content="Exercice militaire | du 14 au 16 juillet 2025 - Commune de Modave" />
<meta property="og:description" content="Un petit mot pour vous informer Du 14 juillet à 16h au 16 juillet à 15h, des militaires s’entraîneront dans notre région (Marchin / Modave) dans le cadre d’un exercice planifié. Quelques véhicules militaires circuleront également dans la zone. Merci de votre compréhension et de l’accueil respectueux que vous réserverez aux équipes présentes sur le&hellip;" />
<meta property="og:url" content="https://www.modave.be/index.php/services_communaux/exercice-militaire-du-14-au-16-juillet-2025/" />
<meta property="og:site_name" content="Commune de Modave" />
<meta property="article:modified_time" content="2025-06-13T09:35:09+00:00" />
<meta property="og:image" content="https://www.modave.be/wp-content/uploads/2025/06/Exercice-1-e1749807275488.png" />
	<meta property="og:image:width" content="1080" />
	<meta property="og:image:height" content="540" />
	<meta property="og:image:type" content="image/png" />
<meta name="twitter:card" content="summary_large_image" />
<script type="application/ld+json" class="yoast-schema-graph">{"@context":"https:\/\/schema.org","@graph":[{"@type":"WebPage","@id":"https:\/\/www.modave.be\/index.php\/services_communaux\/exercice-militaire-du-14-au-16-juillet-2025\/","url":"https:\/\/www.modave.be\/index.php\/services_communaux\/exercice-militaire-du-14-au-16-juillet-2025\/","name":"Exercice militaire | du 14 au 16 juillet 2025 - Commune de Modave","isPartOf":{"@id":"https:\/\/www.modave.be\/#website"},"primaryImageOfPage":{"@id":"https:\/\/www.modave.be\/index.php\/services_communaux\/exercice-militaire-du-14-au-16-juillet-2025\/#primaryimage"},"image":{"@id":"https:\/\/www.modave.be\/index.php\/services_communaux\/exercice-militaire-du-14-au-16-juillet-2025\/#primaryimage"},"thumbnailUrl":"https:\/\/www.modave.be\/wp-content\/uploads\/2025\/06\/Exercice-1-e1749807275488.png","datePublished":"2025-06-13T09:35:08+00:00","dateModified":"2025-06-13T09:35:09+00:00","breadcrumb":{"@id":"https:\/\/www.modave.be\/index.php\/services_communaux\/exercice-militaire-du-14-au-16-juillet-2025\/#breadcrumb"},"inLanguage":"fr-FR","potentialAction":[{"@type":"ReadAction","target":["https:\/\/www.modave.be\/index.php\/services_communaux\/exercice-militaire-du-14-au-16-juillet-2025\/"]}]},{"@type":"ImageObject","inLanguage":"fr-FR","@id":"https:\/\/www.modave.be\/index.php\/services_communaux\/exercice-militaire-du-14-au-16-juillet-2025\/#primaryimage","url":"https:\/\/www.modave.be\/wp-content\/uploads\/2025\/06\/Exercice-1-e1749807275488.png","contentUrl":"https:\/\/www.modave.be\/wp-content\/uploads\/2025\/06\/Exercice-1-e1749807275488.png","width":1080,"height":540},{"@type":"BreadcrumbList","@id":"https:\/\/www.modave.be\/index.php\/services_communaux\/exercice-militaire-du-14-au-16-juillet-2025\/#breadcrumb","itemListElement":[{"@type":"ListItem","position":1,"name":"Accueil","item":"https:\/\/www.modave.be\/"},{"@type":"ListItem","position":2,"name":"Exercice militaire | du 14 au 16 juillet 2025"}]},{"@type":"WebSite","@id":"https:\/\/www.modave.be\/#website","url":"https:\/\/www.modave.be\/","name":"Commune de Modave","description":"Commune de Modave","publisher":{"@id":"https:\/\/www.modave.be\/#organization"},"potentialAction":[{"@type":"SearchAction","target":{"@type":"EntryPoint","urlTemplate":"https:\/\/www.modave.be\/?s={search_term_string}"},"query-input":{"@type":"PropertyValueSpecification","valueRequired":true,"valueName":"search_term_string"}}],"inLanguage":"fr-FR"},{"@type":"Organization","@id":"https:\/\/www.modave.be\/#organization","name":"Commune de Modave","url":"https:\/\/www.modave.be\/","logo":{"@type":"ImageObject","inLanguage":"fr-FR","@id":"https:\/\/www.modave.be\/#\/schema\/logo\/image\/","url":"https:\/\/www.modave.be\/wp-content\/uploads\/2021\/12\/MODAVE_LOGO_HORIZONTAL_QUADRI_RVB.png","contentUrl":"https:\/\/www.modave.be\/wp-content\/uploads\/2021\/12\/MODAVE_LOGO_HORIZONTAL_QUADRI_RVB.png","width":1200,"height":501,"caption":"Commune de Modave"},"image":{"@id":"https:\/\/www.modave.be\/#\/schema\/logo\/image\/"}}]}</script>
<!-- / Yoast SEO plugin. -->

Un petit mot pour vous informer Du 14 juillet à 16h au 16 juillet à 15h, des militaires s’entraîneront dans notre région (Marchin / Modave) dans le cadre d’un exercice planifié. Quelques véhicules militaires circuleront également dans la zone. Merci de votre compréhension et de l’accueil respectueux que vous réserverez aux équipes présentes sur le&hellip;
