{"id":15947,"date":"2025-06-24T08:00:00","date_gmt":"2025-06-24T06:00:00","guid":{"rendered":"https:\/\/www.modave.be\/?post_type=services_communaux&#038;p=15947"},"modified":"2025-06-24T08:43:41","modified_gmt":"2025-06-24T06:43:41","slug":"greve-nat-du-25-juin-perturbations-a-prevoir","status":"publish","type":"services_communaux","link":"https:\/\/www.modave.be\/index.php\/services_communaux\/greve-nat-du-25-juin-perturbations-a-prevoir\/","title":{"rendered":"Gr\u00e8ve nationale du 25 juin | Perturbations \u00e0 pr\u00e9voir"},"content":{"rendered":"\n<h2 class=\"wp-block-heading\"><strong>Fermeture exceptionnelle du service Population ce mercredi 25 juin apr\u00e8s-midi<\/strong><\/h2>\n\n\n\n<p>En raison du mouvement de <strong>gr\u00e8ve nationale<\/strong>, les <strong>locaux du service Population<\/strong> seront exceptionnellement <strong>ferm\u00e9s l\u2019apr\u00e8s-midi du mercredi 25 juin<\/strong>.<\/p>\n\n\n\n<blockquote class=\"wp-block-quote is-layout-flow wp-block-quote-is-layout-flow\">\n<p>Le service restera toutefois <strong>accessible en matin\u00e9e<\/strong>, selon les horaires habituels.<\/p>\n<\/blockquote>\n\n\n\n<p>Merci pour votre compr\u00e9hension.<\/p>\n\n\n\n<figure class=\"wp-block-image size-large\"><img fetchpriority=\"high\" decoding=\"async\" width=\"1024\" height=\"1024\" src=\"https:\/\/www.modave.be\/wp-content\/uploads\/2025\/06\/Greve-du-25-juin-1024x1024.png\" alt=\"\" class=\"wp-image-15948\" srcset=\"https:\/\/www.modave.be\/wp-content\/uploads\/2025\/06\/Greve-du-25-juin-1024x1024.png 1024w, https:\/\/www.modave.be\/wp-content\/uploads\/2025\/06\/Greve-du-25-juin-300x300.png 300w, https:\/\/www.modave.be\/wp-content\/uploads\/2025\/06\/Greve-du-25-juin-150x150.png 150w, https:\/\/www.modave.be\/wp-content\/uploads\/2025\/06\/Greve-du-25-juin-768x768.png 768w, https:\/\/www.modave.be\/wp-content\/uploads\/2025\/06\/Greve-du-25-juin.png 1080w\" sizes=\"(max-width: 1024px) 100vw, 1024px\" \/><\/figure>\n","protected":false},"excerpt":{"rendered":"<p>Fermeture exceptionnelle du service Population ce mercredi 25 juin apr\u00e8s-midi En raison du mouvement de gr\u00e8ve nationale, les locaux du service Population seront exceptionnellement ferm\u00e9s l\u2019apr\u00e8s-midi du mercredi 25 juin. Le service restera toutefois accessible en matin\u00e9e, selon les horaires habituels. Merci pour votre compr\u00e9hension.<\/p>\n","protected":false},"author":9,"featured_media":15892,"menu_order":0,"template":"","categories":[205],"class_list":["post-15947","services_communaux","type-services_communaux","status-publish","has-post-thumbnail","hentry","category-population","description-off"],"yoast_head":"<!-- This site is optimized with the Yoast SEO plugin v27.4 - https:\/\/yoast.com\/product\/yoast-seo-wordpress\/ -->\n<title>Gr\u00e8ve nationale du 25 juin | Perturbations \u00e0 pr\u00e9voir - Commune de Modave<\/title>\n<meta name=\"robots\" content=\"index, follow, max-snippet:-1, max-image-preview:large, max-video-preview:-1\" \/>\n<link rel=\"canonical\" href=\"https:\/\/www.modave.be\/index.php\/services_communaux\/greve-nat-du-25-juin-perturbations-a-prevoir\/\" \/>\n<meta property=\"og:locale\" content=\"fr_FR\" \/>\n<meta property=\"og:type\" content=\"article\" \/>\n<meta property=\"og:title\" content=\"Gr\u00e8ve nationale du 25 juin | Perturbations \u00e0 pr\u00e9voir - Commune de Modave\" \/>\n<meta property=\"og:description\" content=\"Fermeture exceptionnelle du service Population ce mercredi 25 juin apr\u00e8s-midi En raison du mouvement de gr\u00e8ve nationale, les locaux du service Population seront exceptionnellement ferm\u00e9s l\u2019apr\u00e8s-midi du mercredi 25 juin. Le service restera toutefois accessible en matin\u00e9e, selon les horaires habituels. Merci pour votre compr\u00e9hension.\" \/>\n<meta property=\"og:url\" content=\"https:\/\/www.modave.be\/index.php\/services_communaux\/greve-nat-du-25-juin-perturbations-a-prevoir\/\" \/>\n<meta property=\"og:site_name\" content=\"Commune de Modave\" \/>\n<meta property=\"article:modified_time\" content=\"2025-06-24T06:43:41+00:00\" \/>\n<meta property=\"og:image\" content=\"https:\/\/www.modave.be\/wp-content\/uploads\/2025\/06\/Grandes-Questions-11-scaled-e1750084918751.jpg\" \/>\n\t<meta property=\"og:image:width\" content=\"2560\" \/>\n\t<meta property=\"og:image:height\" content=\"1280\" \/>\n\t<meta property=\"og:image:type\" content=\"image\/jpeg\" \/>\n<meta name=\"twitter:card\" content=\"summary_large_image\" \/>\n<script type=\"application\/ld+json\" class=\"yoast-schema-graph\">{\"@context\":\"https:\\\/\\\/schema.org\",\"@graph\":[{\"@type\":\"WebPage\",\"@id\":\"https:\\\/\\\/www.modave.be\\\/index.php\\\/services_communaux\\\/greve-nat-du-25-juin-perturbations-a-prevoir\\\/\",\"url\":\"https:\\\/\\\/www.modave.be\\\/index.php\\\/services_communaux\\\/greve-nat-du-25-juin-perturbations-a-prevoir\\\/\",\"name\":\"Gr\u00e8ve nationale du 25 juin | Perturbations \u00e0 pr\u00e9voir - Commune de Modave\",\"isPartOf\":{\"@id\":\"https:\\\/\\\/www.modave.be\\\/#website\"},\"primaryImageOfPage\":{\"@id\":\"https:\\\/\\\/www.modave.be\\\/index.php\\\/services_communaux\\\/greve-nat-du-25-juin-perturbations-a-prevoir\\\/#primaryimage\"},\"image\":{\"@id\":\"https:\\\/\\\/www.modave.be\\\/index.php\\\/services_communaux\\\/greve-nat-du-25-juin-perturbations-a-prevoir\\\/#primaryimage\"},\"thumbnailUrl\":\"https:\\\/\\\/www.modave.be\\\/wp-content\\\/uploads\\\/2025\\\/06\\\/Grandes-Questions-11-scaled-e1750084918751.jpg\",\"datePublished\":\"2025-06-24T06:00:00+00:00\",\"dateModified\":\"2025-06-24T06:43:41+00:00\",\"breadcrumb\":{\"@id\":\"https:\\\/\\\/www.modave.be\\\/index.php\\\/services_communaux\\\/greve-nat-du-25-juin-perturbations-a-prevoir\\\/#breadcrumb\"},\"inLanguage\":\"fr-FR\",\"potentialAction\":[{\"@type\":\"ReadAction\",\"target\":[\"https:\\\/\\\/www.modave.be\\\/index.php\\\/services_communaux\\\/greve-nat-du-25-juin-perturbations-a-prevoir\\\/\"]}]},{\"@type\":\"ImageObject\",\"inLanguage\":\"fr-FR\",\"@id\":\"https:\\\/\\\/www.modave.be\\\/index.php\\\/services_communaux\\\/greve-nat-du-25-juin-perturbations-a-prevoir\\\/#primaryimage\",\"url\":\"https:\\\/\\\/www.modave.be\\\/wp-content\\\/uploads\\\/2025\\\/06\\\/Grandes-Questions-11-scaled-e1750084918751.jpg\",\"contentUrl\":\"https:\\\/\\\/www.modave.be\\\/wp-content\\\/uploads\\\/2025\\\/06\\\/Grandes-Questions-11-scaled-e1750084918751.jpg\",\"width\":2560,\"height\":1280},{\"@type\":\"BreadcrumbList\",\"@id\":\"https:\\\/\\\/www.modave.be\\\/index.php\\\/services_communaux\\\/greve-nat-du-25-juin-perturbations-a-prevoir\\\/#breadcrumb\",\"itemListElement\":[{\"@type\":\"ListItem\",\"position\":1,\"name\":\"Accueil\",\"item\":\"https:\\\/\\\/www.modave.be\\\/\"},{\"@type\":\"ListItem\",\"position\":2,\"name\":\"Gr\u00e8ve nationale du 25 juin | Perturbations \u00e0 pr\u00e9voir\"}]},{\"@type\":\"WebSite\",\"@id\":\"https:\\\/\\\/www.modave.be\\\/#website\",\"url\":\"https:\\\/\\\/www.modave.be\\\/\",\"name\":\"Commune de Modave\",\"description\":\"Commune de Modave\",\"publisher\":{\"@id\":\"https:\\\/\\\/www.modave.be\\\/#organization\"},\"potentialAction\":[{\"@type\":\"SearchAction\",\"target\":{\"@type\":\"EntryPoint\",\"urlTemplate\":\"https:\\\/\\\/www.modave.be\\\/?s={search_term_string}\"},\"query-input\":{\"@type\":\"PropertyValueSpecification\",\"valueRequired\":true,\"valueName\":\"search_term_string\"}}],\"inLanguage\":\"fr-FR\"},{\"@type\":\"Organization\",\"@id\":\"https:\\\/\\\/www.modave.be\\\/#organization\",\"name\":\"Commune de Modave\",\"url\":\"https:\\\/\\\/www.modave.be\\\/\",\"logo\":{\"@type\":\"ImageObject\",\"inLanguage\":\"fr-FR\",\"@id\":\"https:\\\/\\\/www.modave.be\\\/#\\\/schema\\\/logo\\\/image\\\/\",\"url\":\"https:\\\/\\\/www.modave.be\\\/wp-content\\\/uploads\\\/2021\\\/12\\\/MODAVE_LOGO_HORIZONTAL_QUADRI_RVB.png\",\"contentUrl\":\"https:\\\/\\\/www.modave.be\\\/wp-content\\\/uploads\\\/2021\\\/12\\\/MODAVE_LOGO_HORIZONTAL_QUADRI_RVB.png\",\"width\":1200,\"height\":501,\"caption\":\"Commune de Modave\"},\"image\":{\"@id\":\"https:\\\/\\\/www.modave.be\\\/#\\\/schema\\\/logo\\\/image\\\/\"}}]}<\/script>\n<!-- \/ Yoast SEO plugin. -->","yoast_head_json":{"title":"Gr\u00e8ve nationale du 25 juin | Perturbations \u00e0 pr\u00e9voir - Commune de Modave","robots":{"index":"index","follow":"follow","max-snippet":"max-snippet:-1","max-image-preview":"max-image-preview:large","max-video-preview":"max-video-preview:-1"},"canonical":"https:\/\/www.modave.be\/index.php\/services_communaux\/greve-nat-du-25-juin-perturbations-a-prevoir\/","og_locale":"fr_FR","og_type":"article","og_title":"Gr\u00e8ve nationale du 25 juin | Perturbations \u00e0 pr\u00e9voir - Commune de Modave","og_description":"Fermeture exceptionnelle du service Population ce mercredi 25 juin apr\u00e8s-midi En raison du mouvement de gr\u00e8ve nationale, les locaux du service Population seront exceptionnellement ferm\u00e9s l\u2019apr\u00e8s-midi du mercredi 25 juin. Le service restera toutefois accessible en matin\u00e9e, selon les horaires habituels. Merci pour votre compr\u00e9hension.","og_url":"https:\/\/www.modave.be\/index.php\/services_communaux\/greve-nat-du-25-juin-perturbations-a-prevoir\/","og_site_name":"Commune de Modave","article_modified_time":"2025-06-24T06:43:41+00:00","og_image":[{"width":2560,"height":1280,"url":"https:\/\/www.modave.be\/wp-content\/uploads\/2025\/06\/Grandes-Questions-11-scaled-e1750084918751.jpg","type":"image\/jpeg"}],"twitter_card":"summary_large_image","schema":{"@context":"https:\/\/schema.org","@graph":[{"@type":"WebPage","@id":"https:\/\/www.modave.be\/index.php\/services_communaux\/greve-nat-du-25-juin-perturbations-a-prevoir\/","url":"https:\/\/www.modave.be\/index.php\/services_communaux\/greve-nat-du-25-juin-perturbations-a-prevoir\/","name":"Gr\u00e8ve nationale du 25 juin | Perturbations \u00e0 pr\u00e9voir - Commune de Modave","isPartOf":{"@id":"https:\/\/www.modave.be\/#website"},"primaryImageOfPage":{"@id":"https:\/\/www.modave.be\/index.php\/services_communaux\/greve-nat-du-25-juin-perturbations-a-prevoir\/#primaryimage"},"image":{"@id":"https:\/\/www.modave.be\/index.php\/services_communaux\/greve-nat-du-25-juin-perturbations-a-prevoir\/#primaryimage"},"thumbnailUrl":"https:\/\/www.modave.be\/wp-content\/uploads\/2025\/06\/Grandes-Questions-11-scaled-e1750084918751.jpg","datePublished":"2025-06-24T06:00:00+00:00","dateModified":"2025-06-24T06:43:41+00:00","breadcrumb":{"@id":"https:\/\/www.modave.be\/index.php\/services_communaux\/greve-nat-du-25-juin-perturbations-a-prevoir\/#breadcrumb"},"inLanguage":"fr-FR","potentialAction":[{"@type":"ReadAction","target":["https:\/\/www.modave.be\/index.php\/services_communaux\/greve-nat-du-25-juin-perturbations-a-prevoir\/"]}]},{"@type":"ImageObject","inLanguage":"fr-FR","@id":"https:\/\/www.modave.be\/index.php\/services_communaux\/greve-nat-du-25-juin-perturbations-a-prevoir\/#primaryimage","url":"https:\/\/www.modave.be\/wp-content\/uploads\/2025\/06\/Grandes-Questions-11-scaled-e1750084918751.jpg","contentUrl":"https:\/\/www.modave.be\/wp-content\/uploads\/2025\/06\/Grandes-Questions-11-scaled-e1750084918751.jpg","width":2560,"height":1280},{"@type":"BreadcrumbList","@id":"https:\/\/www.modave.be\/index.php\/services_communaux\/greve-nat-du-25-juin-perturbations-a-prevoir\/#breadcrumb","itemListElement":[{"@type":"ListItem","position":1,"name":"Accueil","item":"https:\/\/www.modave.be\/"},{"@type":"ListItem","position":2,"name":"Gr\u00e8ve nationale du 25 juin | Perturbations \u00e0 pr\u00e9voir"}]},{"@type":"WebSite","@id":"https:\/\/www.modave.be\/#website","url":"https:\/\/www.modave.be\/","name":"Commune de Modave","description":"Commune de Modave","publisher":{"@id":"https:\/\/www.modave.be\/#organization"},"potentialAction":[{"@type":"SearchAction","target":{"@type":"EntryPoint","urlTemplate":"https:\/\/www.modave.be\/?s={search_term_string}"},"query-input":{"@type":"PropertyValueSpecification","valueRequired":true,"valueName":"search_term_string"}}],"inLanguage":"fr-FR"},{"@type":"Organization","@id":"https:\/\/www.modave.be\/#organization","name":"Commune de Modave","url":"https:\/\/www.modave.be\/","logo":{"@type":"ImageObject","inLanguage":"fr-FR","@id":"https:\/\/www.modave.be\/#\/schema\/logo\/image\/","url":"https:\/\/www.modave.be\/wp-content\/uploads\/2021\/12\/MODAVE_LOGO_HORIZONTAL_QUADRI_RVB.png","contentUrl":"https:\/\/www.modave.be\/wp-content\/uploads\/2021\/12\/MODAVE_LOGO_HORIZONTAL_QUADRI_RVB.png","width":1200,"height":501,"caption":"Commune de Modave"},"image":{"@id":"https:\/\/www.modave.be\/#\/schema\/logo\/image\/"}}]}},"_links":{"self":[{"href":"https:\/\/www.modave.be\/index.php\/wp-json\/wp\/v2\/services_communaux\/15947","targetHints":{"allow":["GET"]}}],"collection":[{"href":"https:\/\/www.modave.be\/index.php\/wp-json\/wp\/v2\/services_communaux"}],"about":[{"href":"https:\/\/www.modave.be\/index.php\/wp-json\/wp\/v2\/types\/services_communaux"}],"author":[{"embeddable":true,"href":"https:\/\/www.modave.be\/index.php\/wp-json\/wp\/v2\/users\/9"}],"wp:featuredmedia":[{"embeddable":true,"href":"https:\/\/www.modave.be\/index.php\/wp-json\/wp\/v2\/media\/15892"}],"wp:attachment":[{"href":"https:\/\/www.modave.be\/index.php\/wp-json\/wp\/v2\/media?parent=15947"}],"wp:term":[{"taxonomy":"category","embeddable":true,"href":"https:\/\/www.modave.be\/index.php\/wp-json\/wp\/v2\/categories?post=15947"}],"curies":[{"name":"wp","href":"https:\/\/api.w.org\/{rel}","templated":true}]}}

Grève nationale du 25 juin | Perturbations à prévoir

<h2 class="wp-block-heading"><strong>Fermeture exceptionnelle du service Population ce mercredi 25 juin après-midi</strong></h2>



<p>En raison du mouvement de <strong>grève nationale</strong>, les <strong>locaux du service Population</strong> seront exceptionnellement <strong>fermés l’après-midi du mercredi 25 juin</strong>.</p>



<blockquote class="wp-block-quote is-layout-flow wp-block-quote-is-layout-flow">
<p>Le service restera toutefois <strong>accessible en matinée</strong>, selon les horaires habituels.</p>
</blockquote>



<p>Merci pour votre compréhension.</p>



<figure class="wp-block-image size-large"><img fetchpriority="high" decoding="async" width="1024" height="1024" src="https://www.modave.be/wp-content/uploads/2025/06/Greve-du-25-juin-1024x1024.png" alt="" class="wp-image-15948" srcset="https://www.modave.be/wp-content/uploads/2025/06/Greve-du-25-juin-1024x1024.png 1024w, https://www.modave.be/wp-content/uploads/2025/06/Greve-du-25-juin-300x300.png 300w, https://www.modave.be/wp-content/uploads/2025/06/Greve-du-25-juin-150x150.png 150w, https://www.modave.be/wp-content/uploads/2025/06/Greve-du-25-juin-768x768.png 768w, https://www.modave.be/wp-content/uploads/2025/06/Greve-du-25-juin.png 1080w" sizes="(max-width: 1024px) 100vw, 1024px" /></figure>

<p>Fermeture exceptionnelle du service Population ce mercredi 25 juin après-midi En raison du mouvement de grève nationale, les locaux du service Population seront exceptionnellement fermés l’après-midi du mercredi 25 juin. Le service restera toutefois accessible en matinée, selon les horaires habituels. Merci pour votre compréhension.</p>

<!-- This site is optimized with the Yoast SEO plugin v27.4 - https://yoast.com/product/yoast-seo-wordpress/ -->
<title>Grève nationale du 25 juin | Perturbations à prévoir - Commune de Modave</title>
<meta name="robots" content="index, follow, max-snippet:-1, max-image-preview:large, max-video-preview:-1" />
<link rel="canonical" href="https://www.modave.be/index.php/services_communaux/greve-nat-du-25-juin-perturbations-a-prevoir/" />
<meta property="og:locale" content="fr_FR" />
<meta property="og:type" content="article" />
<meta property="og:title" content="Grève nationale du 25 juin | Perturbations à prévoir - Commune de Modave" />
<meta property="og:description" content="Fermeture exceptionnelle du service Population ce mercredi 25 juin après-midi En raison du mouvement de grève nationale, les locaux du service Population seront exceptionnellement fermés l’après-midi du mercredi 25 juin. Le service restera toutefois accessible en matinée, selon les horaires habituels. Merci pour votre compréhension." />
<meta property="og:url" content="https://www.modave.be/index.php/services_communaux/greve-nat-du-25-juin-perturbations-a-prevoir/" />
<meta property="og:site_name" content="Commune de Modave" />
<meta property="article:modified_time" content="2025-06-24T06:43:41+00:00" />
<meta property="og:image" content="https://www.modave.be/wp-content/uploads/2025/06/Grandes-Questions-11-scaled-e1750084918751.jpg" />
	<meta property="og:image:width" content="2560" />
	<meta property="og:image:height" content="1280" />
	<meta property="og:image:type" content="image/jpeg" />
<meta name="twitter:card" content="summary_large_image" />
<script type="application/ld+json" class="yoast-schema-graph">{"@context":"https:\/\/schema.org","@graph":[{"@type":"WebPage","@id":"https:\/\/www.modave.be\/index.php\/services_communaux\/greve-nat-du-25-juin-perturbations-a-prevoir\/","url":"https:\/\/www.modave.be\/index.php\/services_communaux\/greve-nat-du-25-juin-perturbations-a-prevoir\/","name":"Grève nationale du 25 juin | Perturbations à prévoir - Commune de Modave","isPartOf":{"@id":"https:\/\/www.modave.be\/#website"},"primaryImageOfPage":{"@id":"https:\/\/www.modave.be\/index.php\/services_communaux\/greve-nat-du-25-juin-perturbations-a-prevoir\/#primaryimage"},"image":{"@id":"https:\/\/www.modave.be\/index.php\/services_communaux\/greve-nat-du-25-juin-perturbations-a-prevoir\/#primaryimage"},"thumbnailUrl":"https:\/\/www.modave.be\/wp-content\/uploads\/2025\/06\/Grandes-Questions-11-scaled-e1750084918751.jpg","datePublished":"2025-06-24T06:00:00+00:00","dateModified":"2025-06-24T06:43:41+00:00","breadcrumb":{"@id":"https:\/\/www.modave.be\/index.php\/services_communaux\/greve-nat-du-25-juin-perturbations-a-prevoir\/#breadcrumb"},"inLanguage":"fr-FR","potentialAction":[{"@type":"ReadAction","target":["https:\/\/www.modave.be\/index.php\/services_communaux\/greve-nat-du-25-juin-perturbations-a-prevoir\/"]}]},{"@type":"ImageObject","inLanguage":"fr-FR","@id":"https:\/\/www.modave.be\/index.php\/services_communaux\/greve-nat-du-25-juin-perturbations-a-prevoir\/#primaryimage","url":"https:\/\/www.modave.be\/wp-content\/uploads\/2025\/06\/Grandes-Questions-11-scaled-e1750084918751.jpg","contentUrl":"https:\/\/www.modave.be\/wp-content\/uploads\/2025\/06\/Grandes-Questions-11-scaled-e1750084918751.jpg","width":2560,"height":1280},{"@type":"BreadcrumbList","@id":"https:\/\/www.modave.be\/index.php\/services_communaux\/greve-nat-du-25-juin-perturbations-a-prevoir\/#breadcrumb","itemListElement":[{"@type":"ListItem","position":1,"name":"Accueil","item":"https:\/\/www.modave.be\/"},{"@type":"ListItem","position":2,"name":"Grève nationale du 25 juin | Perturbations à prévoir"}]},{"@type":"WebSite","@id":"https:\/\/www.modave.be\/#website","url":"https:\/\/www.modave.be\/","name":"Commune de Modave","description":"Commune de Modave","publisher":{"@id":"https:\/\/www.modave.be\/#organization"},"potentialAction":[{"@type":"SearchAction","target":{"@type":"EntryPoint","urlTemplate":"https:\/\/www.modave.be\/?s={search_term_string}"},"query-input":{"@type":"PropertyValueSpecification","valueRequired":true,"valueName":"search_term_string"}}],"inLanguage":"fr-FR"},{"@type":"Organization","@id":"https:\/\/www.modave.be\/#organization","name":"Commune de Modave","url":"https:\/\/www.modave.be\/","logo":{"@type":"ImageObject","inLanguage":"fr-FR","@id":"https:\/\/www.modave.be\/#\/schema\/logo\/image\/","url":"https:\/\/www.modave.be\/wp-content\/uploads\/2021\/12\/MODAVE_LOGO_HORIZONTAL_QUADRI_RVB.png","contentUrl":"https:\/\/www.modave.be\/wp-content\/uploads\/2021\/12\/MODAVE_LOGO_HORIZONTAL_QUADRI_RVB.png","width":1200,"height":501,"caption":"Commune de Modave"},"image":{"@id":"https:\/\/www.modave.be\/#\/schema\/logo\/image\/"}}]}</script>
<!-- / Yoast SEO plugin. -->

Grève nationale du 25 juin | Perturbations à prévoir - Commune de Modave

Fermeture exceptionnelle du service Population ce mercredi 25 juin après-midi En raison du mouvement de grève nationale, les locaux du service Population seront exceptionnellement fermés l’après-midi du mercredi 25 juin. Le service restera toutefois accessible en matinée, selon les horaires habituels. Merci pour votre compréhension.
