{"id":15952,"date":"2025-06-24T09:55:22","date_gmt":"2025-06-24T07:55:22","guid":{"rendered":"https:\/\/www.modave.be\/?post_type=services_communaux&#038;p=15952"},"modified":"2025-06-24T09:55:32","modified_gmt":"2025-06-24T07:55:32","slug":"rappel-exercice-militaire-marche-dentrainement","status":"publish","type":"services_communaux","link":"https:\/\/www.modave.be\/index.php\/services_communaux\/rappel-exercice-militaire-marche-dentrainement\/","title":{"rendered":"Rappel | Exercice militaire | Marche d&rsquo;entra\u00eenement"},"content":{"rendered":"\n<h2 class=\"wp-block-heading\">Rappel | Exercice militaire | Marche d\u2019entra\u00eenement<\/h2>\n\n\n\n<p>Ce mardi 24 juin, un exercice militaire encadr\u00e9 se d\u00e9roule sur le territoire de plusieurs communes, dont Modave.<\/p>\n\n\n\n<ul class=\"wp-block-list\">\n<li>Environ 180 militaires participent \u00e0 une marche d\u2019entra\u00eenement.<\/li>\n\n\n\n<li>Aucun v\u00e9hicule militaire n\u2019est utilis\u00e9.<\/li>\n\n\n\n<li>Le parcours emprunte uniquement des voiries en dur, dans le respect des propri\u00e9t\u00e9s priv\u00e9es et des zones de chasse.<\/li>\n<\/ul>\n\n\n\n<p><strong>Communes concern\u00e9es : Amay, Engis, Huy et Modave<\/strong><\/p>\n\n\n\n<blockquote class=\"wp-block-quote is-layout-flow wp-block-quote-is-layout-flow\">\n<p>Merci pour votre compr\u00e9hension si vous croisez ces groupes en uniforme au cours de la journ\u00e9e. Il s\u2019agit d\u2019un entra\u00eenement planifi\u00e9, s\u00e9curis\u00e9 et respectueux de l\u2019environnement travers\u00e9.<\/p>\n<\/blockquote>\n\n\n\n<figure class=\"wp-block-image size-full\"><img fetchpriority=\"high\" decoding=\"async\" width=\"1080\" height=\"1080\" src=\"https:\/\/www.modave.be\/wp-content\/uploads\/2025\/06\/Marche.png\" alt=\"\" class=\"wp-image-15953\" srcset=\"https:\/\/www.modave.be\/wp-content\/uploads\/2025\/06\/Marche.png 1080w, https:\/\/www.modave.be\/wp-content\/uploads\/2025\/06\/Marche-300x300.png 300w, https:\/\/www.modave.be\/wp-content\/uploads\/2025\/06\/Marche-1024x1024.png 1024w, https:\/\/www.modave.be\/wp-content\/uploads\/2025\/06\/Marche-150x150.png 150w, https:\/\/www.modave.be\/wp-content\/uploads\/2025\/06\/Marche-768x768.png 768w\" sizes=\"(max-width: 1080px) 100vw, 1080px\" \/><\/figure>\n\n\n\n<p><\/p>\n","protected":false},"excerpt":{"rendered":"<p>Rappel | Exercice militaire | Marche d\u2019entra\u00eenement Ce mardi 24 juin, un exercice militaire encadr\u00e9 se d\u00e9roule sur le territoire de plusieurs communes, dont Modave. Communes concern\u00e9es : Amay, Engis, Huy et Modave Merci pour votre compr\u00e9hension si vous croisez ces groupes en uniforme au cours de la journ\u00e9e. Il s\u2019agit d\u2019un entra\u00eenement planifi\u00e9, s\u00e9curis\u00e9&hellip;<\/p>\n","protected":false},"author":9,"featured_media":15954,"menu_order":1,"template":"","categories":[1],"class_list":["post-15952","services_communaux","type-services_communaux","status-publish","has-post-thumbnail","hentry","category-non-classe","description-off"],"yoast_head":"<!-- This site is optimized with the Yoast SEO plugin v27.4 - https:\/\/yoast.com\/product\/yoast-seo-wordpress\/ -->\n<title>Rappel | Exercice militaire | Marche d&#039;entra\u00eenement - Commune de Modave<\/title>\n<meta name=\"robots\" content=\"index, follow, max-snippet:-1, max-image-preview:large, max-video-preview:-1\" \/>\n<link rel=\"canonical\" href=\"https:\/\/www.modave.be\/index.php\/services_communaux\/rappel-exercice-militaire-marche-dentrainement\/\" \/>\n<meta property=\"og:locale\" content=\"fr_FR\" \/>\n<meta property=\"og:type\" content=\"article\" \/>\n<meta property=\"og:title\" content=\"Rappel | Exercice militaire | Marche d&#039;entra\u00eenement - Commune de Modave\" \/>\n<meta property=\"og:description\" content=\"Rappel | Exercice militaire | Marche d\u2019entra\u00eenement Ce mardi 24 juin, un exercice militaire encadr\u00e9 se d\u00e9roule sur le territoire de plusieurs communes, dont Modave. Communes concern\u00e9es : Amay, Engis, Huy et Modave Merci pour votre compr\u00e9hension si vous croisez ces groupes en uniforme au cours de la journ\u00e9e. Il s\u2019agit d\u2019un entra\u00eenement planifi\u00e9, s\u00e9curis\u00e9&hellip;\" \/>\n<meta property=\"og:url\" content=\"https:\/\/www.modave.be\/index.php\/services_communaux\/rappel-exercice-militaire-marche-dentrainement\/\" \/>\n<meta property=\"og:site_name\" content=\"Commune de Modave\" \/>\n<meta property=\"article:modified_time\" content=\"2025-06-24T07:55:32+00:00\" \/>\n<meta property=\"og:image\" content=\"https:\/\/www.modave.be\/wp-content\/uploads\/2025\/06\/Marche-1-e1750751714519.png\" \/>\n\t<meta property=\"og:image:width\" content=\"1080\" \/>\n\t<meta property=\"og:image:height\" content=\"540\" \/>\n\t<meta property=\"og:image:type\" content=\"image\/png\" \/>\n<meta name=\"twitter:card\" content=\"summary_large_image\" \/>\n<meta name=\"twitter:label1\" content=\"Dur\u00e9e de lecture estim\u00e9e\" \/>\n\t<meta name=\"twitter:data1\" content=\"1 minute\" \/>\n<script type=\"application\/ld+json\" class=\"yoast-schema-graph\">{\"@context\":\"https:\\\/\\\/schema.org\",\"@graph\":[{\"@type\":\"WebPage\",\"@id\":\"https:\\\/\\\/www.modave.be\\\/index.php\\\/services_communaux\\\/rappel-exercice-militaire-marche-dentrainement\\\/\",\"url\":\"https:\\\/\\\/www.modave.be\\\/index.php\\\/services_communaux\\\/rappel-exercice-militaire-marche-dentrainement\\\/\",\"name\":\"Rappel | Exercice militaire | Marche d'entra\u00eenement - Commune de Modave\",\"isPartOf\":{\"@id\":\"https:\\\/\\\/www.modave.be\\\/#website\"},\"primaryImageOfPage\":{\"@id\":\"https:\\\/\\\/www.modave.be\\\/index.php\\\/services_communaux\\\/rappel-exercice-militaire-marche-dentrainement\\\/#primaryimage\"},\"image\":{\"@id\":\"https:\\\/\\\/www.modave.be\\\/index.php\\\/services_communaux\\\/rappel-exercice-militaire-marche-dentrainement\\\/#primaryimage\"},\"thumbnailUrl\":\"https:\\\/\\\/www.modave.be\\\/wp-content\\\/uploads\\\/2025\\\/06\\\/Marche-1-e1750751714519.png\",\"datePublished\":\"2025-06-24T07:55:22+00:00\",\"dateModified\":\"2025-06-24T07:55:32+00:00\",\"breadcrumb\":{\"@id\":\"https:\\\/\\\/www.modave.be\\\/index.php\\\/services_communaux\\\/rappel-exercice-militaire-marche-dentrainement\\\/#breadcrumb\"},\"inLanguage\":\"fr-FR\",\"potentialAction\":[{\"@type\":\"ReadAction\",\"target\":[\"https:\\\/\\\/www.modave.be\\\/index.php\\\/services_communaux\\\/rappel-exercice-militaire-marche-dentrainement\\\/\"]}]},{\"@type\":\"ImageObject\",\"inLanguage\":\"fr-FR\",\"@id\":\"https:\\\/\\\/www.modave.be\\\/index.php\\\/services_communaux\\\/rappel-exercice-militaire-marche-dentrainement\\\/#primaryimage\",\"url\":\"https:\\\/\\\/www.modave.be\\\/wp-content\\\/uploads\\\/2025\\\/06\\\/Marche-1-e1750751714519.png\",\"contentUrl\":\"https:\\\/\\\/www.modave.be\\\/wp-content\\\/uploads\\\/2025\\\/06\\\/Marche-1-e1750751714519.png\",\"width\":1080,\"height\":540},{\"@type\":\"BreadcrumbList\",\"@id\":\"https:\\\/\\\/www.modave.be\\\/index.php\\\/services_communaux\\\/rappel-exercice-militaire-marche-dentrainement\\\/#breadcrumb\",\"itemListElement\":[{\"@type\":\"ListItem\",\"position\":1,\"name\":\"Accueil\",\"item\":\"https:\\\/\\\/www.modave.be\\\/\"},{\"@type\":\"ListItem\",\"position\":2,\"name\":\"Rappel | Exercice militaire | Marche d&rsquo;entra\u00eenement\"}]},{\"@type\":\"WebSite\",\"@id\":\"https:\\\/\\\/www.modave.be\\\/#website\",\"url\":\"https:\\\/\\\/www.modave.be\\\/\",\"name\":\"Commune de Modave\",\"description\":\"Commune de Modave\",\"publisher\":{\"@id\":\"https:\\\/\\\/www.modave.be\\\/#organization\"},\"potentialAction\":[{\"@type\":\"SearchAction\",\"target\":{\"@type\":\"EntryPoint\",\"urlTemplate\":\"https:\\\/\\\/www.modave.be\\\/?s={search_term_string}\"},\"query-input\":{\"@type\":\"PropertyValueSpecification\",\"valueRequired\":true,\"valueName\":\"search_term_string\"}}],\"inLanguage\":\"fr-FR\"},{\"@type\":\"Organization\",\"@id\":\"https:\\\/\\\/www.modave.be\\\/#organization\",\"name\":\"Commune de Modave\",\"url\":\"https:\\\/\\\/www.modave.be\\\/\",\"logo\":{\"@type\":\"ImageObject\",\"inLanguage\":\"fr-FR\",\"@id\":\"https:\\\/\\\/www.modave.be\\\/#\\\/schema\\\/logo\\\/image\\\/\",\"url\":\"https:\\\/\\\/www.modave.be\\\/wp-content\\\/uploads\\\/2021\\\/12\\\/MODAVE_LOGO_HORIZONTAL_QUADRI_RVB.png\",\"contentUrl\":\"https:\\\/\\\/www.modave.be\\\/wp-content\\\/uploads\\\/2021\\\/12\\\/MODAVE_LOGO_HORIZONTAL_QUADRI_RVB.png\",\"width\":1200,\"height\":501,\"caption\":\"Commune de Modave\"},\"image\":{\"@id\":\"https:\\\/\\\/www.modave.be\\\/#\\\/schema\\\/logo\\\/image\\\/\"}}]}<\/script>\n<!-- \/ Yoast SEO plugin. -->","yoast_head_json":{"title":"Rappel | Exercice militaire | Marche d'entra\u00eenement - Commune de Modave","robots":{"index":"index","follow":"follow","max-snippet":"max-snippet:-1","max-image-preview":"max-image-preview:large","max-video-preview":"max-video-preview:-1"},"canonical":"https:\/\/www.modave.be\/index.php\/services_communaux\/rappel-exercice-militaire-marche-dentrainement\/","og_locale":"fr_FR","og_type":"article","og_title":"Rappel | Exercice militaire | Marche d'entra\u00eenement - Commune de Modave","og_description":"Rappel | Exercice militaire | Marche d\u2019entra\u00eenement Ce mardi 24 juin, un exercice militaire encadr\u00e9 se d\u00e9roule sur le territoire de plusieurs communes, dont Modave. Communes concern\u00e9es : Amay, Engis, Huy et Modave Merci pour votre compr\u00e9hension si vous croisez ces groupes en uniforme au cours de la journ\u00e9e. Il s\u2019agit d\u2019un entra\u00eenement planifi\u00e9, s\u00e9curis\u00e9&hellip;","og_url":"https:\/\/www.modave.be\/index.php\/services_communaux\/rappel-exercice-militaire-marche-dentrainement\/","og_site_name":"Commune de Modave","article_modified_time":"2025-06-24T07:55:32+00:00","og_image":[{"width":1080,"height":540,"url":"https:\/\/www.modave.be\/wp-content\/uploads\/2025\/06\/Marche-1-e1750751714519.png","type":"image\/png"}],"twitter_card":"summary_large_image","twitter_misc":{"Dur\u00e9e de lecture estim\u00e9e":"1 minute"},"schema":{"@context":"https:\/\/schema.org","@graph":[{"@type":"WebPage","@id":"https:\/\/www.modave.be\/index.php\/services_communaux\/rappel-exercice-militaire-marche-dentrainement\/","url":"https:\/\/www.modave.be\/index.php\/services_communaux\/rappel-exercice-militaire-marche-dentrainement\/","name":"Rappel | Exercice militaire | Marche d'entra\u00eenement - Commune de Modave","isPartOf":{"@id":"https:\/\/www.modave.be\/#website"},"primaryImageOfPage":{"@id":"https:\/\/www.modave.be\/index.php\/services_communaux\/rappel-exercice-militaire-marche-dentrainement\/#primaryimage"},"image":{"@id":"https:\/\/www.modave.be\/index.php\/services_communaux\/rappel-exercice-militaire-marche-dentrainement\/#primaryimage"},"thumbnailUrl":"https:\/\/www.modave.be\/wp-content\/uploads\/2025\/06\/Marche-1-e1750751714519.png","datePublished":"2025-06-24T07:55:22+00:00","dateModified":"2025-06-24T07:55:32+00:00","breadcrumb":{"@id":"https:\/\/www.modave.be\/index.php\/services_communaux\/rappel-exercice-militaire-marche-dentrainement\/#breadcrumb"},"inLanguage":"fr-FR","potentialAction":[{"@type":"ReadAction","target":["https:\/\/www.modave.be\/index.php\/services_communaux\/rappel-exercice-militaire-marche-dentrainement\/"]}]},{"@type":"ImageObject","inLanguage":"fr-FR","@id":"https:\/\/www.modave.be\/index.php\/services_communaux\/rappel-exercice-militaire-marche-dentrainement\/#primaryimage","url":"https:\/\/www.modave.be\/wp-content\/uploads\/2025\/06\/Marche-1-e1750751714519.png","contentUrl":"https:\/\/www.modave.be\/wp-content\/uploads\/2025\/06\/Marche-1-e1750751714519.png","width":1080,"height":540},{"@type":"BreadcrumbList","@id":"https:\/\/www.modave.be\/index.php\/services_communaux\/rappel-exercice-militaire-marche-dentrainement\/#breadcrumb","itemListElement":[{"@type":"ListItem","position":1,"name":"Accueil","item":"https:\/\/www.modave.be\/"},{"@type":"ListItem","position":2,"name":"Rappel | Exercice militaire | Marche d&rsquo;entra\u00eenement"}]},{"@type":"WebSite","@id":"https:\/\/www.modave.be\/#website","url":"https:\/\/www.modave.be\/","name":"Commune de Modave","description":"Commune de Modave","publisher":{"@id":"https:\/\/www.modave.be\/#organization"},"potentialAction":[{"@type":"SearchAction","target":{"@type":"EntryPoint","urlTemplate":"https:\/\/www.modave.be\/?s={search_term_string}"},"query-input":{"@type":"PropertyValueSpecification","valueRequired":true,"valueName":"search_term_string"}}],"inLanguage":"fr-FR"},{"@type":"Organization","@id":"https:\/\/www.modave.be\/#organization","name":"Commune de Modave","url":"https:\/\/www.modave.be\/","logo":{"@type":"ImageObject","inLanguage":"fr-FR","@id":"https:\/\/www.modave.be\/#\/schema\/logo\/image\/","url":"https:\/\/www.modave.be\/wp-content\/uploads\/2021\/12\/MODAVE_LOGO_HORIZONTAL_QUADRI_RVB.png","contentUrl":"https:\/\/www.modave.be\/wp-content\/uploads\/2021\/12\/MODAVE_LOGO_HORIZONTAL_QUADRI_RVB.png","width":1200,"height":501,"caption":"Commune de Modave"},"image":{"@id":"https:\/\/www.modave.be\/#\/schema\/logo\/image\/"}}]}},"_links":{"self":[{"href":"https:\/\/www.modave.be\/index.php\/wp-json\/wp\/v2\/services_communaux\/15952","targetHints":{"allow":["GET"]}}],"collection":[{"href":"https:\/\/www.modave.be\/index.php\/wp-json\/wp\/v2\/services_communaux"}],"about":[{"href":"https:\/\/www.modave.be\/index.php\/wp-json\/wp\/v2\/types\/services_communaux"}],"author":[{"embeddable":true,"href":"https:\/\/www.modave.be\/index.php\/wp-json\/wp\/v2\/users\/9"}],"wp:featuredmedia":[{"embeddable":true,"href":"https:\/\/www.modave.be\/index.php\/wp-json\/wp\/v2\/media\/15954"}],"wp:attachment":[{"href":"https:\/\/www.modave.be\/index.php\/wp-json\/wp\/v2\/media?parent=15952"}],"wp:term":[{"taxonomy":"category","embeddable":true,"href":"https:\/\/www.modave.be\/index.php\/wp-json\/wp\/v2\/categories?post=15952"}],"curies":[{"name":"wp","href":"https:\/\/api.w.org\/{rel}","templated":true}]}}

Rappel | Exercice militaire | Marche d&rsquo;entraînement

<h2 class="wp-block-heading">Rappel | Exercice militaire | Marche d’entraînement</h2>



<p>Ce mardi 24 juin, un exercice militaire encadré se déroule sur le territoire de plusieurs communes, dont Modave.</p>



<ul class="wp-block-list">
<li>Environ 180 militaires participent à une marche d’entraînement.</li>



<li>Aucun véhicule militaire n’est utilisé.</li>



<li>Le parcours emprunte uniquement des voiries en dur, dans le respect des propriétés privées et des zones de chasse.</li>
</ul>



<p><strong>Communes concernées : Amay, Engis, Huy et Modave</strong></p>



<blockquote class="wp-block-quote is-layout-flow wp-block-quote-is-layout-flow">
<p>Merci pour votre compréhension si vous croisez ces groupes en uniforme au cours de la journée. Il s’agit d’un entraînement planifié, sécurisé et respectueux de l’environnement traversé.</p>
</blockquote>



<figure class="wp-block-image size-full"><img fetchpriority="high" decoding="async" width="1080" height="1080" src="https://www.modave.be/wp-content/uploads/2025/06/Marche.png" alt="" class="wp-image-15953" srcset="https://www.modave.be/wp-content/uploads/2025/06/Marche.png 1080w, https://www.modave.be/wp-content/uploads/2025/06/Marche-300x300.png 300w, https://www.modave.be/wp-content/uploads/2025/06/Marche-1024x1024.png 1024w, https://www.modave.be/wp-content/uploads/2025/06/Marche-150x150.png 150w, https://www.modave.be/wp-content/uploads/2025/06/Marche-768x768.png 768w" sizes="(max-width: 1080px) 100vw, 1080px" /></figure>



<p></p>

<p>Rappel | Exercice militaire | Marche d’entraînement Ce mardi 24 juin, un exercice militaire encadré se déroule sur le territoire de plusieurs communes, dont Modave. Communes concernées : Amay, Engis, Huy et Modave Merci pour votre compréhension si vous croisez ces groupes en uniforme au cours de la journée. Il s’agit d’un entraînement planifié, sécurisé&hellip;</p>

<!-- This site is optimized with the Yoast SEO plugin v27.4 - https://yoast.com/product/yoast-seo-wordpress/ -->
<title>Rappel | Exercice militaire | Marche d&#039;entraînement - Commune de Modave</title>
<meta name="robots" content="index, follow, max-snippet:-1, max-image-preview:large, max-video-preview:-1" />
<link rel="canonical" href="https://www.modave.be/index.php/services_communaux/rappel-exercice-militaire-marche-dentrainement/" />
<meta property="og:locale" content="fr_FR" />
<meta property="og:type" content="article" />
<meta property="og:title" content="Rappel | Exercice militaire | Marche d&#039;entraînement - Commune de Modave" />
<meta property="og:description" content="Rappel | Exercice militaire | Marche d’entraînement Ce mardi 24 juin, un exercice militaire encadré se déroule sur le territoire de plusieurs communes, dont Modave. Communes concernées : Amay, Engis, Huy et Modave Merci pour votre compréhension si vous croisez ces groupes en uniforme au cours de la journée. Il s’agit d’un entraînement planifié, sécurisé&hellip;" />
<meta property="og:url" content="https://www.modave.be/index.php/services_communaux/rappel-exercice-militaire-marche-dentrainement/" />
<meta property="og:site_name" content="Commune de Modave" />
<meta property="article:modified_time" content="2025-06-24T07:55:32+00:00" />
<meta property="og:image" content="https://www.modave.be/wp-content/uploads/2025/06/Marche-1-e1750751714519.png" />
	<meta property="og:image:width" content="1080" />
	<meta property="og:image:height" content="540" />
	<meta property="og:image:type" content="image/png" />
<meta name="twitter:card" content="summary_large_image" />
<meta name="twitter:label1" content="Durée de lecture estimée" />
	<meta name="twitter:data1" content="1 minute" />
<script type="application/ld+json" class="yoast-schema-graph">{"@context":"https:\/\/schema.org","@graph":[{"@type":"WebPage","@id":"https:\/\/www.modave.be\/index.php\/services_communaux\/rappel-exercice-militaire-marche-dentrainement\/","url":"https:\/\/www.modave.be\/index.php\/services_communaux\/rappel-exercice-militaire-marche-dentrainement\/","name":"Rappel | Exercice militaire | Marche d'entraînement - Commune de Modave","isPartOf":{"@id":"https:\/\/www.modave.be\/#website"},"primaryImageOfPage":{"@id":"https:\/\/www.modave.be\/index.php\/services_communaux\/rappel-exercice-militaire-marche-dentrainement\/#primaryimage"},"image":{"@id":"https:\/\/www.modave.be\/index.php\/services_communaux\/rappel-exercice-militaire-marche-dentrainement\/#primaryimage"},"thumbnailUrl":"https:\/\/www.modave.be\/wp-content\/uploads\/2025\/06\/Marche-1-e1750751714519.png","datePublished":"2025-06-24T07:55:22+00:00","dateModified":"2025-06-24T07:55:32+00:00","breadcrumb":{"@id":"https:\/\/www.modave.be\/index.php\/services_communaux\/rappel-exercice-militaire-marche-dentrainement\/#breadcrumb"},"inLanguage":"fr-FR","potentialAction":[{"@type":"ReadAction","target":["https:\/\/www.modave.be\/index.php\/services_communaux\/rappel-exercice-militaire-marche-dentrainement\/"]}]},{"@type":"ImageObject","inLanguage":"fr-FR","@id":"https:\/\/www.modave.be\/index.php\/services_communaux\/rappel-exercice-militaire-marche-dentrainement\/#primaryimage","url":"https:\/\/www.modave.be\/wp-content\/uploads\/2025\/06\/Marche-1-e1750751714519.png","contentUrl":"https:\/\/www.modave.be\/wp-content\/uploads\/2025\/06\/Marche-1-e1750751714519.png","width":1080,"height":540},{"@type":"BreadcrumbList","@id":"https:\/\/www.modave.be\/index.php\/services_communaux\/rappel-exercice-militaire-marche-dentrainement\/#breadcrumb","itemListElement":[{"@type":"ListItem","position":1,"name":"Accueil","item":"https:\/\/www.modave.be\/"},{"@type":"ListItem","position":2,"name":"Rappel | Exercice militaire | Marche d&rsquo;entraînement"}]},{"@type":"WebSite","@id":"https:\/\/www.modave.be\/#website","url":"https:\/\/www.modave.be\/","name":"Commune de Modave","description":"Commune de Modave","publisher":{"@id":"https:\/\/www.modave.be\/#organization"},"potentialAction":[{"@type":"SearchAction","target":{"@type":"EntryPoint","urlTemplate":"https:\/\/www.modave.be\/?s={search_term_string}"},"query-input":{"@type":"PropertyValueSpecification","valueRequired":true,"valueName":"search_term_string"}}],"inLanguage":"fr-FR"},{"@type":"Organization","@id":"https:\/\/www.modave.be\/#organization","name":"Commune de Modave","url":"https:\/\/www.modave.be\/","logo":{"@type":"ImageObject","inLanguage":"fr-FR","@id":"https:\/\/www.modave.be\/#\/schema\/logo\/image\/","url":"https:\/\/www.modave.be\/wp-content\/uploads\/2021\/12\/MODAVE_LOGO_HORIZONTAL_QUADRI_RVB.png","contentUrl":"https:\/\/www.modave.be\/wp-content\/uploads\/2021\/12\/MODAVE_LOGO_HORIZONTAL_QUADRI_RVB.png","width":1200,"height":501,"caption":"Commune de Modave"},"image":{"@id":"https:\/\/www.modave.be\/#\/schema\/logo\/image\/"}}]}</script>
<!-- / Yoast SEO plugin. -->

Rappel | Exercice militaire | Marche d'entraînement - Commune de Modave

Rappel | Exercice militaire | Marche d’entraînement Ce mardi 24 juin, un exercice militaire encadré se déroule sur le territoire de plusieurs communes, dont Modave. Communes concernées : Amay, Engis, Huy et Modave Merci pour votre compréhension si vous croisez ces groupes en uniforme au cours de la journée. Il s’agit d’un entraînement planifié, sécurisé&hellip;
