{"id":15959,"date":"2025-06-25T16:00:00","date_gmt":"2025-06-25T14:00:00","guid":{"rendered":"https:\/\/www.modave.be\/?post_type=services_communaux&#038;p=15959"},"modified":"2025-06-25T10:05:21","modified_gmt":"2025-06-25T08:05:21","slug":"exercice-militaire-9-juillet-2025","status":"publish","type":"services_communaux","link":"https:\/\/www.modave.be\/index.php\/services_communaux\/exercice-militaire-9-juillet-2025\/","title":{"rendered":"Exercice militaire | 9 juillet 2025"},"content":{"rendered":"\n<h2 class=\"wp-block-heading\">Exercice militaire | 9 juillet 2025<\/h2>\n\n\n\n<p>Le mardi 9 juillet, une trentaine de militaires r\u00e9aliseront un exercice de marche et d\u2019orientation dans les bois du plateau d\u2019Amay, avec un possible passage par Modave.<\/p>\n\n\n\n<p>Il s\u2019agit d\u2019un simple entra\u00eenement sans arme ni tir, men\u00e9 par petits groupes, accompagn\u00e9 d\u2019un seul v\u00e9hicule.<\/p>\n\n\n\n<p>Merci de prendre bonne note de leur pr\u00e9sence.<\/p>\n\n\n\n<figure class=\"wp-block-image size-full\"><img fetchpriority=\"high\" decoding=\"async\" width=\"1080\" height=\"1080\" src=\"https:\/\/www.modave.be\/wp-content\/uploads\/2025\/06\/Marche-4.png\" alt=\"\" class=\"wp-image-15960\" srcset=\"https:\/\/www.modave.be\/wp-content\/uploads\/2025\/06\/Marche-4.png 1080w, https:\/\/www.modave.be\/wp-content\/uploads\/2025\/06\/Marche-4-300x300.png 300w, https:\/\/www.modave.be\/wp-content\/uploads\/2025\/06\/Marche-4-1024x1024.png 1024w, https:\/\/www.modave.be\/wp-content\/uploads\/2025\/06\/Marche-4-150x150.png 150w, https:\/\/www.modave.be\/wp-content\/uploads\/2025\/06\/Marche-4-768x768.png 768w\" sizes=\"(max-width: 1080px) 100vw, 1080px\" \/><\/figure>\n\n\n\n<p><\/p>\n","protected":false},"excerpt":{"rendered":"<p>Exercice militaire | 9 juillet 2025 Le mardi 9 juillet, une trentaine de militaires r\u00e9aliseront un exercice de marche et d\u2019orientation dans les bois du plateau d\u2019Amay, avec un possible passage par Modave. Il s\u2019agit d\u2019un simple entra\u00eenement sans arme ni tir, men\u00e9 par petits groupes, accompagn\u00e9 d\u2019un seul v\u00e9hicule. Merci de prendre bonne note&hellip;<\/p>\n","protected":false},"author":9,"featured_media":15961,"menu_order":1,"template":"","categories":[1],"class_list":["post-15959","services_communaux","type-services_communaux","status-publish","has-post-thumbnail","hentry","category-non-classe","description-off"],"yoast_head":"<!-- This site is optimized with the Yoast SEO plugin v27.4 - https:\/\/yoast.com\/product\/yoast-seo-wordpress\/ -->\n<title>Exercice militaire | 9 juillet 2025 - Commune de Modave<\/title>\n<meta name=\"robots\" content=\"index, follow, max-snippet:-1, max-image-preview:large, max-video-preview:-1\" \/>\n<link rel=\"canonical\" href=\"https:\/\/www.modave.be\/index.php\/services_communaux\/exercice-militaire-9-juillet-2025\/\" \/>\n<meta property=\"og:locale\" content=\"fr_FR\" \/>\n<meta property=\"og:type\" content=\"article\" \/>\n<meta property=\"og:title\" content=\"Exercice militaire | 9 juillet 2025 - Commune de Modave\" \/>\n<meta property=\"og:description\" content=\"Exercice militaire | 9 juillet 2025 Le mardi 9 juillet, une trentaine de militaires r\u00e9aliseront un exercice de marche et d\u2019orientation dans les bois du plateau d\u2019Amay, avec un possible passage par Modave. Il s\u2019agit d\u2019un simple entra\u00eenement sans arme ni tir, men\u00e9 par petits groupes, accompagn\u00e9 d\u2019un seul v\u00e9hicule. Merci de prendre bonne note&hellip;\" \/>\n<meta property=\"og:url\" content=\"https:\/\/www.modave.be\/index.php\/services_communaux\/exercice-militaire-9-juillet-2025\/\" \/>\n<meta property=\"og:site_name\" content=\"Commune de Modave\" \/>\n<meta property=\"og:image\" content=\"https:\/\/www.modave.be\/wp-content\/uploads\/2025\/06\/Marche-5-e1750838692255.png\" \/>\n\t<meta property=\"og:image:width\" content=\"1080\" \/>\n\t<meta property=\"og:image:height\" content=\"540\" \/>\n\t<meta property=\"og:image:type\" content=\"image\/png\" \/>\n<meta name=\"twitter:card\" content=\"summary_large_image\" \/>\n<script type=\"application\/ld+json\" class=\"yoast-schema-graph\">{\"@context\":\"https:\\\/\\\/schema.org\",\"@graph\":[{\"@type\":\"WebPage\",\"@id\":\"https:\\\/\\\/www.modave.be\\\/index.php\\\/services_communaux\\\/exercice-militaire-9-juillet-2025\\\/\",\"url\":\"https:\\\/\\\/www.modave.be\\\/index.php\\\/services_communaux\\\/exercice-militaire-9-juillet-2025\\\/\",\"name\":\"Exercice militaire | 9 juillet 2025 - Commune de Modave\",\"isPartOf\":{\"@id\":\"https:\\\/\\\/www.modave.be\\\/#website\"},\"primaryImageOfPage\":{\"@id\":\"https:\\\/\\\/www.modave.be\\\/index.php\\\/services_communaux\\\/exercice-militaire-9-juillet-2025\\\/#primaryimage\"},\"image\":{\"@id\":\"https:\\\/\\\/www.modave.be\\\/index.php\\\/services_communaux\\\/exercice-militaire-9-juillet-2025\\\/#primaryimage\"},\"thumbnailUrl\":\"https:\\\/\\\/www.modave.be\\\/wp-content\\\/uploads\\\/2025\\\/06\\\/Marche-5-e1750838692255.png\",\"datePublished\":\"2025-06-25T14:00:00+00:00\",\"breadcrumb\":{\"@id\":\"https:\\\/\\\/www.modave.be\\\/index.php\\\/services_communaux\\\/exercice-militaire-9-juillet-2025\\\/#breadcrumb\"},\"inLanguage\":\"fr-FR\",\"potentialAction\":[{\"@type\":\"ReadAction\",\"target\":[\"https:\\\/\\\/www.modave.be\\\/index.php\\\/services_communaux\\\/exercice-militaire-9-juillet-2025\\\/\"]}]},{\"@type\":\"ImageObject\",\"inLanguage\":\"fr-FR\",\"@id\":\"https:\\\/\\\/www.modave.be\\\/index.php\\\/services_communaux\\\/exercice-militaire-9-juillet-2025\\\/#primaryimage\",\"url\":\"https:\\\/\\\/www.modave.be\\\/wp-content\\\/uploads\\\/2025\\\/06\\\/Marche-5-e1750838692255.png\",\"contentUrl\":\"https:\\\/\\\/www.modave.be\\\/wp-content\\\/uploads\\\/2025\\\/06\\\/Marche-5-e1750838692255.png\",\"width\":1080,\"height\":540},{\"@type\":\"BreadcrumbList\",\"@id\":\"https:\\\/\\\/www.modave.be\\\/index.php\\\/services_communaux\\\/exercice-militaire-9-juillet-2025\\\/#breadcrumb\",\"itemListElement\":[{\"@type\":\"ListItem\",\"position\":1,\"name\":\"Accueil\",\"item\":\"https:\\\/\\\/www.modave.be\\\/\"},{\"@type\":\"ListItem\",\"position\":2,\"name\":\"Exercice militaire | 9 juillet 2025\"}]},{\"@type\":\"WebSite\",\"@id\":\"https:\\\/\\\/www.modave.be\\\/#website\",\"url\":\"https:\\\/\\\/www.modave.be\\\/\",\"name\":\"Commune de Modave\",\"description\":\"Commune de Modave\",\"publisher\":{\"@id\":\"https:\\\/\\\/www.modave.be\\\/#organization\"},\"potentialAction\":[{\"@type\":\"SearchAction\",\"target\":{\"@type\":\"EntryPoint\",\"urlTemplate\":\"https:\\\/\\\/www.modave.be\\\/?s={search_term_string}\"},\"query-input\":{\"@type\":\"PropertyValueSpecification\",\"valueRequired\":true,\"valueName\":\"search_term_string\"}}],\"inLanguage\":\"fr-FR\"},{\"@type\":\"Organization\",\"@id\":\"https:\\\/\\\/www.modave.be\\\/#organization\",\"name\":\"Commune de Modave\",\"url\":\"https:\\\/\\\/www.modave.be\\\/\",\"logo\":{\"@type\":\"ImageObject\",\"inLanguage\":\"fr-FR\",\"@id\":\"https:\\\/\\\/www.modave.be\\\/#\\\/schema\\\/logo\\\/image\\\/\",\"url\":\"https:\\\/\\\/www.modave.be\\\/wp-content\\\/uploads\\\/2021\\\/12\\\/MODAVE_LOGO_HORIZONTAL_QUADRI_RVB.png\",\"contentUrl\":\"https:\\\/\\\/www.modave.be\\\/wp-content\\\/uploads\\\/2021\\\/12\\\/MODAVE_LOGO_HORIZONTAL_QUADRI_RVB.png\",\"width\":1200,\"height\":501,\"caption\":\"Commune de Modave\"},\"image\":{\"@id\":\"https:\\\/\\\/www.modave.be\\\/#\\\/schema\\\/logo\\\/image\\\/\"}}]}<\/script>\n<!-- \/ Yoast SEO plugin. -->","yoast_head_json":{"title":"Exercice militaire | 9 juillet 2025 - Commune de Modave","robots":{"index":"index","follow":"follow","max-snippet":"max-snippet:-1","max-image-preview":"max-image-preview:large","max-video-preview":"max-video-preview:-1"},"canonical":"https:\/\/www.modave.be\/index.php\/services_communaux\/exercice-militaire-9-juillet-2025\/","og_locale":"fr_FR","og_type":"article","og_title":"Exercice militaire | 9 juillet 2025 - Commune de Modave","og_description":"Exercice militaire | 9 juillet 2025 Le mardi 9 juillet, une trentaine de militaires r\u00e9aliseront un exercice de marche et d\u2019orientation dans les bois du plateau d\u2019Amay, avec un possible passage par Modave. Il s\u2019agit d\u2019un simple entra\u00eenement sans arme ni tir, men\u00e9 par petits groupes, accompagn\u00e9 d\u2019un seul v\u00e9hicule. Merci de prendre bonne note&hellip;","og_url":"https:\/\/www.modave.be\/index.php\/services_communaux\/exercice-militaire-9-juillet-2025\/","og_site_name":"Commune de Modave","og_image":[{"width":1080,"height":540,"url":"https:\/\/www.modave.be\/wp-content\/uploads\/2025\/06\/Marche-5-e1750838692255.png","type":"image\/png"}],"twitter_card":"summary_large_image","schema":{"@context":"https:\/\/schema.org","@graph":[{"@type":"WebPage","@id":"https:\/\/www.modave.be\/index.php\/services_communaux\/exercice-militaire-9-juillet-2025\/","url":"https:\/\/www.modave.be\/index.php\/services_communaux\/exercice-militaire-9-juillet-2025\/","name":"Exercice militaire | 9 juillet 2025 - Commune de Modave","isPartOf":{"@id":"https:\/\/www.modave.be\/#website"},"primaryImageOfPage":{"@id":"https:\/\/www.modave.be\/index.php\/services_communaux\/exercice-militaire-9-juillet-2025\/#primaryimage"},"image":{"@id":"https:\/\/www.modave.be\/index.php\/services_communaux\/exercice-militaire-9-juillet-2025\/#primaryimage"},"thumbnailUrl":"https:\/\/www.modave.be\/wp-content\/uploads\/2025\/06\/Marche-5-e1750838692255.png","datePublished":"2025-06-25T14:00:00+00:00","breadcrumb":{"@id":"https:\/\/www.modave.be\/index.php\/services_communaux\/exercice-militaire-9-juillet-2025\/#breadcrumb"},"inLanguage":"fr-FR","potentialAction":[{"@type":"ReadAction","target":["https:\/\/www.modave.be\/index.php\/services_communaux\/exercice-militaire-9-juillet-2025\/"]}]},{"@type":"ImageObject","inLanguage":"fr-FR","@id":"https:\/\/www.modave.be\/index.php\/services_communaux\/exercice-militaire-9-juillet-2025\/#primaryimage","url":"https:\/\/www.modave.be\/wp-content\/uploads\/2025\/06\/Marche-5-e1750838692255.png","contentUrl":"https:\/\/www.modave.be\/wp-content\/uploads\/2025\/06\/Marche-5-e1750838692255.png","width":1080,"height":540},{"@type":"BreadcrumbList","@id":"https:\/\/www.modave.be\/index.php\/services_communaux\/exercice-militaire-9-juillet-2025\/#breadcrumb","itemListElement":[{"@type":"ListItem","position":1,"name":"Accueil","item":"https:\/\/www.modave.be\/"},{"@type":"ListItem","position":2,"name":"Exercice militaire | 9 juillet 2025"}]},{"@type":"WebSite","@id":"https:\/\/www.modave.be\/#website","url":"https:\/\/www.modave.be\/","name":"Commune de Modave","description":"Commune de Modave","publisher":{"@id":"https:\/\/www.modave.be\/#organization"},"potentialAction":[{"@type":"SearchAction","target":{"@type":"EntryPoint","urlTemplate":"https:\/\/www.modave.be\/?s={search_term_string}"},"query-input":{"@type":"PropertyValueSpecification","valueRequired":true,"valueName":"search_term_string"}}],"inLanguage":"fr-FR"},{"@type":"Organization","@id":"https:\/\/www.modave.be\/#organization","name":"Commune de Modave","url":"https:\/\/www.modave.be\/","logo":{"@type":"ImageObject","inLanguage":"fr-FR","@id":"https:\/\/www.modave.be\/#\/schema\/logo\/image\/","url":"https:\/\/www.modave.be\/wp-content\/uploads\/2021\/12\/MODAVE_LOGO_HORIZONTAL_QUADRI_RVB.png","contentUrl":"https:\/\/www.modave.be\/wp-content\/uploads\/2021\/12\/MODAVE_LOGO_HORIZONTAL_QUADRI_RVB.png","width":1200,"height":501,"caption":"Commune de Modave"},"image":{"@id":"https:\/\/www.modave.be\/#\/schema\/logo\/image\/"}}]}},"_links":{"self":[{"href":"https:\/\/www.modave.be\/index.php\/wp-json\/wp\/v2\/services_communaux\/15959","targetHints":{"allow":["GET"]}}],"collection":[{"href":"https:\/\/www.modave.be\/index.php\/wp-json\/wp\/v2\/services_communaux"}],"about":[{"href":"https:\/\/www.modave.be\/index.php\/wp-json\/wp\/v2\/types\/services_communaux"}],"author":[{"embeddable":true,"href":"https:\/\/www.modave.be\/index.php\/wp-json\/wp\/v2\/users\/9"}],"wp:featuredmedia":[{"embeddable":true,"href":"https:\/\/www.modave.be\/index.php\/wp-json\/wp\/v2\/media\/15961"}],"wp:attachment":[{"href":"https:\/\/www.modave.be\/index.php\/wp-json\/wp\/v2\/media?parent=15959"}],"wp:term":[{"taxonomy":"category","embeddable":true,"href":"https:\/\/www.modave.be\/index.php\/wp-json\/wp\/v2\/categories?post=15959"}],"curies":[{"name":"wp","href":"https:\/\/api.w.org\/{rel}","templated":true}]}}

<h2 class="wp-block-heading">Exercice militaire | 9 juillet 2025</h2>



<p>Le mardi 9 juillet, une trentaine de militaires réaliseront un exercice de marche et d’orientation dans les bois du plateau d’Amay, avec un possible passage par Modave.</p>



<p>Il s’agit d’un simple entraînement sans arme ni tir, mené par petits groupes, accompagné d’un seul véhicule.</p>



<p>Merci de prendre bonne note de leur présence.</p>



<figure class="wp-block-image size-full"><img fetchpriority="high" decoding="async" width="1080" height="1080" src="https://www.modave.be/wp-content/uploads/2025/06/Marche-4.png" alt="" class="wp-image-15960" srcset="https://www.modave.be/wp-content/uploads/2025/06/Marche-4.png 1080w, https://www.modave.be/wp-content/uploads/2025/06/Marche-4-300x300.png 300w, https://www.modave.be/wp-content/uploads/2025/06/Marche-4-1024x1024.png 1024w, https://www.modave.be/wp-content/uploads/2025/06/Marche-4-150x150.png 150w, https://www.modave.be/wp-content/uploads/2025/06/Marche-4-768x768.png 768w" sizes="(max-width: 1080px) 100vw, 1080px" /></figure>



<p></p>

<p>Exercice militaire | 9 juillet 2025 Le mardi 9 juillet, une trentaine de militaires réaliseront un exercice de marche et d’orientation dans les bois du plateau d’Amay, avec un possible passage par Modave. Il s’agit d’un simple entraînement sans arme ni tir, mené par petits groupes, accompagné d’un seul véhicule. Merci de prendre bonne note&hellip;</p>

<!-- This site is optimized with the Yoast SEO plugin v27.4 - https://yoast.com/product/yoast-seo-wordpress/ -->
<title>Exercice militaire | 9 juillet 2025 - Commune de Modave</title>
<meta name="robots" content="index, follow, max-snippet:-1, max-image-preview:large, max-video-preview:-1" />
<link rel="canonical" href="https://www.modave.be/index.php/services_communaux/exercice-militaire-9-juillet-2025/" />
<meta property="og:locale" content="fr_FR" />
<meta property="og:type" content="article" />
<meta property="og:title" content="Exercice militaire | 9 juillet 2025 - Commune de Modave" />
<meta property="og:description" content="Exercice militaire | 9 juillet 2025 Le mardi 9 juillet, une trentaine de militaires réaliseront un exercice de marche et d’orientation dans les bois du plateau d’Amay, avec un possible passage par Modave. Il s’agit d’un simple entraînement sans arme ni tir, mené par petits groupes, accompagné d’un seul véhicule. Merci de prendre bonne note&hellip;" />
<meta property="og:url" content="https://www.modave.be/index.php/services_communaux/exercice-militaire-9-juillet-2025/" />
<meta property="og:site_name" content="Commune de Modave" />
<meta property="og:image" content="https://www.modave.be/wp-content/uploads/2025/06/Marche-5-e1750838692255.png" />
	<meta property="og:image:width" content="1080" />
	<meta property="og:image:height" content="540" />
	<meta property="og:image:type" content="image/png" />
<meta name="twitter:card" content="summary_large_image" />
<script type="application/ld+json" class="yoast-schema-graph">{"@context":"https:\/\/schema.org","@graph":[{"@type":"WebPage","@id":"https:\/\/www.modave.be\/index.php\/services_communaux\/exercice-militaire-9-juillet-2025\/","url":"https:\/\/www.modave.be\/index.php\/services_communaux\/exercice-militaire-9-juillet-2025\/","name":"Exercice militaire | 9 juillet 2025 - Commune de Modave","isPartOf":{"@id":"https:\/\/www.modave.be\/#website"},"primaryImageOfPage":{"@id":"https:\/\/www.modave.be\/index.php\/services_communaux\/exercice-militaire-9-juillet-2025\/#primaryimage"},"image":{"@id":"https:\/\/www.modave.be\/index.php\/services_communaux\/exercice-militaire-9-juillet-2025\/#primaryimage"},"thumbnailUrl":"https:\/\/www.modave.be\/wp-content\/uploads\/2025\/06\/Marche-5-e1750838692255.png","datePublished":"2025-06-25T14:00:00+00:00","breadcrumb":{"@id":"https:\/\/www.modave.be\/index.php\/services_communaux\/exercice-militaire-9-juillet-2025\/#breadcrumb"},"inLanguage":"fr-FR","potentialAction":[{"@type":"ReadAction","target":["https:\/\/www.modave.be\/index.php\/services_communaux\/exercice-militaire-9-juillet-2025\/"]}]},{"@type":"ImageObject","inLanguage":"fr-FR","@id":"https:\/\/www.modave.be\/index.php\/services_communaux\/exercice-militaire-9-juillet-2025\/#primaryimage","url":"https:\/\/www.modave.be\/wp-content\/uploads\/2025\/06\/Marche-5-e1750838692255.png","contentUrl":"https:\/\/www.modave.be\/wp-content\/uploads\/2025\/06\/Marche-5-e1750838692255.png","width":1080,"height":540},{"@type":"BreadcrumbList","@id":"https:\/\/www.modave.be\/index.php\/services_communaux\/exercice-militaire-9-juillet-2025\/#breadcrumb","itemListElement":[{"@type":"ListItem","position":1,"name":"Accueil","item":"https:\/\/www.modave.be\/"},{"@type":"ListItem","position":2,"name":"Exercice militaire | 9 juillet 2025"}]},{"@type":"WebSite","@id":"https:\/\/www.modave.be\/#website","url":"https:\/\/www.modave.be\/","name":"Commune de Modave","description":"Commune de Modave","publisher":{"@id":"https:\/\/www.modave.be\/#organization"},"potentialAction":[{"@type":"SearchAction","target":{"@type":"EntryPoint","urlTemplate":"https:\/\/www.modave.be\/?s={search_term_string}"},"query-input":{"@type":"PropertyValueSpecification","valueRequired":true,"valueName":"search_term_string"}}],"inLanguage":"fr-FR"},{"@type":"Organization","@id":"https:\/\/www.modave.be\/#organization","name":"Commune de Modave","url":"https:\/\/www.modave.be\/","logo":{"@type":"ImageObject","inLanguage":"fr-FR","@id":"https:\/\/www.modave.be\/#\/schema\/logo\/image\/","url":"https:\/\/www.modave.be\/wp-content\/uploads\/2021\/12\/MODAVE_LOGO_HORIZONTAL_QUADRI_RVB.png","contentUrl":"https:\/\/www.modave.be\/wp-content\/uploads\/2021\/12\/MODAVE_LOGO_HORIZONTAL_QUADRI_RVB.png","width":1200,"height":501,"caption":"Commune de Modave"},"image":{"@id":"https:\/\/www.modave.be\/#\/schema\/logo\/image\/"}}]}</script>
<!-- / Yoast SEO plugin. -->

Exercice militaire | 9 juillet 2025 Le mardi 9 juillet, une trentaine de militaires réaliseront un exercice de marche et d’orientation dans les bois du plateau d’Amay, avec un possible passage par Modave. Il s’agit d’un simple entraînement sans arme ni tir, mené par petits groupes, accompagné d’un seul véhicule. Merci de prendre bonne note&hellip;
