{"id":15988,"date":"2025-06-30T16:10:57","date_gmt":"2025-06-30T14:10:57","guid":{"rendered":"https:\/\/www.modave.be\/?post_type=services_communaux&#038;p=15988"},"modified":"2025-06-30T16:10:58","modified_gmt":"2025-06-30T14:10:58","slug":"urbanisme-avis-denquete-publique-12","status":"publish","type":"services_communaux","link":"https:\/\/www.modave.be\/index.php\/services_communaux\/urbanisme-avis-denquete-publique-12\/","title":{"rendered":"Urbanisme | Avis d&rsquo;enqu\u00eate publique"},"content":{"rendered":"\n<h3 class=\"wp-block-heading\"><strong>Avis d\u2019enqu\u00eate publique<\/strong><\/h3>\n\n\n\n<p>Le Coll\u00e8ge communal informe la population qu\u2019une enqu\u00eate publique est ouverte du <strong>21 juillet au 02 septembre 2025<\/strong> concernant une <strong>demande de permis d\u2019urbanisme introduite par La Patchamama<\/strong>. Le projet porte sur <strong>l\u2019installation d\u2019un cabanon de jardin<\/strong> destin\u00e9 au rangement de mat\u00e9riel de jardinage, et concerne un terrain situ\u00e9 <strong>Rue Trou Bottin \u00e0 4577 Modave<\/strong>.<\/p>\n\n\n\n<blockquote class=\"wp-block-quote is-layout-flow wp-block-quote-is-layout-flow\">\n<p>La cl\u00f4ture de l\u2019enqu\u00eate aura lieu le <strong>02 septembre 2025 \u00e0 10h<\/strong> \u00e0 l\u2019Administration communale (Service Urbanisme).<\/p>\n<\/blockquote>\n\n\n\n<p>Retrouvez l\u2019avis complet ci-dessous.<\/p>\n\n\n\n<div data-wp-interactive=\"core\/file\" class=\"wp-block-file\"><object data-wp-bind--hidden=\"!state.hasPdfPreview\" hidden class=\"wp-block-file__embed\" data=\"https:\/\/www.modave.be\/wp-content\/uploads\/2025\/06\/Patchamama-affiche-enquete.pdf\" type=\"application\/pdf\" style=\"width:100%;height:600px\" aria-label=\"Contenu embarqu\u00e9 Patchamama - affiche enqu\u00eate.\"><\/object><a id=\"wp-block-file--media-e213367c-8151-4c6f-9101-844fb0b2b43d\" href=\"https:\/\/www.modave.be\/wp-content\/uploads\/2025\/06\/Patchamama-affiche-enquete.pdf\">Patchamama &#8211; affiche enqu\u00eate<\/a><a href=\"https:\/\/www.modave.be\/wp-content\/uploads\/2025\/06\/Patchamama-affiche-enquete.pdf\" class=\"wp-block-file__button wp-element-button\" download aria-describedby=\"wp-block-file--media-e213367c-8151-4c6f-9101-844fb0b2b43d\">T\u00e9l\u00e9charger<\/a><\/div>\n\n\n\n<p><\/p>\n","protected":false},"excerpt":{"rendered":"<p>Avis d\u2019enqu\u00eate publique Le Coll\u00e8ge communal informe la population qu\u2019une enqu\u00eate publique est ouverte du 21 juillet au 02 septembre 2025 concernant une demande de permis d\u2019urbanisme introduite par La Patchamama. Le projet porte sur l\u2019installation d\u2019un cabanon de jardin destin\u00e9 au rangement de mat\u00e9riel de jardinage, et concerne un terrain situ\u00e9 Rue Trou Bottin&hellip;<\/p>\n","protected":false},"author":9,"featured_media":15892,"menu_order":0,"template":"","categories":[209],"class_list":["post-15988","services_communaux","type-services_communaux","status-publish","has-post-thumbnail","hentry","category-urbanisme","description-off"],"yoast_head":"<!-- This site is optimized with the Yoast SEO plugin v27.4 - https:\/\/yoast.com\/product\/yoast-seo-wordpress\/ -->\n<title>Urbanisme | Avis d&#039;enqu\u00eate publique - Commune de Modave<\/title>\n<meta name=\"robots\" content=\"index, follow, max-snippet:-1, max-image-preview:large, max-video-preview:-1\" \/>\n<link rel=\"canonical\" href=\"https:\/\/www.modave.be\/index.php\/services_communaux\/urbanisme-avis-denquete-publique-12\/\" \/>\n<meta property=\"og:locale\" content=\"fr_FR\" \/>\n<meta property=\"og:type\" content=\"article\" \/>\n<meta property=\"og:title\" content=\"Urbanisme | Avis d&#039;enqu\u00eate publique - Commune de Modave\" \/>\n<meta property=\"og:description\" content=\"Avis d\u2019enqu\u00eate publique Le Coll\u00e8ge communal informe la population qu\u2019une enqu\u00eate publique est ouverte du 21 juillet au 02 septembre 2025 concernant une demande de permis d\u2019urbanisme introduite par La Patchamama. Le projet porte sur l\u2019installation d\u2019un cabanon de jardin destin\u00e9 au rangement de mat\u00e9riel de jardinage, et concerne un terrain situ\u00e9 Rue Trou Bottin&hellip;\" \/>\n<meta property=\"og:url\" content=\"https:\/\/www.modave.be\/index.php\/services_communaux\/urbanisme-avis-denquete-publique-12\/\" \/>\n<meta property=\"og:site_name\" content=\"Commune de Modave\" \/>\n<meta property=\"article:modified_time\" content=\"2025-06-30T14:10:58+00:00\" \/>\n<meta property=\"og:image\" content=\"https:\/\/www.modave.be\/wp-content\/uploads\/2025\/06\/Grandes-Questions-11-scaled-e1750084918751.jpg\" \/>\n\t<meta property=\"og:image:width\" content=\"2560\" \/>\n\t<meta property=\"og:image:height\" content=\"1280\" \/>\n\t<meta property=\"og:image:type\" content=\"image\/jpeg\" \/>\n<meta name=\"twitter:card\" content=\"summary_large_image\" \/>\n<script type=\"application\/ld+json\" class=\"yoast-schema-graph\">{\"@context\":\"https:\\\/\\\/schema.org\",\"@graph\":[{\"@type\":\"WebPage\",\"@id\":\"https:\\\/\\\/www.modave.be\\\/index.php\\\/services_communaux\\\/urbanisme-avis-denquete-publique-12\\\/\",\"url\":\"https:\\\/\\\/www.modave.be\\\/index.php\\\/services_communaux\\\/urbanisme-avis-denquete-publique-12\\\/\",\"name\":\"Urbanisme | Avis d'enqu\u00eate publique - Commune de Modave\",\"isPartOf\":{\"@id\":\"https:\\\/\\\/www.modave.be\\\/#website\"},\"primaryImageOfPage\":{\"@id\":\"https:\\\/\\\/www.modave.be\\\/index.php\\\/services_communaux\\\/urbanisme-avis-denquete-publique-12\\\/#primaryimage\"},\"image\":{\"@id\":\"https:\\\/\\\/www.modave.be\\\/index.php\\\/services_communaux\\\/urbanisme-avis-denquete-publique-12\\\/#primaryimage\"},\"thumbnailUrl\":\"https:\\\/\\\/www.modave.be\\\/wp-content\\\/uploads\\\/2025\\\/06\\\/Grandes-Questions-11-scaled-e1750084918751.jpg\",\"datePublished\":\"2025-06-30T14:10:57+00:00\",\"dateModified\":\"2025-06-30T14:10:58+00:00\",\"breadcrumb\":{\"@id\":\"https:\\\/\\\/www.modave.be\\\/index.php\\\/services_communaux\\\/urbanisme-avis-denquete-publique-12\\\/#breadcrumb\"},\"inLanguage\":\"fr-FR\",\"potentialAction\":[{\"@type\":\"ReadAction\",\"target\":[\"https:\\\/\\\/www.modave.be\\\/index.php\\\/services_communaux\\\/urbanisme-avis-denquete-publique-12\\\/\"]}]},{\"@type\":\"ImageObject\",\"inLanguage\":\"fr-FR\",\"@id\":\"https:\\\/\\\/www.modave.be\\\/index.php\\\/services_communaux\\\/urbanisme-avis-denquete-publique-12\\\/#primaryimage\",\"url\":\"https:\\\/\\\/www.modave.be\\\/wp-content\\\/uploads\\\/2025\\\/06\\\/Grandes-Questions-11-scaled-e1750084918751.jpg\",\"contentUrl\":\"https:\\\/\\\/www.modave.be\\\/wp-content\\\/uploads\\\/2025\\\/06\\\/Grandes-Questions-11-scaled-e1750084918751.jpg\",\"width\":2560,\"height\":1280},{\"@type\":\"BreadcrumbList\",\"@id\":\"https:\\\/\\\/www.modave.be\\\/index.php\\\/services_communaux\\\/urbanisme-avis-denquete-publique-12\\\/#breadcrumb\",\"itemListElement\":[{\"@type\":\"ListItem\",\"position\":1,\"name\":\"Accueil\",\"item\":\"https:\\\/\\\/www.modave.be\\\/\"},{\"@type\":\"ListItem\",\"position\":2,\"name\":\"Urbanisme | Avis d&rsquo;enqu\u00eate publique\"}]},{\"@type\":\"WebSite\",\"@id\":\"https:\\\/\\\/www.modave.be\\\/#website\",\"url\":\"https:\\\/\\\/www.modave.be\\\/\",\"name\":\"Commune de Modave\",\"description\":\"Commune de Modave\",\"publisher\":{\"@id\":\"https:\\\/\\\/www.modave.be\\\/#organization\"},\"potentialAction\":[{\"@type\":\"SearchAction\",\"target\":{\"@type\":\"EntryPoint\",\"urlTemplate\":\"https:\\\/\\\/www.modave.be\\\/?s={search_term_string}\"},\"query-input\":{\"@type\":\"PropertyValueSpecification\",\"valueRequired\":true,\"valueName\":\"search_term_string\"}}],\"inLanguage\":\"fr-FR\"},{\"@type\":\"Organization\",\"@id\":\"https:\\\/\\\/www.modave.be\\\/#organization\",\"name\":\"Commune de Modave\",\"url\":\"https:\\\/\\\/www.modave.be\\\/\",\"logo\":{\"@type\":\"ImageObject\",\"inLanguage\":\"fr-FR\",\"@id\":\"https:\\\/\\\/www.modave.be\\\/#\\\/schema\\\/logo\\\/image\\\/\",\"url\":\"https:\\\/\\\/www.modave.be\\\/wp-content\\\/uploads\\\/2021\\\/12\\\/MODAVE_LOGO_HORIZONTAL_QUADRI_RVB.png\",\"contentUrl\":\"https:\\\/\\\/www.modave.be\\\/wp-content\\\/uploads\\\/2021\\\/12\\\/MODAVE_LOGO_HORIZONTAL_QUADRI_RVB.png\",\"width\":1200,\"height\":501,\"caption\":\"Commune de Modave\"},\"image\":{\"@id\":\"https:\\\/\\\/www.modave.be\\\/#\\\/schema\\\/logo\\\/image\\\/\"}}]}<\/script>\n<!-- \/ Yoast SEO plugin. -->","yoast_head_json":{"title":"Urbanisme | Avis d'enqu\u00eate publique - Commune de Modave","robots":{"index":"index","follow":"follow","max-snippet":"max-snippet:-1","max-image-preview":"max-image-preview:large","max-video-preview":"max-video-preview:-1"},"canonical":"https:\/\/www.modave.be\/index.php\/services_communaux\/urbanisme-avis-denquete-publique-12\/","og_locale":"fr_FR","og_type":"article","og_title":"Urbanisme | Avis d'enqu\u00eate publique - Commune de Modave","og_description":"Avis d\u2019enqu\u00eate publique Le Coll\u00e8ge communal informe la population qu\u2019une enqu\u00eate publique est ouverte du 21 juillet au 02 septembre 2025 concernant une demande de permis d\u2019urbanisme introduite par La Patchamama. Le projet porte sur l\u2019installation d\u2019un cabanon de jardin destin\u00e9 au rangement de mat\u00e9riel de jardinage, et concerne un terrain situ\u00e9 Rue Trou Bottin&hellip;","og_url":"https:\/\/www.modave.be\/index.php\/services_communaux\/urbanisme-avis-denquete-publique-12\/","og_site_name":"Commune de Modave","article_modified_time":"2025-06-30T14:10:58+00:00","og_image":[{"width":2560,"height":1280,"url":"https:\/\/www.modave.be\/wp-content\/uploads\/2025\/06\/Grandes-Questions-11-scaled-e1750084918751.jpg","type":"image\/jpeg"}],"twitter_card":"summary_large_image","schema":{"@context":"https:\/\/schema.org","@graph":[{"@type":"WebPage","@id":"https:\/\/www.modave.be\/index.php\/services_communaux\/urbanisme-avis-denquete-publique-12\/","url":"https:\/\/www.modave.be\/index.php\/services_communaux\/urbanisme-avis-denquete-publique-12\/","name":"Urbanisme | Avis d'enqu\u00eate publique - Commune de Modave","isPartOf":{"@id":"https:\/\/www.modave.be\/#website"},"primaryImageOfPage":{"@id":"https:\/\/www.modave.be\/index.php\/services_communaux\/urbanisme-avis-denquete-publique-12\/#primaryimage"},"image":{"@id":"https:\/\/www.modave.be\/index.php\/services_communaux\/urbanisme-avis-denquete-publique-12\/#primaryimage"},"thumbnailUrl":"https:\/\/www.modave.be\/wp-content\/uploads\/2025\/06\/Grandes-Questions-11-scaled-e1750084918751.jpg","datePublished":"2025-06-30T14:10:57+00:00","dateModified":"2025-06-30T14:10:58+00:00","breadcrumb":{"@id":"https:\/\/www.modave.be\/index.php\/services_communaux\/urbanisme-avis-denquete-publique-12\/#breadcrumb"},"inLanguage":"fr-FR","potentialAction":[{"@type":"ReadAction","target":["https:\/\/www.modave.be\/index.php\/services_communaux\/urbanisme-avis-denquete-publique-12\/"]}]},{"@type":"ImageObject","inLanguage":"fr-FR","@id":"https:\/\/www.modave.be\/index.php\/services_communaux\/urbanisme-avis-denquete-publique-12\/#primaryimage","url":"https:\/\/www.modave.be\/wp-content\/uploads\/2025\/06\/Grandes-Questions-11-scaled-e1750084918751.jpg","contentUrl":"https:\/\/www.modave.be\/wp-content\/uploads\/2025\/06\/Grandes-Questions-11-scaled-e1750084918751.jpg","width":2560,"height":1280},{"@type":"BreadcrumbList","@id":"https:\/\/www.modave.be\/index.php\/services_communaux\/urbanisme-avis-denquete-publique-12\/#breadcrumb","itemListElement":[{"@type":"ListItem","position":1,"name":"Accueil","item":"https:\/\/www.modave.be\/"},{"@type":"ListItem","position":2,"name":"Urbanisme | Avis d&rsquo;enqu\u00eate publique"}]},{"@type":"WebSite","@id":"https:\/\/www.modave.be\/#website","url":"https:\/\/www.modave.be\/","name":"Commune de Modave","description":"Commune de Modave","publisher":{"@id":"https:\/\/www.modave.be\/#organization"},"potentialAction":[{"@type":"SearchAction","target":{"@type":"EntryPoint","urlTemplate":"https:\/\/www.modave.be\/?s={search_term_string}"},"query-input":{"@type":"PropertyValueSpecification","valueRequired":true,"valueName":"search_term_string"}}],"inLanguage":"fr-FR"},{"@type":"Organization","@id":"https:\/\/www.modave.be\/#organization","name":"Commune de Modave","url":"https:\/\/www.modave.be\/","logo":{"@type":"ImageObject","inLanguage":"fr-FR","@id":"https:\/\/www.modave.be\/#\/schema\/logo\/image\/","url":"https:\/\/www.modave.be\/wp-content\/uploads\/2021\/12\/MODAVE_LOGO_HORIZONTAL_QUADRI_RVB.png","contentUrl":"https:\/\/www.modave.be\/wp-content\/uploads\/2021\/12\/MODAVE_LOGO_HORIZONTAL_QUADRI_RVB.png","width":1200,"height":501,"caption":"Commune de Modave"},"image":{"@id":"https:\/\/www.modave.be\/#\/schema\/logo\/image\/"}}]}},"_links":{"self":[{"href":"https:\/\/www.modave.be\/index.php\/wp-json\/wp\/v2\/services_communaux\/15988","targetHints":{"allow":["GET"]}}],"collection":[{"href":"https:\/\/www.modave.be\/index.php\/wp-json\/wp\/v2\/services_communaux"}],"about":[{"href":"https:\/\/www.modave.be\/index.php\/wp-json\/wp\/v2\/types\/services_communaux"}],"author":[{"embeddable":true,"href":"https:\/\/www.modave.be\/index.php\/wp-json\/wp\/v2\/users\/9"}],"wp:featuredmedia":[{"embeddable":true,"href":"https:\/\/www.modave.be\/index.php\/wp-json\/wp\/v2\/media\/15892"}],"wp:attachment":[{"href":"https:\/\/www.modave.be\/index.php\/wp-json\/wp\/v2\/media?parent=15988"}],"wp:term":[{"taxonomy":"category","embeddable":true,"href":"https:\/\/www.modave.be\/index.php\/wp-json\/wp\/v2\/categories?post=15988"}],"curies":[{"name":"wp","href":"https:\/\/api.w.org\/{rel}","templated":true}]}}

Urbanisme | Avis d&rsquo;enquête publique

<h3 class="wp-block-heading"><strong>Avis d’enquête publique</strong></h3>



<p>Le Collège communal informe la population qu’une enquête publique est ouverte du <strong>21 juillet au 02 septembre 2025</strong> concernant une <strong>demande de permis d’urbanisme introduite par La Patchamama</strong>. Le projet porte sur <strong>l’installation d’un cabanon de jardin</strong> destiné au rangement de matériel de jardinage, et concerne un terrain situé <strong>Rue Trou Bottin à 4577 Modave</strong>.</p>



<blockquote class="wp-block-quote is-layout-flow wp-block-quote-is-layout-flow">
<p>La clôture de l’enquête aura lieu le <strong>02 septembre 2025 à 10h</strong> à l’Administration communale (Service Urbanisme).</p>
</blockquote>



<p>Retrouvez l’avis complet ci-dessous.</p>



<div data-wp-interactive="core/file" class="wp-block-file"><object data-wp-bind--hidden="!state.hasPdfPreview" hidden class="wp-block-file__embed" data="https://www.modave.be/wp-content/uploads/2025/06/Patchamama-affiche-enquete.pdf" type="application/pdf" style="width:100%;height:600px" aria-label="Contenu embarqué Patchamama - affiche enquête."></object><a id="wp-block-file--media-e213367c-8151-4c6f-9101-844fb0b2b43d" href="https://www.modave.be/wp-content/uploads/2025/06/Patchamama-affiche-enquete.pdf">Patchamama &#8211; affiche enquête</a><a href="https://www.modave.be/wp-content/uploads/2025/06/Patchamama-affiche-enquete.pdf" class="wp-block-file__button wp-element-button" download aria-describedby="wp-block-file--media-e213367c-8151-4c6f-9101-844fb0b2b43d">Télécharger</a></div>



<p></p>

<p>Avis d’enquête publique Le Collège communal informe la population qu’une enquête publique est ouverte du 21 juillet au 02 septembre 2025 concernant une demande de permis d’urbanisme introduite par La Patchamama. Le projet porte sur l’installation d’un cabanon de jardin destiné au rangement de matériel de jardinage, et concerne un terrain situé Rue Trou Bottin&hellip;</p>

<!-- This site is optimized with the Yoast SEO plugin v27.4 - https://yoast.com/product/yoast-seo-wordpress/ -->
<title>Urbanisme | Avis d&#039;enquête publique - Commune de Modave</title>
<meta name="robots" content="index, follow, max-snippet:-1, max-image-preview:large, max-video-preview:-1" />
<link rel="canonical" href="https://www.modave.be/index.php/services_communaux/urbanisme-avis-denquete-publique-12/" />
<meta property="og:locale" content="fr_FR" />
<meta property="og:type" content="article" />
<meta property="og:title" content="Urbanisme | Avis d&#039;enquête publique - Commune de Modave" />
<meta property="og:description" content="Avis d’enquête publique Le Collège communal informe la population qu’une enquête publique est ouverte du 21 juillet au 02 septembre 2025 concernant une demande de permis d’urbanisme introduite par La Patchamama. Le projet porte sur l’installation d’un cabanon de jardin destiné au rangement de matériel de jardinage, et concerne un terrain situé Rue Trou Bottin&hellip;" />
<meta property="og:url" content="https://www.modave.be/index.php/services_communaux/urbanisme-avis-denquete-publique-12/" />
<meta property="og:site_name" content="Commune de Modave" />
<meta property="article:modified_time" content="2025-06-30T14:10:58+00:00" />
<meta property="og:image" content="https://www.modave.be/wp-content/uploads/2025/06/Grandes-Questions-11-scaled-e1750084918751.jpg" />
	<meta property="og:image:width" content="2560" />
	<meta property="og:image:height" content="1280" />
	<meta property="og:image:type" content="image/jpeg" />
<meta name="twitter:card" content="summary_large_image" />
<script type="application/ld+json" class="yoast-schema-graph">{"@context":"https:\/\/schema.org","@graph":[{"@type":"WebPage","@id":"https:\/\/www.modave.be\/index.php\/services_communaux\/urbanisme-avis-denquete-publique-12\/","url":"https:\/\/www.modave.be\/index.php\/services_communaux\/urbanisme-avis-denquete-publique-12\/","name":"Urbanisme | Avis d'enquête publique - Commune de Modave","isPartOf":{"@id":"https:\/\/www.modave.be\/#website"},"primaryImageOfPage":{"@id":"https:\/\/www.modave.be\/index.php\/services_communaux\/urbanisme-avis-denquete-publique-12\/#primaryimage"},"image":{"@id":"https:\/\/www.modave.be\/index.php\/services_communaux\/urbanisme-avis-denquete-publique-12\/#primaryimage"},"thumbnailUrl":"https:\/\/www.modave.be\/wp-content\/uploads\/2025\/06\/Grandes-Questions-11-scaled-e1750084918751.jpg","datePublished":"2025-06-30T14:10:57+00:00","dateModified":"2025-06-30T14:10:58+00:00","breadcrumb":{"@id":"https:\/\/www.modave.be\/index.php\/services_communaux\/urbanisme-avis-denquete-publique-12\/#breadcrumb"},"inLanguage":"fr-FR","potentialAction":[{"@type":"ReadAction","target":["https:\/\/www.modave.be\/index.php\/services_communaux\/urbanisme-avis-denquete-publique-12\/"]}]},{"@type":"ImageObject","inLanguage":"fr-FR","@id":"https:\/\/www.modave.be\/index.php\/services_communaux\/urbanisme-avis-denquete-publique-12\/#primaryimage","url":"https:\/\/www.modave.be\/wp-content\/uploads\/2025\/06\/Grandes-Questions-11-scaled-e1750084918751.jpg","contentUrl":"https:\/\/www.modave.be\/wp-content\/uploads\/2025\/06\/Grandes-Questions-11-scaled-e1750084918751.jpg","width":2560,"height":1280},{"@type":"BreadcrumbList","@id":"https:\/\/www.modave.be\/index.php\/services_communaux\/urbanisme-avis-denquete-publique-12\/#breadcrumb","itemListElement":[{"@type":"ListItem","position":1,"name":"Accueil","item":"https:\/\/www.modave.be\/"},{"@type":"ListItem","position":2,"name":"Urbanisme | Avis d&rsquo;enquête publique"}]},{"@type":"WebSite","@id":"https:\/\/www.modave.be\/#website","url":"https:\/\/www.modave.be\/","name":"Commune de Modave","description":"Commune de Modave","publisher":{"@id":"https:\/\/www.modave.be\/#organization"},"potentialAction":[{"@type":"SearchAction","target":{"@type":"EntryPoint","urlTemplate":"https:\/\/www.modave.be\/?s={search_term_string}"},"query-input":{"@type":"PropertyValueSpecification","valueRequired":true,"valueName":"search_term_string"}}],"inLanguage":"fr-FR"},{"@type":"Organization","@id":"https:\/\/www.modave.be\/#organization","name":"Commune de Modave","url":"https:\/\/www.modave.be\/","logo":{"@type":"ImageObject","inLanguage":"fr-FR","@id":"https:\/\/www.modave.be\/#\/schema\/logo\/image\/","url":"https:\/\/www.modave.be\/wp-content\/uploads\/2021\/12\/MODAVE_LOGO_HORIZONTAL_QUADRI_RVB.png","contentUrl":"https:\/\/www.modave.be\/wp-content\/uploads\/2021\/12\/MODAVE_LOGO_HORIZONTAL_QUADRI_RVB.png","width":1200,"height":501,"caption":"Commune de Modave"},"image":{"@id":"https:\/\/www.modave.be\/#\/schema\/logo\/image\/"}}]}</script>
<!-- / Yoast SEO plugin. -->

Urbanisme | Avis d'enquête publique - Commune de Modave

Avis d’enquête publique Le Collège communal informe la population qu’une enquête publique est ouverte du 21 juillet au 02 septembre 2025 concernant une demande de permis d’urbanisme introduite par La Patchamama. Le projet porte sur l’installation d’un cabanon de jardin destiné au rangement de matériel de jardinage, et concerne un terrain situé Rue Trou Bottin&hellip;
