{"id":16037,"date":"2025-07-03T13:12:46","date_gmt":"2025-07-03T11:12:46","guid":{"rendered":"https:\/\/www.modave.be\/?post_type=services_communaux&#038;p=16037"},"modified":"2025-07-03T13:12:47","modified_gmt":"2025-07-03T11:12:47","slug":"le-gal-pays-des-condruses-recrute","status":"publish","type":"services_communaux","link":"https:\/\/www.modave.be\/index.php\/services_communaux\/le-gal-pays-des-condruses-recrute\/","title":{"rendered":"Le GAL Pays des Condruses recrute !"},"content":{"rendered":"\n<h2 class=\"wp-block-heading\">OFFRE D\u2019EMPLOI | Contrat de remplacement<\/h2>\n\n\n\n<p>Vous \u00eates passionn\u00e9(e) par la r\u00e9novation \u00e9nerg\u00e9tique et souhaitez mettre vos comp\u00e9tences au service de projets concrets et porteurs de sens ?<br>Le GAL recherche <strong>deux charg\u00e9(e)s de projet en r\u00e9novation \u00e9nerg\u00e9tique<\/strong> pour accompagner les habitants dans l\u2019am\u00e9lioration de leur logement.<\/p>\n\n\n\n<p>Postes bas\u00e9s \u00e0 Str\u00e9e (Modave) avec d\u00e9placements r\u00e9guliers dans l\u2019arrondissement de Huy-Waremme.<br>CDI temps plein &#8211; <strong>entr\u00e9e en fonction pr\u00e9vue le 1er septembre 2025<\/strong>.<\/p>\n\n\n\n<blockquote class=\"wp-block-quote is-layout-flow wp-block-quote-is-layout-flow\">\n<p>Int\u00e9ress\u00e9(e) ? Envoyez votre candidature \u00e0 <a>jeanfrancois.pecheur@galcondruses.be<\/a> avant le 31 juillet.<\/p>\n\n\n\n<p>Tous les d\u00e9tails de l\u2019offre ici :<br><a class=\"\" href=\"https:\/\/www.leforem.be\/recherche-offres\/offre-detail\/1441187\">https:\/\/www.leforem.be\/recherche-offres\/offre-detail\/1441187<\/a><\/p>\n<\/blockquote>\n\n\n\n<p><\/p>\n\n\n\n<p><\/p>\n","protected":false},"excerpt":{"rendered":"<p>OFFRE D\u2019EMPLOI | Contrat de remplacement Vous \u00eates passionn\u00e9(e) par la r\u00e9novation \u00e9nerg\u00e9tique et souhaitez mettre vos comp\u00e9tences au service de projets concrets et porteurs de sens ?Le GAL recherche deux charg\u00e9(e)s de projet en r\u00e9novation \u00e9nerg\u00e9tique pour accompagner les habitants dans l\u2019am\u00e9lioration de leur logement. Postes bas\u00e9s \u00e0 Str\u00e9e (Modave) avec d\u00e9placements r\u00e9guliers dans&hellip;<\/p>\n","protected":false},"author":9,"featured_media":16038,"menu_order":0,"template":"","categories":[210,200,204],"class_list":["post-16037","services_communaux","type-services_communaux","status-publish","has-post-thumbnail","hentry","category-ecole_communale","category-extra_scolaire","category-personnel","description-off"],"yoast_head":"<!-- This site is optimized with the Yoast SEO plugin v27.4 - https:\/\/yoast.com\/product\/yoast-seo-wordpress\/ -->\n<title>Le GAL Pays des Condruses recrute ! - Commune de Modave<\/title>\n<meta name=\"robots\" content=\"index, follow, max-snippet:-1, max-image-preview:large, max-video-preview:-1\" \/>\n<link rel=\"canonical\" href=\"https:\/\/www.modave.be\/index.php\/services_communaux\/le-gal-pays-des-condruses-recrute\/\" \/>\n<meta property=\"og:locale\" content=\"fr_FR\" \/>\n<meta property=\"og:type\" content=\"article\" \/>\n<meta property=\"og:title\" content=\"Le GAL Pays des Condruses recrute ! - Commune de Modave\" \/>\n<meta property=\"og:description\" content=\"OFFRE D\u2019EMPLOI | Contrat de remplacement Vous \u00eates passionn\u00e9(e) par la r\u00e9novation \u00e9nerg\u00e9tique et souhaitez mettre vos comp\u00e9tences au service de projets concrets et porteurs de sens ?Le GAL recherche deux charg\u00e9(e)s de projet en r\u00e9novation \u00e9nerg\u00e9tique pour accompagner les habitants dans l\u2019am\u00e9lioration de leur logement. Postes bas\u00e9s \u00e0 Str\u00e9e (Modave) avec d\u00e9placements r\u00e9guliers dans&hellip;\" \/>\n<meta property=\"og:url\" content=\"https:\/\/www.modave.be\/index.php\/services_communaux\/le-gal-pays-des-condruses-recrute\/\" \/>\n<meta property=\"og:site_name\" content=\"Commune de Modave\" \/>\n<meta property=\"article:modified_time\" content=\"2025-07-03T11:12:47+00:00\" \/>\n<meta property=\"og:image\" content=\"https:\/\/www.modave.be\/wp-content\/uploads\/2025\/07\/GAL-e1751541142849.png\" \/>\n\t<meta property=\"og:image:width\" content=\"1080\" \/>\n\t<meta property=\"og:image:height\" content=\"540\" \/>\n\t<meta property=\"og:image:type\" content=\"image\/png\" \/>\n<meta name=\"twitter:card\" content=\"summary_large_image\" \/>\n<meta name=\"twitter:label1\" content=\"Dur\u00e9e de lecture estim\u00e9e\" \/>\n\t<meta name=\"twitter:data1\" content=\"1 minute\" \/>\n<script type=\"application\/ld+json\" class=\"yoast-schema-graph\">{\"@context\":\"https:\\\/\\\/schema.org\",\"@graph\":[{\"@type\":\"WebPage\",\"@id\":\"https:\\\/\\\/www.modave.be\\\/index.php\\\/services_communaux\\\/le-gal-pays-des-condruses-recrute\\\/\",\"url\":\"https:\\\/\\\/www.modave.be\\\/index.php\\\/services_communaux\\\/le-gal-pays-des-condruses-recrute\\\/\",\"name\":\"Le GAL Pays des Condruses recrute ! - Commune de Modave\",\"isPartOf\":{\"@id\":\"https:\\\/\\\/www.modave.be\\\/#website\"},\"primaryImageOfPage\":{\"@id\":\"https:\\\/\\\/www.modave.be\\\/index.php\\\/services_communaux\\\/le-gal-pays-des-condruses-recrute\\\/#primaryimage\"},\"image\":{\"@id\":\"https:\\\/\\\/www.modave.be\\\/index.php\\\/services_communaux\\\/le-gal-pays-des-condruses-recrute\\\/#primaryimage\"},\"thumbnailUrl\":\"https:\\\/\\\/www.modave.be\\\/wp-content\\\/uploads\\\/2025\\\/07\\\/GAL-e1751541142849.png\",\"datePublished\":\"2025-07-03T11:12:46+00:00\",\"dateModified\":\"2025-07-03T11:12:47+00:00\",\"breadcrumb\":{\"@id\":\"https:\\\/\\\/www.modave.be\\\/index.php\\\/services_communaux\\\/le-gal-pays-des-condruses-recrute\\\/#breadcrumb\"},\"inLanguage\":\"fr-FR\",\"potentialAction\":[{\"@type\":\"ReadAction\",\"target\":[\"https:\\\/\\\/www.modave.be\\\/index.php\\\/services_communaux\\\/le-gal-pays-des-condruses-recrute\\\/\"]}]},{\"@type\":\"ImageObject\",\"inLanguage\":\"fr-FR\",\"@id\":\"https:\\\/\\\/www.modave.be\\\/index.php\\\/services_communaux\\\/le-gal-pays-des-condruses-recrute\\\/#primaryimage\",\"url\":\"https:\\\/\\\/www.modave.be\\\/wp-content\\\/uploads\\\/2025\\\/07\\\/GAL-e1751541142849.png\",\"contentUrl\":\"https:\\\/\\\/www.modave.be\\\/wp-content\\\/uploads\\\/2025\\\/07\\\/GAL-e1751541142849.png\",\"width\":1080,\"height\":540},{\"@type\":\"BreadcrumbList\",\"@id\":\"https:\\\/\\\/www.modave.be\\\/index.php\\\/services_communaux\\\/le-gal-pays-des-condruses-recrute\\\/#breadcrumb\",\"itemListElement\":[{\"@type\":\"ListItem\",\"position\":1,\"name\":\"Accueil\",\"item\":\"https:\\\/\\\/www.modave.be\\\/\"},{\"@type\":\"ListItem\",\"position\":2,\"name\":\"Le GAL Pays des Condruses recrute !\"}]},{\"@type\":\"WebSite\",\"@id\":\"https:\\\/\\\/www.modave.be\\\/#website\",\"url\":\"https:\\\/\\\/www.modave.be\\\/\",\"name\":\"Commune de Modave\",\"description\":\"Commune de Modave\",\"publisher\":{\"@id\":\"https:\\\/\\\/www.modave.be\\\/#organization\"},\"potentialAction\":[{\"@type\":\"SearchAction\",\"target\":{\"@type\":\"EntryPoint\",\"urlTemplate\":\"https:\\\/\\\/www.modave.be\\\/?s={search_term_string}\"},\"query-input\":{\"@type\":\"PropertyValueSpecification\",\"valueRequired\":true,\"valueName\":\"search_term_string\"}}],\"inLanguage\":\"fr-FR\"},{\"@type\":\"Organization\",\"@id\":\"https:\\\/\\\/www.modave.be\\\/#organization\",\"name\":\"Commune de Modave\",\"url\":\"https:\\\/\\\/www.modave.be\\\/\",\"logo\":{\"@type\":\"ImageObject\",\"inLanguage\":\"fr-FR\",\"@id\":\"https:\\\/\\\/www.modave.be\\\/#\\\/schema\\\/logo\\\/image\\\/\",\"url\":\"https:\\\/\\\/www.modave.be\\\/wp-content\\\/uploads\\\/2021\\\/12\\\/MODAVE_LOGO_HORIZONTAL_QUADRI_RVB.png\",\"contentUrl\":\"https:\\\/\\\/www.modave.be\\\/wp-content\\\/uploads\\\/2021\\\/12\\\/MODAVE_LOGO_HORIZONTAL_QUADRI_RVB.png\",\"width\":1200,\"height\":501,\"caption\":\"Commune de Modave\"},\"image\":{\"@id\":\"https:\\\/\\\/www.modave.be\\\/#\\\/schema\\\/logo\\\/image\\\/\"}}]}<\/script>\n<!-- \/ Yoast SEO plugin. -->","yoast_head_json":{"title":"Le GAL Pays des Condruses recrute ! - Commune de Modave","robots":{"index":"index","follow":"follow","max-snippet":"max-snippet:-1","max-image-preview":"max-image-preview:large","max-video-preview":"max-video-preview:-1"},"canonical":"https:\/\/www.modave.be\/index.php\/services_communaux\/le-gal-pays-des-condruses-recrute\/","og_locale":"fr_FR","og_type":"article","og_title":"Le GAL Pays des Condruses recrute ! - Commune de Modave","og_description":"OFFRE D\u2019EMPLOI | Contrat de remplacement Vous \u00eates passionn\u00e9(e) par la r\u00e9novation \u00e9nerg\u00e9tique et souhaitez mettre vos comp\u00e9tences au service de projets concrets et porteurs de sens ?Le GAL recherche deux charg\u00e9(e)s de projet en r\u00e9novation \u00e9nerg\u00e9tique pour accompagner les habitants dans l\u2019am\u00e9lioration de leur logement. Postes bas\u00e9s \u00e0 Str\u00e9e (Modave) avec d\u00e9placements r\u00e9guliers dans&hellip;","og_url":"https:\/\/www.modave.be\/index.php\/services_communaux\/le-gal-pays-des-condruses-recrute\/","og_site_name":"Commune de Modave","article_modified_time":"2025-07-03T11:12:47+00:00","og_image":[{"width":1080,"height":540,"url":"https:\/\/www.modave.be\/wp-content\/uploads\/2025\/07\/GAL-e1751541142849.png","type":"image\/png"}],"twitter_card":"summary_large_image","twitter_misc":{"Dur\u00e9e de lecture estim\u00e9e":"1 minute"},"schema":{"@context":"https:\/\/schema.org","@graph":[{"@type":"WebPage","@id":"https:\/\/www.modave.be\/index.php\/services_communaux\/le-gal-pays-des-condruses-recrute\/","url":"https:\/\/www.modave.be\/index.php\/services_communaux\/le-gal-pays-des-condruses-recrute\/","name":"Le GAL Pays des Condruses recrute ! - Commune de Modave","isPartOf":{"@id":"https:\/\/www.modave.be\/#website"},"primaryImageOfPage":{"@id":"https:\/\/www.modave.be\/index.php\/services_communaux\/le-gal-pays-des-condruses-recrute\/#primaryimage"},"image":{"@id":"https:\/\/www.modave.be\/index.php\/services_communaux\/le-gal-pays-des-condruses-recrute\/#primaryimage"},"thumbnailUrl":"https:\/\/www.modave.be\/wp-content\/uploads\/2025\/07\/GAL-e1751541142849.png","datePublished":"2025-07-03T11:12:46+00:00","dateModified":"2025-07-03T11:12:47+00:00","breadcrumb":{"@id":"https:\/\/www.modave.be\/index.php\/services_communaux\/le-gal-pays-des-condruses-recrute\/#breadcrumb"},"inLanguage":"fr-FR","potentialAction":[{"@type":"ReadAction","target":["https:\/\/www.modave.be\/index.php\/services_communaux\/le-gal-pays-des-condruses-recrute\/"]}]},{"@type":"ImageObject","inLanguage":"fr-FR","@id":"https:\/\/www.modave.be\/index.php\/services_communaux\/le-gal-pays-des-condruses-recrute\/#primaryimage","url":"https:\/\/www.modave.be\/wp-content\/uploads\/2025\/07\/GAL-e1751541142849.png","contentUrl":"https:\/\/www.modave.be\/wp-content\/uploads\/2025\/07\/GAL-e1751541142849.png","width":1080,"height":540},{"@type":"BreadcrumbList","@id":"https:\/\/www.modave.be\/index.php\/services_communaux\/le-gal-pays-des-condruses-recrute\/#breadcrumb","itemListElement":[{"@type":"ListItem","position":1,"name":"Accueil","item":"https:\/\/www.modave.be\/"},{"@type":"ListItem","position":2,"name":"Le GAL Pays des Condruses recrute !"}]},{"@type":"WebSite","@id":"https:\/\/www.modave.be\/#website","url":"https:\/\/www.modave.be\/","name":"Commune de Modave","description":"Commune de Modave","publisher":{"@id":"https:\/\/www.modave.be\/#organization"},"potentialAction":[{"@type":"SearchAction","target":{"@type":"EntryPoint","urlTemplate":"https:\/\/www.modave.be\/?s={search_term_string}"},"query-input":{"@type":"PropertyValueSpecification","valueRequired":true,"valueName":"search_term_string"}}],"inLanguage":"fr-FR"},{"@type":"Organization","@id":"https:\/\/www.modave.be\/#organization","name":"Commune de Modave","url":"https:\/\/www.modave.be\/","logo":{"@type":"ImageObject","inLanguage":"fr-FR","@id":"https:\/\/www.modave.be\/#\/schema\/logo\/image\/","url":"https:\/\/www.modave.be\/wp-content\/uploads\/2021\/12\/MODAVE_LOGO_HORIZONTAL_QUADRI_RVB.png","contentUrl":"https:\/\/www.modave.be\/wp-content\/uploads\/2021\/12\/MODAVE_LOGO_HORIZONTAL_QUADRI_RVB.png","width":1200,"height":501,"caption":"Commune de Modave"},"image":{"@id":"https:\/\/www.modave.be\/#\/schema\/logo\/image\/"}}]}},"_links":{"self":[{"href":"https:\/\/www.modave.be\/index.php\/wp-json\/wp\/v2\/services_communaux\/16037","targetHints":{"allow":["GET"]}}],"collection":[{"href":"https:\/\/www.modave.be\/index.php\/wp-json\/wp\/v2\/services_communaux"}],"about":[{"href":"https:\/\/www.modave.be\/index.php\/wp-json\/wp\/v2\/types\/services_communaux"}],"author":[{"embeddable":true,"href":"https:\/\/www.modave.be\/index.php\/wp-json\/wp\/v2\/users\/9"}],"wp:featuredmedia":[{"embeddable":true,"href":"https:\/\/www.modave.be\/index.php\/wp-json\/wp\/v2\/media\/16038"}],"wp:attachment":[{"href":"https:\/\/www.modave.be\/index.php\/wp-json\/wp\/v2\/media?parent=16037"}],"wp:term":[{"taxonomy":"category","embeddable":true,"href":"https:\/\/www.modave.be\/index.php\/wp-json\/wp\/v2\/categories?post=16037"}],"curies":[{"name":"wp","href":"https:\/\/api.w.org\/{rel}","templated":true}]}}

<h2 class="wp-block-heading">OFFRE D’EMPLOI | Contrat de remplacement</h2>



<p>Vous êtes passionné(e) par la rénovation énergétique et souhaitez mettre vos compétences au service de projets concrets et porteurs de sens ?<br>Le GAL recherche <strong>deux chargé(e)s de projet en rénovation énergétique</strong> pour accompagner les habitants dans l’amélioration de leur logement.</p>



<p>Postes basés à Strée (Modave) avec déplacements réguliers dans l’arrondissement de Huy-Waremme.<br>CDI temps plein &#8211; <strong>entrée en fonction prévue le 1er septembre 2025</strong>.</p>



<blockquote class="wp-block-quote is-layout-flow wp-block-quote-is-layout-flow">
<p>Intéressé(e) ? Envoyez votre candidature à <a>jeanfrancois.pecheur@galcondruses.be</a> avant le 31 juillet.</p>



<p>Tous les détails de l’offre ici :<br><a class="" href="https://www.leforem.be/recherche-offres/offre-detail/1441187">https://www.leforem.be/recherche-offres/offre-detail/1441187</a></p>
</blockquote>



<p></p>



<p></p>

<p>OFFRE D’EMPLOI | Contrat de remplacement Vous êtes passionné(e) par la rénovation énergétique et souhaitez mettre vos compétences au service de projets concrets et porteurs de sens ?Le GAL recherche deux chargé(e)s de projet en rénovation énergétique pour accompagner les habitants dans l’amélioration de leur logement. Postes basés à Strée (Modave) avec déplacements réguliers dans&hellip;</p>

<!-- This site is optimized with the Yoast SEO plugin v27.4 - https://yoast.com/product/yoast-seo-wordpress/ -->
<title>Le GAL Pays des Condruses recrute ! - Commune de Modave</title>
<meta name="robots" content="index, follow, max-snippet:-1, max-image-preview:large, max-video-preview:-1" />
<link rel="canonical" href="https://www.modave.be/index.php/services_communaux/le-gal-pays-des-condruses-recrute/" />
<meta property="og:locale" content="fr_FR" />
<meta property="og:type" content="article" />
<meta property="og:title" content="Le GAL Pays des Condruses recrute ! - Commune de Modave" />
<meta property="og:description" content="OFFRE D’EMPLOI | Contrat de remplacement Vous êtes passionné(e) par la rénovation énergétique et souhaitez mettre vos compétences au service de projets concrets et porteurs de sens ?Le GAL recherche deux chargé(e)s de projet en rénovation énergétique pour accompagner les habitants dans l’amélioration de leur logement. Postes basés à Strée (Modave) avec déplacements réguliers dans&hellip;" />
<meta property="og:url" content="https://www.modave.be/index.php/services_communaux/le-gal-pays-des-condruses-recrute/" />
<meta property="og:site_name" content="Commune de Modave" />
<meta property="article:modified_time" content="2025-07-03T11:12:47+00:00" />
<meta property="og:image" content="https://www.modave.be/wp-content/uploads/2025/07/GAL-e1751541142849.png" />
	<meta property="og:image:width" content="1080" />
	<meta property="og:image:height" content="540" />
	<meta property="og:image:type" content="image/png" />
<meta name="twitter:card" content="summary_large_image" />
<meta name="twitter:label1" content="Durée de lecture estimée" />
	<meta name="twitter:data1" content="1 minute" />
<script type="application/ld+json" class="yoast-schema-graph">{"@context":"https:\/\/schema.org","@graph":[{"@type":"WebPage","@id":"https:\/\/www.modave.be\/index.php\/services_communaux\/le-gal-pays-des-condruses-recrute\/","url":"https:\/\/www.modave.be\/index.php\/services_communaux\/le-gal-pays-des-condruses-recrute\/","name":"Le GAL Pays des Condruses recrute ! - Commune de Modave","isPartOf":{"@id":"https:\/\/www.modave.be\/#website"},"primaryImageOfPage":{"@id":"https:\/\/www.modave.be\/index.php\/services_communaux\/le-gal-pays-des-condruses-recrute\/#primaryimage"},"image":{"@id":"https:\/\/www.modave.be\/index.php\/services_communaux\/le-gal-pays-des-condruses-recrute\/#primaryimage"},"thumbnailUrl":"https:\/\/www.modave.be\/wp-content\/uploads\/2025\/07\/GAL-e1751541142849.png","datePublished":"2025-07-03T11:12:46+00:00","dateModified":"2025-07-03T11:12:47+00:00","breadcrumb":{"@id":"https:\/\/www.modave.be\/index.php\/services_communaux\/le-gal-pays-des-condruses-recrute\/#breadcrumb"},"inLanguage":"fr-FR","potentialAction":[{"@type":"ReadAction","target":["https:\/\/www.modave.be\/index.php\/services_communaux\/le-gal-pays-des-condruses-recrute\/"]}]},{"@type":"ImageObject","inLanguage":"fr-FR","@id":"https:\/\/www.modave.be\/index.php\/services_communaux\/le-gal-pays-des-condruses-recrute\/#primaryimage","url":"https:\/\/www.modave.be\/wp-content\/uploads\/2025\/07\/GAL-e1751541142849.png","contentUrl":"https:\/\/www.modave.be\/wp-content\/uploads\/2025\/07\/GAL-e1751541142849.png","width":1080,"height":540},{"@type":"BreadcrumbList","@id":"https:\/\/www.modave.be\/index.php\/services_communaux\/le-gal-pays-des-condruses-recrute\/#breadcrumb","itemListElement":[{"@type":"ListItem","position":1,"name":"Accueil","item":"https:\/\/www.modave.be\/"},{"@type":"ListItem","position":2,"name":"Le GAL Pays des Condruses recrute !"}]},{"@type":"WebSite","@id":"https:\/\/www.modave.be\/#website","url":"https:\/\/www.modave.be\/","name":"Commune de Modave","description":"Commune de Modave","publisher":{"@id":"https:\/\/www.modave.be\/#organization"},"potentialAction":[{"@type":"SearchAction","target":{"@type":"EntryPoint","urlTemplate":"https:\/\/www.modave.be\/?s={search_term_string}"},"query-input":{"@type":"PropertyValueSpecification","valueRequired":true,"valueName":"search_term_string"}}],"inLanguage":"fr-FR"},{"@type":"Organization","@id":"https:\/\/www.modave.be\/#organization","name":"Commune de Modave","url":"https:\/\/www.modave.be\/","logo":{"@type":"ImageObject","inLanguage":"fr-FR","@id":"https:\/\/www.modave.be\/#\/schema\/logo\/image\/","url":"https:\/\/www.modave.be\/wp-content\/uploads\/2021\/12\/MODAVE_LOGO_HORIZONTAL_QUADRI_RVB.png","contentUrl":"https:\/\/www.modave.be\/wp-content\/uploads\/2021\/12\/MODAVE_LOGO_HORIZONTAL_QUADRI_RVB.png","width":1200,"height":501,"caption":"Commune de Modave"},"image":{"@id":"https:\/\/www.modave.be\/#\/schema\/logo\/image\/"}}]}</script>
<!-- / Yoast SEO plugin. -->

OFFRE D’EMPLOI | Contrat de remplacement Vous êtes passionné(e) par la rénovation énergétique et souhaitez mettre vos compétences au service de projets concrets et porteurs de sens ?Le GAL recherche deux chargé(e)s de projet en rénovation énergétique pour accompagner les habitants dans l’amélioration de leur logement. Postes basés à Strée (Modave) avec déplacements réguliers dans&hellip;
