{"id":16110,"date":"2025-07-10T16:22:57","date_gmt":"2025-07-10T14:22:57","guid":{"rendered":"https:\/\/www.modave.be\/?post_type=services_communaux&#038;p=16110"},"modified":"2025-07-10T16:22:57","modified_gmt":"2025-07-10T14:22:57","slug":"rue-du-fond-doxhe-une-etape-se-termine-merci-a-vous","status":"publish","type":"services_communaux","link":"https:\/\/www.modave.be\/index.php\/services_communaux\/rue-du-fond-doxhe-une-etape-se-termine-merci-a-vous\/","title":{"rendered":"Rue du Fond d\u2019Oxhe | Une \u00e9tape se termine\u2026 merci \u00e0 vous"},"content":{"rendered":"\n<h2 class=\"wp-block-heading\"><strong><strong>Rue du Fond d\u2019Oxhe | Une \u00e9tape se termine\u2026 merci \u00e0 vous<\/strong><\/strong><\/h2>\n\n\n\n<p><em>Vous avez \u00e9t\u00e9 plusieurs \u00e0 nous poser la question : bonne nouvelle, la signalisation temporaire li\u00e9e aux travaux de la rue du Fond d\u2019Oxhe sera retir\u00e9e ce jeudi ou vendredi matin, au plus tard.<\/em><\/p>\n\n\n\n<p><strong>La circulation pourra ainsi reprendre progressivement dans le courant des prochains jours.<\/strong><\/p>\n\n\n\n<blockquote class=\"wp-block-quote is-layout-flow wp-block-quote-is-layout-flow\">\n<p>Objectifs des travaux :<\/p>\n\n\n\n<ul class=\"wp-block-list\">\n<li>Remplacement de fondations<\/li>\n\n\n\n<li>D\u00e9molition et pose de bande plate<\/li>\n\n\n\n<li>Raclage et pose d&rsquo;hydrocarbon\u00e9<\/li>\n<\/ul>\n<\/blockquote>\n\n\n\n<p>Merci pour votre patience, votre compr\u00e9hension et vos nombreux messages bienveillants. Chaque chantier est un pas de plus vers un cadre de vie plus s\u00fbr et plus agr\u00e9able pour tous.<\/p>\n\n\n\n<figure class=\"wp-block-image size-large\"><img fetchpriority=\"high\" decoding=\"async\" width=\"1024\" height=\"1024\" src=\"https:\/\/www.modave.be\/wp-content\/uploads\/2025\/07\/Ouverture-1-1024x1024.jpg\" alt=\"\" class=\"wp-image-16112\" srcset=\"https:\/\/www.modave.be\/wp-content\/uploads\/2025\/07\/Ouverture-1-1024x1024.jpg 1024w, https:\/\/www.modave.be\/wp-content\/uploads\/2025\/07\/Ouverture-1-300x300.jpg 300w, https:\/\/www.modave.be\/wp-content\/uploads\/2025\/07\/Ouverture-1-150x150.jpg 150w, https:\/\/www.modave.be\/wp-content\/uploads\/2025\/07\/Ouverture-1-768x768.jpg 768w, https:\/\/www.modave.be\/wp-content\/uploads\/2025\/07\/Ouverture-1.jpg 1080w\" sizes=\"(max-width: 1024px) 100vw, 1024px\" \/><\/figure>\n\n\n\n<p><\/p>\n","protected":false},"excerpt":{"rendered":"<p>Rue du Fond d\u2019Oxhe | Une \u00e9tape se termine\u2026 merci \u00e0 vous Vous avez \u00e9t\u00e9 plusieurs \u00e0 nous poser la question : bonne nouvelle, la signalisation temporaire li\u00e9e aux travaux de la rue du Fond d\u2019Oxhe sera retir\u00e9e ce jeudi ou vendredi matin, au plus tard. La circulation pourra ainsi reprendre progressivement dans le courant&hellip;<\/p>\n","protected":false},"author":9,"featured_media":16111,"menu_order":0,"template":"","categories":[208],"class_list":["post-16110","services_communaux","type-services_communaux","status-publish","has-post-thumbnail","hentry","category-travaux","description-off"],"yoast_head":"<!-- This site is optimized with the Yoast SEO plugin v27.4 - https:\/\/yoast.com\/product\/yoast-seo-wordpress\/ -->\n<title>Rue du Fond d\u2019Oxhe | Une \u00e9tape se termine\u2026 merci \u00e0 vous - Commune de Modave<\/title>\n<meta name=\"robots\" content=\"index, follow, max-snippet:-1, max-image-preview:large, max-video-preview:-1\" \/>\n<link rel=\"canonical\" href=\"https:\/\/www.modave.be\/index.php\/services_communaux\/rue-du-fond-doxhe-une-etape-se-termine-merci-a-vous\/\" \/>\n<meta property=\"og:locale\" content=\"fr_FR\" \/>\n<meta property=\"og:type\" content=\"article\" \/>\n<meta property=\"og:title\" content=\"Rue du Fond d\u2019Oxhe | Une \u00e9tape se termine\u2026 merci \u00e0 vous - Commune de Modave\" \/>\n<meta property=\"og:description\" content=\"Rue du Fond d\u2019Oxhe | Une \u00e9tape se termine\u2026 merci \u00e0 vous Vous avez \u00e9t\u00e9 plusieurs \u00e0 nous poser la question : bonne nouvelle, la signalisation temporaire li\u00e9e aux travaux de la rue du Fond d\u2019Oxhe sera retir\u00e9e ce jeudi ou vendredi matin, au plus tard. La circulation pourra ainsi reprendre progressivement dans le courant&hellip;\" \/>\n<meta property=\"og:url\" content=\"https:\/\/www.modave.be\/index.php\/services_communaux\/rue-du-fond-doxhe-une-etape-se-termine-merci-a-vous\/\" \/>\n<meta property=\"og:site_name\" content=\"Commune de Modave\" \/>\n<meta property=\"og:image\" content=\"https:\/\/www.modave.be\/wp-content\/uploads\/2025\/07\/Ouverture-e1752157039988.jpg\" \/>\n\t<meta property=\"og:image:width\" content=\"1080\" \/>\n\t<meta property=\"og:image:height\" content=\"540\" \/>\n\t<meta property=\"og:image:type\" content=\"image\/jpeg\" \/>\n<meta name=\"twitter:card\" content=\"summary_large_image\" \/>\n<meta name=\"twitter:label1\" content=\"Dur\u00e9e de lecture estim\u00e9e\" \/>\n\t<meta name=\"twitter:data1\" content=\"1 minute\" \/>\n<script type=\"application\/ld+json\" class=\"yoast-schema-graph\">{\"@context\":\"https:\\\/\\\/schema.org\",\"@graph\":[{\"@type\":\"WebPage\",\"@id\":\"https:\\\/\\\/www.modave.be\\\/index.php\\\/services_communaux\\\/rue-du-fond-doxhe-une-etape-se-termine-merci-a-vous\\\/\",\"url\":\"https:\\\/\\\/www.modave.be\\\/index.php\\\/services_communaux\\\/rue-du-fond-doxhe-une-etape-se-termine-merci-a-vous\\\/\",\"name\":\"Rue du Fond d\u2019Oxhe | Une \u00e9tape se termine\u2026 merci \u00e0 vous - Commune de Modave\",\"isPartOf\":{\"@id\":\"https:\\\/\\\/www.modave.be\\\/#website\"},\"primaryImageOfPage\":{\"@id\":\"https:\\\/\\\/www.modave.be\\\/index.php\\\/services_communaux\\\/rue-du-fond-doxhe-une-etape-se-termine-merci-a-vous\\\/#primaryimage\"},\"image\":{\"@id\":\"https:\\\/\\\/www.modave.be\\\/index.php\\\/services_communaux\\\/rue-du-fond-doxhe-une-etape-se-termine-merci-a-vous\\\/#primaryimage\"},\"thumbnailUrl\":\"https:\\\/\\\/www.modave.be\\\/wp-content\\\/uploads\\\/2025\\\/07\\\/Ouverture-e1752157039988.jpg\",\"datePublished\":\"2025-07-10T14:22:57+00:00\",\"breadcrumb\":{\"@id\":\"https:\\\/\\\/www.modave.be\\\/index.php\\\/services_communaux\\\/rue-du-fond-doxhe-une-etape-se-termine-merci-a-vous\\\/#breadcrumb\"},\"inLanguage\":\"fr-FR\",\"potentialAction\":[{\"@type\":\"ReadAction\",\"target\":[\"https:\\\/\\\/www.modave.be\\\/index.php\\\/services_communaux\\\/rue-du-fond-doxhe-une-etape-se-termine-merci-a-vous\\\/\"]}]},{\"@type\":\"ImageObject\",\"inLanguage\":\"fr-FR\",\"@id\":\"https:\\\/\\\/www.modave.be\\\/index.php\\\/services_communaux\\\/rue-du-fond-doxhe-une-etape-se-termine-merci-a-vous\\\/#primaryimage\",\"url\":\"https:\\\/\\\/www.modave.be\\\/wp-content\\\/uploads\\\/2025\\\/07\\\/Ouverture-e1752157039988.jpg\",\"contentUrl\":\"https:\\\/\\\/www.modave.be\\\/wp-content\\\/uploads\\\/2025\\\/07\\\/Ouverture-e1752157039988.jpg\",\"width\":1080,\"height\":540},{\"@type\":\"BreadcrumbList\",\"@id\":\"https:\\\/\\\/www.modave.be\\\/index.php\\\/services_communaux\\\/rue-du-fond-doxhe-une-etape-se-termine-merci-a-vous\\\/#breadcrumb\",\"itemListElement\":[{\"@type\":\"ListItem\",\"position\":1,\"name\":\"Accueil\",\"item\":\"https:\\\/\\\/www.modave.be\\\/\"},{\"@type\":\"ListItem\",\"position\":2,\"name\":\"Rue du Fond d\u2019Oxhe | Une \u00e9tape se termine\u2026 merci \u00e0 vous\"}]},{\"@type\":\"WebSite\",\"@id\":\"https:\\\/\\\/www.modave.be\\\/#website\",\"url\":\"https:\\\/\\\/www.modave.be\\\/\",\"name\":\"Commune de Modave\",\"description\":\"Commune de Modave\",\"publisher\":{\"@id\":\"https:\\\/\\\/www.modave.be\\\/#organization\"},\"potentialAction\":[{\"@type\":\"SearchAction\",\"target\":{\"@type\":\"EntryPoint\",\"urlTemplate\":\"https:\\\/\\\/www.modave.be\\\/?s={search_term_string}\"},\"query-input\":{\"@type\":\"PropertyValueSpecification\",\"valueRequired\":true,\"valueName\":\"search_term_string\"}}],\"inLanguage\":\"fr-FR\"},{\"@type\":\"Organization\",\"@id\":\"https:\\\/\\\/www.modave.be\\\/#organization\",\"name\":\"Commune de Modave\",\"url\":\"https:\\\/\\\/www.modave.be\\\/\",\"logo\":{\"@type\":\"ImageObject\",\"inLanguage\":\"fr-FR\",\"@id\":\"https:\\\/\\\/www.modave.be\\\/#\\\/schema\\\/logo\\\/image\\\/\",\"url\":\"https:\\\/\\\/www.modave.be\\\/wp-content\\\/uploads\\\/2021\\\/12\\\/MODAVE_LOGO_HORIZONTAL_QUADRI_RVB.png\",\"contentUrl\":\"https:\\\/\\\/www.modave.be\\\/wp-content\\\/uploads\\\/2021\\\/12\\\/MODAVE_LOGO_HORIZONTAL_QUADRI_RVB.png\",\"width\":1200,\"height\":501,\"caption\":\"Commune de Modave\"},\"image\":{\"@id\":\"https:\\\/\\\/www.modave.be\\\/#\\\/schema\\\/logo\\\/image\\\/\"}}]}<\/script>\n<!-- \/ Yoast SEO plugin. -->","yoast_head_json":{"title":"Rue du Fond d\u2019Oxhe | Une \u00e9tape se termine\u2026 merci \u00e0 vous - Commune de Modave","robots":{"index":"index","follow":"follow","max-snippet":"max-snippet:-1","max-image-preview":"max-image-preview:large","max-video-preview":"max-video-preview:-1"},"canonical":"https:\/\/www.modave.be\/index.php\/services_communaux\/rue-du-fond-doxhe-une-etape-se-termine-merci-a-vous\/","og_locale":"fr_FR","og_type":"article","og_title":"Rue du Fond d\u2019Oxhe | Une \u00e9tape se termine\u2026 merci \u00e0 vous - Commune de Modave","og_description":"Rue du Fond d\u2019Oxhe | Une \u00e9tape se termine\u2026 merci \u00e0 vous Vous avez \u00e9t\u00e9 plusieurs \u00e0 nous poser la question : bonne nouvelle, la signalisation temporaire li\u00e9e aux travaux de la rue du Fond d\u2019Oxhe sera retir\u00e9e ce jeudi ou vendredi matin, au plus tard. La circulation pourra ainsi reprendre progressivement dans le courant&hellip;","og_url":"https:\/\/www.modave.be\/index.php\/services_communaux\/rue-du-fond-doxhe-une-etape-se-termine-merci-a-vous\/","og_site_name":"Commune de Modave","og_image":[{"width":1080,"height":540,"url":"https:\/\/www.modave.be\/wp-content\/uploads\/2025\/07\/Ouverture-e1752157039988.jpg","type":"image\/jpeg"}],"twitter_card":"summary_large_image","twitter_misc":{"Dur\u00e9e de lecture estim\u00e9e":"1 minute"},"schema":{"@context":"https:\/\/schema.org","@graph":[{"@type":"WebPage","@id":"https:\/\/www.modave.be\/index.php\/services_communaux\/rue-du-fond-doxhe-une-etape-se-termine-merci-a-vous\/","url":"https:\/\/www.modave.be\/index.php\/services_communaux\/rue-du-fond-doxhe-une-etape-se-termine-merci-a-vous\/","name":"Rue du Fond d\u2019Oxhe | Une \u00e9tape se termine\u2026 merci \u00e0 vous - Commune de Modave","isPartOf":{"@id":"https:\/\/www.modave.be\/#website"},"primaryImageOfPage":{"@id":"https:\/\/www.modave.be\/index.php\/services_communaux\/rue-du-fond-doxhe-une-etape-se-termine-merci-a-vous\/#primaryimage"},"image":{"@id":"https:\/\/www.modave.be\/index.php\/services_communaux\/rue-du-fond-doxhe-une-etape-se-termine-merci-a-vous\/#primaryimage"},"thumbnailUrl":"https:\/\/www.modave.be\/wp-content\/uploads\/2025\/07\/Ouverture-e1752157039988.jpg","datePublished":"2025-07-10T14:22:57+00:00","breadcrumb":{"@id":"https:\/\/www.modave.be\/index.php\/services_communaux\/rue-du-fond-doxhe-une-etape-se-termine-merci-a-vous\/#breadcrumb"},"inLanguage":"fr-FR","potentialAction":[{"@type":"ReadAction","target":["https:\/\/www.modave.be\/index.php\/services_communaux\/rue-du-fond-doxhe-une-etape-se-termine-merci-a-vous\/"]}]},{"@type":"ImageObject","inLanguage":"fr-FR","@id":"https:\/\/www.modave.be\/index.php\/services_communaux\/rue-du-fond-doxhe-une-etape-se-termine-merci-a-vous\/#primaryimage","url":"https:\/\/www.modave.be\/wp-content\/uploads\/2025\/07\/Ouverture-e1752157039988.jpg","contentUrl":"https:\/\/www.modave.be\/wp-content\/uploads\/2025\/07\/Ouverture-e1752157039988.jpg","width":1080,"height":540},{"@type":"BreadcrumbList","@id":"https:\/\/www.modave.be\/index.php\/services_communaux\/rue-du-fond-doxhe-une-etape-se-termine-merci-a-vous\/#breadcrumb","itemListElement":[{"@type":"ListItem","position":1,"name":"Accueil","item":"https:\/\/www.modave.be\/"},{"@type":"ListItem","position":2,"name":"Rue du Fond d\u2019Oxhe | Une \u00e9tape se termine\u2026 merci \u00e0 vous"}]},{"@type":"WebSite","@id":"https:\/\/www.modave.be\/#website","url":"https:\/\/www.modave.be\/","name":"Commune de Modave","description":"Commune de Modave","publisher":{"@id":"https:\/\/www.modave.be\/#organization"},"potentialAction":[{"@type":"SearchAction","target":{"@type":"EntryPoint","urlTemplate":"https:\/\/www.modave.be\/?s={search_term_string}"},"query-input":{"@type":"PropertyValueSpecification","valueRequired":true,"valueName":"search_term_string"}}],"inLanguage":"fr-FR"},{"@type":"Organization","@id":"https:\/\/www.modave.be\/#organization","name":"Commune de Modave","url":"https:\/\/www.modave.be\/","logo":{"@type":"ImageObject","inLanguage":"fr-FR","@id":"https:\/\/www.modave.be\/#\/schema\/logo\/image\/","url":"https:\/\/www.modave.be\/wp-content\/uploads\/2021\/12\/MODAVE_LOGO_HORIZONTAL_QUADRI_RVB.png","contentUrl":"https:\/\/www.modave.be\/wp-content\/uploads\/2021\/12\/MODAVE_LOGO_HORIZONTAL_QUADRI_RVB.png","width":1200,"height":501,"caption":"Commune de Modave"},"image":{"@id":"https:\/\/www.modave.be\/#\/schema\/logo\/image\/"}}]}},"_links":{"self":[{"href":"https:\/\/www.modave.be\/index.php\/wp-json\/wp\/v2\/services_communaux\/16110","targetHints":{"allow":["GET"]}}],"collection":[{"href":"https:\/\/www.modave.be\/index.php\/wp-json\/wp\/v2\/services_communaux"}],"about":[{"href":"https:\/\/www.modave.be\/index.php\/wp-json\/wp\/v2\/types\/services_communaux"}],"author":[{"embeddable":true,"href":"https:\/\/www.modave.be\/index.php\/wp-json\/wp\/v2\/users\/9"}],"wp:featuredmedia":[{"embeddable":true,"href":"https:\/\/www.modave.be\/index.php\/wp-json\/wp\/v2\/media\/16111"}],"wp:attachment":[{"href":"https:\/\/www.modave.be\/index.php\/wp-json\/wp\/v2\/media?parent=16110"}],"wp:term":[{"taxonomy":"category","embeddable":true,"href":"https:\/\/www.modave.be\/index.php\/wp-json\/wp\/v2\/categories?post=16110"}],"curies":[{"name":"wp","href":"https:\/\/api.w.org\/{rel}","templated":true}]}}

Rue du Fond d’Oxhe | Une étape se termine… merci à vous

<h2 class="wp-block-heading"><strong><strong>Rue du Fond d’Oxhe | Une étape se termine… merci à vous</strong></strong></h2>



<p><em>Vous avez été plusieurs à nous poser la question : bonne nouvelle, la signalisation temporaire liée aux travaux de la rue du Fond d’Oxhe sera retirée ce jeudi ou vendredi matin, au plus tard.</em></p>



<p><strong>La circulation pourra ainsi reprendre progressivement dans le courant des prochains jours.</strong></p>



<blockquote class="wp-block-quote is-layout-flow wp-block-quote-is-layout-flow">
<p>Objectifs des travaux :</p>



<ul class="wp-block-list">
<li>Remplacement de fondations</li>



<li>Démolition et pose de bande plate</li>



<li>Raclage et pose d&rsquo;hydrocarboné</li>
</ul>
</blockquote>



<p>Merci pour votre patience, votre compréhension et vos nombreux messages bienveillants. Chaque chantier est un pas de plus vers un cadre de vie plus sûr et plus agréable pour tous.</p>



<figure class="wp-block-image size-large"><img fetchpriority="high" decoding="async" width="1024" height="1024" src="https://www.modave.be/wp-content/uploads/2025/07/Ouverture-1-1024x1024.jpg" alt="" class="wp-image-16112" srcset="https://www.modave.be/wp-content/uploads/2025/07/Ouverture-1-1024x1024.jpg 1024w, https://www.modave.be/wp-content/uploads/2025/07/Ouverture-1-300x300.jpg 300w, https://www.modave.be/wp-content/uploads/2025/07/Ouverture-1-150x150.jpg 150w, https://www.modave.be/wp-content/uploads/2025/07/Ouverture-1-768x768.jpg 768w, https://www.modave.be/wp-content/uploads/2025/07/Ouverture-1.jpg 1080w" sizes="(max-width: 1024px) 100vw, 1024px" /></figure>



<p></p>

<p>Rue du Fond d’Oxhe | Une étape se termine… merci à vous Vous avez été plusieurs à nous poser la question : bonne nouvelle, la signalisation temporaire liée aux travaux de la rue du Fond d’Oxhe sera retirée ce jeudi ou vendredi matin, au plus tard. La circulation pourra ainsi reprendre progressivement dans le courant&hellip;</p>

<!-- This site is optimized with the Yoast SEO plugin v27.4 - https://yoast.com/product/yoast-seo-wordpress/ -->
<title>Rue du Fond d’Oxhe | Une étape se termine… merci à vous - Commune de Modave</title>
<meta name="robots" content="index, follow, max-snippet:-1, max-image-preview:large, max-video-preview:-1" />
<link rel="canonical" href="https://www.modave.be/index.php/services_communaux/rue-du-fond-doxhe-une-etape-se-termine-merci-a-vous/" />
<meta property="og:locale" content="fr_FR" />
<meta property="og:type" content="article" />
<meta property="og:title" content="Rue du Fond d’Oxhe | Une étape se termine… merci à vous - Commune de Modave" />
<meta property="og:description" content="Rue du Fond d’Oxhe | Une étape se termine… merci à vous Vous avez été plusieurs à nous poser la question : bonne nouvelle, la signalisation temporaire liée aux travaux de la rue du Fond d’Oxhe sera retirée ce jeudi ou vendredi matin, au plus tard. La circulation pourra ainsi reprendre progressivement dans le courant&hellip;" />
<meta property="og:url" content="https://www.modave.be/index.php/services_communaux/rue-du-fond-doxhe-une-etape-se-termine-merci-a-vous/" />
<meta property="og:site_name" content="Commune de Modave" />
<meta property="og:image" content="https://www.modave.be/wp-content/uploads/2025/07/Ouverture-e1752157039988.jpg" />
	<meta property="og:image:width" content="1080" />
	<meta property="og:image:height" content="540" />
	<meta property="og:image:type" content="image/jpeg" />
<meta name="twitter:card" content="summary_large_image" />
<meta name="twitter:label1" content="Durée de lecture estimée" />
	<meta name="twitter:data1" content="1 minute" />
<script type="application/ld+json" class="yoast-schema-graph">{"@context":"https:\/\/schema.org","@graph":[{"@type":"WebPage","@id":"https:\/\/www.modave.be\/index.php\/services_communaux\/rue-du-fond-doxhe-une-etape-se-termine-merci-a-vous\/","url":"https:\/\/www.modave.be\/index.php\/services_communaux\/rue-du-fond-doxhe-une-etape-se-termine-merci-a-vous\/","name":"Rue du Fond d’Oxhe | Une étape se termine… merci à vous - Commune de Modave","isPartOf":{"@id":"https:\/\/www.modave.be\/#website"},"primaryImageOfPage":{"@id":"https:\/\/www.modave.be\/index.php\/services_communaux\/rue-du-fond-doxhe-une-etape-se-termine-merci-a-vous\/#primaryimage"},"image":{"@id":"https:\/\/www.modave.be\/index.php\/services_communaux\/rue-du-fond-doxhe-une-etape-se-termine-merci-a-vous\/#primaryimage"},"thumbnailUrl":"https:\/\/www.modave.be\/wp-content\/uploads\/2025\/07\/Ouverture-e1752157039988.jpg","datePublished":"2025-07-10T14:22:57+00:00","breadcrumb":{"@id":"https:\/\/www.modave.be\/index.php\/services_communaux\/rue-du-fond-doxhe-une-etape-se-termine-merci-a-vous\/#breadcrumb"},"inLanguage":"fr-FR","potentialAction":[{"@type":"ReadAction","target":["https:\/\/www.modave.be\/index.php\/services_communaux\/rue-du-fond-doxhe-une-etape-se-termine-merci-a-vous\/"]}]},{"@type":"ImageObject","inLanguage":"fr-FR","@id":"https:\/\/www.modave.be\/index.php\/services_communaux\/rue-du-fond-doxhe-une-etape-se-termine-merci-a-vous\/#primaryimage","url":"https:\/\/www.modave.be\/wp-content\/uploads\/2025\/07\/Ouverture-e1752157039988.jpg","contentUrl":"https:\/\/www.modave.be\/wp-content\/uploads\/2025\/07\/Ouverture-e1752157039988.jpg","width":1080,"height":540},{"@type":"BreadcrumbList","@id":"https:\/\/www.modave.be\/index.php\/services_communaux\/rue-du-fond-doxhe-une-etape-se-termine-merci-a-vous\/#breadcrumb","itemListElement":[{"@type":"ListItem","position":1,"name":"Accueil","item":"https:\/\/www.modave.be\/"},{"@type":"ListItem","position":2,"name":"Rue du Fond d’Oxhe | Une étape se termine… merci à vous"}]},{"@type":"WebSite","@id":"https:\/\/www.modave.be\/#website","url":"https:\/\/www.modave.be\/","name":"Commune de Modave","description":"Commune de Modave","publisher":{"@id":"https:\/\/www.modave.be\/#organization"},"potentialAction":[{"@type":"SearchAction","target":{"@type":"EntryPoint","urlTemplate":"https:\/\/www.modave.be\/?s={search_term_string}"},"query-input":{"@type":"PropertyValueSpecification","valueRequired":true,"valueName":"search_term_string"}}],"inLanguage":"fr-FR"},{"@type":"Organization","@id":"https:\/\/www.modave.be\/#organization","name":"Commune de Modave","url":"https:\/\/www.modave.be\/","logo":{"@type":"ImageObject","inLanguage":"fr-FR","@id":"https:\/\/www.modave.be\/#\/schema\/logo\/image\/","url":"https:\/\/www.modave.be\/wp-content\/uploads\/2021\/12\/MODAVE_LOGO_HORIZONTAL_QUADRI_RVB.png","contentUrl":"https:\/\/www.modave.be\/wp-content\/uploads\/2021\/12\/MODAVE_LOGO_HORIZONTAL_QUADRI_RVB.png","width":1200,"height":501,"caption":"Commune de Modave"},"image":{"@id":"https:\/\/www.modave.be\/#\/schema\/logo\/image\/"}}]}</script>
<!-- / Yoast SEO plugin. -->

Rue du Fond d’Oxhe | Une étape se termine… merci à vous - Commune de Modave

Rue du Fond d’Oxhe | Une étape se termine… merci à vous Vous avez été plusieurs à nous poser la question : bonne nouvelle, la signalisation temporaire liée aux travaux de la rue du Fond d’Oxhe sera retirée ce jeudi ou vendredi matin, au plus tard. La circulation pourra ainsi reprendre progressivement dans le courant&hellip;
