{"id":16115,"date":"2025-07-11T13:53:01","date_gmt":"2025-07-11T11:53:01","guid":{"rendered":"https:\/\/www.modave.be\/?post_type=services_communaux&#038;p=16115"},"modified":"2025-07-11T14:06:01","modified_gmt":"2025-07-11T12:06:01","slug":"conseil-communal-convocation-ordre-du-jour-jeudi-17-juillet-2025","status":"publish","type":"services_communaux","link":"https:\/\/www.modave.be\/index.php\/services_communaux\/conseil-communal-convocation-ordre-du-jour-jeudi-17-juillet-2025\/","title":{"rendered":"Conseil communal &#8211; Convocation &#8211; Ordre du jour | Jeudi 17 juillet 2025"},"content":{"rendered":"\n<p class=\"has-text-color has-link-color wp-elements-fc15e0caecb4e723d43e611f7ef78f03\" style=\"color:#ff0000\">Nous attirons votre attention sur le fait que cette s\u00e9ance se tiendra exceptionnellement \u00e0 la salle Bois Rosine, situ\u00e9e rue du Bois Rosine n\u00b07 \u00e0 4577 Str\u00e9e.<\/p>\n\n\n\n<div data-wp-interactive=\"core\/file\" class=\"wp-block-file\"><object data-wp-bind--hidden=\"!state.hasPdfPreview\" hidden class=\"wp-block-file__embed\" data=\"https:\/\/www.modave.be\/wp-content\/uploads\/2025\/07\/Conseil-communal-Convocation-Ordre-du-jour-Jeudi-17-juillet-2025.pdf\" type=\"application\/pdf\" style=\"width:100%;height:600px\" aria-label=\"Contenu embarqu\u00e9 Conseil communal Convocation Ordre du jour Jeudi 17 juillet 2025.\"><\/object><a id=\"wp-block-file--media-b4b59072-673b-416d-b4a0-8eb07a3cd308\" href=\"https:\/\/www.modave.be\/wp-content\/uploads\/2025\/07\/Conseil-communal-Convocation-Ordre-du-jour-Jeudi-17-juillet-2025.pdf\">Conseil communal Convocation Ordre du jour Jeudi 17 juillet 2025<\/a><a href=\"https:\/\/www.modave.be\/wp-content\/uploads\/2025\/07\/Conseil-communal-Convocation-Ordre-du-jour-Jeudi-17-juillet-2025.pdf\" class=\"wp-block-file__button wp-element-button\" download aria-describedby=\"wp-block-file--media-b4b59072-673b-416d-b4a0-8eb07a3cd308\">T\u00e9l\u00e9charger<\/a><\/div>\n","protected":false},"excerpt":{"rendered":"<p>Nous attirons votre attention sur le fait que cette s\u00e9ance se tiendra exceptionnellement \u00e0 la salle Bois Rosine, situ\u00e9e rue du Bois Rosine n\u00b07 \u00e0 4577 Str\u00e9e.<\/p>\n","protected":false},"author":9,"featured_media":15164,"menu_order":0,"template":"","categories":[213],"class_list":["post-16115","services_communaux","type-services_communaux","status-publish","has-post-thumbnail","hentry","category-conseil_communal_ordre_jour","description-off"],"yoast_head":"<!-- This site is optimized with the Yoast SEO plugin v27.4 - https:\/\/yoast.com\/product\/yoast-seo-wordpress\/ -->\n<title>Conseil communal - Convocation - Ordre du jour | Jeudi 17 juillet 2025 - Commune de Modave<\/title>\n<meta name=\"robots\" content=\"index, follow, max-snippet:-1, max-image-preview:large, max-video-preview:-1\" \/>\n<link rel=\"canonical\" href=\"https:\/\/www.modave.be\/index.php\/services_communaux\/conseil-communal-convocation-ordre-du-jour-jeudi-17-juillet-2025\/\" \/>\n<meta property=\"og:locale\" content=\"fr_FR\" \/>\n<meta property=\"og:type\" content=\"article\" \/>\n<meta property=\"og:title\" content=\"Conseil communal - Convocation - Ordre du jour | Jeudi 17 juillet 2025 - Commune de Modave\" \/>\n<meta property=\"og:description\" content=\"Nous attirons votre attention sur le fait que cette s\u00e9ance se tiendra exceptionnellement \u00e0 la salle Bois Rosine, situ\u00e9e rue du Bois Rosine n\u00b07 \u00e0 4577 Str\u00e9e.\" \/>\n<meta property=\"og:url\" content=\"https:\/\/www.modave.be\/index.php\/services_communaux\/conseil-communal-convocation-ordre-du-jour-jeudi-17-juillet-2025\/\" \/>\n<meta property=\"og:site_name\" content=\"Commune de Modave\" \/>\n<meta property=\"article:modified_time\" content=\"2025-07-11T12:06:01+00:00\" \/>\n<meta property=\"og:image\" content=\"https:\/\/www.modave.be\/wp-content\/uploads\/2025\/03\/IMG_1533-Avec-accentuation-Bruit-scaled-e1741077000759.jpg\" \/>\n\t<meta property=\"og:image:width\" content=\"2560\" \/>\n\t<meta property=\"og:image:height\" content=\"1280\" \/>\n\t<meta property=\"og:image:type\" content=\"image\/jpeg\" \/>\n<meta name=\"twitter:card\" content=\"summary_large_image\" \/>\n<script type=\"application\/ld+json\" class=\"yoast-schema-graph\">{\"@context\":\"https:\\\/\\\/schema.org\",\"@graph\":[{\"@type\":\"WebPage\",\"@id\":\"https:\\\/\\\/www.modave.be\\\/index.php\\\/services_communaux\\\/conseil-communal-convocation-ordre-du-jour-jeudi-17-juillet-2025\\\/\",\"url\":\"https:\\\/\\\/www.modave.be\\\/index.php\\\/services_communaux\\\/conseil-communal-convocation-ordre-du-jour-jeudi-17-juillet-2025\\\/\",\"name\":\"Conseil communal - Convocation - Ordre du jour | Jeudi 17 juillet 2025 - Commune de Modave\",\"isPartOf\":{\"@id\":\"https:\\\/\\\/www.modave.be\\\/#website\"},\"primaryImageOfPage\":{\"@id\":\"https:\\\/\\\/www.modave.be\\\/index.php\\\/services_communaux\\\/conseil-communal-convocation-ordre-du-jour-jeudi-17-juillet-2025\\\/#primaryimage\"},\"image\":{\"@id\":\"https:\\\/\\\/www.modave.be\\\/index.php\\\/services_communaux\\\/conseil-communal-convocation-ordre-du-jour-jeudi-17-juillet-2025\\\/#primaryimage\"},\"thumbnailUrl\":\"https:\\\/\\\/www.modave.be\\\/wp-content\\\/uploads\\\/2025\\\/03\\\/IMG_1533-Avec-accentuation-Bruit-scaled-e1741077000759.jpg\",\"datePublished\":\"2025-07-11T11:53:01+00:00\",\"dateModified\":\"2025-07-11T12:06:01+00:00\",\"breadcrumb\":{\"@id\":\"https:\\\/\\\/www.modave.be\\\/index.php\\\/services_communaux\\\/conseil-communal-convocation-ordre-du-jour-jeudi-17-juillet-2025\\\/#breadcrumb\"},\"inLanguage\":\"fr-FR\",\"potentialAction\":[{\"@type\":\"ReadAction\",\"target\":[\"https:\\\/\\\/www.modave.be\\\/index.php\\\/services_communaux\\\/conseil-communal-convocation-ordre-du-jour-jeudi-17-juillet-2025\\\/\"]}]},{\"@type\":\"ImageObject\",\"inLanguage\":\"fr-FR\",\"@id\":\"https:\\\/\\\/www.modave.be\\\/index.php\\\/services_communaux\\\/conseil-communal-convocation-ordre-du-jour-jeudi-17-juillet-2025\\\/#primaryimage\",\"url\":\"https:\\\/\\\/www.modave.be\\\/wp-content\\\/uploads\\\/2025\\\/03\\\/IMG_1533-Avec-accentuation-Bruit-scaled-e1741077000759.jpg\",\"contentUrl\":\"https:\\\/\\\/www.modave.be\\\/wp-content\\\/uploads\\\/2025\\\/03\\\/IMG_1533-Avec-accentuation-Bruit-scaled-e1741077000759.jpg\",\"width\":2560,\"height\":1280},{\"@type\":\"BreadcrumbList\",\"@id\":\"https:\\\/\\\/www.modave.be\\\/index.php\\\/services_communaux\\\/conseil-communal-convocation-ordre-du-jour-jeudi-17-juillet-2025\\\/#breadcrumb\",\"itemListElement\":[{\"@type\":\"ListItem\",\"position\":1,\"name\":\"Accueil\",\"item\":\"https:\\\/\\\/www.modave.be\\\/\"},{\"@type\":\"ListItem\",\"position\":2,\"name\":\"Conseil communal &#8211; Convocation &#8211; Ordre du jour | Jeudi 17 juillet 2025\"}]},{\"@type\":\"WebSite\",\"@id\":\"https:\\\/\\\/www.modave.be\\\/#website\",\"url\":\"https:\\\/\\\/www.modave.be\\\/\",\"name\":\"Commune de Modave\",\"description\":\"Commune de Modave\",\"publisher\":{\"@id\":\"https:\\\/\\\/www.modave.be\\\/#organization\"},\"potentialAction\":[{\"@type\":\"SearchAction\",\"target\":{\"@type\":\"EntryPoint\",\"urlTemplate\":\"https:\\\/\\\/www.modave.be\\\/?s={search_term_string}\"},\"query-input\":{\"@type\":\"PropertyValueSpecification\",\"valueRequired\":true,\"valueName\":\"search_term_string\"}}],\"inLanguage\":\"fr-FR\"},{\"@type\":\"Organization\",\"@id\":\"https:\\\/\\\/www.modave.be\\\/#organization\",\"name\":\"Commune de Modave\",\"url\":\"https:\\\/\\\/www.modave.be\\\/\",\"logo\":{\"@type\":\"ImageObject\",\"inLanguage\":\"fr-FR\",\"@id\":\"https:\\\/\\\/www.modave.be\\\/#\\\/schema\\\/logo\\\/image\\\/\",\"url\":\"https:\\\/\\\/www.modave.be\\\/wp-content\\\/uploads\\\/2021\\\/12\\\/MODAVE_LOGO_HORIZONTAL_QUADRI_RVB.png\",\"contentUrl\":\"https:\\\/\\\/www.modave.be\\\/wp-content\\\/uploads\\\/2021\\\/12\\\/MODAVE_LOGO_HORIZONTAL_QUADRI_RVB.png\",\"width\":1200,\"height\":501,\"caption\":\"Commune de Modave\"},\"image\":{\"@id\":\"https:\\\/\\\/www.modave.be\\\/#\\\/schema\\\/logo\\\/image\\\/\"}}]}<\/script>\n<!-- \/ Yoast SEO plugin. -->","yoast_head_json":{"title":"Conseil communal - Convocation - Ordre du jour | Jeudi 17 juillet 2025 - Commune de Modave","robots":{"index":"index","follow":"follow","max-snippet":"max-snippet:-1","max-image-preview":"max-image-preview:large","max-video-preview":"max-video-preview:-1"},"canonical":"https:\/\/www.modave.be\/index.php\/services_communaux\/conseil-communal-convocation-ordre-du-jour-jeudi-17-juillet-2025\/","og_locale":"fr_FR","og_type":"article","og_title":"Conseil communal - Convocation - Ordre du jour | Jeudi 17 juillet 2025 - Commune de Modave","og_description":"Nous attirons votre attention sur le fait que cette s\u00e9ance se tiendra exceptionnellement \u00e0 la salle Bois Rosine, situ\u00e9e rue du Bois Rosine n\u00b07 \u00e0 4577 Str\u00e9e.","og_url":"https:\/\/www.modave.be\/index.php\/services_communaux\/conseil-communal-convocation-ordre-du-jour-jeudi-17-juillet-2025\/","og_site_name":"Commune de Modave","article_modified_time":"2025-07-11T12:06:01+00:00","og_image":[{"width":2560,"height":1280,"url":"https:\/\/www.modave.be\/wp-content\/uploads\/2025\/03\/IMG_1533-Avec-accentuation-Bruit-scaled-e1741077000759.jpg","type":"image\/jpeg"}],"twitter_card":"summary_large_image","schema":{"@context":"https:\/\/schema.org","@graph":[{"@type":"WebPage","@id":"https:\/\/www.modave.be\/index.php\/services_communaux\/conseil-communal-convocation-ordre-du-jour-jeudi-17-juillet-2025\/","url":"https:\/\/www.modave.be\/index.php\/services_communaux\/conseil-communal-convocation-ordre-du-jour-jeudi-17-juillet-2025\/","name":"Conseil communal - Convocation - Ordre du jour | Jeudi 17 juillet 2025 - Commune de Modave","isPartOf":{"@id":"https:\/\/www.modave.be\/#website"},"primaryImageOfPage":{"@id":"https:\/\/www.modave.be\/index.php\/services_communaux\/conseil-communal-convocation-ordre-du-jour-jeudi-17-juillet-2025\/#primaryimage"},"image":{"@id":"https:\/\/www.modave.be\/index.php\/services_communaux\/conseil-communal-convocation-ordre-du-jour-jeudi-17-juillet-2025\/#primaryimage"},"thumbnailUrl":"https:\/\/www.modave.be\/wp-content\/uploads\/2025\/03\/IMG_1533-Avec-accentuation-Bruit-scaled-e1741077000759.jpg","datePublished":"2025-07-11T11:53:01+00:00","dateModified":"2025-07-11T12:06:01+00:00","breadcrumb":{"@id":"https:\/\/www.modave.be\/index.php\/services_communaux\/conseil-communal-convocation-ordre-du-jour-jeudi-17-juillet-2025\/#breadcrumb"},"inLanguage":"fr-FR","potentialAction":[{"@type":"ReadAction","target":["https:\/\/www.modave.be\/index.php\/services_communaux\/conseil-communal-convocation-ordre-du-jour-jeudi-17-juillet-2025\/"]}]},{"@type":"ImageObject","inLanguage":"fr-FR","@id":"https:\/\/www.modave.be\/index.php\/services_communaux\/conseil-communal-convocation-ordre-du-jour-jeudi-17-juillet-2025\/#primaryimage","url":"https:\/\/www.modave.be\/wp-content\/uploads\/2025\/03\/IMG_1533-Avec-accentuation-Bruit-scaled-e1741077000759.jpg","contentUrl":"https:\/\/www.modave.be\/wp-content\/uploads\/2025\/03\/IMG_1533-Avec-accentuation-Bruit-scaled-e1741077000759.jpg","width":2560,"height":1280},{"@type":"BreadcrumbList","@id":"https:\/\/www.modave.be\/index.php\/services_communaux\/conseil-communal-convocation-ordre-du-jour-jeudi-17-juillet-2025\/#breadcrumb","itemListElement":[{"@type":"ListItem","position":1,"name":"Accueil","item":"https:\/\/www.modave.be\/"},{"@type":"ListItem","position":2,"name":"Conseil communal &#8211; Convocation &#8211; Ordre du jour | Jeudi 17 juillet 2025"}]},{"@type":"WebSite","@id":"https:\/\/www.modave.be\/#website","url":"https:\/\/www.modave.be\/","name":"Commune de Modave","description":"Commune de Modave","publisher":{"@id":"https:\/\/www.modave.be\/#organization"},"potentialAction":[{"@type":"SearchAction","target":{"@type":"EntryPoint","urlTemplate":"https:\/\/www.modave.be\/?s={search_term_string}"},"query-input":{"@type":"PropertyValueSpecification","valueRequired":true,"valueName":"search_term_string"}}],"inLanguage":"fr-FR"},{"@type":"Organization","@id":"https:\/\/www.modave.be\/#organization","name":"Commune de Modave","url":"https:\/\/www.modave.be\/","logo":{"@type":"ImageObject","inLanguage":"fr-FR","@id":"https:\/\/www.modave.be\/#\/schema\/logo\/image\/","url":"https:\/\/www.modave.be\/wp-content\/uploads\/2021\/12\/MODAVE_LOGO_HORIZONTAL_QUADRI_RVB.png","contentUrl":"https:\/\/www.modave.be\/wp-content\/uploads\/2021\/12\/MODAVE_LOGO_HORIZONTAL_QUADRI_RVB.png","width":1200,"height":501,"caption":"Commune de Modave"},"image":{"@id":"https:\/\/www.modave.be\/#\/schema\/logo\/image\/"}}]}},"_links":{"self":[{"href":"https:\/\/www.modave.be\/index.php\/wp-json\/wp\/v2\/services_communaux\/16115","targetHints":{"allow":["GET"]}}],"collection":[{"href":"https:\/\/www.modave.be\/index.php\/wp-json\/wp\/v2\/services_communaux"}],"about":[{"href":"https:\/\/www.modave.be\/index.php\/wp-json\/wp\/v2\/types\/services_communaux"}],"author":[{"embeddable":true,"href":"https:\/\/www.modave.be\/index.php\/wp-json\/wp\/v2\/users\/9"}],"wp:featuredmedia":[{"embeddable":true,"href":"https:\/\/www.modave.be\/index.php\/wp-json\/wp\/v2\/media\/15164"}],"wp:attachment":[{"href":"https:\/\/www.modave.be\/index.php\/wp-json\/wp\/v2\/media?parent=16115"}],"wp:term":[{"taxonomy":"category","embeddable":true,"href":"https:\/\/www.modave.be\/index.php\/wp-json\/wp\/v2\/categories?post=16115"}],"curies":[{"name":"wp","href":"https:\/\/api.w.org\/{rel}","templated":true}]}}

<p class="has-text-color has-link-color wp-elements-fc15e0caecb4e723d43e611f7ef78f03" style="color:#ff0000">Nous attirons votre attention sur le fait que cette séance se tiendra exceptionnellement à la salle Bois Rosine, située rue du Bois Rosine n°7 à 4577 Strée.</p>



<div data-wp-interactive="core/file" class="wp-block-file"><object data-wp-bind--hidden="!state.hasPdfPreview" hidden class="wp-block-file__embed" data="https://www.modave.be/wp-content/uploads/2025/07/Conseil-communal-Convocation-Ordre-du-jour-Jeudi-17-juillet-2025.pdf" type="application/pdf" style="width:100%;height:600px" aria-label="Contenu embarqué Conseil communal Convocation Ordre du jour Jeudi 17 juillet 2025."></object><a id="wp-block-file--media-b4b59072-673b-416d-b4a0-8eb07a3cd308" href="https://www.modave.be/wp-content/uploads/2025/07/Conseil-communal-Convocation-Ordre-du-jour-Jeudi-17-juillet-2025.pdf">Conseil communal Convocation Ordre du jour Jeudi 17 juillet 2025</a><a href="https://www.modave.be/wp-content/uploads/2025/07/Conseil-communal-Convocation-Ordre-du-jour-Jeudi-17-juillet-2025.pdf" class="wp-block-file__button wp-element-button" download aria-describedby="wp-block-file--media-b4b59072-673b-416d-b4a0-8eb07a3cd308">Télécharger</a></div>

<p>Nous attirons votre attention sur le fait que cette séance se tiendra exceptionnellement à la salle Bois Rosine, située rue du Bois Rosine n°7 à 4577 Strée.</p>

<!-- This site is optimized with the Yoast SEO plugin v27.4 - https://yoast.com/product/yoast-seo-wordpress/ -->
<title>Conseil communal - Convocation - Ordre du jour | Jeudi 17 juillet 2025 - Commune de Modave</title>
<meta name="robots" content="index, follow, max-snippet:-1, max-image-preview:large, max-video-preview:-1" />
<link rel="canonical" href="https://www.modave.be/index.php/services_communaux/conseil-communal-convocation-ordre-du-jour-jeudi-17-juillet-2025/" />
<meta property="og:locale" content="fr_FR" />
<meta property="og:type" content="article" />
<meta property="og:title" content="Conseil communal - Convocation - Ordre du jour | Jeudi 17 juillet 2025 - Commune de Modave" />
<meta property="og:description" content="Nous attirons votre attention sur le fait que cette séance se tiendra exceptionnellement à la salle Bois Rosine, située rue du Bois Rosine n°7 à 4577 Strée." />
<meta property="og:url" content="https://www.modave.be/index.php/services_communaux/conseil-communal-convocation-ordre-du-jour-jeudi-17-juillet-2025/" />
<meta property="og:site_name" content="Commune de Modave" />
<meta property="article:modified_time" content="2025-07-11T12:06:01+00:00" />
<meta property="og:image" content="https://www.modave.be/wp-content/uploads/2025/03/IMG_1533-Avec-accentuation-Bruit-scaled-e1741077000759.jpg" />
	<meta property="og:image:width" content="2560" />
	<meta property="og:image:height" content="1280" />
	<meta property="og:image:type" content="image/jpeg" />
<meta name="twitter:card" content="summary_large_image" />
<script type="application/ld+json" class="yoast-schema-graph">{"@context":"https:\/\/schema.org","@graph":[{"@type":"WebPage","@id":"https:\/\/www.modave.be\/index.php\/services_communaux\/conseil-communal-convocation-ordre-du-jour-jeudi-17-juillet-2025\/","url":"https:\/\/www.modave.be\/index.php\/services_communaux\/conseil-communal-convocation-ordre-du-jour-jeudi-17-juillet-2025\/","name":"Conseil communal - Convocation - Ordre du jour | Jeudi 17 juillet 2025 - Commune de Modave","isPartOf":{"@id":"https:\/\/www.modave.be\/#website"},"primaryImageOfPage":{"@id":"https:\/\/www.modave.be\/index.php\/services_communaux\/conseil-communal-convocation-ordre-du-jour-jeudi-17-juillet-2025\/#primaryimage"},"image":{"@id":"https:\/\/www.modave.be\/index.php\/services_communaux\/conseil-communal-convocation-ordre-du-jour-jeudi-17-juillet-2025\/#primaryimage"},"thumbnailUrl":"https:\/\/www.modave.be\/wp-content\/uploads\/2025\/03\/IMG_1533-Avec-accentuation-Bruit-scaled-e1741077000759.jpg","datePublished":"2025-07-11T11:53:01+00:00","dateModified":"2025-07-11T12:06:01+00:00","breadcrumb":{"@id":"https:\/\/www.modave.be\/index.php\/services_communaux\/conseil-communal-convocation-ordre-du-jour-jeudi-17-juillet-2025\/#breadcrumb"},"inLanguage":"fr-FR","potentialAction":[{"@type":"ReadAction","target":["https:\/\/www.modave.be\/index.php\/services_communaux\/conseil-communal-convocation-ordre-du-jour-jeudi-17-juillet-2025\/"]}]},{"@type":"ImageObject","inLanguage":"fr-FR","@id":"https:\/\/www.modave.be\/index.php\/services_communaux\/conseil-communal-convocation-ordre-du-jour-jeudi-17-juillet-2025\/#primaryimage","url":"https:\/\/www.modave.be\/wp-content\/uploads\/2025\/03\/IMG_1533-Avec-accentuation-Bruit-scaled-e1741077000759.jpg","contentUrl":"https:\/\/www.modave.be\/wp-content\/uploads\/2025\/03\/IMG_1533-Avec-accentuation-Bruit-scaled-e1741077000759.jpg","width":2560,"height":1280},{"@type":"BreadcrumbList","@id":"https:\/\/www.modave.be\/index.php\/services_communaux\/conseil-communal-convocation-ordre-du-jour-jeudi-17-juillet-2025\/#breadcrumb","itemListElement":[{"@type":"ListItem","position":1,"name":"Accueil","item":"https:\/\/www.modave.be\/"},{"@type":"ListItem","position":2,"name":"Conseil communal &#8211; Convocation &#8211; Ordre du jour | Jeudi 17 juillet 2025"}]},{"@type":"WebSite","@id":"https:\/\/www.modave.be\/#website","url":"https:\/\/www.modave.be\/","name":"Commune de Modave","description":"Commune de Modave","publisher":{"@id":"https:\/\/www.modave.be\/#organization"},"potentialAction":[{"@type":"SearchAction","target":{"@type":"EntryPoint","urlTemplate":"https:\/\/www.modave.be\/?s={search_term_string}"},"query-input":{"@type":"PropertyValueSpecification","valueRequired":true,"valueName":"search_term_string"}}],"inLanguage":"fr-FR"},{"@type":"Organization","@id":"https:\/\/www.modave.be\/#organization","name":"Commune de Modave","url":"https:\/\/www.modave.be\/","logo":{"@type":"ImageObject","inLanguage":"fr-FR","@id":"https:\/\/www.modave.be\/#\/schema\/logo\/image\/","url":"https:\/\/www.modave.be\/wp-content\/uploads\/2021\/12\/MODAVE_LOGO_HORIZONTAL_QUADRI_RVB.png","contentUrl":"https:\/\/www.modave.be\/wp-content\/uploads\/2021\/12\/MODAVE_LOGO_HORIZONTAL_QUADRI_RVB.png","width":1200,"height":501,"caption":"Commune de Modave"},"image":{"@id":"https:\/\/www.modave.be\/#\/schema\/logo\/image\/"}}]}</script>
<!-- / Yoast SEO plugin. -->

Nous attirons votre attention sur le fait que cette séance se tiendra exceptionnellement à la salle Bois Rosine, située rue du Bois Rosine n°7 à 4577 Strée.
