{"id":16240,"date":"2025-08-05T15:34:53","date_gmt":"2025-08-05T13:34:53","guid":{"rendered":"https:\/\/www.modave.be\/?post_type=services_communaux&#038;p=16240"},"modified":"2025-08-20T08:42:38","modified_gmt":"2025-08-20T06:42:38","slug":"ecole-communale-de-modave-moment-decouverte","status":"publish","type":"services_communaux","link":"https:\/\/www.modave.be\/index.php\/services_communaux\/ecole-communale-de-modave-moment-decouverte\/","title":{"rendered":"Ecole Communale de Modave | Moment d\u00e9couverte"},"content":{"rendered":"\n<h2 class=\"wp-block-heading\">NOUVEAU ! OUVERTURE D\u2019UNE CLASSE DE 4-5-6<\/h2>\n\n\n\n<p><em>Vous \u00eates cordialement invit\u00e9s \u00e0 notre MOMENT D<strong>\u00c9<\/strong><\/em>COUVERTE<\/p>\n\n\n\n<p>Le 19 ao\u00fbt entre 17h et 18h30<br>\u00c0 l\u2019implantation de Modave (rue du Village, 22 &#8211; 4577 Modave)<\/p>\n\n\n\n<p><strong>Au programme :<\/strong><\/p>\n\n\n\n<ul class=\"wp-block-list\">\n<li>Pr\u00e9sentation de la direction, des enseignants et de leurs classes (une maternelle et deux primaires).<\/li>\n\n\n\n<li>D\u00e9couverte des projets et activit\u00e9s qui rythmeront l\u2019ann\u00e9e scolaire de vos enfants.<\/li>\n<\/ul>\n\n\n\n<blockquote class=\"wp-block-quote is-layout-flow wp-block-quote-is-layout-flow\">\n<p>Pour plus de renseignements :<br><a>direction@ecolecommunalemodave.be<\/a><br>085 41 14 64<\/p>\n<\/blockquote>\n\n\n\n<figure class=\"wp-block-image size-large\"><img fetchpriority=\"high\" decoding=\"async\" width=\"1024\" height=\"1024\" src=\"https:\/\/www.modave.be\/wp-content\/uploads\/2025\/08\/Ecole-1024x1024.jpg\" alt=\"\" class=\"wp-image-16241\" srcset=\"https:\/\/www.modave.be\/wp-content\/uploads\/2025\/08\/Ecole-1024x1024.jpg 1024w, https:\/\/www.modave.be\/wp-content\/uploads\/2025\/08\/Ecole-300x300.jpg 300w, https:\/\/www.modave.be\/wp-content\/uploads\/2025\/08\/Ecole-150x150.jpg 150w, https:\/\/www.modave.be\/wp-content\/uploads\/2025\/08\/Ecole-768x768.jpg 768w, https:\/\/www.modave.be\/wp-content\/uploads\/2025\/08\/Ecole-1536x1536.jpg 1536w, https:\/\/www.modave.be\/wp-content\/uploads\/2025\/08\/Ecole.jpg 1599w\" sizes=\"(max-width: 1024px) 100vw, 1024px\" \/><\/figure>\n\n\n\n<p><\/p>\n","protected":false},"excerpt":{"rendered":"<p>NOUVEAU ! OUVERTURE D\u2019UNE CLASSE DE 4-5-6 Vous \u00eates cordialement invit\u00e9s \u00e0 notre MOMENT D\u00c9COUVERTE Le 19 ao\u00fbt entre 17h et 18h30\u00c0 l\u2019implantation de Modave (rue du Village, 22 &#8211; 4577 Modave) Au programme : Pour plus de renseignements :direction@ecolecommunalemodave.be085 41 14 64<\/p>\n","protected":false},"author":9,"featured_media":16242,"menu_order":0,"template":"","categories":[210,200,204],"class_list":["post-16240","services_communaux","type-services_communaux","status-publish","has-post-thumbnail","hentry","category-ecole_communale","category-extra_scolaire","category-personnel","description-off"],"yoast_head":"<!-- This site is optimized with the Yoast SEO plugin v27.5 - https:\/\/yoast.com\/product\/yoast-seo-wordpress\/ -->\n<title>Ecole Communale de Modave | Moment d\u00e9couverte - Commune de Modave<\/title>\n<meta name=\"robots\" content=\"index, follow, max-snippet:-1, max-image-preview:large, max-video-preview:-1\" \/>\n<link rel=\"canonical\" href=\"https:\/\/www.modave.be\/index.php\/services_communaux\/ecole-communale-de-modave-moment-decouverte\/\" \/>\n<meta property=\"og:locale\" content=\"fr_FR\" \/>\n<meta property=\"og:type\" content=\"article\" \/>\n<meta property=\"og:title\" content=\"Ecole Communale de Modave | Moment d\u00e9couverte - Commune de Modave\" \/>\n<meta property=\"og:description\" content=\"NOUVEAU ! OUVERTURE D\u2019UNE CLASSE DE 4-5-6 Vous \u00eates cordialement invit\u00e9s \u00e0 notre MOMENT D\u00c9COUVERTE Le 19 ao\u00fbt entre 17h et 18h30\u00c0 l\u2019implantation de Modave (rue du Village, 22 &#8211; 4577 Modave) Au programme : Pour plus de renseignements :direction@ecolecommunalemodave.be085 41 14 64\" \/>\n<meta property=\"og:url\" content=\"https:\/\/www.modave.be\/index.php\/services_communaux\/ecole-communale-de-modave-moment-decouverte\/\" \/>\n<meta property=\"og:site_name\" content=\"Commune de Modave\" \/>\n<meta property=\"article:modified_time\" content=\"2025-08-20T06:42:38+00:00\" \/>\n<meta property=\"og:image\" content=\"https:\/\/www.modave.be\/wp-content\/uploads\/2025\/08\/IMG_2432-Avec-accentuation-Bruit-e1754400861614.jpg\" \/>\n\t<meta property=\"og:image:width\" content=\"1200\" \/>\n\t<meta property=\"og:image:height\" content=\"600\" \/>\n\t<meta property=\"og:image:type\" content=\"image\/jpeg\" \/>\n<meta name=\"twitter:card\" content=\"summary_large_image\" \/>\n<script type=\"application\/ld+json\" class=\"yoast-schema-graph\">{\"@context\":\"https:\\\/\\\/schema.org\",\"@graph\":[{\"@type\":\"WebPage\",\"@id\":\"https:\\\/\\\/www.modave.be\\\/index.php\\\/services_communaux\\\/ecole-communale-de-modave-moment-decouverte\\\/\",\"url\":\"https:\\\/\\\/www.modave.be\\\/index.php\\\/services_communaux\\\/ecole-communale-de-modave-moment-decouverte\\\/\",\"name\":\"Ecole Communale de Modave | Moment d\u00e9couverte - Commune de Modave\",\"isPartOf\":{\"@id\":\"https:\\\/\\\/www.modave.be\\\/#website\"},\"primaryImageOfPage\":{\"@id\":\"https:\\\/\\\/www.modave.be\\\/index.php\\\/services_communaux\\\/ecole-communale-de-modave-moment-decouverte\\\/#primaryimage\"},\"image\":{\"@id\":\"https:\\\/\\\/www.modave.be\\\/index.php\\\/services_communaux\\\/ecole-communale-de-modave-moment-decouverte\\\/#primaryimage\"},\"thumbnailUrl\":\"https:\\\/\\\/www.modave.be\\\/wp-content\\\/uploads\\\/2025\\\/08\\\/IMG_2432-Avec-accentuation-Bruit-e1754400861614.jpg\",\"datePublished\":\"2025-08-05T13:34:53+00:00\",\"dateModified\":\"2025-08-20T06:42:38+00:00\",\"breadcrumb\":{\"@id\":\"https:\\\/\\\/www.modave.be\\\/index.php\\\/services_communaux\\\/ecole-communale-de-modave-moment-decouverte\\\/#breadcrumb\"},\"inLanguage\":\"fr-FR\",\"potentialAction\":[{\"@type\":\"ReadAction\",\"target\":[\"https:\\\/\\\/www.modave.be\\\/index.php\\\/services_communaux\\\/ecole-communale-de-modave-moment-decouverte\\\/\"]}]},{\"@type\":\"ImageObject\",\"inLanguage\":\"fr-FR\",\"@id\":\"https:\\\/\\\/www.modave.be\\\/index.php\\\/services_communaux\\\/ecole-communale-de-modave-moment-decouverte\\\/#primaryimage\",\"url\":\"https:\\\/\\\/www.modave.be\\\/wp-content\\\/uploads\\\/2025\\\/08\\\/IMG_2432-Avec-accentuation-Bruit-e1754400861614.jpg\",\"contentUrl\":\"https:\\\/\\\/www.modave.be\\\/wp-content\\\/uploads\\\/2025\\\/08\\\/IMG_2432-Avec-accentuation-Bruit-e1754400861614.jpg\",\"width\":1200,\"height\":600,\"caption\":\"Moment d\u00e9couverte\"},{\"@type\":\"BreadcrumbList\",\"@id\":\"https:\\\/\\\/www.modave.be\\\/index.php\\\/services_communaux\\\/ecole-communale-de-modave-moment-decouverte\\\/#breadcrumb\",\"itemListElement\":[{\"@type\":\"ListItem\",\"position\":1,\"name\":\"Accueil\",\"item\":\"https:\\\/\\\/www.modave.be\\\/\"},{\"@type\":\"ListItem\",\"position\":2,\"name\":\"Ecole Communale de Modave | Moment d\u00e9couverte\"}]},{\"@type\":\"WebSite\",\"@id\":\"https:\\\/\\\/www.modave.be\\\/#website\",\"url\":\"https:\\\/\\\/www.modave.be\\\/\",\"name\":\"Commune de Modave\",\"description\":\"Commune de Modave\",\"publisher\":{\"@id\":\"https:\\\/\\\/www.modave.be\\\/#organization\"},\"potentialAction\":[{\"@type\":\"SearchAction\",\"target\":{\"@type\":\"EntryPoint\",\"urlTemplate\":\"https:\\\/\\\/www.modave.be\\\/?s={search_term_string}\"},\"query-input\":{\"@type\":\"PropertyValueSpecification\",\"valueRequired\":true,\"valueName\":\"search_term_string\"}}],\"inLanguage\":\"fr-FR\"},{\"@type\":\"Organization\",\"@id\":\"https:\\\/\\\/www.modave.be\\\/#organization\",\"name\":\"Commune de Modave\",\"url\":\"https:\\\/\\\/www.modave.be\\\/\",\"logo\":{\"@type\":\"ImageObject\",\"inLanguage\":\"fr-FR\",\"@id\":\"https:\\\/\\\/www.modave.be\\\/#\\\/schema\\\/logo\\\/image\\\/\",\"url\":\"https:\\\/\\\/www.modave.be\\\/wp-content\\\/uploads\\\/2021\\\/12\\\/MODAVE_LOGO_HORIZONTAL_QUADRI_RVB.png\",\"contentUrl\":\"https:\\\/\\\/www.modave.be\\\/wp-content\\\/uploads\\\/2021\\\/12\\\/MODAVE_LOGO_HORIZONTAL_QUADRI_RVB.png\",\"width\":1200,\"height\":501,\"caption\":\"Commune de Modave\"},\"image\":{\"@id\":\"https:\\\/\\\/www.modave.be\\\/#\\\/schema\\\/logo\\\/image\\\/\"}}]}<\/script>\n<!-- \/ Yoast SEO plugin. -->","yoast_head_json":{"title":"Ecole Communale de Modave | Moment d\u00e9couverte - Commune de Modave","robots":{"index":"index","follow":"follow","max-snippet":"max-snippet:-1","max-image-preview":"max-image-preview:large","max-video-preview":"max-video-preview:-1"},"canonical":"https:\/\/www.modave.be\/index.php\/services_communaux\/ecole-communale-de-modave-moment-decouverte\/","og_locale":"fr_FR","og_type":"article","og_title":"Ecole Communale de Modave | Moment d\u00e9couverte - Commune de Modave","og_description":"NOUVEAU ! OUVERTURE D\u2019UNE CLASSE DE 4-5-6 Vous \u00eates cordialement invit\u00e9s \u00e0 notre MOMENT D\u00c9COUVERTE Le 19 ao\u00fbt entre 17h et 18h30\u00c0 l\u2019implantation de Modave (rue du Village, 22 &#8211; 4577 Modave) Au programme : Pour plus de renseignements :direction@ecolecommunalemodave.be085 41 14 64","og_url":"https:\/\/www.modave.be\/index.php\/services_communaux\/ecole-communale-de-modave-moment-decouverte\/","og_site_name":"Commune de Modave","article_modified_time":"2025-08-20T06:42:38+00:00","og_image":[{"width":1200,"height":600,"url":"https:\/\/www.modave.be\/wp-content\/uploads\/2025\/08\/IMG_2432-Avec-accentuation-Bruit-e1754400861614.jpg","type":"image\/jpeg"}],"twitter_card":"summary_large_image","schema":{"@context":"https:\/\/schema.org","@graph":[{"@type":"WebPage","@id":"https:\/\/www.modave.be\/index.php\/services_communaux\/ecole-communale-de-modave-moment-decouverte\/","url":"https:\/\/www.modave.be\/index.php\/services_communaux\/ecole-communale-de-modave-moment-decouverte\/","name":"Ecole Communale de Modave | Moment d\u00e9couverte - Commune de Modave","isPartOf":{"@id":"https:\/\/www.modave.be\/#website"},"primaryImageOfPage":{"@id":"https:\/\/www.modave.be\/index.php\/services_communaux\/ecole-communale-de-modave-moment-decouverte\/#primaryimage"},"image":{"@id":"https:\/\/www.modave.be\/index.php\/services_communaux\/ecole-communale-de-modave-moment-decouverte\/#primaryimage"},"thumbnailUrl":"https:\/\/www.modave.be\/wp-content\/uploads\/2025\/08\/IMG_2432-Avec-accentuation-Bruit-e1754400861614.jpg","datePublished":"2025-08-05T13:34:53+00:00","dateModified":"2025-08-20T06:42:38+00:00","breadcrumb":{"@id":"https:\/\/www.modave.be\/index.php\/services_communaux\/ecole-communale-de-modave-moment-decouverte\/#breadcrumb"},"inLanguage":"fr-FR","potentialAction":[{"@type":"ReadAction","target":["https:\/\/www.modave.be\/index.php\/services_communaux\/ecole-communale-de-modave-moment-decouverte\/"]}]},{"@type":"ImageObject","inLanguage":"fr-FR","@id":"https:\/\/www.modave.be\/index.php\/services_communaux\/ecole-communale-de-modave-moment-decouverte\/#primaryimage","url":"https:\/\/www.modave.be\/wp-content\/uploads\/2025\/08\/IMG_2432-Avec-accentuation-Bruit-e1754400861614.jpg","contentUrl":"https:\/\/www.modave.be\/wp-content\/uploads\/2025\/08\/IMG_2432-Avec-accentuation-Bruit-e1754400861614.jpg","width":1200,"height":600,"caption":"Moment d\u00e9couverte"},{"@type":"BreadcrumbList","@id":"https:\/\/www.modave.be\/index.php\/services_communaux\/ecole-communale-de-modave-moment-decouverte\/#breadcrumb","itemListElement":[{"@type":"ListItem","position":1,"name":"Accueil","item":"https:\/\/www.modave.be\/"},{"@type":"ListItem","position":2,"name":"Ecole Communale de Modave | Moment d\u00e9couverte"}]},{"@type":"WebSite","@id":"https:\/\/www.modave.be\/#website","url":"https:\/\/www.modave.be\/","name":"Commune de Modave","description":"Commune de Modave","publisher":{"@id":"https:\/\/www.modave.be\/#organization"},"potentialAction":[{"@type":"SearchAction","target":{"@type":"EntryPoint","urlTemplate":"https:\/\/www.modave.be\/?s={search_term_string}"},"query-input":{"@type":"PropertyValueSpecification","valueRequired":true,"valueName":"search_term_string"}}],"inLanguage":"fr-FR"},{"@type":"Organization","@id":"https:\/\/www.modave.be\/#organization","name":"Commune de Modave","url":"https:\/\/www.modave.be\/","logo":{"@type":"ImageObject","inLanguage":"fr-FR","@id":"https:\/\/www.modave.be\/#\/schema\/logo\/image\/","url":"https:\/\/www.modave.be\/wp-content\/uploads\/2021\/12\/MODAVE_LOGO_HORIZONTAL_QUADRI_RVB.png","contentUrl":"https:\/\/www.modave.be\/wp-content\/uploads\/2021\/12\/MODAVE_LOGO_HORIZONTAL_QUADRI_RVB.png","width":1200,"height":501,"caption":"Commune de Modave"},"image":{"@id":"https:\/\/www.modave.be\/#\/schema\/logo\/image\/"}}]}},"_links":{"self":[{"href":"https:\/\/www.modave.be\/index.php\/wp-json\/wp\/v2\/services_communaux\/16240","targetHints":{"allow":["GET"]}}],"collection":[{"href":"https:\/\/www.modave.be\/index.php\/wp-json\/wp\/v2\/services_communaux"}],"about":[{"href":"https:\/\/www.modave.be\/index.php\/wp-json\/wp\/v2\/types\/services_communaux"}],"author":[{"embeddable":true,"href":"https:\/\/www.modave.be\/index.php\/wp-json\/wp\/v2\/users\/9"}],"wp:featuredmedia":[{"embeddable":true,"href":"https:\/\/www.modave.be\/index.php\/wp-json\/wp\/v2\/media\/16242"}],"wp:attachment":[{"href":"https:\/\/www.modave.be\/index.php\/wp-json\/wp\/v2\/media?parent=16240"}],"wp:term":[{"taxonomy":"category","embeddable":true,"href":"https:\/\/www.modave.be\/index.php\/wp-json\/wp\/v2\/categories?post=16240"}],"curies":[{"name":"wp","href":"https:\/\/api.w.org\/{rel}","templated":true}]}}

Ecole Communale de Modave | Moment découverte

<h2 class="wp-block-heading">NOUVEAU ! OUVERTURE D’UNE CLASSE DE 4-5-6</h2>



<p><em>Vous êtes cordialement invités à notre MOMENT D<strong>É</strong></em>COUVERTE</p>



<p>Le 19 août entre 17h et 18h30<br>À l’implantation de Modave (rue du Village, 22 &#8211; 4577 Modave)</p>



<p><strong>Au programme :</strong></p>



<ul class="wp-block-list">
<li>Présentation de la direction, des enseignants et de leurs classes (une maternelle et deux primaires).</li>



<li>Découverte des projets et activités qui rythmeront l’année scolaire de vos enfants.</li>
</ul>



<blockquote class="wp-block-quote is-layout-flow wp-block-quote-is-layout-flow">
<p>Pour plus de renseignements :<br><a>direction@ecolecommunalemodave.be</a><br>085 41 14 64</p>
</blockquote>



<figure class="wp-block-image size-large"><img fetchpriority="high" decoding="async" width="1024" height="1024" src="https://www.modave.be/wp-content/uploads/2025/08/Ecole-1024x1024.jpg" alt="" class="wp-image-16241" srcset="https://www.modave.be/wp-content/uploads/2025/08/Ecole-1024x1024.jpg 1024w, https://www.modave.be/wp-content/uploads/2025/08/Ecole-300x300.jpg 300w, https://www.modave.be/wp-content/uploads/2025/08/Ecole-150x150.jpg 150w, https://www.modave.be/wp-content/uploads/2025/08/Ecole-768x768.jpg 768w, https://www.modave.be/wp-content/uploads/2025/08/Ecole-1536x1536.jpg 1536w, https://www.modave.be/wp-content/uploads/2025/08/Ecole.jpg 1599w" sizes="(max-width: 1024px) 100vw, 1024px" /></figure>



<p></p>

<p>NOUVEAU ! OUVERTURE D’UNE CLASSE DE 4-5-6 Vous êtes cordialement invités à notre MOMENT DÉCOUVERTE Le 19 août entre 17h et 18h30À l’implantation de Modave (rue du Village, 22 &#8211; 4577 Modave) Au programme : Pour plus de renseignements :direction@ecolecommunalemodave.be085 41 14 64</p>

<!-- This site is optimized with the Yoast SEO plugin v27.5 - https://yoast.com/product/yoast-seo-wordpress/ -->
<title>Ecole Communale de Modave | Moment découverte - Commune de Modave</title>
<meta name="robots" content="index, follow, max-snippet:-1, max-image-preview:large, max-video-preview:-1" />
<link rel="canonical" href="https://www.modave.be/index.php/services_communaux/ecole-communale-de-modave-moment-decouverte/" />
<meta property="og:locale" content="fr_FR" />
<meta property="og:type" content="article" />
<meta property="og:title" content="Ecole Communale de Modave | Moment découverte - Commune de Modave" />
<meta property="og:description" content="NOUVEAU ! OUVERTURE D’UNE CLASSE DE 4-5-6 Vous êtes cordialement invités à notre MOMENT DÉCOUVERTE Le 19 août entre 17h et 18h30À l’implantation de Modave (rue du Village, 22 &#8211; 4577 Modave) Au programme : Pour plus de renseignements :direction@ecolecommunalemodave.be085 41 14 64" />
<meta property="og:url" content="https://www.modave.be/index.php/services_communaux/ecole-communale-de-modave-moment-decouverte/" />
<meta property="og:site_name" content="Commune de Modave" />
<meta property="article:modified_time" content="2025-08-20T06:42:38+00:00" />
<meta property="og:image" content="https://www.modave.be/wp-content/uploads/2025/08/IMG_2432-Avec-accentuation-Bruit-e1754400861614.jpg" />
	<meta property="og:image:width" content="1200" />
	<meta property="og:image:height" content="600" />
	<meta property="og:image:type" content="image/jpeg" />
<meta name="twitter:card" content="summary_large_image" />
<script type="application/ld+json" class="yoast-schema-graph">{"@context":"https:\/\/schema.org","@graph":[{"@type":"WebPage","@id":"https:\/\/www.modave.be\/index.php\/services_communaux\/ecole-communale-de-modave-moment-decouverte\/","url":"https:\/\/www.modave.be\/index.php\/services_communaux\/ecole-communale-de-modave-moment-decouverte\/","name":"Ecole Communale de Modave | Moment découverte - Commune de Modave","isPartOf":{"@id":"https:\/\/www.modave.be\/#website"},"primaryImageOfPage":{"@id":"https:\/\/www.modave.be\/index.php\/services_communaux\/ecole-communale-de-modave-moment-decouverte\/#primaryimage"},"image":{"@id":"https:\/\/www.modave.be\/index.php\/services_communaux\/ecole-communale-de-modave-moment-decouverte\/#primaryimage"},"thumbnailUrl":"https:\/\/www.modave.be\/wp-content\/uploads\/2025\/08\/IMG_2432-Avec-accentuation-Bruit-e1754400861614.jpg","datePublished":"2025-08-05T13:34:53+00:00","dateModified":"2025-08-20T06:42:38+00:00","breadcrumb":{"@id":"https:\/\/www.modave.be\/index.php\/services_communaux\/ecole-communale-de-modave-moment-decouverte\/#breadcrumb"},"inLanguage":"fr-FR","potentialAction":[{"@type":"ReadAction","target":["https:\/\/www.modave.be\/index.php\/services_communaux\/ecole-communale-de-modave-moment-decouverte\/"]}]},{"@type":"ImageObject","inLanguage":"fr-FR","@id":"https:\/\/www.modave.be\/index.php\/services_communaux\/ecole-communale-de-modave-moment-decouverte\/#primaryimage","url":"https:\/\/www.modave.be\/wp-content\/uploads\/2025\/08\/IMG_2432-Avec-accentuation-Bruit-e1754400861614.jpg","contentUrl":"https:\/\/www.modave.be\/wp-content\/uploads\/2025\/08\/IMG_2432-Avec-accentuation-Bruit-e1754400861614.jpg","width":1200,"height":600,"caption":"Moment découverte"},{"@type":"BreadcrumbList","@id":"https:\/\/www.modave.be\/index.php\/services_communaux\/ecole-communale-de-modave-moment-decouverte\/#breadcrumb","itemListElement":[{"@type":"ListItem","position":1,"name":"Accueil","item":"https:\/\/www.modave.be\/"},{"@type":"ListItem","position":2,"name":"Ecole Communale de Modave | Moment découverte"}]},{"@type":"WebSite","@id":"https:\/\/www.modave.be\/#website","url":"https:\/\/www.modave.be\/","name":"Commune de Modave","description":"Commune de Modave","publisher":{"@id":"https:\/\/www.modave.be\/#organization"},"potentialAction":[{"@type":"SearchAction","target":{"@type":"EntryPoint","urlTemplate":"https:\/\/www.modave.be\/?s={search_term_string}"},"query-input":{"@type":"PropertyValueSpecification","valueRequired":true,"valueName":"search_term_string"}}],"inLanguage":"fr-FR"},{"@type":"Organization","@id":"https:\/\/www.modave.be\/#organization","name":"Commune de Modave","url":"https:\/\/www.modave.be\/","logo":{"@type":"ImageObject","inLanguage":"fr-FR","@id":"https:\/\/www.modave.be\/#\/schema\/logo\/image\/","url":"https:\/\/www.modave.be\/wp-content\/uploads\/2021\/12\/MODAVE_LOGO_HORIZONTAL_QUADRI_RVB.png","contentUrl":"https:\/\/www.modave.be\/wp-content\/uploads\/2021\/12\/MODAVE_LOGO_HORIZONTAL_QUADRI_RVB.png","width":1200,"height":501,"caption":"Commune de Modave"},"image":{"@id":"https:\/\/www.modave.be\/#\/schema\/logo\/image\/"}}]}</script>
<!-- / Yoast SEO plugin. -->

Ecole Communale de Modave | Moment découverte - Commune de Modave

NOUVEAU ! OUVERTURE D’UNE CLASSE DE 4-5-6 Vous êtes cordialement invités à notre MOMENT DÉCOUVERTE Le 19 août entre 17h et 18h30À l’implantation de Modave (rue du Village, 22 &#8211; 4577 Modave) Au programme : Pour plus de renseignements :direction@ecolecommunalemodave.be085 41 14 64

Moment découverte
