{"id":16244,"date":"2025-08-06T08:00:00","date_gmt":"2025-08-06T06:00:00","guid":{"rendered":"https:\/\/www.modave.be\/?post_type=services_communaux&#038;p=16244"},"modified":"2025-08-05T16:34:15","modified_gmt":"2025-08-05T14:34:15","slug":"exercice-militaire-27-aout-2025","status":"publish","type":"services_communaux","link":"https:\/\/www.modave.be\/index.php\/services_communaux\/exercice-militaire-27-aout-2025\/","title":{"rendered":"Exercice militaire | 27 ao\u00fbt 2025"},"content":{"rendered":"\n<h2 class=\"wp-block-heading\">Exercice militaire | 27 ao\u00fbt 2025<\/h2>\n\n\n\n<p>Le 27 ao\u00fbt, des militaires s\u2019entra\u00eeneront une nouvelle fois dans notre r\u00e9gion (Modave, Amay, Nandrin, Huy) pour un exercice de lecture de carte et orientation.<\/p>\n\n\n\n<blockquote class=\"wp-block-quote is-layout-flow wp-block-quote-is-layout-flow\">\n<ul class=\"wp-block-list\">\n<li>Pas de tirs.<\/li>\n\n\n\n<li>Un seul v\u00e9hicule militaire sera pr\u00e9sent.<\/li>\n<\/ul>\n<\/blockquote>\n\n\n\n<p>Cet entra\u00eenement est strictement encadr\u00e9 par les autorit\u00e9s comp\u00e9tentes, dans le respect des propri\u00e9t\u00e9s priv\u00e9es et de l\u2019environnement.<\/p>\n\n\n\n<p>Merci pour votre compr\u00e9hension.<\/p>\n\n\n\n<figure class=\"wp-block-image size-full\"><img fetchpriority=\"high\" decoding=\"async\" width=\"1080\" height=\"1080\" src=\"https:\/\/www.modave.be\/wp-content\/uploads\/2025\/08\/1.jpg\" alt=\"\" class=\"wp-image-16245\" srcset=\"https:\/\/www.modave.be\/wp-content\/uploads\/2025\/08\/1.jpg 1080w, https:\/\/www.modave.be\/wp-content\/uploads\/2025\/08\/1-300x300.jpg 300w, https:\/\/www.modave.be\/wp-content\/uploads\/2025\/08\/1-1024x1024.jpg 1024w, https:\/\/www.modave.be\/wp-content\/uploads\/2025\/08\/1-150x150.jpg 150w, https:\/\/www.modave.be\/wp-content\/uploads\/2025\/08\/1-768x768.jpg 768w\" sizes=\"(max-width: 1080px) 100vw, 1080px\" \/><\/figure>\n\n\n\n<p><\/p>\n","protected":false},"excerpt":{"rendered":"<p>Exercice militaire | 27 ao\u00fbt 2025 Le 27 ao\u00fbt, des militaires s\u2019entra\u00eeneront une nouvelle fois dans notre r\u00e9gion (Modave, Amay, Nandrin, Huy) pour un exercice de lecture de carte et orientation. Cet entra\u00eenement est strictement encadr\u00e9 par les autorit\u00e9s comp\u00e9tentes, dans le respect des propri\u00e9t\u00e9s priv\u00e9es et de l\u2019environnement. Merci pour votre compr\u00e9hension.<\/p>\n","protected":false},"author":9,"featured_media":16246,"menu_order":1,"template":"","categories":[1],"class_list":["post-16244","services_communaux","type-services_communaux","status-publish","has-post-thumbnail","hentry","category-non-classe","description-off"],"yoast_head":"<!-- This site is optimized with the Yoast SEO plugin v27.5 - https:\/\/yoast.com\/product\/yoast-seo-wordpress\/ -->\n<title>Exercice militaire | 27 ao\u00fbt 2025 - Commune de Modave<\/title>\n<meta name=\"robots\" content=\"index, follow, max-snippet:-1, max-image-preview:large, max-video-preview:-1\" \/>\n<link rel=\"canonical\" href=\"https:\/\/www.modave.be\/index.php\/services_communaux\/exercice-militaire-27-aout-2025\/\" \/>\n<meta property=\"og:locale\" content=\"fr_FR\" \/>\n<meta property=\"og:type\" content=\"article\" \/>\n<meta property=\"og:title\" content=\"Exercice militaire | 27 ao\u00fbt 2025 - Commune de Modave\" \/>\n<meta property=\"og:description\" content=\"Exercice militaire | 27 ao\u00fbt 2025 Le 27 ao\u00fbt, des militaires s\u2019entra\u00eeneront une nouvelle fois dans notre r\u00e9gion (Modave, Amay, Nandrin, Huy) pour un exercice de lecture de carte et orientation. Cet entra\u00eenement est strictement encadr\u00e9 par les autorit\u00e9s comp\u00e9tentes, dans le respect des propri\u00e9t\u00e9s priv\u00e9es et de l\u2019environnement. Merci pour votre compr\u00e9hension.\" \/>\n<meta property=\"og:url\" content=\"https:\/\/www.modave.be\/index.php\/services_communaux\/exercice-militaire-27-aout-2025\/\" \/>\n<meta property=\"og:site_name\" content=\"Commune de Modave\" \/>\n<meta property=\"og:image\" content=\"https:\/\/www.modave.be\/wp-content\/uploads\/2025\/08\/1-1-e1754404432805.jpg\" \/>\n\t<meta property=\"og:image:width\" content=\"1080\" \/>\n\t<meta property=\"og:image:height\" content=\"540\" \/>\n\t<meta property=\"og:image:type\" content=\"image\/jpeg\" \/>\n<meta name=\"twitter:card\" content=\"summary_large_image\" \/>\n<script type=\"application\/ld+json\" class=\"yoast-schema-graph\">{\"@context\":\"https:\\\/\\\/schema.org\",\"@graph\":[{\"@type\":\"WebPage\",\"@id\":\"https:\\\/\\\/www.modave.be\\\/index.php\\\/services_communaux\\\/exercice-militaire-27-aout-2025\\\/\",\"url\":\"https:\\\/\\\/www.modave.be\\\/index.php\\\/services_communaux\\\/exercice-militaire-27-aout-2025\\\/\",\"name\":\"Exercice militaire | 27 ao\u00fbt 2025 - Commune de Modave\",\"isPartOf\":{\"@id\":\"https:\\\/\\\/www.modave.be\\\/#website\"},\"primaryImageOfPage\":{\"@id\":\"https:\\\/\\\/www.modave.be\\\/index.php\\\/services_communaux\\\/exercice-militaire-27-aout-2025\\\/#primaryimage\"},\"image\":{\"@id\":\"https:\\\/\\\/www.modave.be\\\/index.php\\\/services_communaux\\\/exercice-militaire-27-aout-2025\\\/#primaryimage\"},\"thumbnailUrl\":\"https:\\\/\\\/www.modave.be\\\/wp-content\\\/uploads\\\/2025\\\/08\\\/1-1-e1754404432805.jpg\",\"datePublished\":\"2025-08-06T06:00:00+00:00\",\"breadcrumb\":{\"@id\":\"https:\\\/\\\/www.modave.be\\\/index.php\\\/services_communaux\\\/exercice-militaire-27-aout-2025\\\/#breadcrumb\"},\"inLanguage\":\"fr-FR\",\"potentialAction\":[{\"@type\":\"ReadAction\",\"target\":[\"https:\\\/\\\/www.modave.be\\\/index.php\\\/services_communaux\\\/exercice-militaire-27-aout-2025\\\/\"]}]},{\"@type\":\"ImageObject\",\"inLanguage\":\"fr-FR\",\"@id\":\"https:\\\/\\\/www.modave.be\\\/index.php\\\/services_communaux\\\/exercice-militaire-27-aout-2025\\\/#primaryimage\",\"url\":\"https:\\\/\\\/www.modave.be\\\/wp-content\\\/uploads\\\/2025\\\/08\\\/1-1-e1754404432805.jpg\",\"contentUrl\":\"https:\\\/\\\/www.modave.be\\\/wp-content\\\/uploads\\\/2025\\\/08\\\/1-1-e1754404432805.jpg\",\"width\":1080,\"height\":540},{\"@type\":\"BreadcrumbList\",\"@id\":\"https:\\\/\\\/www.modave.be\\\/index.php\\\/services_communaux\\\/exercice-militaire-27-aout-2025\\\/#breadcrumb\",\"itemListElement\":[{\"@type\":\"ListItem\",\"position\":1,\"name\":\"Accueil\",\"item\":\"https:\\\/\\\/www.modave.be\\\/\"},{\"@type\":\"ListItem\",\"position\":2,\"name\":\"Exercice militaire | 27 ao\u00fbt 2025\"}]},{\"@type\":\"WebSite\",\"@id\":\"https:\\\/\\\/www.modave.be\\\/#website\",\"url\":\"https:\\\/\\\/www.modave.be\\\/\",\"name\":\"Commune de Modave\",\"description\":\"Commune de Modave\",\"publisher\":{\"@id\":\"https:\\\/\\\/www.modave.be\\\/#organization\"},\"potentialAction\":[{\"@type\":\"SearchAction\",\"target\":{\"@type\":\"EntryPoint\",\"urlTemplate\":\"https:\\\/\\\/www.modave.be\\\/?s={search_term_string}\"},\"query-input\":{\"@type\":\"PropertyValueSpecification\",\"valueRequired\":true,\"valueName\":\"search_term_string\"}}],\"inLanguage\":\"fr-FR\"},{\"@type\":\"Organization\",\"@id\":\"https:\\\/\\\/www.modave.be\\\/#organization\",\"name\":\"Commune de Modave\",\"url\":\"https:\\\/\\\/www.modave.be\\\/\",\"logo\":{\"@type\":\"ImageObject\",\"inLanguage\":\"fr-FR\",\"@id\":\"https:\\\/\\\/www.modave.be\\\/#\\\/schema\\\/logo\\\/image\\\/\",\"url\":\"https:\\\/\\\/www.modave.be\\\/wp-content\\\/uploads\\\/2021\\\/12\\\/MODAVE_LOGO_HORIZONTAL_QUADRI_RVB.png\",\"contentUrl\":\"https:\\\/\\\/www.modave.be\\\/wp-content\\\/uploads\\\/2021\\\/12\\\/MODAVE_LOGO_HORIZONTAL_QUADRI_RVB.png\",\"width\":1200,\"height\":501,\"caption\":\"Commune de Modave\"},\"image\":{\"@id\":\"https:\\\/\\\/www.modave.be\\\/#\\\/schema\\\/logo\\\/image\\\/\"}}]}<\/script>\n<!-- \/ Yoast SEO plugin. -->","yoast_head_json":{"title":"Exercice militaire | 27 ao\u00fbt 2025 - Commune de Modave","robots":{"index":"index","follow":"follow","max-snippet":"max-snippet:-1","max-image-preview":"max-image-preview:large","max-video-preview":"max-video-preview:-1"},"canonical":"https:\/\/www.modave.be\/index.php\/services_communaux\/exercice-militaire-27-aout-2025\/","og_locale":"fr_FR","og_type":"article","og_title":"Exercice militaire | 27 ao\u00fbt 2025 - Commune de Modave","og_description":"Exercice militaire | 27 ao\u00fbt 2025 Le 27 ao\u00fbt, des militaires s\u2019entra\u00eeneront une nouvelle fois dans notre r\u00e9gion (Modave, Amay, Nandrin, Huy) pour un exercice de lecture de carte et orientation. Cet entra\u00eenement est strictement encadr\u00e9 par les autorit\u00e9s comp\u00e9tentes, dans le respect des propri\u00e9t\u00e9s priv\u00e9es et de l\u2019environnement. Merci pour votre compr\u00e9hension.","og_url":"https:\/\/www.modave.be\/index.php\/services_communaux\/exercice-militaire-27-aout-2025\/","og_site_name":"Commune de Modave","og_image":[{"width":1080,"height":540,"url":"https:\/\/www.modave.be\/wp-content\/uploads\/2025\/08\/1-1-e1754404432805.jpg","type":"image\/jpeg"}],"twitter_card":"summary_large_image","schema":{"@context":"https:\/\/schema.org","@graph":[{"@type":"WebPage","@id":"https:\/\/www.modave.be\/index.php\/services_communaux\/exercice-militaire-27-aout-2025\/","url":"https:\/\/www.modave.be\/index.php\/services_communaux\/exercice-militaire-27-aout-2025\/","name":"Exercice militaire | 27 ao\u00fbt 2025 - Commune de Modave","isPartOf":{"@id":"https:\/\/www.modave.be\/#website"},"primaryImageOfPage":{"@id":"https:\/\/www.modave.be\/index.php\/services_communaux\/exercice-militaire-27-aout-2025\/#primaryimage"},"image":{"@id":"https:\/\/www.modave.be\/index.php\/services_communaux\/exercice-militaire-27-aout-2025\/#primaryimage"},"thumbnailUrl":"https:\/\/www.modave.be\/wp-content\/uploads\/2025\/08\/1-1-e1754404432805.jpg","datePublished":"2025-08-06T06:00:00+00:00","breadcrumb":{"@id":"https:\/\/www.modave.be\/index.php\/services_communaux\/exercice-militaire-27-aout-2025\/#breadcrumb"},"inLanguage":"fr-FR","potentialAction":[{"@type":"ReadAction","target":["https:\/\/www.modave.be\/index.php\/services_communaux\/exercice-militaire-27-aout-2025\/"]}]},{"@type":"ImageObject","inLanguage":"fr-FR","@id":"https:\/\/www.modave.be\/index.php\/services_communaux\/exercice-militaire-27-aout-2025\/#primaryimage","url":"https:\/\/www.modave.be\/wp-content\/uploads\/2025\/08\/1-1-e1754404432805.jpg","contentUrl":"https:\/\/www.modave.be\/wp-content\/uploads\/2025\/08\/1-1-e1754404432805.jpg","width":1080,"height":540},{"@type":"BreadcrumbList","@id":"https:\/\/www.modave.be\/index.php\/services_communaux\/exercice-militaire-27-aout-2025\/#breadcrumb","itemListElement":[{"@type":"ListItem","position":1,"name":"Accueil","item":"https:\/\/www.modave.be\/"},{"@type":"ListItem","position":2,"name":"Exercice militaire | 27 ao\u00fbt 2025"}]},{"@type":"WebSite","@id":"https:\/\/www.modave.be\/#website","url":"https:\/\/www.modave.be\/","name":"Commune de Modave","description":"Commune de Modave","publisher":{"@id":"https:\/\/www.modave.be\/#organization"},"potentialAction":[{"@type":"SearchAction","target":{"@type":"EntryPoint","urlTemplate":"https:\/\/www.modave.be\/?s={search_term_string}"},"query-input":{"@type":"PropertyValueSpecification","valueRequired":true,"valueName":"search_term_string"}}],"inLanguage":"fr-FR"},{"@type":"Organization","@id":"https:\/\/www.modave.be\/#organization","name":"Commune de Modave","url":"https:\/\/www.modave.be\/","logo":{"@type":"ImageObject","inLanguage":"fr-FR","@id":"https:\/\/www.modave.be\/#\/schema\/logo\/image\/","url":"https:\/\/www.modave.be\/wp-content\/uploads\/2021\/12\/MODAVE_LOGO_HORIZONTAL_QUADRI_RVB.png","contentUrl":"https:\/\/www.modave.be\/wp-content\/uploads\/2021\/12\/MODAVE_LOGO_HORIZONTAL_QUADRI_RVB.png","width":1200,"height":501,"caption":"Commune de Modave"},"image":{"@id":"https:\/\/www.modave.be\/#\/schema\/logo\/image\/"}}]}},"_links":{"self":[{"href":"https:\/\/www.modave.be\/index.php\/wp-json\/wp\/v2\/services_communaux\/16244","targetHints":{"allow":["GET"]}}],"collection":[{"href":"https:\/\/www.modave.be\/index.php\/wp-json\/wp\/v2\/services_communaux"}],"about":[{"href":"https:\/\/www.modave.be\/index.php\/wp-json\/wp\/v2\/types\/services_communaux"}],"author":[{"embeddable":true,"href":"https:\/\/www.modave.be\/index.php\/wp-json\/wp\/v2\/users\/9"}],"wp:featuredmedia":[{"embeddable":true,"href":"https:\/\/www.modave.be\/index.php\/wp-json\/wp\/v2\/media\/16246"}],"wp:attachment":[{"href":"https:\/\/www.modave.be\/index.php\/wp-json\/wp\/v2\/media?parent=16244"}],"wp:term":[{"taxonomy":"category","embeddable":true,"href":"https:\/\/www.modave.be\/index.php\/wp-json\/wp\/v2\/categories?post=16244"}],"curies":[{"name":"wp","href":"https:\/\/api.w.org\/{rel}","templated":true}]}}

Exercice militaire | 27 août 2025

<h2 class="wp-block-heading">Exercice militaire | 27 août 2025</h2>



<p>Le 27 août, des militaires s’entraîneront une nouvelle fois dans notre région (Modave, Amay, Nandrin, Huy) pour un exercice de lecture de carte et orientation.</p>



<blockquote class="wp-block-quote is-layout-flow wp-block-quote-is-layout-flow">
<ul class="wp-block-list">
<li>Pas de tirs.</li>



<li>Un seul véhicule militaire sera présent.</li>
</ul>
</blockquote>



<p>Cet entraînement est strictement encadré par les autorités compétentes, dans le respect des propriétés privées et de l’environnement.</p>



<p>Merci pour votre compréhension.</p>



<figure class="wp-block-image size-full"><img fetchpriority="high" decoding="async" width="1080" height="1080" src="https://www.modave.be/wp-content/uploads/2025/08/1.jpg" alt="" class="wp-image-16245" srcset="https://www.modave.be/wp-content/uploads/2025/08/1.jpg 1080w, https://www.modave.be/wp-content/uploads/2025/08/1-300x300.jpg 300w, https://www.modave.be/wp-content/uploads/2025/08/1-1024x1024.jpg 1024w, https://www.modave.be/wp-content/uploads/2025/08/1-150x150.jpg 150w, https://www.modave.be/wp-content/uploads/2025/08/1-768x768.jpg 768w" sizes="(max-width: 1080px) 100vw, 1080px" /></figure>



<p></p>

<p>Exercice militaire | 27 août 2025 Le 27 août, des militaires s’entraîneront une nouvelle fois dans notre région (Modave, Amay, Nandrin, Huy) pour un exercice de lecture de carte et orientation. Cet entraînement est strictement encadré par les autorités compétentes, dans le respect des propriétés privées et de l’environnement. Merci pour votre compréhension.</p>

<!-- This site is optimized with the Yoast SEO plugin v27.5 - https://yoast.com/product/yoast-seo-wordpress/ -->
<title>Exercice militaire | 27 août 2025 - Commune de Modave</title>
<meta name="robots" content="index, follow, max-snippet:-1, max-image-preview:large, max-video-preview:-1" />
<link rel="canonical" href="https://www.modave.be/index.php/services_communaux/exercice-militaire-27-aout-2025/" />
<meta property="og:locale" content="fr_FR" />
<meta property="og:type" content="article" />
<meta property="og:title" content="Exercice militaire | 27 août 2025 - Commune de Modave" />
<meta property="og:description" content="Exercice militaire | 27 août 2025 Le 27 août, des militaires s’entraîneront une nouvelle fois dans notre région (Modave, Amay, Nandrin, Huy) pour un exercice de lecture de carte et orientation. Cet entraînement est strictement encadré par les autorités compétentes, dans le respect des propriétés privées et de l’environnement. Merci pour votre compréhension." />
<meta property="og:url" content="https://www.modave.be/index.php/services_communaux/exercice-militaire-27-aout-2025/" />
<meta property="og:site_name" content="Commune de Modave" />
<meta property="og:image" content="https://www.modave.be/wp-content/uploads/2025/08/1-1-e1754404432805.jpg" />
	<meta property="og:image:width" content="1080" />
	<meta property="og:image:height" content="540" />
	<meta property="og:image:type" content="image/jpeg" />
<meta name="twitter:card" content="summary_large_image" />
<script type="application/ld+json" class="yoast-schema-graph">{"@context":"https:\/\/schema.org","@graph":[{"@type":"WebPage","@id":"https:\/\/www.modave.be\/index.php\/services_communaux\/exercice-militaire-27-aout-2025\/","url":"https:\/\/www.modave.be\/index.php\/services_communaux\/exercice-militaire-27-aout-2025\/","name":"Exercice militaire | 27 août 2025 - Commune de Modave","isPartOf":{"@id":"https:\/\/www.modave.be\/#website"},"primaryImageOfPage":{"@id":"https:\/\/www.modave.be\/index.php\/services_communaux\/exercice-militaire-27-aout-2025\/#primaryimage"},"image":{"@id":"https:\/\/www.modave.be\/index.php\/services_communaux\/exercice-militaire-27-aout-2025\/#primaryimage"},"thumbnailUrl":"https:\/\/www.modave.be\/wp-content\/uploads\/2025\/08\/1-1-e1754404432805.jpg","datePublished":"2025-08-06T06:00:00+00:00","breadcrumb":{"@id":"https:\/\/www.modave.be\/index.php\/services_communaux\/exercice-militaire-27-aout-2025\/#breadcrumb"},"inLanguage":"fr-FR","potentialAction":[{"@type":"ReadAction","target":["https:\/\/www.modave.be\/index.php\/services_communaux\/exercice-militaire-27-aout-2025\/"]}]},{"@type":"ImageObject","inLanguage":"fr-FR","@id":"https:\/\/www.modave.be\/index.php\/services_communaux\/exercice-militaire-27-aout-2025\/#primaryimage","url":"https:\/\/www.modave.be\/wp-content\/uploads\/2025\/08\/1-1-e1754404432805.jpg","contentUrl":"https:\/\/www.modave.be\/wp-content\/uploads\/2025\/08\/1-1-e1754404432805.jpg","width":1080,"height":540},{"@type":"BreadcrumbList","@id":"https:\/\/www.modave.be\/index.php\/services_communaux\/exercice-militaire-27-aout-2025\/#breadcrumb","itemListElement":[{"@type":"ListItem","position":1,"name":"Accueil","item":"https:\/\/www.modave.be\/"},{"@type":"ListItem","position":2,"name":"Exercice militaire | 27 août 2025"}]},{"@type":"WebSite","@id":"https:\/\/www.modave.be\/#website","url":"https:\/\/www.modave.be\/","name":"Commune de Modave","description":"Commune de Modave","publisher":{"@id":"https:\/\/www.modave.be\/#organization"},"potentialAction":[{"@type":"SearchAction","target":{"@type":"EntryPoint","urlTemplate":"https:\/\/www.modave.be\/?s={search_term_string}"},"query-input":{"@type":"PropertyValueSpecification","valueRequired":true,"valueName":"search_term_string"}}],"inLanguage":"fr-FR"},{"@type":"Organization","@id":"https:\/\/www.modave.be\/#organization","name":"Commune de Modave","url":"https:\/\/www.modave.be\/","logo":{"@type":"ImageObject","inLanguage":"fr-FR","@id":"https:\/\/www.modave.be\/#\/schema\/logo\/image\/","url":"https:\/\/www.modave.be\/wp-content\/uploads\/2021\/12\/MODAVE_LOGO_HORIZONTAL_QUADRI_RVB.png","contentUrl":"https:\/\/www.modave.be\/wp-content\/uploads\/2021\/12\/MODAVE_LOGO_HORIZONTAL_QUADRI_RVB.png","width":1200,"height":501,"caption":"Commune de Modave"},"image":{"@id":"https:\/\/www.modave.be\/#\/schema\/logo\/image\/"}}]}</script>
<!-- / Yoast SEO plugin. -->

Exercice militaire | 27 août 2025 - Commune de Modave

Exercice militaire | 27 août 2025 Le 27 août, des militaires s’entraîneront une nouvelle fois dans notre région (Modave, Amay, Nandrin, Huy) pour un exercice de lecture de carte et orientation. Cet entraînement est strictement encadré par les autorités compétentes, dans le respect des propriétés privées et de l’environnement. Merci pour votre compréhension.
