{"id":16247,"date":"2025-08-07T08:00:00","date_gmt":"2025-08-07T06:00:00","guid":{"rendered":"https:\/\/www.modave.be\/?post_type=services_communaux&#038;p=16247"},"modified":"2025-08-05T16:53:45","modified_gmt":"2025-08-05T14:53:45","slug":"exercice-militaire-23-et-24-septembre-2025","status":"publish","type":"services_communaux","link":"https:\/\/www.modave.be\/index.php\/services_communaux\/exercice-militaire-23-et-24-septembre-2025\/","title":{"rendered":"Exercice militaire | Du 29 septembre au 3 octobre 2025"},"content":{"rendered":"\n<h2 class=\"wp-block-heading\">Exercice militaire | Du 29 septembre au 3 octobre 2025<\/h2>\n\n\n\n<p>Un entra\u00eenement militaire se d\u00e9roulera dans notre r\u00e9gion \u00e0 ces dates. Cet exercice sera men\u00e9 par le <strong>Centre d\u2019Entra\u00eenement des Commandos<\/strong> et consistera en une op\u00e9ration d\u2019\u00ab Escape &amp; \u00c9vasion \u00bb.<\/p>\n\n\n\n<p>Quelques pr\u00e9cisions :<\/p>\n\n\n\n<blockquote class=\"wp-block-quote is-layout-flow wp-block-quote-is-layout-flow\">\n<ul class=\"wp-block-list\">\n<li>Une dizaine de militaires participeront<\/li>\n\n\n\n<li>3 v\u00e9hicules militaires seront pr\u00e9sents<\/li>\n\n\n\n<li>Pas de tirs<\/li>\n\n\n\n<li>Les d\u00e9placements se feront principalement \u00e0 pied, avec respect des zones priv\u00e9es, des zones de chasse et de l\u2019environnement<\/li>\n<\/ul>\n<\/blockquote>\n\n\n\n<p>Cet entra\u00eenement est strictement encadr\u00e9 les autorit\u00e9s comp\u00e9tentes. Merci pour votre compr\u00e9hension.<\/p>\n\n\n\n<figure class=\"wp-block-image size-full\"><img fetchpriority=\"high\" decoding=\"async\" width=\"1080\" height=\"1080\" src=\"https:\/\/www.modave.be\/wp-content\/uploads\/2025\/08\/3.jpg\" alt=\"\" class=\"wp-image-16252\" srcset=\"https:\/\/www.modave.be\/wp-content\/uploads\/2025\/08\/3.jpg 1080w, https:\/\/www.modave.be\/wp-content\/uploads\/2025\/08\/3-300x300.jpg 300w, https:\/\/www.modave.be\/wp-content\/uploads\/2025\/08\/3-1024x1024.jpg 1024w, https:\/\/www.modave.be\/wp-content\/uploads\/2025\/08\/3-150x150.jpg 150w, https:\/\/www.modave.be\/wp-content\/uploads\/2025\/08\/3-768x768.jpg 768w\" sizes=\"(max-width: 1080px) 100vw, 1080px\" \/><\/figure>\n\n\n\n<p><\/p>\n","protected":false},"excerpt":{"rendered":"<p>Exercice militaire | Du 29 septembre au 3 octobre 2025 Un entra\u00eenement militaire se d\u00e9roulera dans notre r\u00e9gion \u00e0 ces dates. Cet exercice sera men\u00e9 par le Centre d\u2019Entra\u00eenement des Commandos et consistera en une op\u00e9ration d\u2019\u00ab Escape &amp; \u00c9vasion \u00bb. Quelques pr\u00e9cisions : Cet entra\u00eenement est strictement encadr\u00e9 les autorit\u00e9s comp\u00e9tentes. Merci pour votre&hellip;<\/p>\n","protected":false},"author":9,"featured_media":16253,"menu_order":1,"template":"","categories":[1],"class_list":["post-16247","services_communaux","type-services_communaux","status-publish","has-post-thumbnail","hentry","category-non-classe","description-off"],"yoast_head":"<!-- This site is optimized with the Yoast SEO plugin v27.5 - https:\/\/yoast.com\/product\/yoast-seo-wordpress\/ -->\n<title>Exercice militaire | Du 29 septembre au 3 octobre 2025 - Commune de Modave<\/title>\n<meta name=\"robots\" content=\"index, follow, max-snippet:-1, max-image-preview:large, max-video-preview:-1\" \/>\n<link rel=\"canonical\" href=\"https:\/\/www.modave.be\/index.php\/services_communaux\/exercice-militaire-23-et-24-septembre-2025\/\" \/>\n<meta property=\"og:locale\" content=\"fr_FR\" \/>\n<meta property=\"og:type\" content=\"article\" \/>\n<meta property=\"og:title\" content=\"Exercice militaire | Du 29 septembre au 3 octobre 2025 - Commune de Modave\" \/>\n<meta property=\"og:description\" content=\"Exercice militaire | Du 29 septembre au 3 octobre 2025 Un entra\u00eenement militaire se d\u00e9roulera dans notre r\u00e9gion \u00e0 ces dates. Cet exercice sera men\u00e9 par le Centre d\u2019Entra\u00eenement des Commandos et consistera en une op\u00e9ration d\u2019\u00ab Escape &amp; \u00c9vasion \u00bb. Quelques pr\u00e9cisions : Cet entra\u00eenement est strictement encadr\u00e9 les autorit\u00e9s comp\u00e9tentes. Merci pour votre&hellip;\" \/>\n<meta property=\"og:url\" content=\"https:\/\/www.modave.be\/index.php\/services_communaux\/exercice-militaire-23-et-24-septembre-2025\/\" \/>\n<meta property=\"og:site_name\" content=\"Commune de Modave\" \/>\n<meta property=\"og:image\" content=\"https:\/\/www.modave.be\/wp-content\/uploads\/2025\/08\/3-1-e1754405445352.jpg\" \/>\n\t<meta property=\"og:image:width\" content=\"1080\" \/>\n\t<meta property=\"og:image:height\" content=\"540\" \/>\n\t<meta property=\"og:image:type\" content=\"image\/jpeg\" \/>\n<meta name=\"twitter:card\" content=\"summary_large_image\" \/>\n<script type=\"application\/ld+json\" class=\"yoast-schema-graph\">{\"@context\":\"https:\\\/\\\/schema.org\",\"@graph\":[{\"@type\":\"WebPage\",\"@id\":\"https:\\\/\\\/www.modave.be\\\/index.php\\\/services_communaux\\\/exercice-militaire-23-et-24-septembre-2025\\\/\",\"url\":\"https:\\\/\\\/www.modave.be\\\/index.php\\\/services_communaux\\\/exercice-militaire-23-et-24-septembre-2025\\\/\",\"name\":\"Exercice militaire | Du 29 septembre au 3 octobre 2025 - Commune de Modave\",\"isPartOf\":{\"@id\":\"https:\\\/\\\/www.modave.be\\\/#website\"},\"primaryImageOfPage\":{\"@id\":\"https:\\\/\\\/www.modave.be\\\/index.php\\\/services_communaux\\\/exercice-militaire-23-et-24-septembre-2025\\\/#primaryimage\"},\"image\":{\"@id\":\"https:\\\/\\\/www.modave.be\\\/index.php\\\/services_communaux\\\/exercice-militaire-23-et-24-septembre-2025\\\/#primaryimage\"},\"thumbnailUrl\":\"https:\\\/\\\/www.modave.be\\\/wp-content\\\/uploads\\\/2025\\\/08\\\/3-1-e1754405445352.jpg\",\"datePublished\":\"2025-08-07T06:00:00+00:00\",\"breadcrumb\":{\"@id\":\"https:\\\/\\\/www.modave.be\\\/index.php\\\/services_communaux\\\/exercice-militaire-23-et-24-septembre-2025\\\/#breadcrumb\"},\"inLanguage\":\"fr-FR\",\"potentialAction\":[{\"@type\":\"ReadAction\",\"target\":[\"https:\\\/\\\/www.modave.be\\\/index.php\\\/services_communaux\\\/exercice-militaire-23-et-24-septembre-2025\\\/\"]}]},{\"@type\":\"ImageObject\",\"inLanguage\":\"fr-FR\",\"@id\":\"https:\\\/\\\/www.modave.be\\\/index.php\\\/services_communaux\\\/exercice-militaire-23-et-24-septembre-2025\\\/#primaryimage\",\"url\":\"https:\\\/\\\/www.modave.be\\\/wp-content\\\/uploads\\\/2025\\\/08\\\/3-1-e1754405445352.jpg\",\"contentUrl\":\"https:\\\/\\\/www.modave.be\\\/wp-content\\\/uploads\\\/2025\\\/08\\\/3-1-e1754405445352.jpg\",\"width\":1080,\"height\":540},{\"@type\":\"BreadcrumbList\",\"@id\":\"https:\\\/\\\/www.modave.be\\\/index.php\\\/services_communaux\\\/exercice-militaire-23-et-24-septembre-2025\\\/#breadcrumb\",\"itemListElement\":[{\"@type\":\"ListItem\",\"position\":1,\"name\":\"Accueil\",\"item\":\"https:\\\/\\\/www.modave.be\\\/\"},{\"@type\":\"ListItem\",\"position\":2,\"name\":\"Exercice militaire | Du 29 septembre au 3 octobre 2025\"}]},{\"@type\":\"WebSite\",\"@id\":\"https:\\\/\\\/www.modave.be\\\/#website\",\"url\":\"https:\\\/\\\/www.modave.be\\\/\",\"name\":\"Commune de Modave\",\"description\":\"Commune de Modave\",\"publisher\":{\"@id\":\"https:\\\/\\\/www.modave.be\\\/#organization\"},\"potentialAction\":[{\"@type\":\"SearchAction\",\"target\":{\"@type\":\"EntryPoint\",\"urlTemplate\":\"https:\\\/\\\/www.modave.be\\\/?s={search_term_string}\"},\"query-input\":{\"@type\":\"PropertyValueSpecification\",\"valueRequired\":true,\"valueName\":\"search_term_string\"}}],\"inLanguage\":\"fr-FR\"},{\"@type\":\"Organization\",\"@id\":\"https:\\\/\\\/www.modave.be\\\/#organization\",\"name\":\"Commune de Modave\",\"url\":\"https:\\\/\\\/www.modave.be\\\/\",\"logo\":{\"@type\":\"ImageObject\",\"inLanguage\":\"fr-FR\",\"@id\":\"https:\\\/\\\/www.modave.be\\\/#\\\/schema\\\/logo\\\/image\\\/\",\"url\":\"https:\\\/\\\/www.modave.be\\\/wp-content\\\/uploads\\\/2021\\\/12\\\/MODAVE_LOGO_HORIZONTAL_QUADRI_RVB.png\",\"contentUrl\":\"https:\\\/\\\/www.modave.be\\\/wp-content\\\/uploads\\\/2021\\\/12\\\/MODAVE_LOGO_HORIZONTAL_QUADRI_RVB.png\",\"width\":1200,\"height\":501,\"caption\":\"Commune de Modave\"},\"image\":{\"@id\":\"https:\\\/\\\/www.modave.be\\\/#\\\/schema\\\/logo\\\/image\\\/\"}}]}<\/script>\n<!-- \/ Yoast SEO plugin. -->","yoast_head_json":{"title":"Exercice militaire | Du 29 septembre au 3 octobre 2025 - Commune de Modave","robots":{"index":"index","follow":"follow","max-snippet":"max-snippet:-1","max-image-preview":"max-image-preview:large","max-video-preview":"max-video-preview:-1"},"canonical":"https:\/\/www.modave.be\/index.php\/services_communaux\/exercice-militaire-23-et-24-septembre-2025\/","og_locale":"fr_FR","og_type":"article","og_title":"Exercice militaire | Du 29 septembre au 3 octobre 2025 - Commune de Modave","og_description":"Exercice militaire | Du 29 septembre au 3 octobre 2025 Un entra\u00eenement militaire se d\u00e9roulera dans notre r\u00e9gion \u00e0 ces dates. Cet exercice sera men\u00e9 par le Centre d\u2019Entra\u00eenement des Commandos et consistera en une op\u00e9ration d\u2019\u00ab Escape &amp; \u00c9vasion \u00bb. Quelques pr\u00e9cisions : Cet entra\u00eenement est strictement encadr\u00e9 les autorit\u00e9s comp\u00e9tentes. Merci pour votre&hellip;","og_url":"https:\/\/www.modave.be\/index.php\/services_communaux\/exercice-militaire-23-et-24-septembre-2025\/","og_site_name":"Commune de Modave","og_image":[{"width":1080,"height":540,"url":"https:\/\/www.modave.be\/wp-content\/uploads\/2025\/08\/3-1-e1754405445352.jpg","type":"image\/jpeg"}],"twitter_card":"summary_large_image","schema":{"@context":"https:\/\/schema.org","@graph":[{"@type":"WebPage","@id":"https:\/\/www.modave.be\/index.php\/services_communaux\/exercice-militaire-23-et-24-septembre-2025\/","url":"https:\/\/www.modave.be\/index.php\/services_communaux\/exercice-militaire-23-et-24-septembre-2025\/","name":"Exercice militaire | Du 29 septembre au 3 octobre 2025 - Commune de Modave","isPartOf":{"@id":"https:\/\/www.modave.be\/#website"},"primaryImageOfPage":{"@id":"https:\/\/www.modave.be\/index.php\/services_communaux\/exercice-militaire-23-et-24-septembre-2025\/#primaryimage"},"image":{"@id":"https:\/\/www.modave.be\/index.php\/services_communaux\/exercice-militaire-23-et-24-septembre-2025\/#primaryimage"},"thumbnailUrl":"https:\/\/www.modave.be\/wp-content\/uploads\/2025\/08\/3-1-e1754405445352.jpg","datePublished":"2025-08-07T06:00:00+00:00","breadcrumb":{"@id":"https:\/\/www.modave.be\/index.php\/services_communaux\/exercice-militaire-23-et-24-septembre-2025\/#breadcrumb"},"inLanguage":"fr-FR","potentialAction":[{"@type":"ReadAction","target":["https:\/\/www.modave.be\/index.php\/services_communaux\/exercice-militaire-23-et-24-septembre-2025\/"]}]},{"@type":"ImageObject","inLanguage":"fr-FR","@id":"https:\/\/www.modave.be\/index.php\/services_communaux\/exercice-militaire-23-et-24-septembre-2025\/#primaryimage","url":"https:\/\/www.modave.be\/wp-content\/uploads\/2025\/08\/3-1-e1754405445352.jpg","contentUrl":"https:\/\/www.modave.be\/wp-content\/uploads\/2025\/08\/3-1-e1754405445352.jpg","width":1080,"height":540},{"@type":"BreadcrumbList","@id":"https:\/\/www.modave.be\/index.php\/services_communaux\/exercice-militaire-23-et-24-septembre-2025\/#breadcrumb","itemListElement":[{"@type":"ListItem","position":1,"name":"Accueil","item":"https:\/\/www.modave.be\/"},{"@type":"ListItem","position":2,"name":"Exercice militaire | Du 29 septembre au 3 octobre 2025"}]},{"@type":"WebSite","@id":"https:\/\/www.modave.be\/#website","url":"https:\/\/www.modave.be\/","name":"Commune de Modave","description":"Commune de Modave","publisher":{"@id":"https:\/\/www.modave.be\/#organization"},"potentialAction":[{"@type":"SearchAction","target":{"@type":"EntryPoint","urlTemplate":"https:\/\/www.modave.be\/?s={search_term_string}"},"query-input":{"@type":"PropertyValueSpecification","valueRequired":true,"valueName":"search_term_string"}}],"inLanguage":"fr-FR"},{"@type":"Organization","@id":"https:\/\/www.modave.be\/#organization","name":"Commune de Modave","url":"https:\/\/www.modave.be\/","logo":{"@type":"ImageObject","inLanguage":"fr-FR","@id":"https:\/\/www.modave.be\/#\/schema\/logo\/image\/","url":"https:\/\/www.modave.be\/wp-content\/uploads\/2021\/12\/MODAVE_LOGO_HORIZONTAL_QUADRI_RVB.png","contentUrl":"https:\/\/www.modave.be\/wp-content\/uploads\/2021\/12\/MODAVE_LOGO_HORIZONTAL_QUADRI_RVB.png","width":1200,"height":501,"caption":"Commune de Modave"},"image":{"@id":"https:\/\/www.modave.be\/#\/schema\/logo\/image\/"}}]}},"_links":{"self":[{"href":"https:\/\/www.modave.be\/index.php\/wp-json\/wp\/v2\/services_communaux\/16247","targetHints":{"allow":["GET"]}}],"collection":[{"href":"https:\/\/www.modave.be\/index.php\/wp-json\/wp\/v2\/services_communaux"}],"about":[{"href":"https:\/\/www.modave.be\/index.php\/wp-json\/wp\/v2\/types\/services_communaux"}],"author":[{"embeddable":true,"href":"https:\/\/www.modave.be\/index.php\/wp-json\/wp\/v2\/users\/9"}],"wp:featuredmedia":[{"embeddable":true,"href":"https:\/\/www.modave.be\/index.php\/wp-json\/wp\/v2\/media\/16253"}],"wp:attachment":[{"href":"https:\/\/www.modave.be\/index.php\/wp-json\/wp\/v2\/media?parent=16247"}],"wp:term":[{"taxonomy":"category","embeddable":true,"href":"https:\/\/www.modave.be\/index.php\/wp-json\/wp\/v2\/categories?post=16247"}],"curies":[{"name":"wp","href":"https:\/\/api.w.org\/{rel}","templated":true}]}}

<h2 class="wp-block-heading">Exercice militaire | Du 29 septembre au 3 octobre 2025</h2>



<p>Un entraînement militaire se déroulera dans notre région à ces dates. Cet exercice sera mené par le <strong>Centre d’Entraînement des Commandos</strong> et consistera en une opération d’« Escape &amp; Évasion ».</p>



<p>Quelques précisions :</p>



<blockquote class="wp-block-quote is-layout-flow wp-block-quote-is-layout-flow">
<ul class="wp-block-list">
<li>Une dizaine de militaires participeront</li>



<li>3 véhicules militaires seront présents</li>



<li>Pas de tirs</li>



<li>Les déplacements se feront principalement à pied, avec respect des zones privées, des zones de chasse et de l’environnement</li>
</ul>
</blockquote>



<p>Cet entraînement est strictement encadré les autorités compétentes. Merci pour votre compréhension.</p>



<figure class="wp-block-image size-full"><img fetchpriority="high" decoding="async" width="1080" height="1080" src="https://www.modave.be/wp-content/uploads/2025/08/3.jpg" alt="" class="wp-image-16252" srcset="https://www.modave.be/wp-content/uploads/2025/08/3.jpg 1080w, https://www.modave.be/wp-content/uploads/2025/08/3-300x300.jpg 300w, https://www.modave.be/wp-content/uploads/2025/08/3-1024x1024.jpg 1024w, https://www.modave.be/wp-content/uploads/2025/08/3-150x150.jpg 150w, https://www.modave.be/wp-content/uploads/2025/08/3-768x768.jpg 768w" sizes="(max-width: 1080px) 100vw, 1080px" /></figure>



<p></p>

<p>Exercice militaire | Du 29 septembre au 3 octobre 2025 Un entraînement militaire se déroulera dans notre région à ces dates. Cet exercice sera mené par le Centre d’Entraînement des Commandos et consistera en une opération d’« Escape &amp; Évasion ». Quelques précisions : Cet entraînement est strictement encadré les autorités compétentes. Merci pour votre&hellip;</p>

<!-- This site is optimized with the Yoast SEO plugin v27.5 - https://yoast.com/product/yoast-seo-wordpress/ -->
<title>Exercice militaire | Du 29 septembre au 3 octobre 2025 - Commune de Modave</title>
<meta name="robots" content="index, follow, max-snippet:-1, max-image-preview:large, max-video-preview:-1" />
<link rel="canonical" href="https://www.modave.be/index.php/services_communaux/exercice-militaire-23-et-24-septembre-2025/" />
<meta property="og:locale" content="fr_FR" />
<meta property="og:type" content="article" />
<meta property="og:title" content="Exercice militaire | Du 29 septembre au 3 octobre 2025 - Commune de Modave" />
<meta property="og:description" content="Exercice militaire | Du 29 septembre au 3 octobre 2025 Un entraînement militaire se déroulera dans notre région à ces dates. Cet exercice sera mené par le Centre d’Entraînement des Commandos et consistera en une opération d’« Escape &amp; Évasion ». Quelques précisions : Cet entraînement est strictement encadré les autorités compétentes. Merci pour votre&hellip;" />
<meta property="og:url" content="https://www.modave.be/index.php/services_communaux/exercice-militaire-23-et-24-septembre-2025/" />
<meta property="og:site_name" content="Commune de Modave" />
<meta property="og:image" content="https://www.modave.be/wp-content/uploads/2025/08/3-1-e1754405445352.jpg" />
	<meta property="og:image:width" content="1080" />
	<meta property="og:image:height" content="540" />
	<meta property="og:image:type" content="image/jpeg" />
<meta name="twitter:card" content="summary_large_image" />
<script type="application/ld+json" class="yoast-schema-graph">{"@context":"https:\/\/schema.org","@graph":[{"@type":"WebPage","@id":"https:\/\/www.modave.be\/index.php\/services_communaux\/exercice-militaire-23-et-24-septembre-2025\/","url":"https:\/\/www.modave.be\/index.php\/services_communaux\/exercice-militaire-23-et-24-septembre-2025\/","name":"Exercice militaire | Du 29 septembre au 3 octobre 2025 - Commune de Modave","isPartOf":{"@id":"https:\/\/www.modave.be\/#website"},"primaryImageOfPage":{"@id":"https:\/\/www.modave.be\/index.php\/services_communaux\/exercice-militaire-23-et-24-septembre-2025\/#primaryimage"},"image":{"@id":"https:\/\/www.modave.be\/index.php\/services_communaux\/exercice-militaire-23-et-24-septembre-2025\/#primaryimage"},"thumbnailUrl":"https:\/\/www.modave.be\/wp-content\/uploads\/2025\/08\/3-1-e1754405445352.jpg","datePublished":"2025-08-07T06:00:00+00:00","breadcrumb":{"@id":"https:\/\/www.modave.be\/index.php\/services_communaux\/exercice-militaire-23-et-24-septembre-2025\/#breadcrumb"},"inLanguage":"fr-FR","potentialAction":[{"@type":"ReadAction","target":["https:\/\/www.modave.be\/index.php\/services_communaux\/exercice-militaire-23-et-24-septembre-2025\/"]}]},{"@type":"ImageObject","inLanguage":"fr-FR","@id":"https:\/\/www.modave.be\/index.php\/services_communaux\/exercice-militaire-23-et-24-septembre-2025\/#primaryimage","url":"https:\/\/www.modave.be\/wp-content\/uploads\/2025\/08\/3-1-e1754405445352.jpg","contentUrl":"https:\/\/www.modave.be\/wp-content\/uploads\/2025\/08\/3-1-e1754405445352.jpg","width":1080,"height":540},{"@type":"BreadcrumbList","@id":"https:\/\/www.modave.be\/index.php\/services_communaux\/exercice-militaire-23-et-24-septembre-2025\/#breadcrumb","itemListElement":[{"@type":"ListItem","position":1,"name":"Accueil","item":"https:\/\/www.modave.be\/"},{"@type":"ListItem","position":2,"name":"Exercice militaire | Du 29 septembre au 3 octobre 2025"}]},{"@type":"WebSite","@id":"https:\/\/www.modave.be\/#website","url":"https:\/\/www.modave.be\/","name":"Commune de Modave","description":"Commune de Modave","publisher":{"@id":"https:\/\/www.modave.be\/#organization"},"potentialAction":[{"@type":"SearchAction","target":{"@type":"EntryPoint","urlTemplate":"https:\/\/www.modave.be\/?s={search_term_string}"},"query-input":{"@type":"PropertyValueSpecification","valueRequired":true,"valueName":"search_term_string"}}],"inLanguage":"fr-FR"},{"@type":"Organization","@id":"https:\/\/www.modave.be\/#organization","name":"Commune de Modave","url":"https:\/\/www.modave.be\/","logo":{"@type":"ImageObject","inLanguage":"fr-FR","@id":"https:\/\/www.modave.be\/#\/schema\/logo\/image\/","url":"https:\/\/www.modave.be\/wp-content\/uploads\/2021\/12\/MODAVE_LOGO_HORIZONTAL_QUADRI_RVB.png","contentUrl":"https:\/\/www.modave.be\/wp-content\/uploads\/2021\/12\/MODAVE_LOGO_HORIZONTAL_QUADRI_RVB.png","width":1200,"height":501,"caption":"Commune de Modave"},"image":{"@id":"https:\/\/www.modave.be\/#\/schema\/logo\/image\/"}}]}</script>
<!-- / Yoast SEO plugin. -->

Exercice militaire | Du 29 septembre au 3 octobre 2025 Un entraînement militaire se déroulera dans notre région à ces dates. Cet exercice sera mené par le Centre d’Entraînement des Commandos et consistera en une opération d’« Escape &amp; Évasion ». Quelques précisions : Cet entraînement est strictement encadré les autorités compétentes. Merci pour votre&hellip;
