{"id":16257,"date":"2025-08-12T10:57:42","date_gmt":"2025-08-12T08:57:42","guid":{"rendered":"https:\/\/www.modave.be\/?post_type=services_communaux&#038;p=16257"},"modified":"2025-08-12T10:57:43","modified_gmt":"2025-08-12T08:57:43","slug":"vigilance-chaleur-mardi-12-et-mercredi-13-aout","status":"publish","type":"services_communaux","link":"https:\/\/www.modave.be\/index.php\/services_communaux\/vigilance-chaleur-mardi-12-et-mercredi-13-aout\/","title":{"rendered":"Vigilance chaleur | Mardi 12 et mercredi 13 ao\u00fbt"},"content":{"rendered":"\n<h2 class=\"wp-block-heading\">Fortes chaleurs annonc\u00e9es : prenez soin de vous et des autres<\/h2>\n\n\n\n<p><em>Une vague de chaleur touche notre r\u00e9gion avec des temp\u00e9ratures pouvant d\u00e9passer les 32\u00b0C. Restons attentifs et solidaires, surtout envers les personnes plus sensibles : a\u00een\u00e9s, enfants en bas \u00e2ge, personnes isol\u00e9es ou fragiles.<\/em><\/p>\n\n\n\n<blockquote class=\"wp-block-quote is-layout-flow wp-block-quote-is-layout-flow\">\n<p><strong>Quelques gestes essentiels :<\/strong><\/p>\n\n\n\n<ul class=\"wp-block-list\">\n<li>Boire r\u00e9guli\u00e8rement, m\u00eame sans soif<\/li>\n\n\n\n<li>\u00c9viter les activit\u00e9s physiques et l\u2019exposition au soleil aux heures les plus chaudes<\/li>\n\n\n\n<li>Maintenir les logements au frais (volets et rideaux ferm\u00e9s)<\/li>\n\n\n\n<li>Prendre des nouvelles de ses proches : un simple appel peut parfois tout changer<\/li>\n<\/ul>\n<\/blockquote>\n\n\n\n<p>Veillons les uns sur les autres.<\/p>\n\n\n\n<figure class=\"wp-block-image size-large\"><img fetchpriority=\"high\" decoding=\"async\" width=\"1024\" height=\"1024\" src=\"https:\/\/www.modave.be\/wp-content\/uploads\/2025\/08\/vague-de-chaleur-1024x1024.jpg\" alt=\"\" class=\"wp-image-16258\" srcset=\"https:\/\/www.modave.be\/wp-content\/uploads\/2025\/08\/vague-de-chaleur-1024x1024.jpg 1024w, https:\/\/www.modave.be\/wp-content\/uploads\/2025\/08\/vague-de-chaleur-300x300.jpg 300w, https:\/\/www.modave.be\/wp-content\/uploads\/2025\/08\/vague-de-chaleur-150x150.jpg 150w, https:\/\/www.modave.be\/wp-content\/uploads\/2025\/08\/vague-de-chaleur-768x768.jpg 768w, https:\/\/www.modave.be\/wp-content\/uploads\/2025\/08\/vague-de-chaleur.jpg 1080w\" sizes=\"(max-width: 1024px) 100vw, 1024px\" \/><\/figure>\n","protected":false},"excerpt":{"rendered":"<p>Fortes chaleurs annonc\u00e9es : prenez soin de vous et des autres Une vague de chaleur touche notre r\u00e9gion avec des temp\u00e9ratures pouvant d\u00e9passer les 32\u00b0C. Restons attentifs et solidaires, surtout envers les personnes plus sensibles : a\u00een\u00e9s, enfants en bas \u00e2ge, personnes isol\u00e9es ou fragiles. Veillons les uns sur les autres.<\/p>\n","protected":false},"author":9,"featured_media":16260,"menu_order":0,"template":"","categories":[169,225],"class_list":["post-16257","services_communaux","type-services_communaux","status-publish","has-post-thumbnail","hentry","category-cpas","category-sante_publique","description-off"],"yoast_head":"<!-- This site is optimized with the Yoast SEO plugin v27.5 - https:\/\/yoast.com\/product\/yoast-seo-wordpress\/ -->\n<title>Vigilance chaleur | Mardi 12 et mercredi 13 ao\u00fbt - Commune de Modave<\/title>\n<meta name=\"robots\" content=\"index, follow, max-snippet:-1, max-image-preview:large, max-video-preview:-1\" \/>\n<link rel=\"canonical\" href=\"https:\/\/www.modave.be\/index.php\/services_communaux\/vigilance-chaleur-mardi-12-et-mercredi-13-aout\/\" \/>\n<meta property=\"og:locale\" content=\"fr_FR\" \/>\n<meta property=\"og:type\" content=\"article\" \/>\n<meta property=\"og:title\" content=\"Vigilance chaleur | Mardi 12 et mercredi 13 ao\u00fbt - Commune de Modave\" \/>\n<meta property=\"og:description\" content=\"Fortes chaleurs annonc\u00e9es : prenez soin de vous et des autres Une vague de chaleur touche notre r\u00e9gion avec des temp\u00e9ratures pouvant d\u00e9passer les 32\u00b0C. Restons attentifs et solidaires, surtout envers les personnes plus sensibles : a\u00een\u00e9s, enfants en bas \u00e2ge, personnes isol\u00e9es ou fragiles. Veillons les uns sur les autres.\" \/>\n<meta property=\"og:url\" content=\"https:\/\/www.modave.be\/index.php\/services_communaux\/vigilance-chaleur-mardi-12-et-mercredi-13-aout\/\" \/>\n<meta property=\"og:site_name\" content=\"Commune de Modave\" \/>\n<meta property=\"article:modified_time\" content=\"2025-08-12T08:57:43+00:00\" \/>\n<meta property=\"og:image\" content=\"https:\/\/www.modave.be\/wp-content\/uploads\/2025\/08\/vague-de-chaleur-1-e1754989058325.jpg\" \/>\n\t<meta property=\"og:image:width\" content=\"1080\" \/>\n\t<meta property=\"og:image:height\" content=\"540\" \/>\n\t<meta property=\"og:image:type\" content=\"image\/jpeg\" \/>\n<meta name=\"twitter:card\" content=\"summary_large_image\" \/>\n<meta name=\"twitter:label1\" content=\"Dur\u00e9e de lecture estim\u00e9e\" \/>\n\t<meta name=\"twitter:data1\" content=\"1 minute\" \/>\n<script type=\"application\/ld+json\" class=\"yoast-schema-graph\">{\"@context\":\"https:\\\/\\\/schema.org\",\"@graph\":[{\"@type\":\"WebPage\",\"@id\":\"https:\\\/\\\/www.modave.be\\\/index.php\\\/services_communaux\\\/vigilance-chaleur-mardi-12-et-mercredi-13-aout\\\/\",\"url\":\"https:\\\/\\\/www.modave.be\\\/index.php\\\/services_communaux\\\/vigilance-chaleur-mardi-12-et-mercredi-13-aout\\\/\",\"name\":\"Vigilance chaleur | Mardi 12 et mercredi 13 ao\u00fbt - Commune de Modave\",\"isPartOf\":{\"@id\":\"https:\\\/\\\/www.modave.be\\\/#website\"},\"primaryImageOfPage\":{\"@id\":\"https:\\\/\\\/www.modave.be\\\/index.php\\\/services_communaux\\\/vigilance-chaleur-mardi-12-et-mercredi-13-aout\\\/#primaryimage\"},\"image\":{\"@id\":\"https:\\\/\\\/www.modave.be\\\/index.php\\\/services_communaux\\\/vigilance-chaleur-mardi-12-et-mercredi-13-aout\\\/#primaryimage\"},\"thumbnailUrl\":\"https:\\\/\\\/www.modave.be\\\/wp-content\\\/uploads\\\/2025\\\/08\\\/vague-de-chaleur-1-e1754989058325.jpg\",\"datePublished\":\"2025-08-12T08:57:42+00:00\",\"dateModified\":\"2025-08-12T08:57:43+00:00\",\"breadcrumb\":{\"@id\":\"https:\\\/\\\/www.modave.be\\\/index.php\\\/services_communaux\\\/vigilance-chaleur-mardi-12-et-mercredi-13-aout\\\/#breadcrumb\"},\"inLanguage\":\"fr-FR\",\"potentialAction\":[{\"@type\":\"ReadAction\",\"target\":[\"https:\\\/\\\/www.modave.be\\\/index.php\\\/services_communaux\\\/vigilance-chaleur-mardi-12-et-mercredi-13-aout\\\/\"]}]},{\"@type\":\"ImageObject\",\"inLanguage\":\"fr-FR\",\"@id\":\"https:\\\/\\\/www.modave.be\\\/index.php\\\/services_communaux\\\/vigilance-chaleur-mardi-12-et-mercredi-13-aout\\\/#primaryimage\",\"url\":\"https:\\\/\\\/www.modave.be\\\/wp-content\\\/uploads\\\/2025\\\/08\\\/vague-de-chaleur-1-e1754989058325.jpg\",\"contentUrl\":\"https:\\\/\\\/www.modave.be\\\/wp-content\\\/uploads\\\/2025\\\/08\\\/vague-de-chaleur-1-e1754989058325.jpg\",\"width\":1080,\"height\":540},{\"@type\":\"BreadcrumbList\",\"@id\":\"https:\\\/\\\/www.modave.be\\\/index.php\\\/services_communaux\\\/vigilance-chaleur-mardi-12-et-mercredi-13-aout\\\/#breadcrumb\",\"itemListElement\":[{\"@type\":\"ListItem\",\"position\":1,\"name\":\"Accueil\",\"item\":\"https:\\\/\\\/www.modave.be\\\/\"},{\"@type\":\"ListItem\",\"position\":2,\"name\":\"Vigilance chaleur | Mardi 12 et mercredi 13 ao\u00fbt\"}]},{\"@type\":\"WebSite\",\"@id\":\"https:\\\/\\\/www.modave.be\\\/#website\",\"url\":\"https:\\\/\\\/www.modave.be\\\/\",\"name\":\"Commune de Modave\",\"description\":\"Commune de Modave\",\"publisher\":{\"@id\":\"https:\\\/\\\/www.modave.be\\\/#organization\"},\"potentialAction\":[{\"@type\":\"SearchAction\",\"target\":{\"@type\":\"EntryPoint\",\"urlTemplate\":\"https:\\\/\\\/www.modave.be\\\/?s={search_term_string}\"},\"query-input\":{\"@type\":\"PropertyValueSpecification\",\"valueRequired\":true,\"valueName\":\"search_term_string\"}}],\"inLanguage\":\"fr-FR\"},{\"@type\":\"Organization\",\"@id\":\"https:\\\/\\\/www.modave.be\\\/#organization\",\"name\":\"Commune de Modave\",\"url\":\"https:\\\/\\\/www.modave.be\\\/\",\"logo\":{\"@type\":\"ImageObject\",\"inLanguage\":\"fr-FR\",\"@id\":\"https:\\\/\\\/www.modave.be\\\/#\\\/schema\\\/logo\\\/image\\\/\",\"url\":\"https:\\\/\\\/www.modave.be\\\/wp-content\\\/uploads\\\/2021\\\/12\\\/MODAVE_LOGO_HORIZONTAL_QUADRI_RVB.png\",\"contentUrl\":\"https:\\\/\\\/www.modave.be\\\/wp-content\\\/uploads\\\/2021\\\/12\\\/MODAVE_LOGO_HORIZONTAL_QUADRI_RVB.png\",\"width\":1200,\"height\":501,\"caption\":\"Commune de Modave\"},\"image\":{\"@id\":\"https:\\\/\\\/www.modave.be\\\/#\\\/schema\\\/logo\\\/image\\\/\"}}]}<\/script>\n<!-- \/ Yoast SEO plugin. -->","yoast_head_json":{"title":"Vigilance chaleur | Mardi 12 et mercredi 13 ao\u00fbt - Commune de Modave","robots":{"index":"index","follow":"follow","max-snippet":"max-snippet:-1","max-image-preview":"max-image-preview:large","max-video-preview":"max-video-preview:-1"},"canonical":"https:\/\/www.modave.be\/index.php\/services_communaux\/vigilance-chaleur-mardi-12-et-mercredi-13-aout\/","og_locale":"fr_FR","og_type":"article","og_title":"Vigilance chaleur | Mardi 12 et mercredi 13 ao\u00fbt - Commune de Modave","og_description":"Fortes chaleurs annonc\u00e9es : prenez soin de vous et des autres Une vague de chaleur touche notre r\u00e9gion avec des temp\u00e9ratures pouvant d\u00e9passer les 32\u00b0C. Restons attentifs et solidaires, surtout envers les personnes plus sensibles : a\u00een\u00e9s, enfants en bas \u00e2ge, personnes isol\u00e9es ou fragiles. Veillons les uns sur les autres.","og_url":"https:\/\/www.modave.be\/index.php\/services_communaux\/vigilance-chaleur-mardi-12-et-mercredi-13-aout\/","og_site_name":"Commune de Modave","article_modified_time":"2025-08-12T08:57:43+00:00","og_image":[{"width":1080,"height":540,"url":"https:\/\/www.modave.be\/wp-content\/uploads\/2025\/08\/vague-de-chaleur-1-e1754989058325.jpg","type":"image\/jpeg"}],"twitter_card":"summary_large_image","twitter_misc":{"Dur\u00e9e de lecture estim\u00e9e":"1 minute"},"schema":{"@context":"https:\/\/schema.org","@graph":[{"@type":"WebPage","@id":"https:\/\/www.modave.be\/index.php\/services_communaux\/vigilance-chaleur-mardi-12-et-mercredi-13-aout\/","url":"https:\/\/www.modave.be\/index.php\/services_communaux\/vigilance-chaleur-mardi-12-et-mercredi-13-aout\/","name":"Vigilance chaleur | Mardi 12 et mercredi 13 ao\u00fbt - Commune de Modave","isPartOf":{"@id":"https:\/\/www.modave.be\/#website"},"primaryImageOfPage":{"@id":"https:\/\/www.modave.be\/index.php\/services_communaux\/vigilance-chaleur-mardi-12-et-mercredi-13-aout\/#primaryimage"},"image":{"@id":"https:\/\/www.modave.be\/index.php\/services_communaux\/vigilance-chaleur-mardi-12-et-mercredi-13-aout\/#primaryimage"},"thumbnailUrl":"https:\/\/www.modave.be\/wp-content\/uploads\/2025\/08\/vague-de-chaleur-1-e1754989058325.jpg","datePublished":"2025-08-12T08:57:42+00:00","dateModified":"2025-08-12T08:57:43+00:00","breadcrumb":{"@id":"https:\/\/www.modave.be\/index.php\/services_communaux\/vigilance-chaleur-mardi-12-et-mercredi-13-aout\/#breadcrumb"},"inLanguage":"fr-FR","potentialAction":[{"@type":"ReadAction","target":["https:\/\/www.modave.be\/index.php\/services_communaux\/vigilance-chaleur-mardi-12-et-mercredi-13-aout\/"]}]},{"@type":"ImageObject","inLanguage":"fr-FR","@id":"https:\/\/www.modave.be\/index.php\/services_communaux\/vigilance-chaleur-mardi-12-et-mercredi-13-aout\/#primaryimage","url":"https:\/\/www.modave.be\/wp-content\/uploads\/2025\/08\/vague-de-chaleur-1-e1754989058325.jpg","contentUrl":"https:\/\/www.modave.be\/wp-content\/uploads\/2025\/08\/vague-de-chaleur-1-e1754989058325.jpg","width":1080,"height":540},{"@type":"BreadcrumbList","@id":"https:\/\/www.modave.be\/index.php\/services_communaux\/vigilance-chaleur-mardi-12-et-mercredi-13-aout\/#breadcrumb","itemListElement":[{"@type":"ListItem","position":1,"name":"Accueil","item":"https:\/\/www.modave.be\/"},{"@type":"ListItem","position":2,"name":"Vigilance chaleur | Mardi 12 et mercredi 13 ao\u00fbt"}]},{"@type":"WebSite","@id":"https:\/\/www.modave.be\/#website","url":"https:\/\/www.modave.be\/","name":"Commune de Modave","description":"Commune de Modave","publisher":{"@id":"https:\/\/www.modave.be\/#organization"},"potentialAction":[{"@type":"SearchAction","target":{"@type":"EntryPoint","urlTemplate":"https:\/\/www.modave.be\/?s={search_term_string}"},"query-input":{"@type":"PropertyValueSpecification","valueRequired":true,"valueName":"search_term_string"}}],"inLanguage":"fr-FR"},{"@type":"Organization","@id":"https:\/\/www.modave.be\/#organization","name":"Commune de Modave","url":"https:\/\/www.modave.be\/","logo":{"@type":"ImageObject","inLanguage":"fr-FR","@id":"https:\/\/www.modave.be\/#\/schema\/logo\/image\/","url":"https:\/\/www.modave.be\/wp-content\/uploads\/2021\/12\/MODAVE_LOGO_HORIZONTAL_QUADRI_RVB.png","contentUrl":"https:\/\/www.modave.be\/wp-content\/uploads\/2021\/12\/MODAVE_LOGO_HORIZONTAL_QUADRI_RVB.png","width":1200,"height":501,"caption":"Commune de Modave"},"image":{"@id":"https:\/\/www.modave.be\/#\/schema\/logo\/image\/"}}]}},"_links":{"self":[{"href":"https:\/\/www.modave.be\/index.php\/wp-json\/wp\/v2\/services_communaux\/16257","targetHints":{"allow":["GET"]}}],"collection":[{"href":"https:\/\/www.modave.be\/index.php\/wp-json\/wp\/v2\/services_communaux"}],"about":[{"href":"https:\/\/www.modave.be\/index.php\/wp-json\/wp\/v2\/types\/services_communaux"}],"author":[{"embeddable":true,"href":"https:\/\/www.modave.be\/index.php\/wp-json\/wp\/v2\/users\/9"}],"wp:featuredmedia":[{"embeddable":true,"href":"https:\/\/www.modave.be\/index.php\/wp-json\/wp\/v2\/media\/16260"}],"wp:attachment":[{"href":"https:\/\/www.modave.be\/index.php\/wp-json\/wp\/v2\/media?parent=16257"}],"wp:term":[{"taxonomy":"category","embeddable":true,"href":"https:\/\/www.modave.be\/index.php\/wp-json\/wp\/v2\/categories?post=16257"}],"curies":[{"name":"wp","href":"https:\/\/api.w.org\/{rel}","templated":true}]}}

Vigilance chaleur | Mardi 12 et mercredi 13 août

<h2 class="wp-block-heading">Fortes chaleurs annoncées : prenez soin de vous et des autres</h2>



<p><em>Une vague de chaleur touche notre région avec des températures pouvant dépasser les 32°C. Restons attentifs et solidaires, surtout envers les personnes plus sensibles : aînés, enfants en bas âge, personnes isolées ou fragiles.</em></p>



<blockquote class="wp-block-quote is-layout-flow wp-block-quote-is-layout-flow">
<p><strong>Quelques gestes essentiels :</strong></p>



<ul class="wp-block-list">
<li>Boire régulièrement, même sans soif</li>



<li>Éviter les activités physiques et l’exposition au soleil aux heures les plus chaudes</li>



<li>Maintenir les logements au frais (volets et rideaux fermés)</li>



<li>Prendre des nouvelles de ses proches : un simple appel peut parfois tout changer</li>
</ul>
</blockquote>



<p>Veillons les uns sur les autres.</p>



<figure class="wp-block-image size-large"><img fetchpriority="high" decoding="async" width="1024" height="1024" src="https://www.modave.be/wp-content/uploads/2025/08/vague-de-chaleur-1024x1024.jpg" alt="" class="wp-image-16258" srcset="https://www.modave.be/wp-content/uploads/2025/08/vague-de-chaleur-1024x1024.jpg 1024w, https://www.modave.be/wp-content/uploads/2025/08/vague-de-chaleur-300x300.jpg 300w, https://www.modave.be/wp-content/uploads/2025/08/vague-de-chaleur-150x150.jpg 150w, https://www.modave.be/wp-content/uploads/2025/08/vague-de-chaleur-768x768.jpg 768w, https://www.modave.be/wp-content/uploads/2025/08/vague-de-chaleur.jpg 1080w" sizes="(max-width: 1024px) 100vw, 1024px" /></figure>

<p>Fortes chaleurs annoncées : prenez soin de vous et des autres Une vague de chaleur touche notre région avec des températures pouvant dépasser les 32°C. Restons attentifs et solidaires, surtout envers les personnes plus sensibles : aînés, enfants en bas âge, personnes isolées ou fragiles. Veillons les uns sur les autres.</p>

<!-- This site is optimized with the Yoast SEO plugin v27.5 - https://yoast.com/product/yoast-seo-wordpress/ -->
<title>Vigilance chaleur | Mardi 12 et mercredi 13 août - Commune de Modave</title>
<meta name="robots" content="index, follow, max-snippet:-1, max-image-preview:large, max-video-preview:-1" />
<link rel="canonical" href="https://www.modave.be/index.php/services_communaux/vigilance-chaleur-mardi-12-et-mercredi-13-aout/" />
<meta property="og:locale" content="fr_FR" />
<meta property="og:type" content="article" />
<meta property="og:title" content="Vigilance chaleur | Mardi 12 et mercredi 13 août - Commune de Modave" />
<meta property="og:description" content="Fortes chaleurs annoncées : prenez soin de vous et des autres Une vague de chaleur touche notre région avec des températures pouvant dépasser les 32°C. Restons attentifs et solidaires, surtout envers les personnes plus sensibles : aînés, enfants en bas âge, personnes isolées ou fragiles. Veillons les uns sur les autres." />
<meta property="og:url" content="https://www.modave.be/index.php/services_communaux/vigilance-chaleur-mardi-12-et-mercredi-13-aout/" />
<meta property="og:site_name" content="Commune de Modave" />
<meta property="article:modified_time" content="2025-08-12T08:57:43+00:00" />
<meta property="og:image" content="https://www.modave.be/wp-content/uploads/2025/08/vague-de-chaleur-1-e1754989058325.jpg" />
	<meta property="og:image:width" content="1080" />
	<meta property="og:image:height" content="540" />
	<meta property="og:image:type" content="image/jpeg" />
<meta name="twitter:card" content="summary_large_image" />
<meta name="twitter:label1" content="Durée de lecture estimée" />
	<meta name="twitter:data1" content="1 minute" />
<script type="application/ld+json" class="yoast-schema-graph">{"@context":"https:\/\/schema.org","@graph":[{"@type":"WebPage","@id":"https:\/\/www.modave.be\/index.php\/services_communaux\/vigilance-chaleur-mardi-12-et-mercredi-13-aout\/","url":"https:\/\/www.modave.be\/index.php\/services_communaux\/vigilance-chaleur-mardi-12-et-mercredi-13-aout\/","name":"Vigilance chaleur | Mardi 12 et mercredi 13 août - Commune de Modave","isPartOf":{"@id":"https:\/\/www.modave.be\/#website"},"primaryImageOfPage":{"@id":"https:\/\/www.modave.be\/index.php\/services_communaux\/vigilance-chaleur-mardi-12-et-mercredi-13-aout\/#primaryimage"},"image":{"@id":"https:\/\/www.modave.be\/index.php\/services_communaux\/vigilance-chaleur-mardi-12-et-mercredi-13-aout\/#primaryimage"},"thumbnailUrl":"https:\/\/www.modave.be\/wp-content\/uploads\/2025\/08\/vague-de-chaleur-1-e1754989058325.jpg","datePublished":"2025-08-12T08:57:42+00:00","dateModified":"2025-08-12T08:57:43+00:00","breadcrumb":{"@id":"https:\/\/www.modave.be\/index.php\/services_communaux\/vigilance-chaleur-mardi-12-et-mercredi-13-aout\/#breadcrumb"},"inLanguage":"fr-FR","potentialAction":[{"@type":"ReadAction","target":["https:\/\/www.modave.be\/index.php\/services_communaux\/vigilance-chaleur-mardi-12-et-mercredi-13-aout\/"]}]},{"@type":"ImageObject","inLanguage":"fr-FR","@id":"https:\/\/www.modave.be\/index.php\/services_communaux\/vigilance-chaleur-mardi-12-et-mercredi-13-aout\/#primaryimage","url":"https:\/\/www.modave.be\/wp-content\/uploads\/2025\/08\/vague-de-chaleur-1-e1754989058325.jpg","contentUrl":"https:\/\/www.modave.be\/wp-content\/uploads\/2025\/08\/vague-de-chaleur-1-e1754989058325.jpg","width":1080,"height":540},{"@type":"BreadcrumbList","@id":"https:\/\/www.modave.be\/index.php\/services_communaux\/vigilance-chaleur-mardi-12-et-mercredi-13-aout\/#breadcrumb","itemListElement":[{"@type":"ListItem","position":1,"name":"Accueil","item":"https:\/\/www.modave.be\/"},{"@type":"ListItem","position":2,"name":"Vigilance chaleur | Mardi 12 et mercredi 13 août"}]},{"@type":"WebSite","@id":"https:\/\/www.modave.be\/#website","url":"https:\/\/www.modave.be\/","name":"Commune de Modave","description":"Commune de Modave","publisher":{"@id":"https:\/\/www.modave.be\/#organization"},"potentialAction":[{"@type":"SearchAction","target":{"@type":"EntryPoint","urlTemplate":"https:\/\/www.modave.be\/?s={search_term_string}"},"query-input":{"@type":"PropertyValueSpecification","valueRequired":true,"valueName":"search_term_string"}}],"inLanguage":"fr-FR"},{"@type":"Organization","@id":"https:\/\/www.modave.be\/#organization","name":"Commune de Modave","url":"https:\/\/www.modave.be\/","logo":{"@type":"ImageObject","inLanguage":"fr-FR","@id":"https:\/\/www.modave.be\/#\/schema\/logo\/image\/","url":"https:\/\/www.modave.be\/wp-content\/uploads\/2021\/12\/MODAVE_LOGO_HORIZONTAL_QUADRI_RVB.png","contentUrl":"https:\/\/www.modave.be\/wp-content\/uploads\/2021\/12\/MODAVE_LOGO_HORIZONTAL_QUADRI_RVB.png","width":1200,"height":501,"caption":"Commune de Modave"},"image":{"@id":"https:\/\/www.modave.be\/#\/schema\/logo\/image\/"}}]}</script>
<!-- / Yoast SEO plugin. -->

Vigilance chaleur | Mardi 12 et mercredi 13 août - Commune de Modave

Fortes chaleurs annoncées : prenez soin de vous et des autres Une vague de chaleur touche notre région avec des températures pouvant dépasser les 32°C. Restons attentifs et solidaires, surtout envers les personnes plus sensibles : aînés, enfants en bas âge, personnes isolées ou fragiles. Veillons les uns sur les autres.
